[INFO] fetching crate trust_pdf 3.0.1...
[INFO] testing trust_pdf-3.0.1 against 1.99.0-beta.8+cargoflags=--release for beta-release-1.100-2
[INFO] extracting crate trust_pdf 3.0.1 into /workspace/builds/worker-4-tc1/source
[INFO] started tweaking crates.io crate trust_pdf 3.0.1
[INFO] finished tweaking crates.io crate trust_pdf 3.0.1
[INFO] tweaked toml for crates.io crate trust_pdf 3.0.1 written to /workspace/builds/worker-4-tc1/source/Cargo.toml
[INFO] validating manifest of crates.io crate trust_pdf 3.0.1 on toolchain 1.99.0-beta.8
[INFO] running `Command { std: CARGO_HOME="/workspace/cargo-home" RUSTUP_HOME="/workspace/rustup-home" "/workspace/cargo-home/bin/cargo" "+1.99.0-beta.8" "metadata" "--manifest-path" "Cargo.toml" "--no-deps", kill_on_drop: false }`
[INFO] running `Command { std: CARGO_HOME="/workspace/cargo-home" RUSTUP_HOME="/workspace/rustup-home" "/workspace/cargo-home/bin/cargo" "+1.99.0-beta.8" "generate-lockfile" "--manifest-path" "Cargo.toml", kill_on_drop: false }`
[INFO] [stderr]     Blocking waiting for file lock on package cache
[INFO] [stderr]     Updating crates.io index
[INFO] [stderr]     Blocking waiting for file lock on package cache
[INFO] [stderr]      Locking 71 packages to highest compatible versions
[INFO] [stderr]       Adding generic-array v0.14.7 (available: v0.14.9)
[INFO] [stderr]       Adding lopdf v0.34.0 (available: v0.45.0)
[INFO] [stderr]       Adding thiserror v1.0.69 (available: v2.0.21)
[INFO] running `Command { std: CARGO_HOME="/workspace/cargo-home" RUSTUP_HOME="/workspace/rustup-home" "/workspace/cargo-home/bin/cargo" "+1.99.0-beta.8" "fetch" "--manifest-path" "Cargo.toml", kill_on_drop: false }`
[INFO] [stderr]     Blocking waiting for file lock on package cache
[INFO] [stderr]  Downloading crates ...
[INFO] [stderr]   Downloaded lopdf v0.34.0
[INFO] running `Command { std: "docker" "create" "-v" "/var/lib/crater-agent-workspace/builds/worker-4-tc1/source:/opt/rustwide/workdir:ro,Z" "-v" "/var/lib/crater-agent-workspace/builds/worker-4-tc1/target:/opt/rustwide/target:rw,Z" "-v" "/var/lib/crater-agent-workspace/cargo-home:/opt/rustwide/cargo-home:ro,Z" "-v" "/var/lib/crater-agent-workspace/rustup-home:/opt/rustwide/rustup-home:ro,Z" "-m" "1610612736" "--network" "none" "ghcr.io/rust-lang/crates-build-env/linux@sha256:77db811e55d90add9212f6832c23229e3de5f1c1f9905e8cb07319ea15df73ac" "sleep" "infinity", kill_on_drop: false }`
[INFO] [stdout] 3a817d905f0e2422fc84f5e82a4fdf7a24ae0d74c667ea43d10620b1f21221ae
[INFO] running `Command { std: "docker" "start" "3a817d905f0e2422fc84f5e82a4fdf7a24ae0d74c667ea43d10620b1f21221ae", kill_on_drop: false }`
[INFO] running `Command { std: "docker" "inspect" "3a817d905f0e2422fc84f5e82a4fdf7a24ae0d74c667ea43d10620b1f21221ae", kill_on_drop: false }`
[INFO] running `Command { std: "docker" "exec" "-e" "SOURCE_DIR=/opt/rustwide/workdir" "-e" "CARGO_HOME=/opt/rustwide/cargo-home" "-e" "RUSTUP_HOME=/opt/rustwide/rustup-home" "-e" "CARGO_TARGET_DIR=/opt/rustwide/target" "-w" "/opt/rustwide/workdir" "--user" "0:0" "3a817d905f0e2422fc84f5e82a4fdf7a24ae0d74c667ea43d10620b1f21221ae" "/opt/rustwide/cargo-home/bin/cargo" "+1.99.0-beta.8" "metadata" "--no-deps" "--format-version=1", kill_on_drop: false }`
[INFO] running `Command { std: "docker" "inspect" "3a817d905f0e2422fc84f5e82a4fdf7a24ae0d74c667ea43d10620b1f21221ae", kill_on_drop: false }`
[INFO] running `Command { std: "docker" "exec" "-e" "SOURCE_DIR=/opt/rustwide/workdir" "-e" "CARGO_HOME=/opt/rustwide/cargo-home" "-e" "RUSTUP_HOME=/opt/rustwide/rustup-home" "-e" "CARGO_TARGET_DIR=/opt/rustwide/target" "-e" "CARGO_INCREMENTAL=0" "-e" "RUST_BACKTRACE=full" "-e" "RUSTFLAGS=--cap-lints=warn" "-e" "RUSTDOCFLAGS=--cap-lints=warn" "-w" "/opt/rustwide/workdir" "--user" "0:0" "3a817d905f0e2422fc84f5e82a4fdf7a24ae0d74c667ea43d10620b1f21221ae" "/opt/rustwide/cargo-home/bin/cargo" "+1.99.0-beta.8" "build" "--frozen" "--message-format=json" "--release", kill_on_drop: false }`
[INFO] [stderr]    Compiling powerfmt v0.2.1
[INFO] [stderr]    Compiling openssl-sys v0.9.117
[INFO] [stderr]    Compiling deranged v0.5.9
[INFO] [stderr]    Compiling nom v7.1.3
[INFO] [stderr]    Compiling md-5 v0.10.6
[INFO] [stderr]    Compiling rangemap v1.8.0
[INFO] [stderr]    Compiling array-init v2.1.0
[INFO] [stderr]    Compiling openssl v0.10.81
[INFO] [stderr]    Compiling time v0.3.55
[INFO] [stderr]    Compiling lopdf v0.34.0
[INFO] [stderr]    Compiling trust_pdf v3.0.1 (/opt/rustwide/workdir)
[INFO] [stdout] warning: hiding a lifetime that's elided elsewhere is confusing
[INFO] [stdout]   --> src/increment_validation.rs:46:16
[INFO] [stdout]    |
[INFO] [stdout] 46 |     fn catalog(&self) -> Result<DictTracker> {
[INFO] [stdout]    |                ^^^^^            ^^^^^^^^^^^ the same lifetime is hidden here
[INFO] [stdout]    |                |
[INFO] [stdout]    |                the lifetime is elided here
[INFO] [stdout]    |
[INFO] [stdout]    = help: the same lifetime is referred to in inconsistent ways, making the signature confusing
[INFO] [stdout]    = note: `#[warn(mismatched_lifetime_syntaxes)]` on by default
[INFO] [stdout] help: use `'_` for type paths
[INFO] [stdout]    |
[INFO] [stdout] 46 |     fn catalog(&self) -> Result<DictTracker<'_>> {
[INFO] [stdout]    |                                            ++++
[INFO] [stdout] 
[INFO] [stdout] 
[INFO] [stdout] warning: hiding a lifetime that's elided elsewhere is confusing
[INFO] [stdout]   --> src/increment_validation.rs:74:19
[INFO] [stdout]    |
[INFO] [stdout] 74 |     fn deref_dict(&self, obj: &'a Object) -> Result<DictTracker> {
[INFO] [stdout]    |                   ^^^^^ the lifetime is elided here ^^^^^^^^^^^ the same lifetime is hidden here
[INFO] [stdout]    |
[INFO] [stdout]    = help: the same lifetime is referred to in inconsistent ways, making the signature confusing
[INFO] [stdout] help: use `'_` for type paths
[INFO] [stdout]    |
[INFO] [stdout] 74 |     fn deref_dict(&self, obj: &'a Object) -> Result<DictTracker<'_>> {
[INFO] [stdout]    |                                                                ++++
[INFO] [stdout] 
[INFO] [stdout] 
[INFO] [stderr]     Finished `release` profile [optimized] target(s) in 20.17s
[INFO] running `Command { std: "docker" "inspect" "3a817d905f0e2422fc84f5e82a4fdf7a24ae0d74c667ea43d10620b1f21221ae", kill_on_drop: false }`
[INFO] running `Command { std: "docker" "exec" "-e" "SOURCE_DIR=/opt/rustwide/workdir" "-e" "CARGO_HOME=/opt/rustwide/cargo-home" "-e" "RUSTUP_HOME=/opt/rustwide/rustup-home" "-e" "CARGO_TARGET_DIR=/opt/rustwide/target" "-e" "CARGO_INCREMENTAL=0" "-e" "RUST_BACKTRACE=full" "-e" "RUSTFLAGS=--cap-lints=warn" "-e" "RUSTDOCFLAGS=--cap-lints=warn" "-w" "/opt/rustwide/workdir" "--user" "0:0" "3a817d905f0e2422fc84f5e82a4fdf7a24ae0d74c667ea43d10620b1f21221ae" "/opt/rustwide/cargo-home/bin/cargo" "+1.99.0-beta.8" "test" "--frozen" "--no-run" "--message-format=json" "--release", kill_on_drop: false }`
[INFO] [stderr]    Compiling trust_pdf v3.0.1 (/opt/rustwide/workdir)
[INFO] [stdout] warning: hiding a lifetime that's elided elsewhere is confusing
[INFO] [stdout]   --> src/increment_validation.rs:46:16
[INFO] [stdout]    |
[INFO] [stdout] 46 |     fn catalog(&self) -> Result<DictTracker> {
[INFO] [stdout]    |                ^^^^^            ^^^^^^^^^^^ the same lifetime is hidden here
[INFO] [stdout]    |                |
[INFO] [stdout]    |                the lifetime is elided here
[INFO] [stdout]    |
[INFO] [stdout]    = help: the same lifetime is referred to in inconsistent ways, making the signature confusing
[INFO] [stdout]    = note: `#[warn(mismatched_lifetime_syntaxes)]` on by default
[INFO] [stdout] help: use `'_` for type paths
[INFO] [stdout]    |
[INFO] [stdout] 46 |     fn catalog(&self) -> Result<DictTracker<'_>> {
[INFO] [stdout]    |                                            ++++
[INFO] [stdout] 
[INFO] [stdout] 
[INFO] [stdout] warning: hiding a lifetime that's elided elsewhere is confusing
[INFO] [stdout]   --> src/increment_validation.rs:74:19
[INFO] [stdout]    |
[INFO] [stdout] 74 |     fn deref_dict(&self, obj: &'a Object) -> Result<DictTracker> {
[INFO] [stdout]    |                   ^^^^^ the lifetime is elided here ^^^^^^^^^^^ the same lifetime is hidden here
[INFO] [stdout]    |
[INFO] [stdout]    = help: the same lifetime is referred to in inconsistent ways, making the signature confusing
[INFO] [stdout] help: use `'_` for type paths
[INFO] [stdout]    |
[INFO] [stdout] 74 |     fn deref_dict(&self, obj: &'a Object) -> Result<DictTracker<'_>> {
[INFO] [stdout]    |                                                                ++++
[INFO] [stdout] 
[INFO] [stdout] 
[INFO] [stdout] warning: hiding a lifetime that's elided elsewhere is confusing
[INFO] [stdout]   --> src/increment_validation.rs:46:16
[INFO] [stdout]    |
[INFO] [stdout] 46 |     fn catalog(&self) -> Result<DictTracker> {
[INFO] [stdout]    |                ^^^^^            ^^^^^^^^^^^ the same lifetime is hidden here
[INFO] [stdout]    |                |
[INFO] [stdout]    |                the lifetime is elided here
[INFO] [stdout]    |
[INFO] [stdout]    = help: the same lifetime is referred to in inconsistent ways, making the signature confusing
[INFO] [stdout]    = note: `#[warn(mismatched_lifetime_syntaxes)]` on by default
[INFO] [stdout] help: use `'_` for type paths
[INFO] [stdout]    |
[INFO] [stdout] 46 |     fn catalog(&self) -> Result<DictTracker<'_>> {
[INFO] [stdout]    |                                            ++++
[INFO] [stdout] 
[INFO] [stdout] 
[INFO] [stdout] warning: hiding a lifetime that's elided elsewhere is confusing
[INFO] [stdout]   --> src/increment_validation.rs:74:19
[INFO] [stdout]    |
[INFO] [stdout] 74 |     fn deref_dict(&self, obj: &'a Object) -> Result<DictTracker> {
[INFO] [stdout]    |                   ^^^^^ the lifetime is elided here ^^^^^^^^^^^ the same lifetime is hidden here
[INFO] [stdout]    |
[INFO] [stdout]    = help: the same lifetime is referred to in inconsistent ways, making the signature confusing
[INFO] [stdout] help: use `'_` for type paths
[INFO] [stdout]    |
[INFO] [stdout] 74 |     fn deref_dict(&self, obj: &'a Object) -> Result<DictTracker<'_>> {
[INFO] [stdout]    |                                                                ++++
[INFO] [stdout] 
[INFO] [stdout] 
[INFO] [stderr]     Finished `release` profile [optimized] target(s) in 2.09s
[INFO] running `Command { std: "docker" "inspect" "3a817d905f0e2422fc84f5e82a4fdf7a24ae0d74c667ea43d10620b1f21221ae", kill_on_drop: false }`
[INFO] running `Command { std: "docker" "exec" "-e" "SOURCE_DIR=/opt/rustwide/workdir" "-e" "CARGO_HOME=/opt/rustwide/cargo-home" "-e" "RUSTUP_HOME=/opt/rustwide/rustup-home" "-e" "CARGO_TARGET_DIR=/opt/rustwide/target" "-e" "CARGO_INCREMENTAL=0" "-e" "RUST_BACKTRACE=full" "-e" "RUSTFLAGS=--cap-lints=warn" "-e" "RUSTDOCFLAGS=--cap-lints=warn" "-w" "/opt/rustwide/workdir" "--user" "0:0" "3a817d905f0e2422fc84f5e82a4fdf7a24ae0d74c667ea43d10620b1f21221ae" "/opt/rustwide/cargo-home/bin/cargo" "+1.99.0-beta.8" "test" "--frozen" "--release", kill_on_drop: false }`
[INFO] [stderr] warning: hiding a lifetime that's elided elsewhere is confusing
[INFO] [stderr]   --> src/increment_validation.rs:46:16
[INFO] [stderr]    |
[INFO] [stderr] 46 |     fn catalog(&self) -> Result<DictTracker> {
[INFO] [stderr]    |                ^^^^^            ^^^^^^^^^^^ the same lifetime is hidden here
[INFO] [stderr]    |                |
[INFO] [stderr]    |                the lifetime is elided here
[INFO] [stderr]    |
[INFO] [stderr]    = help: the same lifetime is referred to in inconsistent ways, making the signature confusing
[INFO] [stderr]    = note: `#[warn(mismatched_lifetime_syntaxes)]` on by default
[INFO] [stderr] help: use `'_` for type paths
[INFO] [stderr]    |
[INFO] [stderr] 46 |     fn catalog(&self) -> Result<DictTracker<'_>> {
[INFO] [stderr]    |                                            ++++
[INFO] [stderr] 
[INFO] [stderr] warning: hiding a lifetime that's elided elsewhere is confusing
[INFO] [stderr]   --> src/increment_validation.rs:74:19
[INFO] [stderr]    |
[INFO] [stderr] 74 |     fn deref_dict(&self, obj: &'a Object) -> Result<DictTracker> {
[INFO] [stderr]    |                   ^^^^^ the lifetime is elided here ^^^^^^^^^^^ the same lifetime is hidden here
[INFO] [stderr]    |
[INFO] [stderr]    = help: the same lifetime is referred to in inconsistent ways, making the signature confusing
[INFO] [stderr] help: use `'_` for type paths
[INFO] [stderr]    |
[INFO] [stderr] 74 |     fn deref_dict(&self, obj: &'a Object) -> Result<DictTracker<'_>> {
[INFO] [stderr]    |                                                                ++++
[INFO] [stderr] 
[INFO] [stderr] warning: `trust_pdf` (lib) generated 2 warnings (run `cargo fix --lib -p trust_pdf` to apply 2 suggestions)
[INFO] [stderr] warning: `trust_pdf` (lib test) generated 2 warnings (2 duplicates)
[INFO] [stderr]     Finished `release` profile [optimized] target(s) in 0.09s
[INFO] [stderr]      Running unittests src/lib.rs (/opt/rustwide/target/release/deps/trust_pdf-f90d6a5aa3a376b7)
[INFO] [stdout] 
[INFO] [stdout] running 4 tests
[INFO] [stdout] test tests::reference_is_the_full_document ... ok
[INFO] [stdout] test openssl::tests::test_valid_pdfs ... FAILED
[INFO] [stdout] test openssl::tests::test_invalid_pdfs ... FAILED
[INFO] [stdout] test openssl::tests::test_poppler_signature ... FAILED
[INFO] [stdout] 
[INFO] [stdout] failures:
[INFO] [stdout] 
[INFO] [stdout] ---- openssl::tests::test_valid_pdfs stdout ----
[INFO] [stdout] 
[INFO] [stdout] thread 'openssl::tests::test_valid_pdfs' (379) panicked at src/openssl.rs:119:48:
[INFO] [stdout] called `Result::unwrap()` on an `Err` value: error:10800075:PKCS7 routines:PKCS7_verify:certificate verify error:../crypto/pkcs7/pk7_smime.c:298:Verify error: certificate has expired
[INFO] [stdout] 
[INFO] [stdout] Stack backtrace:
[INFO] [stdout]    0: <anyhow::Error as core::convert::From<openssl::error::ErrorStack>>::from
[INFO] [stdout]    1: <trust_pdf::openssl::OpenSslVerifier>::verify
[INFO] [stdout]    2: <core::iter::adapters::map::Map<core::slice::iter::Iter<trust_pdf::SignatureInfo>, <trust_pdf::openssl::OpenSslVerifier>::verify_many::{closure#0}> as core::iter::traits::iterator::Iterator>::try_fold::<(), <core::iter::adapters::GenericShunt<core::iter::adapters::map::Map<core::slice::iter::Iter<trust_pdf::SignatureInfo>, <trust_pdf::openssl::OpenSslVerifier>::verify_many::{closure#0}>, core::result::Result<core::convert::Infallible, anyhow::Error>> as core::iter::traits::iterator::Iterator>::try_fold<(), core::iter::traits::iterator::Iterator::try_for_each::call<openssl::pkcs7::Pkcs7, core::ops::control_flow::ControlFlow<openssl::pkcs7::Pkcs7>, core::ops::control_flow::ControlFlow<openssl::pkcs7::Pkcs7>::Break>::{closure#0}, core::ops::control_flow::ControlFlow<openssl::pkcs7::Pkcs7>>::{closure#0}, core::ops::control_flow::ControlFlow<core::ops::control_flow::ControlFlow<openssl::pkcs7::Pkcs7>>>
[INFO] [stdout]    3: <alloc::vec::Vec<openssl::pkcs7::Pkcs7> as alloc::vec::spec_from_iter::SpecFromIter<openssl::pkcs7::Pkcs7, core::iter::adapters::GenericShunt<core::iter::adapters::map::Map<core::slice::iter::Iter<trust_pdf::SignatureInfo>, <trust_pdf::openssl::OpenSslVerifier>::verify_many::{closure#0}>, core::result::Result<core::convert::Infallible, anyhow::Error>>>>::from_iter
[INFO] [stdout]    4: core::iter::adapters::try_process::<core::iter::adapters::map::Map<core::slice::iter::Iter<trust_pdf::SignatureInfo>, <trust_pdf::openssl::OpenSslVerifier>::verify_many::{closure#0}>, openssl::pkcs7::Pkcs7, core::result::Result<core::convert::Infallible, anyhow::Error>, <core::result::Result<alloc::vec::Vec<openssl::pkcs7::Pkcs7>, anyhow::Error> as core::iter::traits::collect::FromIterator<core::result::Result<openssl::pkcs7::Pkcs7, anyhow::Error>>>::from_iter<core::iter::adapters::map::Map<core::slice::iter::Iter<trust_pdf::SignatureInfo>, <trust_pdf::openssl::OpenSslVerifier>::verify_many::{closure#0}>>::{closure#0}, alloc::vec::Vec<openssl::pkcs7::Pkcs7>>
[INFO] [stdout]    5: trust_pdf::openssl::tests::verify
[INFO] [stdout]    6: trust_pdf::openssl::tests::test_valid_pdfs
[INFO] [stdout]    7: <trust_pdf::openssl::tests::test_valid_pdfs::{closure#0} as core::ops::function::FnOnce<()>>::call_once
[INFO] [stdout]    8: test::__rust_begin_short_backtrace::<core::result::Result<(), alloc::string::String>, fn() -> core::result::Result<(), alloc::string::String>>
[INFO] [stdout]    9: test::run_test::{closure#0}
[INFO] [stdout]   10: std::sys::backtrace::__rust_begin_short_backtrace::<test::run_test::{closure#1}, ()>
[INFO] [stdout]   11: <std::thread::lifecycle::spawn_unchecked<test::run_test::{closure#1}, ()>::{closure#1} as core::ops::function::FnOnce<()>>::call_once::{shim:vtable#0}
[INFO] [stdout]   12: <std::sys::thread::unix::Thread>::new::thread_start
[INFO] [stdout]   13: <unknown>
[INFO] [stdout]   14: clone
[INFO] [stdout] stack backtrace:
[INFO] [stdout]    0:     0x5fedc4882e91 - <<std[70759c8f55707aa4]::sys::backtrace::BacktraceLock>::print::DisplayBacktrace as core[df12db4294e9bfd3]::fmt::Display>::fmt
[INFO] [stdout]    1:     0x5fedc489a22a - core[df12db4294e9bfd3]::fmt::write
[INFO] [stdout]    2:     0x5fedc4887b4c - <alloc[2182bb758b4b3781]::vec::Vec<u8> as core[df12db4294e9bfd3]::io::write::Write>::write_fmt
[INFO] [stdout]    3:     0x5fedc485e4d6 - std[70759c8f55707aa4]::panicking::default_hook::{closure#0}
[INFO] [stdout]    4:     0x5fedc487af29 - std[70759c8f55707aa4]::panicking::default_hook
[INFO] [stdout]    5:     0x5fedc4713d60 - test[9d35eded1c95d3be]::test_main_inner::<test[9d35eded1c95d3be]::test_main_static::{closure#0}>::{closure#0}
[INFO] [stdout]    6:     0x5fedc487b252 - std[70759c8f55707aa4]::panicking::panic_with_hook
[INFO] [stdout]    7:     0x5fedc485e582 - std[70759c8f55707aa4]::panicking::panic_handler::{closure#0}
[INFO] [stdout]    8:     0x5fedc4856b49 - std[70759c8f55707aa4]::sys::backtrace::__rust_end_short_backtrace::<std[70759c8f55707aa4]::panicking::panic_handler::{closure#0}, !>
[INFO] [stdout]    9:     0x5fedc485f28d - __rustc[8fa7c3cbc660c2b3]::rust_begin_unwind
[INFO] [stdout]   10:     0x5fedc489aa0c - core[df12db4294e9bfd3]::panicking::panic_fmt
[INFO] [stdout]   11:     0x5fedc489a7e2 - core[df12db4294e9bfd3]::result::unwrap_failed
[INFO] [stdout]   12:     0x5fedc4705db2 - trust_pdf[874395c7835347dd]::openssl::tests::verify
[INFO] [stdout]   13:     0x5fedc4705f41 - trust_pdf[874395c7835347dd]::openssl::tests::test_valid_pdfs
[INFO] [stdout]   14:     0x5fedc46fac39 - <trust_pdf[874395c7835347dd]::openssl::tests::test_valid_pdfs::{closure#0} as core[df12db4294e9bfd3]::ops::function::FnOnce<()>>::call_once
[INFO] [stdout]   15:     0x5fedc470704b - test[9d35eded1c95d3be]::__rust_begin_short_backtrace::<core[df12db4294e9bfd3]::result::Result<(), alloc[2182bb758b4b3781]::string::String>, fn() -> core[df12db4294e9bfd3]::result::Result<(), alloc[2182bb758b4b3781]::string::String>>
[INFO] [stdout]   16:     0x5fedc47146b5 - test[9d35eded1c95d3be]::run_test::{closure#0}
[INFO] [stdout]   17:     0x5fedc470df74 - std[70759c8f55707aa4]::sys::backtrace::__rust_begin_short_backtrace::<test[9d35eded1c95d3be]::run_test::{closure#1}, ()>
[INFO] [stdout]   18:     0x5fedc4717812 - <std[70759c8f55707aa4]::thread::lifecycle::spawn_unchecked<test[9d35eded1c95d3be]::run_test::{closure#1}, ()>::{closure#1} as core[df12db4294e9bfd3]::ops::function::FnOnce<()>>::call_once::{shim:vtable#0}
[INFO] [stdout]   19:     0x5fedc4882439 - <std[70759c8f55707aa4]::sys::thread::unix::Thread>::new::thread_start
[INFO] [stdout]   20:     0x7e68ca9aedfa - <unknown>
[INFO] [stdout]   21:     0x7e68caa423d4 - clone
[INFO] [stdout]   22:                0x0 - <unknown>
[INFO] [stdout] 
[INFO] [stdout] ---- openssl::tests::test_invalid_pdfs stdout ----
[INFO] [stdout] 
[INFO] [stdout] thread 'openssl::tests::test_invalid_pdfs' (377) panicked at src/openssl.rs:119:48:
[INFO] [stdout] called `Result::unwrap()` on an `Err` value: error:10800075:PKCS7 routines:PKCS7_verify:certificate verify error:../crypto/pkcs7/pk7_smime.c:298:Verify error: certificate has expired
[INFO] [stdout] 
[INFO] [stdout] Stack backtrace:
[INFO] [stdout]    0: <anyhow::Error as core::convert::From<openssl::error::ErrorStack>>::from
[INFO] [stdout]    1: <trust_pdf::openssl::OpenSslVerifier>::verify
[INFO] [stdout]    2: <core::iter::adapters::map::Map<core::slice::iter::Iter<trust_pdf::SignatureInfo>, <trust_pdf::openssl::OpenSslVerifier>::verify_many::{closure#0}> as core::iter::traits::iterator::Iterator>::try_fold::<(), <core::iter::adapters::GenericShunt<core::iter::adapters::map::Map<core::slice::iter::Iter<trust_pdf::SignatureInfo>, <trust_pdf::openssl::OpenSslVerifier>::verify_many::{closure#0}>, core::result::Result<core::convert::Infallible, anyhow::Error>> as core::iter::traits::iterator::Iterator>::try_fold<(), core::iter::traits::iterator::Iterator::try_for_each::call<openssl::pkcs7::Pkcs7, core::ops::control_flow::ControlFlow<openssl::pkcs7::Pkcs7>, core::ops::control_flow::ControlFlow<openssl::pkcs7::Pkcs7>::Break>::{closure#0}, core::ops::control_flow::ControlFlow<openssl::pkcs7::Pkcs7>>::{closure#0}, core::ops::control_flow::ControlFlow<core::ops::control_flow::ControlFlow<openssl::pkcs7::Pkcs7>>>
[INFO] [stdout]    3: <alloc::vec::Vec<openssl::pkcs7::Pkcs7> as alloc::vec::spec_from_iter::SpecFromIter<openssl::pkcs7::Pkcs7, core::iter::adapters::GenericShunt<core::iter::adapters::map::Map<core::slice::iter::Iter<trust_pdf::SignatureInfo>, <trust_pdf::openssl::OpenSslVerifier>::verify_many::{closure#0}>, core::result::Result<core::convert::Infallible, anyhow::Error>>>>::from_iter
[INFO] [stdout]    4: core::iter::adapters::try_process::<core::iter::adapters::map::Map<core::slice::iter::Iter<trust_pdf::SignatureInfo>, <trust_pdf::openssl::OpenSslVerifier>::verify_many::{closure#0}>, openssl::pkcs7::Pkcs7, core::result::Result<core::convert::Infallible, anyhow::Error>, <core::result::Result<alloc::vec::Vec<openssl::pkcs7::Pkcs7>, anyhow::Error> as core::iter::traits::collect::FromIterator<core::result::Result<openssl::pkcs7::Pkcs7, anyhow::Error>>>::from_iter<core::iter::adapters::map::Map<core::slice::iter::Iter<trust_pdf::SignatureInfo>, <trust_pdf::openssl::OpenSslVerifier>::verify_many::{closure#0}>>::{closure#0}, alloc::vec::Vec<openssl::pkcs7::Pkcs7>>
[INFO] [stdout]    5: trust_pdf::openssl::tests::verify
[INFO] [stdout]    6: trust_pdf::openssl::tests::test_invalid_pdfs
[INFO] [stdout]    7: <trust_pdf::openssl::tests::test_invalid_pdfs::{closure#0} as core::ops::function::FnOnce<()>>::call_once
[INFO] [stdout]    8: test::__rust_begin_short_backtrace::<core::result::Result<(), alloc::string::String>, fn() -> core::result::Result<(), alloc::string::String>>
[INFO] [stdout]    9: test::run_test::{closure#0}
[INFO] [stdout]   10: std::sys::backtrace::__rust_begin_short_backtrace::<test::run_test::{closure#1}, ()>
[INFO] [stdout]   11: <std::thread::lifecycle::spawn_unchecked<test::run_test::{closure#1}, ()>::{closure#1} as core::ops::function::FnOnce<()>>::call_once::{shim:vtable#0}
[INFO] [stdout]   12: <std::sys::thread::unix::Thread>::new::thread_start
[INFO] [stdout]   13: <unknown>
[INFO] [stdout]   14: clone
[INFO] [stdout] stack backtrace:
[INFO] [stdout]    0:     0x5fedc4882e91 - <<std[70759c8f55707aa4]::sys::backtrace::BacktraceLock>::print::DisplayBacktrace as core[df12db4294e9bfd3]::fmt::Display>::fmt
[INFO] [stdout]    1:     0x5fedc489a22a - core[df12db4294e9bfd3]::fmt::write
[INFO] [stdout]    2:     0x5fedc4887b4c - <alloc[2182bb758b4b3781]::vec::Vec<u8> as core[df12db4294e9bfd3]::io::write::Write>::write_fmt
[INFO] [stdout]    3:     0x5fedc485e4d6 - std[70759c8f55707aa4]::panicking::default_hook::{closure#0}
[INFO] [stdout]    4:     0x5fedc487af29 - std[70759c8f55707aa4]::panicking::default_hook
[INFO] [stdout]    5:     0x5fedc4713d60 - test[9d35eded1c95d3be]::test_main_inner::<test[9d35eded1c95d3be]::test_main_static::{closure#0}>::{closure#0}
[INFO] [stdout]    6:     0x5fedc487b252 - std[70759c8f55707aa4]::panicking::panic_with_hook
[INFO] [stdout]    7:     0x5fedc485e582 - std[70759c8f55707aa4]::panicking::panic_handler::{closure#0}
[INFO] [stdout]    8:     0x5fedc4856b49 - std[70759c8f55707aa4]::sys::backtrace::__rust_end_short_backtrace::<std[70759c8f55707aa4]::panicking::panic_handler::{closure#0}, !>
[INFO] [stdout]    9:     0x5fedc485f28d - __rustc[8fa7c3cbc660c2b3]::rust_begin_unwind
[INFO] [stdout]   10:     0x5fedc489aa0c - core[df12db4294e9bfd3]::panicking::panic_fmt
[INFO] [stdout]   11:     0x5fedc489a7e2 - core[df12db4294e9bfd3]::result::unwrap_failed
[INFO] [stdout]   12:     0x5fedc4705db2 - trust_pdf[874395c7835347dd]::openssl::tests::verify
[INFO] [stdout]   13:     0x5fedc4706425 - trust_pdf[874395c7835347dd]::openssl::tests::test_invalid_pdfs
[INFO] [stdout]   14:     0x5fedc46fac59 - <trust_pdf[874395c7835347dd]::openssl::tests::test_invalid_pdfs::{closure#0} as core[df12db4294e9bfd3]::ops::function::FnOnce<()>>::call_once
[INFO] [stdout]   15:     0x5fedc470704b - test[9d35eded1c95d3be]::__rust_begin_short_backtrace::<core[df12db4294e9bfd3]::result::Result<(), alloc[2182bb758b4b3781]::string::String>, fn() -> core[df12db4294e9bfd3]::result::Result<(), alloc[2182bb758b4b3781]::string::String>>
[INFO] [stdout]   16:     0x5fedc47146b5 - test[9d35eded1c95d3be]::run_test::{closure#0}
[INFO] [stdout]   17:     0x5fedc470df74 - std[70759c8f55707aa4]::sys::backtrace::__rust_begin_short_backtrace::<test[9d35eded1c95d3be]::run_test::{closure#1}, ()>
[INFO] [stdout]   18:     0x5fedc4717812 - <std[70759c8f55707aa4]::thread::lifecycle::spawn_unchecked<test[9d35eded1c95d3be]::run_test::{closure#1}, ()>::{closure#1} as core[df12db4294e9bfd3]::ops::function::FnOnce<()>>::call_once::{shim:vtable#0}
[INFO] [stdout]   19:     0x5fedc4882439 - <std[70759c8f55707aa4]::sys::thread::unix::Thread>::new::thread_start
[INFO] [stdout]   20:     0x7e68ca9aedfa - <unknown>
[INFO] [stdout]   21:     0x7e68caa423d4 - clone
[INFO] [stdout]   22:                0x0 - <unknown>
[INFO] [stdout] 
[INFO] [stdout] ---- openssl::tests::test_poppler_signature stdout ----
[INFO] [stdout] 
[INFO] [stdout] thread 'openssl::tests::test_poppler_signature' (378) panicked at src/openssl.rs:119:48:
[INFO] [stdout] called `Result::unwrap()` on an `Err` value: error:10800075:PKCS7 routines:PKCS7_verify:certificate verify error:../crypto/pkcs7/pk7_smime.c:298:Verify error: certificate has expired
[INFO] [stdout] 
[INFO] [stdout] Stack backtrace:
[INFO] [stdout]    0: <anyhow::Error as core::convert::From<openssl::error::ErrorStack>>::from
[INFO] [stdout]    1: <trust_pdf::openssl::OpenSslVerifier>::verify
[INFO] [stdout]    2: <core::iter::adapters::map::Map<core::slice::iter::Iter<trust_pdf::SignatureInfo>, <trust_pdf::openssl::OpenSslVerifier>::verify_many::{closure#0}> as core::iter::traits::iterator::Iterator>::try_fold::<(), <core::iter::adapters::GenericShunt<core::iter::adapters::map::Map<core::slice::iter::Iter<trust_pdf::SignatureInfo>, <trust_pdf::openssl::OpenSslVerifier>::verify_many::{closure#0}>, core::result::Result<core::convert::Infallible, anyhow::Error>> as core::iter::traits::iterator::Iterator>::try_fold<(), core::iter::traits::iterator::Iterator::try_for_each::call<openssl::pkcs7::Pkcs7, core::ops::control_flow::ControlFlow<openssl::pkcs7::Pkcs7>, core::ops::control_flow::ControlFlow<openssl::pkcs7::Pkcs7>::Break>::{closure#0}, core::ops::control_flow::ControlFlow<openssl::pkcs7::Pkcs7>>::{closure#0}, core::ops::control_flow::ControlFlow<core::ops::control_flow::ControlFlow<openssl::pkcs7::Pkcs7>>>
[INFO] [stdout]    3: <alloc::vec::Vec<openssl::pkcs7::Pkcs7> as alloc::vec::spec_from_iter::SpecFromIter<openssl::pkcs7::Pkcs7, core::iter::adapters::GenericShunt<core::iter::adapters::map::Map<core::slice::iter::Iter<trust_pdf::SignatureInfo>, <trust_pdf::openssl::OpenSslVerifier>::verify_many::{closure#0}>, core::result::Result<core::convert::Infallible, anyhow::Error>>>>::from_iter
[INFO] [stdout]    4: core::iter::adapters::try_process::<core::iter::adapters::map::Map<core::slice::iter::Iter<trust_pdf::SignatureInfo>, <trust_pdf::openssl::OpenSslVerifier>::verify_many::{closure#0}>, openssl::pkcs7::Pkcs7, core::result::Result<core::convert::Infallible, anyhow::Error>, <core::result::Result<alloc::vec::Vec<openssl::pkcs7::Pkcs7>, anyhow::Error> as core::iter::traits::collect::FromIterator<core::result::Result<openssl::pkcs7::Pkcs7, anyhow::Error>>>::from_iter<core::iter::adapters::map::Map<core::slice::iter::Iter<trust_pdf::SignatureInfo>, <trust_pdf::openssl::OpenSslVerifier>::verify_many::{closure#0}>>::{closure#0}, alloc::vec::Vec<openssl::pkcs7::Pkcs7>>
[INFO] [stdout]    5: trust_pdf::openssl::tests::verify
[INFO] [stdout]    6: trust_pdf::openssl::tests::test_poppler_signature
[INFO] [stdout]    7: <trust_pdf::openssl::tests::test_poppler_signature::{closure#0} as core::ops::function::FnOnce<()>>::call_once
[INFO] [stdout]    8: test::__rust_begin_short_backtrace::<core::result::Result<(), alloc::string::String>, fn() -> core::result::Result<(), alloc::string::String>>
[INFO] [stdout]    9: test::run_test::{closure#0}
[INFO] [stdout]   10: std::sys::backtrace::__rust_begin_short_backtrace::<test::run_test::{closure#1}, ()>
[INFO] [stdout]   11: <std::thread::lifecycle::spawn_unchecked<test::run_test::{closure#1}, ()>::{closure#1} as core::ops::function::FnOnce<()>>::call_once::{shim:vtable#0}
[INFO] [stdout]   12: <std::sys::thread::unix::Thread>::new::thread_start
[INFO] [stdout]   13: <unknown>
[INFO] [stdout]   14: clone
[INFO] [stdout] stack backtrace:
[INFO] [stdout]    0:     0x5fedc4882e91 - <<std[70759c8f55707aa4]::sys::backtrace::BacktraceLock>::print::DisplayBacktrace as core[df12db4294e9bfd3]::fmt::Display>::fmt
[INFO] [stdout]    1:     0x5fedc489a22a - core[df12db4294e9bfd3]::fmt::write
[INFO] [stdout]    2:     0x5fedc4887b4c - <alloc[2182bb758b4b3781]::vec::Vec<u8> as core[df12db4294e9bfd3]::io::write::Write>::write_fmt
[INFO] [stdout]    3:     0x5fedc485e4d6 - std[70759c8f55707aa4]::panicking::default_hook::{closure#0}
[INFO] [stdout]    4:     0x5fedc487af29 - std[70759c8f55707aa4]::panicking::default_hook
[INFO] [stdout]    5:     0x5fedc4713d60 - test[9d35eded1c95d3be]::test_main_inner::<test[9d35eded1c95d3be]::test_main_static::{closure#0}>::{closure#0}
[INFO] [stdout]    6:     0x5fedc487b252 - std[70759c8f55707aa4]::panicking::panic_with_hook
[INFO] [stdout]    7:     0x5fedc485e582 - std[70759c8f55707aa4]::panicking::panic_handler::{closure#0}
[INFO] [stdout]    8:     0x5fedc4856b49 - std[70759c8f55707aa4]::sys::backtrace::__rust_end_short_backtrace::<std[70759c8f55707aa4]::panicking::panic_handler::{closure#0}, !>
[INFO] [stdout]    9:     0x5fedc485f28d - __rustc[8fa7c3cbc660c2b3]::rust_begin_unwind
[INFO] [stdout]   10:     0x5fedc489aa0c - core[df12db4294e9bfd3]::panicking::panic_fmt
[INFO] [stdout]   11:     0x5fedc489a7e2 - core[df12db4294e9bfd3]::result::unwrap_failed
[INFO] [stdout]   12:     0x5fedc4705db2 - trust_pdf[874395c7835347dd]::openssl::tests::verify
[INFO] [stdout]   13:     0x5fedc47068d5 - trust_pdf[874395c7835347dd]::openssl::tests::test_poppler_signature
[INFO] [stdout]   14:     0x5fedc46fac79 - <trust_pdf[874395c7835347dd]::openssl::tests::test_poppler_signature::{closure#0} as core[df12db4294e9bfd3]::ops::function::FnOnce<()>>::call_once
[INFO] [stdout]   15:     0x5fedc470704b - test[9d35eded1c95d3be]::__rust_begin_short_backtrace::<core[df12db4294e9bfd3]::result::Result<(), alloc[2182bb758b4b3781]::string::String>, fn() -> core[df12db4294e9bfd3]::result::Result<(), alloc[2182bb758b4b3781]::string::String>>
[INFO] [stdout]   16:     0x5fedc47146b5 - test[9d35eded1c95d3be]::run_test::{closure#0}
[INFO] [stdout]   17:     0x5fedc470df74 - std[70759c8f55707aa4]::sys::backtrace::__rust_begin_short_backtrace::<test[9d35eded1c95d3be]::run_test::{closure#1}, ()>
[INFO] [stdout]   18:     0x5fedc4717812 - <std[70759c8f55707aa4]::thread::lifecycle::spawn_unchecked<test[9d35eded1c95d3be]::run_test::{closure#1}, ()>::{closure#1} as core[df12db4294e9bfd3]::ops::function::FnOnce<()>>::call_once::{shim:vtable#0}
[INFO] [stdout]   19:     0x5fedc4882439 - <std[70759c8f55707aa4]::sys::thread::unix::Thread>::new::thread_start
[INFO] [stdout]   20:     0x7e68ca9aedfa - <unknown>
[INFO] [stdout]   21:     0x7e68caa423d4 - clone
[INFO] [stdout]   22:                0x0 - <unknown>
[INFO] [stdout] 
[INFO] [stdout] 
[INFO] [stdout] failures:
[INFO] [stdout]     openssl::tests::test_invalid_pdfs
[INFO] [stdout]     openssl::tests::test_poppler_signature
[INFO] [stdout]     openssl::tests::test_valid_pdfs
[INFO] [stdout] 
[INFO] [stdout] test result: FAILED. 1 passed; 3 failed; 0 ignored; 0 measured; 0 filtered out; finished in 0.31s
[INFO] [stdout] 
[INFO] [stderr] error: test failed, to rerun pass `--lib`
[INFO] running `Command { std: "docker" "inspect" "3a817d905f0e2422fc84f5e82a4fdf7a24ae0d74c667ea43d10620b1f21221ae", kill_on_drop: false }`
[INFO] running `Command { std: "docker" "rm" "-f" "3a817d905f0e2422fc84f5e82a4fdf7a24ae0d74c667ea43d10620b1f21221ae", kill_on_drop: false }`
[INFO] [stdout] 3a817d905f0e2422fc84f5e82a4fdf7a24ae0d74c667ea43d10620b1f21221ae
