[INFO] fetching crate trust-dns-client 0.23.2...
[INFO] testing trust-dns-client-0.23.2 against 1.100.0-beta.1+cargoflags=--release for beta-release-1.100-2
[INFO] extracting crate trust-dns-client 0.23.2 into /workspace/builds/worker-2-tc2/source
[INFO] started tweaking crates.io crate trust-dns-client 0.23.2
[INFO] finished tweaking crates.io crate trust-dns-client 0.23.2
[INFO] tweaked toml for crates.io crate trust-dns-client 0.23.2 written to /workspace/builds/worker-2-tc2/source/Cargo.toml
[INFO] validating manifest of crates.io crate trust-dns-client 0.23.2 on toolchain 1.100.0-beta.1
[INFO] running `Command { std: CARGO_HOME="/workspace/cargo-home" RUSTUP_HOME="/workspace/rustup-home" "/workspace/cargo-home/bin/cargo" "+1.100.0-beta.1" "metadata" "--manifest-path" "Cargo.toml" "--no-deps", kill_on_drop: false }`
[INFO] running `Command { std: CARGO_HOME="/workspace/cargo-home" RUSTUP_HOME="/workspace/rustup-home" "/workspace/cargo-home/bin/cargo" "+1.100.0-beta.1" "generate-lockfile" "--manifest-path" "Cargo.toml", kill_on_drop: false }`
[INFO] [stderr]     Updating crates.io index
[INFO] [stderr]      Locking 183 packages to highest compatible versions
[INFO] [stderr]       Adding radix_trie v0.2.1 (available: v0.3.0)
[INFO] [stderr]       Adding rand v0.8.8 (available: v0.10.3)
[INFO] [stderr]       Adding rustls v0.21.12 (available: v0.23.46)
[INFO] [stderr]       Adding rustls-webpki v0.101.7 (available: v0.103.15)
[INFO] [stderr]       Adding thiserror v1.0.69 (available: v2.0.21)
[INFO] running `Command { std: CARGO_HOME="/workspace/cargo-home" RUSTUP_HOME="/workspace/rustup-home" "/workspace/cargo-home/bin/cargo" "+1.100.0-beta.1" "fetch" "--manifest-path" "Cargo.toml", kill_on_drop: false }`
[INFO] running `Command { std: "docker" "create" "-v" "/var/lib/crater-agent-workspace/builds/worker-2-tc2/source:/opt/rustwide/workdir:ro,Z" "-v" "/var/lib/crater-agent-workspace/builds/worker-2-tc2/target:/opt/rustwide/target:rw,Z" "-v" "/var/lib/crater-agent-workspace/cargo-home:/opt/rustwide/cargo-home:ro,Z" "-v" "/var/lib/crater-agent-workspace/rustup-home:/opt/rustwide/rustup-home:ro,Z" "-m" "1610612736" "--network" "none" "ghcr.io/rust-lang/crates-build-env/linux@sha256:77db811e55d90add9212f6832c23229e3de5f1c1f9905e8cb07319ea15df73ac" "sleep" "infinity", kill_on_drop: false }`
[INFO] [stdout] a5ac10ae6067969be03753fc16f5b1246418a7a000ac9808410741c76206a6bd
[INFO] running `Command { std: "docker" "start" "a5ac10ae6067969be03753fc16f5b1246418a7a000ac9808410741c76206a6bd", kill_on_drop: false }`
[INFO] running `Command { std: "docker" "inspect" "a5ac10ae6067969be03753fc16f5b1246418a7a000ac9808410741c76206a6bd", kill_on_drop: false }`
[INFO] running `Command { std: "docker" "exec" "-e" "SOURCE_DIR=/opt/rustwide/workdir" "-e" "CARGO_HOME=/opt/rustwide/cargo-home" "-e" "RUSTUP_HOME=/opt/rustwide/rustup-home" "-e" "CARGO_TARGET_DIR=/opt/rustwide/target" "-w" "/opt/rustwide/workdir" "--user" "0:0" "a5ac10ae6067969be03753fc16f5b1246418a7a000ac9808410741c76206a6bd" "/opt/rustwide/cargo-home/bin/cargo" "+1.100.0-beta.1" "metadata" "--no-deps" "--format-version=1", kill_on_drop: false }`
[INFO] running `Command { std: "docker" "inspect" "a5ac10ae6067969be03753fc16f5b1246418a7a000ac9808410741c76206a6bd", kill_on_drop: false }`
[INFO] running `Command { std: "docker" "exec" "-e" "SOURCE_DIR=/opt/rustwide/workdir" "-e" "CARGO_HOME=/opt/rustwide/cargo-home" "-e" "RUSTUP_HOME=/opt/rustwide/rustup-home" "-e" "CARGO_TARGET_DIR=/opt/rustwide/target" "-e" "CARGO_INCREMENTAL=0" "-e" "RUST_BACKTRACE=full" "-e" "RUSTFLAGS=--cap-lints=warn" "-e" "RUSTDOCFLAGS=--cap-lints=warn" "-w" "/opt/rustwide/workdir" "--user" "0:0" "a5ac10ae6067969be03753fc16f5b1246418a7a000ac9808410741c76206a6bd" "/opt/rustwide/cargo-home/bin/cargo" "+1.100.0-beta.1" "build" "--frozen" "--message-format=json" "--release", kill_on_drop: false }`
[INFO] [stderr]    Compiling futures-sink v0.3.34
[INFO] [stderr]    Compiling futures-core v0.3.34
[INFO] [stderr]    Compiling futures-io v0.3.34
[INFO] [stderr]    Compiling unicode-normalization v0.1.26
[INFO] [stderr]    Compiling unicode-bidi v0.3.18
[INFO] [stderr]    Compiling nibble_vec v0.1.0
[INFO] [stderr]    Compiling data-encoding v2.11.1
[INFO] [stderr]    Compiling ipnet v2.12.2
[INFO] [stderr]    Compiling syn v2.0.119
[INFO] [stderr]    Compiling endian-type v0.1.2
[INFO] [stderr]    Compiling synstructure v0.14.0
[INFO] [stderr]    Compiling zerovec-derive v0.11.6
[INFO] [stderr]    Compiling displaydoc v0.2.7
[INFO] [stderr]    Compiling tokio-macros v2.7.2
[INFO] [stderr]    Compiling async-trait v0.1.92
[INFO] [stderr]    Compiling rand_chacha v0.3.1
[INFO] [stderr]    Compiling futures-channel v0.3.34
[INFO] [stderr]    Compiling radix_trie v0.2.1
[INFO] [stderr]    Compiling rand v0.8.8
[INFO] [stderr]    Compiling futures-util v0.3.34
[INFO] [stderr]    Compiling zerofrom-derive v0.1.8
[INFO] [stderr]    Compiling yoke-derive v0.8.4
[INFO] [stderr]    Compiling idna v0.4.0
[INFO] [stderr]    Compiling tokio v1.53.3
[INFO] [stderr]    Compiling zerofrom v0.1.8
[INFO] [stderr]    Compiling yoke v0.8.3
[INFO] [stderr]    Compiling zerovec v0.11.8
[INFO] [stderr]    Compiling zerotrie v0.2.5
[INFO] [stderr]    Compiling tinystr v0.8.4
[INFO] [stderr]    Compiling potential_utf v0.1.6
[INFO] [stderr]    Compiling icu_locale_core v2.3.0
[INFO] [stderr]    Compiling icu_collections v2.3.0
[INFO] [stderr]    Compiling icu_provider v2.3.1
[INFO] [stderr]    Compiling icu_normalizer v2.3.0
[INFO] [stderr]    Compiling icu_properties v2.3.0
[INFO] [stderr]    Compiling tracing-attributes v0.1.31
[INFO] [stderr]    Compiling thiserror-impl v1.0.69
[INFO] [stderr]    Compiling enum-as-inner v0.6.1
[INFO] [stderr]    Compiling idna_adapter v1.2.2
[INFO] [stderr]    Compiling idna v1.1.0
[INFO] [stderr]    Compiling thiserror v1.0.69
[INFO] [stderr]    Compiling tracing v0.1.44
[INFO] [stderr]    Compiling url v2.5.8
[INFO] [stderr]    Compiling trust-dns-proto v0.23.2
[INFO] [stderr]    Compiling trust-dns-client v0.23.2 (/opt/rustwide/workdir)
[INFO] [stdout] warning: struct `TrieNameRef` is never constructed
[INFO] [stdout]    --> src/rr/zone.rs:272:8
[INFO] [stdout]     |
[INFO] [stdout] 272 | struct TrieNameRef<'n>(&'n Name);
[INFO] [stdout]     |        ^^^^^^^^^^^
[INFO] [stdout]     |
[INFO] [stdout]     = note: `#[warn(dead_code)]` (part of `#[warn(unused)]`) on by default
[INFO] [stdout] 
[INFO] [stdout] 
[INFO] [stderr]     Finished `release` profile [optimized] target(s) in 37.27s
[INFO] running `Command { std: "docker" "inspect" "a5ac10ae6067969be03753fc16f5b1246418a7a000ac9808410741c76206a6bd", kill_on_drop: false }`
[INFO] running `Command { std: "docker" "exec" "-e" "SOURCE_DIR=/opt/rustwide/workdir" "-e" "CARGO_HOME=/opt/rustwide/cargo-home" "-e" "RUSTUP_HOME=/opt/rustwide/rustup-home" "-e" "CARGO_TARGET_DIR=/opt/rustwide/target" "-e" "CARGO_INCREMENTAL=0" "-e" "RUST_BACKTRACE=full" "-e" "RUSTFLAGS=--cap-lints=warn" "-e" "RUSTDOCFLAGS=--cap-lints=warn" "-w" "/opt/rustwide/workdir" "--user" "0:0" "a5ac10ae6067969be03753fc16f5b1246418a7a000ac9808410741c76206a6bd" "/opt/rustwide/cargo-home/bin/cargo" "+1.100.0-beta.1" "test" "--frozen" "--no-run" "--message-format=json" "--release", kill_on_drop: false }`
[INFO] [stderr]    Compiling openssl-sys v0.9.117
[INFO] [stderr]    Compiling regex-automata v0.4.18
[INFO] [stderr]    Compiling openssl v0.10.81
[INFO] [stderr]    Compiling foreign-types-shared v0.1.1
[INFO] [stderr]    Compiling openssl-macros v0.1.1
[INFO] [stderr]    Compiling futures-executor v0.3.34
[INFO] [stderr]    Compiling sharded-slab v0.1.7
[INFO] [stderr]    Compiling tracing-log v0.2.0
[INFO] [stderr]    Compiling thread_local v1.1.10
[INFO] [stderr]    Compiling nu-ansi-term v0.50.3
[INFO] [stdout] warning: struct `TrieNameRef` is never constructed
[INFO] [stdout]    --> src/rr/zone.rs:272:8
[INFO] [stdout]     |
[INFO] [stdout] 272 | struct TrieNameRef<'n>(&'n Name);
[INFO] [stdout]     |        ^^^^^^^^^^^
[INFO] [stdout]     |
[INFO] [stdout]     = note: `#[warn(dead_code)]` (part of `#[warn(unused)]`) on by default
[INFO] [stdout] 
[INFO] [stdout] 
[INFO] [stderr]    Compiling foreign-types v0.3.2
[INFO] [stderr]    Compiling futures v0.3.34
[INFO] [stderr]    Compiling matchers v0.2.0
[INFO] [stderr]    Compiling tracing-subscriber v0.3.23
[INFO] [stderr]    Compiling trust-dns-client v0.23.2 (/opt/rustwide/workdir)
[INFO] [stdout] warning: struct `TrieNameRef` is never constructed
[INFO] [stdout]    --> src/rr/zone.rs:272:8
[INFO] [stdout]     |
[INFO] [stdout] 272 | struct TrieNameRef<'n>(&'n Name);
[INFO] [stdout]     |        ^^^^^^^^^^^
[INFO] [stdout]     |
[INFO] [stdout]     = note: `#[warn(dead_code)]` (part of `#[warn(unused)]`) on by default
[INFO] [stdout] 
[INFO] [stdout] 
[INFO] [stderr]     Finished `release` profile [optimized] target(s) in 18.65s
[INFO] running `Command { std: "docker" "inspect" "a5ac10ae6067969be03753fc16f5b1246418a7a000ac9808410741c76206a6bd", kill_on_drop: false }`
[INFO] running `Command { std: "docker" "exec" "-e" "SOURCE_DIR=/opt/rustwide/workdir" "-e" "CARGO_HOME=/opt/rustwide/cargo-home" "-e" "RUSTUP_HOME=/opt/rustwide/rustup-home" "-e" "CARGO_TARGET_DIR=/opt/rustwide/target" "-e" "CARGO_INCREMENTAL=0" "-e" "RUST_BACKTRACE=full" "-e" "RUSTFLAGS=--cap-lints=warn" "-e" "RUSTDOCFLAGS=--cap-lints=warn" "-w" "/opt/rustwide/workdir" "--user" "0:0" "a5ac10ae6067969be03753fc16f5b1246418a7a000ac9808410741c76206a6bd" "/opt/rustwide/cargo-home/bin/cargo" "+1.100.0-beta.1" "test" "--frozen" "--release", kill_on_drop: false }`
[INFO] [stderr] warning: struct `TrieNameRef` is never constructed
[INFO] [stderr]    --> src/rr/zone.rs:272:8
[INFO] [stderr]     |
[INFO] [stderr] 272 | struct TrieNameRef<'n>(&'n Name);
[INFO] [stderr]     |        ^^^^^^^^^^^
[INFO] [stderr]     |
[INFO] [stderr]     = note: `#[warn(dead_code)]` (part of `#[warn(unused)]`) on by default
[INFO] [stderr] 
[INFO] [stderr] warning: `trust-dns-client` (lib) generated 1 warning
[INFO] [stderr] warning: `trust-dns-client` (lib test) generated 1 warning (1 duplicate)
[INFO] [stderr]     Finished `release` profile [optimized] target(s) in 0.17s
[INFO] [stderr]      Running unittests src/lib.rs (/opt/rustwide/target/release/build/trust-dns-client/2d418fbdd3ee46f6/out/trust_dns_client-2d418fbdd3ee46f6)
[INFO] [stdout] 
[INFO] [stdout] running 21 tests
[INFO] [stdout] test client::async_client::tests::test_stream_xfr_valid_axfr ... ok
[INFO] [stdout] test client::async_client::tests::test_stream_xfr_valid_axfr_multipart ... ok
[INFO] [stdout] test client::async_client::tests::test_stream_xfr_valid_ixfr ... ok
[INFO] [stdout] test client::async_client::tests::test_stream_xfr_valid_ixfr_multipart ... ok
[INFO] [stdout] test client::async_client::tests::test_stream_xfr_axfr_with_ixfr_reply ... ok
[INFO] [stdout] test rr::zone::tests::test_local_networks ... ok
[INFO] [stdout] test rr::zone::tests::test_localhost ... ok
[INFO] [stdout] test rr::zone::tests::test_onion ... ok
[INFO] [stdout] test rr::zone::tests::test_invalid ... ok
[INFO] [stdout] test client::async_client::tests::test_stream_xfr_invalid_axfr_multipart ... ok
[INFO] [stdout] test client::client::test_sync_client_send_and_sync ... ok
[INFO] [stdout] test client::rc_stream::tests::test_rc_stream ... ok
[INFO] [stdout] test client::rc_stream::tests::test_rc_stream_failed ... ok
[INFO] [stdout] test error::client_error::test_conversion ... ok
[INFO] [stdout] test rr::zone::tests::test_example ... ok
[INFO] [stdout] test client::memoize_client_handle::test::test_memoized ... ok
[INFO] [stdout] test client::async_client::tests::test_stream_xfr_axfr_with_non_xfr_reply ... ok
[INFO] [stdout] test client::async_client::tests::test_stream_xfr_empty_axfr ... ok
[INFO] [stdout] test client::async_client::tests::async_client ... FAILED
[INFO] [stdout] test rr::zone::tests::test_root ... ok
[INFO] [stdout] test rr::zone::tests::test_test ... ok
[INFO] [stdout] 
[INFO] [stdout] failures:
[INFO] [stdout] 
[INFO] [stdout] ---- client::async_client::tests::async_client stdout ----
[INFO] [stdout] 
[INFO] [stdout] thread 'client::async_client::tests::async_client' (1227) panicked at src/client/async_client.rs:1104:45:
[INFO] [stdout] connection failed: ProtoError { kind: Io(Os { code: 101, kind: NetworkUnreachable, message: "Network is unreachable" }) }
[INFO] [stdout] stack backtrace:
[INFO] [stdout]    0:     0x607630be5711 - <<std[617be2ca0a6fd877]::sys::backtrace::BacktraceLock>::print::DisplayBacktrace as core[a373ad73a504971]::fmt::Display>::fmt
[INFO] [stdout]    1:     0x607630bfa9ea - core[a373ad73a504971]::fmt::write
[INFO] [stdout]    2:     0x607630be9b7c - <alloc[2e1b2a31b91974c5]::vec::Vec<u8> as core[a373ad73a504971]::io::write::Write>::write_fmt
[INFO] [stdout]    3:     0x607630bc1386 - std[617be2ca0a6fd877]::panicking::default_hook::{closure#0}
[INFO] [stdout]    4:     0x607630bdda99 - std[617be2ca0a6fd877]::panicking::default_hook
[INFO] [stdout]    5:     0x607630afe5c0 - test[aada8e7e76ba119b]::test_main_inner::{closure#0}
[INFO] [stdout]    6:     0x607630bdddc2 - std[617be2ca0a6fd877]::panicking::panic_with_hook
[INFO] [stdout]    7:     0x607630bc1432 - std[617be2ca0a6fd877]::panicking::panic_handler::{closure#0}
[INFO] [stdout]    8:     0x607630bba119 - std[617be2ca0a6fd877]::sys::backtrace::__rust_end_short_backtrace::<std[617be2ca0a6fd877]::panicking::panic_handler::{closure#0}, !>
[INFO] [stdout]    9:     0x607630bc203d - __rustc[ea4f61d10b84890b]::rust_begin_unwind
[INFO] [stdout]   10:     0x607630bfb14c - core[a373ad73a504971]::panicking::panic_fmt
[INFO] [stdout]   11:     0x607630bfaf22 - core[a373ad73a504971]::result::unwrap_failed
[INFO] [stdout]   12:     0x607630ab29ae - trust_dns_client[b527c4bce88b0faf]::client::async_client::tests::async_client::{closure#0}
[INFO] [stdout]   13:     0x607630abaf93 - <tokio[d0d560549e50abeb]::runtime::scheduler::current_thread::Context>::enter::<core[a373ad73a504971]::task::poll::Poll<()>, <tokio[d0d560549e50abeb]::runtime::scheduler::current_thread::CoreGuard>::block_on<core[a373ad73a504971]::pin::Pin<&mut core[a373ad73a504971]::pin::Pin<&mut dyn core[a373ad73a504971]::future::future::Future<Output = ()>>>>::{closure#0}::{closure#0}>
[INFO] [stdout]   14:     0x607630ae992c - <tokio[d0d560549e50abeb]::runtime::context::scoped::Scoped<tokio[d0d560549e50abeb]::runtime::scheduler::Context>>::set::<<tokio[d0d560549e50abeb]::runtime::scheduler::current_thread::CoreGuard>::enter<<tokio[d0d560549e50abeb]::runtime::scheduler::current_thread::CoreGuard>::block_on<core[a373ad73a504971]::pin::Pin<&mut core[a373ad73a504971]::pin::Pin<&mut dyn core[a373ad73a504971]::future::future::Future<Output = ()>>>>::{closure#0}, core[a373ad73a504971]::option::Option<()>>::{closure#0}, (alloc[2e1b2a31b91974c5]::boxed::Box<tokio[d0d560549e50abeb]::runtime::scheduler::current_thread::Core>, core[a373ad73a504971]::option::Option<()>)>
[INFO] [stdout]   15:     0x607630abb237 - <tokio[d0d560549e50abeb]::runtime::scheduler::current_thread::CoreGuard>::block_on::<core[a373ad73a504971]::pin::Pin<&mut core[a373ad73a504971]::pin::Pin<&mut dyn core[a373ad73a504971]::future::future::Future<Output = ()>>>>
[INFO] [stdout]   16:     0x607630ae541d - tokio[d0d560549e50abeb]::runtime::context::runtime::enter_runtime::<<tokio[d0d560549e50abeb]::runtime::scheduler::current_thread::CurrentThread>::block_on<core[a373ad73a504971]::pin::Pin<&mut dyn core[a373ad73a504971]::future::future::Future<Output = ()>>>::{closure#0}, ()>
[INFO] [stdout]   17:     0x607630ac50d5 - <tokio[d0d560549e50abeb]::runtime::runtime::Runtime>::block_on::<core[a373ad73a504971]::pin::Pin<&mut dyn core[a373ad73a504971]::future::future::Future<Output = ()>>>
[INFO] [stdout]   18:     0x607630ab79fe - <trust_dns_client[b527c4bce88b0faf]::client::async_client::tests::async_client::{closure#0} as core[a373ad73a504971]::ops::function::FnOnce<()>>::call_once
[INFO] [stdout]   19:     0x607630af1a0b - test[aada8e7e76ba119b]::__rust_begin_short_backtrace::<core[a373ad73a504971]::result::Result<(), alloc[2e1b2a31b91974c5]::string::String>, fn() -> core[a373ad73a504971]::result::Result<(), alloc[2e1b2a31b91974c5]::string::String>>
[INFO] [stdout]   20:     0x607630afebe5 - test[aada8e7e76ba119b]::run_test::{closure#0}
[INFO] [stdout]   21:     0x607630af84d4 - std[617be2ca0a6fd877]::sys::backtrace::__rust_begin_short_backtrace::<test[aada8e7e76ba119b]::run_test::{closure#1}, ()>
[INFO] [stdout]   22:     0x607630b01c72 - <std[617be2ca0a6fd877]::thread::lifecycle::spawn_unchecked<test[aada8e7e76ba119b]::run_test::{closure#1}, ()>::{closure#1} as core[a373ad73a504971]::ops::function::FnOnce<()>>::call_once::{shim:vtable#0}
[INFO] [stdout]   23:     0x607630be4f2f - <std[617be2ca0a6fd877]::sys::thread::unix::Thread>::new::thread_start
[INFO] [stdout]   24:     0x7c96aac5fdfa - <unknown>
[INFO] [stdout]   25:     0x7c96aacf33d4 - clone
[INFO] [stdout]   26:                0x0 - <unknown>
[INFO] [stdout] 
[INFO] [stdout] 
[INFO] [stdout] failures:
[INFO] [stdout]     client::async_client::tests::async_client
[INFO] [stdout] 
[INFO] [stdout] test result: FAILED. 20 passed; 1 failed; 0 ignored; 0 measured; 0 filtered out; finished in 0.01s
[INFO] [stdout] 
[INFO] [stderr] error: test failed, to rerun pass `--lib`
[INFO] running `Command { std: "docker" "inspect" "a5ac10ae6067969be03753fc16f5b1246418a7a000ac9808410741c76206a6bd", kill_on_drop: false }`
[INFO] running `Command { std: "docker" "rm" "-f" "a5ac10ae6067969be03753fc16f5b1246418a7a000ac9808410741c76206a6bd", kill_on_drop: false }`
[INFO] [stdout] a5ac10ae6067969be03753fc16f5b1246418a7a000ac9808410741c76206a6bd
