[INFO] fetching crate trufflehunter 0.1.1...
[INFO] testing trufflehunter-0.1.1 against 1.100.0-beta.1+cargoflags=--release for beta-release-1.100-2
[INFO] extracting crate trufflehunter 0.1.1 into /workspace/builds/worker-2-tc2/source
[INFO] started tweaking crates.io crate trufflehunter 0.1.1
[INFO] finished tweaking crates.io crate trufflehunter 0.1.1
[INFO] tweaked toml for crates.io crate trufflehunter 0.1.1 written to /workspace/builds/worker-2-tc2/source/Cargo.toml
[INFO] validating manifest of crates.io crate trufflehunter 0.1.1 on toolchain 1.100.0-beta.1
[INFO] running `Command { std: CARGO_HOME="/workspace/cargo-home" RUSTUP_HOME="/workspace/rustup-home" "/workspace/cargo-home/bin/cargo" "+1.100.0-beta.1" "metadata" "--manifest-path" "Cargo.toml" "--no-deps", kill_on_drop: false }`
[INFO] crate crates.io crate trufflehunter 0.1.1 already has a lockfile, it will not be regenerated
[INFO] running `Command { std: CARGO_HOME="/workspace/cargo-home" RUSTUP_HOME="/workspace/rustup-home" "/workspace/cargo-home/bin/cargo" "+1.100.0-beta.1" "fetch" "--manifest-path" "Cargo.toml", kill_on_drop: false }`
[INFO] [stderr] warning: `package.homepage` is redundant with `package.repository`
[INFO] [stderr]   --> Cargo.toml:32:12
[INFO] [stderr]    |
[INFO] [stderr] 32 | homepage = "https://github.com/dfhoughton/trufflehunter"
[INFO] [stderr]    |            ^^^^^^^^^^^^^^^^^^^^^^^^^^^^^^^^^^^^^^^^^^^^^
[INFO] [stderr] ...
[INFO] [stderr] 37 | repository = "https://github.com/dfhoughton/trufflehunter"
[INFO] [stderr]    |              ---------------------------------------------
[INFO] [stderr]    |
[INFO] [stderr]    = note: `cargo::redundant_homepage` is set to `warn` by default
[INFO] [stderr] help: consider removing `package.homepage`
[INFO] [stderr] warning: `trufflehunter` (manifest) generated 1 warning
[INFO] running `Command { std: "docker" "create" "-v" "/var/lib/crater-agent-workspace/builds/worker-2-tc2/source:/opt/rustwide/workdir:ro,Z" "-v" "/var/lib/crater-agent-workspace/builds/worker-2-tc2/target:/opt/rustwide/target:rw,Z" "-v" "/var/lib/crater-agent-workspace/cargo-home:/opt/rustwide/cargo-home:ro,Z" "-v" "/var/lib/crater-agent-workspace/rustup-home:/opt/rustwide/rustup-home:ro,Z" "-m" "1610612736" "--network" "none" "ghcr.io/rust-lang/crates-build-env/linux@sha256:77db811e55d90add9212f6832c23229e3de5f1c1f9905e8cb07319ea15df73ac" "sleep" "infinity", kill_on_drop: false }`
[INFO] [stdout] bc4d7a7b1b0d90a43a8f8bbd0bd255520b818a46fa197da26c5d45c7f8a05f30
[INFO] running `Command { std: "docker" "start" "bc4d7a7b1b0d90a43a8f8bbd0bd255520b818a46fa197da26c5d45c7f8a05f30", kill_on_drop: false }`
[INFO] running `Command { std: "docker" "inspect" "bc4d7a7b1b0d90a43a8f8bbd0bd255520b818a46fa197da26c5d45c7f8a05f30", kill_on_drop: false }`
[INFO] running `Command { std: "docker" "exec" "-e" "SOURCE_DIR=/opt/rustwide/workdir" "-e" "CARGO_HOME=/opt/rustwide/cargo-home" "-e" "RUSTUP_HOME=/opt/rustwide/rustup-home" "-e" "CARGO_TARGET_DIR=/opt/rustwide/target" "-w" "/opt/rustwide/workdir" "--user" "0:0" "bc4d7a7b1b0d90a43a8f8bbd0bd255520b818a46fa197da26c5d45c7f8a05f30" "/opt/rustwide/cargo-home/bin/cargo" "+1.100.0-beta.1" "metadata" "--no-deps" "--format-version=1", kill_on_drop: false }`
[INFO] running `Command { std: "docker" "inspect" "bc4d7a7b1b0d90a43a8f8bbd0bd255520b818a46fa197da26c5d45c7f8a05f30", kill_on_drop: false }`
[INFO] running `Command { std: "docker" "exec" "-e" "SOURCE_DIR=/opt/rustwide/workdir" "-e" "CARGO_HOME=/opt/rustwide/cargo-home" "-e" "RUSTUP_HOME=/opt/rustwide/rustup-home" "-e" "CARGO_TARGET_DIR=/opt/rustwide/target" "-e" "CARGO_INCREMENTAL=0" "-e" "RUST_BACKTRACE=full" "-e" "RUSTFLAGS=--cap-lints=warn" "-e" "RUSTDOCFLAGS=--cap-lints=warn" "-w" "/opt/rustwide/workdir" "--user" "0:0" "bc4d7a7b1b0d90a43a8f8bbd0bd255520b818a46fa197da26c5d45c7f8a05f30" "/opt/rustwide/cargo-home/bin/cargo" "+1.100.0-beta.1" "build" "--frozen" "--message-format=json" "--release", kill_on_drop: false }`
[INFO] [stderr] warning: `package.homepage` is redundant with `package.repository`
[INFO] [stderr]   --> Cargo.toml:32:12
[INFO] [stderr]    |
[INFO] [stderr] 32 | homepage = "https://github.com/dfhoughton/trufflehunter"
[INFO] [stderr]    |            ^^^^^^^^^^^^^^^^^^^^^^^^^^^^^^^^^^^^^^^^^^^^^
[INFO] [stderr] ...
[INFO] [stderr] 37 | repository = "https://github.com/dfhoughton/trufflehunter"
[INFO] [stderr]    |              ---------------------------------------------
[INFO] [stderr]    |
[INFO] [stderr]    = note: `cargo::redundant_homepage` is set to `warn` by default
[INFO] [stderr] help: consider removing `package.homepage`
[INFO] [stderr] warning: `trufflehunter` (manifest) generated 1 warning
[INFO] [stderr]    Compiling libc v0.2.46
[INFO] [stderr]    Compiling version_check v0.1.5
[INFO] [stderr]    Compiling num-traits v0.2.6
[INFO] [stderr]    Compiling cfg-if v0.1.6
[INFO] [stderr]    Compiling regex v1.1.0
[INFO] [stderr]    Compiling lazy_static v1.2.0
[INFO] [stderr]    Compiling ucd-util v0.1.3
[INFO] [stderr]    Compiling num-integer v0.1.39
[INFO] [stderr]    Compiling utf8-ranges v1.0.2
[INFO] [stderr]    Compiling unicode-width v0.1.5
[INFO] [stderr]    Compiling bitflags v1.0.4
[INFO] [stderr]    Compiling strsim v0.7.0
[INFO] [stderr]    Compiling vec_map v0.8.1
[INFO] [stderr]    Compiling ansi_term v0.11.0
[INFO] [stderr]    Compiling larry v0.3.0
[INFO] [stderr]    Compiling thread_local v0.3.6
[INFO] [stderr]    Compiling textwrap v0.10.0
[INFO] [stderr]    Compiling regex-syntax v0.6.4
[INFO] [stderr]    Compiling memchr v2.1.2
[INFO] [stderr]    Compiling time v0.1.42
[INFO] [stderr]    Compiling atty v0.2.11
[INFO] [stderr]    Compiling clap v2.32.0
[INFO] [stderr]    Compiling aho-corasick v0.6.9
[INFO] [stderr]    Compiling chrono v0.4.6
[INFO] [stderr]    Compiling pidgin v0.3.0
[INFO] [stderr]    Compiling two_timer v1.0.5
[INFO] [stderr]    Compiling trufflehunter v0.1.1 (/opt/rustwide/workdir)
[INFO] [stdout] warning: use of deprecated constant `std::sync::ONCE_INIT`: the `Once::new()` function is now preferred
[INFO] [stdout]    --> src/main.rs:143:18
[INFO] [stdout]     |
[INFO] [stdout] 143 |         (author: crate_authors!("\n"))
[INFO] [stdout]     |                  ^^^^^^^^^^^^^^^^^^^^
[INFO] [stdout]     |
[INFO] [stdout]     = note: `#[warn(deprecated)]` on by default
[INFO] [stdout]     = note: this warning originates in the macro `crate_authors` (in Nightly builds, run with -Z macro-backtrace for more info)
[INFO] [stdout] 
[INFO] [stdout] 
[INFO] [stdout] warning: use of deprecated constant `std::sync::ONCE_INIT`: the `Once::new()` function is now preferred
[INFO] [stdout]    --> src/main.rs:143:18
[INFO] [stdout]     |
[INFO] [stdout] 143 |         (author: crate_authors!("\n"))
[INFO] [stdout]     |                  ^^^^^^^^^^^^^^^^^^^^
[INFO] [stdout]     |
[INFO] [stdout]     = note: this warning originates in the macro `crate_authors` (in Nightly builds, run with -Z macro-backtrace for more info)
[INFO] [stdout] 
[INFO] [stdout] 
[INFO] [stdout] warning: implicit autoref creates a reference to the dereference of a raw pointer
[INFO] [stdout]    --> src/main.rs:143:18
[INFO] [stdout]     |
[INFO] [stdout] 143 |         (author: crate_authors!("\n"))
[INFO] [stdout]     |                  ^^^^^^^^^^^^^^^^^^^^ this raw pointer has type `*const String`
[INFO] [stdout]     |
[INFO] [stdout]     = note: creating a reference requires the pointer target to be valid and imposes aliasing requirements
[INFO] [stdout] note: autoref is being applied to this expression, resulting in: `&String`
[INFO] [stdout]    --> src/main.rs:143:18
[INFO] [stdout]     |
[INFO] [stdout] 143 |         (author: crate_authors!("\n"))
[INFO] [stdout]     |                  ^^^^^^^^^^^^^^^^^^^^
[INFO] [stdout]     = note: `#[warn(dangerous_implicit_autorefs)]` on by default
[INFO] [stdout]     = note: this warning originates in the macro `crate_authors` (in Nightly builds, run with -Z macro-backtrace for more info)
[INFO] [stdout] help: try using a raw pointer method instead; or if this reference is intentional, make it explicit
[INFO] [stdout]    --> /opt/rustwide/cargo-home/registry/src/index.crates.io-1949cf8c6b5b557f/clap-2.32.0/src/macros.rs:479:22
[INFO] [stdout]     |
[INFO] [stdout] 479 |                     &(&(*VALUE))[..]
[INFO] [stdout]     |                      ++        +
[INFO] [stdout] 
[INFO] [stdout] 
[INFO] [stderr]     Finished `release` profile [optimized] target(s) in 18.53s
[INFO] running `Command { std: "docker" "inspect" "bc4d7a7b1b0d90a43a8f8bbd0bd255520b818a46fa197da26c5d45c7f8a05f30", kill_on_drop: false }`
[INFO] running `Command { std: "docker" "exec" "-e" "SOURCE_DIR=/opt/rustwide/workdir" "-e" "CARGO_HOME=/opt/rustwide/cargo-home" "-e" "RUSTUP_HOME=/opt/rustwide/rustup-home" "-e" "CARGO_TARGET_DIR=/opt/rustwide/target" "-e" "CARGO_INCREMENTAL=0" "-e" "RUST_BACKTRACE=full" "-e" "RUSTFLAGS=--cap-lints=warn" "-e" "RUSTDOCFLAGS=--cap-lints=warn" "-w" "/opt/rustwide/workdir" "--user" "0:0" "bc4d7a7b1b0d90a43a8f8bbd0bd255520b818a46fa197da26c5d45c7f8a05f30" "/opt/rustwide/cargo-home/bin/cargo" "+1.100.0-beta.1" "test" "--frozen" "--no-run" "--message-format=json" "--release", kill_on_drop: false }`
[INFO] [stderr] warning: `package.homepage` is redundant with `package.repository`
[INFO] [stderr]   --> Cargo.toml:32:12
[INFO] [stderr]    |
[INFO] [stderr] 32 | homepage = "https://github.com/dfhoughton/trufflehunter"
[INFO] [stderr]    |            ^^^^^^^^^^^^^^^^^^^^^^^^^^^^^^^^^^^^^^^^^^^^^
[INFO] [stderr] ...
[INFO] [stderr] 37 | repository = "https://github.com/dfhoughton/trufflehunter"
[INFO] [stderr]    |              ---------------------------------------------
[INFO] [stderr]    |
[INFO] [stderr]    = note: `cargo::redundant_homepage` is set to `warn` by default
[INFO] [stderr] help: consider removing `package.homepage`
[INFO] [stderr] warning: `trufflehunter` (manifest) generated 1 warning
[INFO] [stderr]    Compiling libc v0.2.46
[INFO] [stderr]    Compiling rand_core v0.3.0
[INFO] [stderr]    Compiling cfg-if v0.1.6
[INFO] [stderr]    Compiling autocfg v0.1.2
[INFO] [stderr]    Compiling lazy_static v1.2.0
[INFO] [stderr]    Compiling ucd-util v0.1.3
[INFO] [stderr]    Compiling utf8-ranges v1.0.2
[INFO] [stderr]    Compiling unicode-width v0.1.5
[INFO] [stderr]    Compiling num-traits v0.2.6
[INFO] [stderr]    Compiling ansi_term v0.11.0
[INFO] [stderr]    Compiling bitflags v1.0.4
[INFO] [stderr]    Compiling vec_map v0.8.1
[INFO] [stderr]    Compiling strsim v0.7.0
[INFO] [stderr]    Compiling rand_pcg v0.1.1
[INFO] [stderr]    Compiling larry v0.3.0
[INFO] [stdout] warning: use of deprecated constant `std::sync::ONCE_INIT`: the `Once::new()` function is now preferred
[INFO] [stdout]    --> src/main.rs:143:18
[INFO] [stdout]     |
[INFO] [stdout] 143 |         (author: crate_authors!("\n"))
[INFO] [stdout]     |                  ^^^^^^^^^^^^^^^^^^^^
[INFO] [stdout]     |
[INFO] [stdout]     = note: `#[warn(deprecated)]` on by default
[INFO] [stdout]     = note: this warning originates in the macro `crate_authors` (in Nightly builds, run with -Z macro-backtrace for more info)
[INFO] [stdout] 
[INFO] [stdout] 
[INFO] [stdout] warning: use of deprecated constant `std::sync::ONCE_INIT`: the `Once::new()` function is now preferred
[INFO] [stdout]    --> src/main.rs:143:18
[INFO] [stdout]     |
[INFO] [stdout] 143 |         (author: crate_authors!("\n"))
[INFO] [stdout]     |                  ^^^^^^^^^^^^^^^^^^^^
[INFO] [stdout]     |
[INFO] [stdout]     = note: this warning originates in the macro `crate_authors` (in Nightly builds, run with -Z macro-backtrace for more info)
[INFO] [stdout] 
[INFO] [stdout] 
[INFO] [stdout] warning: implicit autoref creates a reference to the dereference of a raw pointer
[INFO] [stdout]    --> src/main.rs:143:18
[INFO] [stdout]     |
[INFO] [stdout] 143 |         (author: crate_authors!("\n"))
[INFO] [stdout]     |                  ^^^^^^^^^^^^^^^^^^^^ this raw pointer has type `*const String`
[INFO] [stdout]     |
[INFO] [stdout]     = note: creating a reference requires the pointer target to be valid and imposes aliasing requirements
[INFO] [stdout] note: autoref is being applied to this expression, resulting in: `&String`
[INFO] [stdout]    --> src/main.rs:143:18
[INFO] [stdout]     |
[INFO] [stdout] 143 |         (author: crate_authors!("\n"))
[INFO] [stdout]     |                  ^^^^^^^^^^^^^^^^^^^^
[INFO] [stdout]     = note: `#[warn(dangerous_implicit_autorefs)]` on by default
[INFO] [stdout]     = note: this warning originates in the macro `crate_authors` (in Nightly builds, run with -Z macro-backtrace for more info)
[INFO] [stdout] help: try using a raw pointer method instead; or if this reference is intentional, make it explicit
[INFO] [stdout]    --> /opt/rustwide/cargo-home/registry/src/index.crates.io-1949cf8c6b5b557f/clap-2.32.0/src/macros.rs:479:22
[INFO] [stdout]     |
[INFO] [stdout] 479 |                     &(&(*VALUE))[..]
[INFO] [stdout]     |                      ++        +
[INFO] [stdout] 
[INFO] [stdout] 
[INFO] [stderr]    Compiling regex-syntax v0.6.4
[INFO] [stderr]    Compiling thread_local v0.3.6
[INFO] [stderr]    Compiling textwrap v0.10.0
[INFO] [stderr]    Compiling rand_isaac v0.1.1
[INFO] [stderr]    Compiling rand_xorshift v0.1.1
[INFO] [stderr]    Compiling rand_hc v0.1.0
[INFO] [stderr]    Compiling memchr v2.1.2
[INFO] [stderr]    Compiling time v0.1.42
[INFO] [stderr]    Compiling atty v0.2.11
[INFO] [stderr]    Compiling rand_os v0.1.1
[INFO] [stderr]    Compiling rand_chacha v0.1.1
[INFO] [stderr]    Compiling rand v0.6.4
[INFO] [stderr]    Compiling clap v2.32.0
[INFO] [stderr]    Compiling aho-corasick v0.6.9
[INFO] [stderr]    Compiling num-integer v0.1.39
[INFO] [stderr]    Compiling chrono v0.4.6
[INFO] [stderr]    Compiling regex v1.1.0
[INFO] [stderr]    Compiling pidgin v0.3.0
[INFO] [stderr]    Compiling two_timer v1.0.5
[INFO] [stderr]    Compiling trufflehunter v0.1.1 (/opt/rustwide/workdir)
[INFO] [stdout] warning: use of deprecated constant `std::sync::ONCE_INIT`: the `Once::new()` function is now preferred
[INFO] [stdout]    --> src/main.rs:143:18
[INFO] [stdout]     |
[INFO] [stdout] 143 |         (author: crate_authors!("\n"))
[INFO] [stdout]     |                  ^^^^^^^^^^^^^^^^^^^^
[INFO] [stdout]     |
[INFO] [stdout]     = note: `#[warn(deprecated)]` on by default
[INFO] [stdout]     = note: this warning originates in the macro `crate_authors` (in Nightly builds, run with -Z macro-backtrace for more info)
[INFO] [stdout] 
[INFO] [stdout] 
[INFO] [stdout] warning: use of deprecated constant `std::sync::ONCE_INIT`: the `Once::new()` function is now preferred
[INFO] [stdout]    --> src/main.rs:143:18
[INFO] [stdout]     |
[INFO] [stdout] 143 |         (author: crate_authors!("\n"))
[INFO] [stdout]     |                  ^^^^^^^^^^^^^^^^^^^^
[INFO] [stdout]     |
[INFO] [stdout]     = note: this warning originates in the macro `crate_authors` (in Nightly builds, run with -Z macro-backtrace for more info)
[INFO] [stdout] 
[INFO] [stdout] 
[INFO] [stdout] warning: implicit autoref creates a reference to the dereference of a raw pointer
[INFO] [stdout]    --> src/main.rs:143:18
[INFO] [stdout]     |
[INFO] [stdout] 143 |         (author: crate_authors!("\n"))
[INFO] [stdout]     |                  ^^^^^^^^^^^^^^^^^^^^ this raw pointer has type `*const String`
[INFO] [stdout]     |
[INFO] [stdout]     = note: creating a reference requires the pointer target to be valid and imposes aliasing requirements
[INFO] [stdout] note: autoref is being applied to this expression, resulting in: `&String`
[INFO] [stdout]    --> src/main.rs:143:18
[INFO] [stdout]     |
[INFO] [stdout] 143 |         (author: crate_authors!("\n"))
[INFO] [stdout]     |                  ^^^^^^^^^^^^^^^^^^^^
[INFO] [stdout]     = note: `#[warn(dangerous_implicit_autorefs)]` on by default
[INFO] [stdout]     = note: this warning originates in the macro `crate_authors` (in Nightly builds, run with -Z macro-backtrace for more info)
[INFO] [stdout] help: try using a raw pointer method instead; or if this reference is intentional, make it explicit
[INFO] [stdout]    --> /opt/rustwide/cargo-home/registry/src/index.crates.io-1949cf8c6b5b557f/clap-2.32.0/src/macros.rs:479:22
[INFO] [stdout]     |
[INFO] [stdout] 479 |                     &(&(*VALUE))[..]
[INFO] [stdout]     |                      ++        +
[INFO] [stdout] 
[INFO] [stdout] 
[INFO] [stdout] warning: panic message is not a string literal
[INFO] [stdout]   --> tests/basic.rs:63:34
[INFO] [stdout]    |
[INFO] [stdout] 63 |         Err(e) => assert!(false, format!("error: {:?}", e)),
[INFO] [stdout]    |                                  ^^^^^^^^^^^^^^^^^^^^^^^^^
[INFO] [stdout]    |
[INFO] [stdout]    = note: this usage of `assert!()` is deprecated; it will be a hard error in Rust 2021
[INFO] [stdout]    = note: for more information, see <https://doc.rust-lang.org/edition-guide/rust-2021/panic-macro-consistency.html>
[INFO] [stdout]    = note: the `assert!()` macro supports formatting, so there's no need for the `format!()` macro here
[INFO] [stdout]    = note: for more information, see <https://doc.rust-lang.org/edition-guide/rust-2021/panic-macro-consistency.html>
[INFO] [stdout]    = note: `#[warn(non_fmt_panics)]` (part of `#[warn(rust_2021_compatibility)]`) on by default
[INFO] [stdout] help: remove the `format!(..)` macro call
[INFO] [stdout]    |
[INFO] [stdout] 63 -         Err(e) => assert!(false, format!("error: {:?}", e)),
[INFO] [stdout] 63 +         Err(e) => assert!(false, "error: {:?}", e),
[INFO] [stdout]    |
[INFO] [stdout] 
[INFO] [stdout] 
[INFO] [stdout] warning: panic message is not a string literal
[INFO] [stdout]    --> tests/basic.rs:124:34
[INFO] [stdout]     |
[INFO] [stdout] 124 |         Err(e) => assert!(false, format!("error: {:?}", e)),
[INFO] [stdout]     |                                  ^^^^^^^^^^^^^^^^^^^^^^^^^
[INFO] [stdout]     |
[INFO] [stdout]     = note: this usage of `assert!()` is deprecated; it will be a hard error in Rust 2021
[INFO] [stdout]     = note: for more information, see <https://doc.rust-lang.org/edition-guide/rust-2021/panic-macro-consistency.html>
[INFO] [stdout]     = note: the `assert!()` macro supports formatting, so there's no need for the `format!()` macro here
[INFO] [stdout]     = note: for more information, see <https://doc.rust-lang.org/edition-guide/rust-2021/panic-macro-consistency.html>
[INFO] [stdout] help: remove the `format!(..)` macro call
[INFO] [stdout]     |
[INFO] [stdout] 124 -         Err(e) => assert!(false, format!("error: {:?}", e)),
[INFO] [stdout] 124 +         Err(e) => assert!(false, "error: {:?}", e),
[INFO] [stdout]     |
[INFO] [stdout] 
[INFO] [stdout] 
[INFO] [stdout] warning: panic message is not a string literal
[INFO] [stdout]    --> tests/basic.rs:201:38
[INFO] [stdout]     |
[INFO] [stdout] 201 |             Err(e) => assert!(false, format!("error: {:?}", e)),
[INFO] [stdout]     |                                      ^^^^^^^^^^^^^^^^^^^^^^^^^
[INFO] [stdout]     |
[INFO] [stdout]     = note: this usage of `assert!()` is deprecated; it will be a hard error in Rust 2021
[INFO] [stdout]     = note: for more information, see <https://doc.rust-lang.org/edition-guide/rust-2021/panic-macro-consistency.html>
[INFO] [stdout]     = note: the `assert!()` macro supports formatting, so there's no need for the `format!()` macro here
[INFO] [stdout]     = note: for more information, see <https://doc.rust-lang.org/edition-guide/rust-2021/panic-macro-consistency.html>
[INFO] [stdout] help: remove the `format!(..)` macro call
[INFO] [stdout]     |
[INFO] [stdout] 201 -             Err(e) => assert!(false, format!("error: {:?}", e)),
[INFO] [stdout] 201 +             Err(e) => assert!(false, "error: {:?}", e),
[INFO] [stdout]     |
[INFO] [stdout] 
[INFO] [stdout] 
[INFO] [stdout] warning: panic message is not a string literal
[INFO] [stdout]    --> tests/basic.rs:227:38
[INFO] [stdout]     |
[INFO] [stdout] 227 |             Err(e) => assert!(false, format!("error: {:?}", e)),
[INFO] [stdout]     |                                      ^^^^^^^^^^^^^^^^^^^^^^^^^
[INFO] [stdout]     |
[INFO] [stdout]     = note: this usage of `assert!()` is deprecated; it will be a hard error in Rust 2021
[INFO] [stdout]     = note: for more information, see <https://doc.rust-lang.org/edition-guide/rust-2021/panic-macro-consistency.html>
[INFO] [stdout]     = note: the `assert!()` macro supports formatting, so there's no need for the `format!()` macro here
[INFO] [stdout]     = note: for more information, see <https://doc.rust-lang.org/edition-guide/rust-2021/panic-macro-consistency.html>
[INFO] [stdout] help: remove the `format!(..)` macro call
[INFO] [stdout]     |
[INFO] [stdout] 227 -             Err(e) => assert!(false, format!("error: {:?}", e)),
[INFO] [stdout] 227 +             Err(e) => assert!(false, "error: {:?}", e),
[INFO] [stdout]     |
[INFO] [stdout] 
[INFO] [stdout] 
[INFO] [stdout] warning: panic message is not a string literal
[INFO] [stdout]    --> tests/basic.rs:328:34
[INFO] [stdout]     |
[INFO] [stdout] 328 |         Err(e) => assert!(false, format!("error: {:?}", e)),
[INFO] [stdout]     |                                  ^^^^^^^^^^^^^^^^^^^^^^^^^
[INFO] [stdout]     |
[INFO] [stdout]     = note: this usage of `assert!()` is deprecated; it will be a hard error in Rust 2021
[INFO] [stdout]     = note: for more information, see <https://doc.rust-lang.org/edition-guide/rust-2021/panic-macro-consistency.html>
[INFO] [stdout]     = note: the `assert!()` macro supports formatting, so there's no need for the `format!()` macro here
[INFO] [stdout]     = note: for more information, see <https://doc.rust-lang.org/edition-guide/rust-2021/panic-macro-consistency.html>
[INFO] [stdout] help: remove the `format!(..)` macro call
[INFO] [stdout]     |
[INFO] [stdout] 328 -         Err(e) => assert!(false, format!("error: {:?}", e)),
[INFO] [stdout] 328 +         Err(e) => assert!(false, "error: {:?}", e),
[INFO] [stdout]     |
[INFO] [stdout] 
[INFO] [stdout] 
[INFO] [stdout] warning: panic message is not a string literal
[INFO] [stdout]    --> tests/basic.rs:358:34
[INFO] [stdout]     |
[INFO] [stdout] 358 |         Err(e) => assert!(false, format!("error: {:?}", e)),
[INFO] [stdout]     |                                  ^^^^^^^^^^^^^^^^^^^^^^^^^
[INFO] [stdout]     |
[INFO] [stdout]     = note: this usage of `assert!()` is deprecated; it will be a hard error in Rust 2021
[INFO] [stdout]     = note: for more information, see <https://doc.rust-lang.org/edition-guide/rust-2021/panic-macro-consistency.html>
[INFO] [stdout]     = note: the `assert!()` macro supports formatting, so there's no need for the `format!()` macro here
[INFO] [stdout]     = note: for more information, see <https://doc.rust-lang.org/edition-guide/rust-2021/panic-macro-consistency.html>
[INFO] [stdout] help: remove the `format!(..)` macro call
[INFO] [stdout]     |
[INFO] [stdout] 358 -         Err(e) => assert!(false, format!("error: {:?}", e)),
[INFO] [stdout] 358 +         Err(e) => assert!(false, "error: {:?}", e),
[INFO] [stdout]     |
[INFO] [stdout] 
[INFO] [stdout] 
[INFO] [stderr]     Finished `release` profile [optimized] target(s) in 28.25s
[INFO] running `Command { std: "docker" "inspect" "bc4d7a7b1b0d90a43a8f8bbd0bd255520b818a46fa197da26c5d45c7f8a05f30", kill_on_drop: false }`
[INFO] running `Command { std: "docker" "exec" "-e" "SOURCE_DIR=/opt/rustwide/workdir" "-e" "CARGO_HOME=/opt/rustwide/cargo-home" "-e" "RUSTUP_HOME=/opt/rustwide/rustup-home" "-e" "CARGO_TARGET_DIR=/opt/rustwide/target" "-e" "CARGO_INCREMENTAL=0" "-e" "RUST_BACKTRACE=full" "-e" "RUSTFLAGS=--cap-lints=warn" "-e" "RUSTDOCFLAGS=--cap-lints=warn" "-w" "/opt/rustwide/workdir" "--user" "0:0" "bc4d7a7b1b0d90a43a8f8bbd0bd255520b818a46fa197da26c5d45c7f8a05f30" "/opt/rustwide/cargo-home/bin/cargo" "+1.100.0-beta.1" "test" "--frozen" "--release", kill_on_drop: false }`
[INFO] [stderr] warning: `package.homepage` is redundant with `package.repository`
[INFO] [stderr]   --> Cargo.toml:32:12
[INFO] [stderr]    |
[INFO] [stderr] 32 | homepage = "https://github.com/dfhoughton/trufflehunter"
[INFO] [stderr]    |            ^^^^^^^^^^^^^^^^^^^^^^^^^^^^^^^^^^^^^^^^^^^^^
[INFO] [stderr] ...
[INFO] [stderr] 37 | repository = "https://github.com/dfhoughton/trufflehunter"
[INFO] [stderr]    |              ---------------------------------------------
[INFO] [stderr]    |
[INFO] [stderr]    = note: `cargo::redundant_homepage` is set to `warn` by default
[INFO] [stderr] help: consider removing `package.homepage`
[INFO] [stderr] warning: `trufflehunter` (manifest) generated 1 warning
[INFO] [stderr] warning: use of deprecated constant `std::sync::ONCE_INIT`: the `Once::new()` function is now preferred
[INFO] [stderr]    --> src/main.rs:143:18
[INFO] [stderr]     |
[INFO] [stderr] 143 |         (author: crate_authors!("\n"))
[INFO] [stderr]     |                  ^^^^^^^^^^^^^^^^^^^^
[INFO] [stderr]     |
[INFO] [stderr]     = note: `#[warn(deprecated)]` on by default
[INFO] [stderr]     = note: this warning originates in the macro `crate_authors` (in Nightly builds, run with -Z macro-backtrace for more info)
[INFO] [stderr] 
[INFO] [stderr] warning: use of deprecated constant `std::sync::ONCE_INIT`: the `Once::new()` function is now preferred
[INFO] [stderr]    --> src/main.rs:143:18
[INFO] [stderr]     |
[INFO] [stderr] 143 |         (author: crate_authors!("\n"))
[INFO] [stderr]     |                  ^^^^^^^^^^^^^^^^^^^^
[INFO] [stderr]     |
[INFO] [stderr]     = note: this warning originates in the macro `crate_authors` (in Nightly builds, run with -Z macro-backtrace for more info)
[INFO] [stderr] 
[INFO] [stderr] warning: implicit autoref creates a reference to the dereference of a raw pointer
[INFO] [stderr]    --> src/main.rs:143:18
[INFO] [stderr]     |
[INFO] [stderr] 143 |         (author: crate_authors!("\n"))
[INFO] [stderr]     |                  ^^^^^^^^^^^^^^^^^^^^ this raw pointer has type `*const String`
[INFO] [stderr]     |
[INFO] [stderr]     = note: creating a reference requires the pointer target to be valid and imposes aliasing requirements
[INFO] [stderr] note: autoref is being applied to this expression, resulting in: `&String`
[INFO] [stderr]    --> src/main.rs:143:18
[INFO] [stderr]     |
[INFO] [stderr] 143 |         (author: crate_authors!("\n"))
[INFO] [stderr]     |                  ^^^^^^^^^^^^^^^^^^^^
[INFO] [stderr]     = note: `#[warn(dangerous_implicit_autorefs)]` on by default
[INFO] [stderr]     = note: this warning originates in the macro `crate_authors` (in Nightly builds, run with -Z macro-backtrace for more info)
[INFO] [stderr] help: try using a raw pointer method instead; or if this reference is intentional, make it explicit
[INFO] [stderr]    --> /opt/rustwide/cargo-home/registry/src/index.crates.io-1949cf8c6b5b557f/clap-2.32.0/src/macros.rs:479:22
[INFO] [stderr]     |
[INFO] [stderr] 479 |                     &(&(*VALUE))[..]
[INFO] [stderr]     |                      ++        +
[INFO] [stderr] 
[INFO] [stderr] warning: `trufflehunter` (bin "hun" test) generated 3 warnings
[INFO] [stderr] warning: panic message is not a string literal
[INFO] [stderr]   --> tests/basic.rs:63:34
[INFO] [stderr]    |
[INFO] [stderr] 63 |         Err(e) => assert!(false, format!("error: {:?}", e)),
[INFO] [stderr]    |                                  ^^^^^^^^^^^^^^^^^^^^^^^^^
[INFO] [stderr]    |
[INFO] [stderr]    = note: this usage of `assert!()` is deprecated; it will be a hard error in Rust 2021
[INFO] [stderr]    = note: for more information, see <https://doc.rust-lang.org/edition-guide/rust-2021/panic-macro-consistency.html>
[INFO] [stderr]    = note: the `assert!()` macro supports formatting, so there's no need for the `format!()` macro here
[INFO] [stderr]    = note: for more information, see <https://doc.rust-lang.org/edition-guide/rust-2021/panic-macro-consistency.html>
[INFO] [stderr]    = note: `#[warn(non_fmt_panics)]` (part of `#[warn(rust_2021_compatibility)]`) on by default
[INFO] [stderr] help: remove the `format!(..)` macro call
[INFO] [stderr]    |
[INFO] [stderr] 63 -         Err(e) => assert!(false, format!("error: {:?}", e)),
[INFO] [stderr] 63 +         Err(e) => assert!(false, "error: {:?}", e),
[INFO] [stderr]    |
[INFO] [stderr] 
[INFO] [stderr] warning: panic message is not a string literal
[INFO] [stderr]    --> tests/basic.rs:124:34
[INFO] [stderr]     |
[INFO] [stderr] 124 |         Err(e) => assert!(false, format!("error: {:?}", e)),
[INFO] [stderr]     |                                  ^^^^^^^^^^^^^^^^^^^^^^^^^
[INFO] [stderr]     |
[INFO] [stderr]     = note: this usage of `assert!()` is deprecated; it will be a hard error in Rust 2021
[INFO] [stderr]     = note: for more information, see <https://doc.rust-lang.org/edition-guide/rust-2021/panic-macro-consistency.html>
[INFO] [stderr]     = note: the `assert!()` macro supports formatting, so there's no need for the `format!()` macro here
[INFO] [stderr]     = note: for more information, see <https://doc.rust-lang.org/edition-guide/rust-2021/panic-macro-consistency.html>
[INFO] [stderr] help: remove the `format!(..)` macro call
[INFO] [stderr]     |
[INFO] [stderr] 124 -         Err(e) => assert!(false, format!("error: {:?}", e)),
[INFO] [stderr] 124 +         Err(e) => assert!(false, "error: {:?}", e),
[INFO] [stderr]     |
[INFO] [stderr] 
[INFO] [stderr] warning: panic message is not a string literal
[INFO] [stderr]    --> tests/basic.rs:201:38
[INFO] [stderr]     |
[INFO] [stderr] 201 |             Err(e) => assert!(false, format!("error: {:?}", e)),
[INFO] [stderr]     |                                      ^^^^^^^^^^^^^^^^^^^^^^^^^
[INFO] [stderr]     |
[INFO] [stderr]     = note: this usage of `assert!()` is deprecated; it will be a hard error in Rust 2021
[INFO] [stderr]     = note: for more information, see <https://doc.rust-lang.org/edition-guide/rust-2021/panic-macro-consistency.html>
[INFO] [stderr]     = note: the `assert!()` macro supports formatting, so there's no need for the `format!()` macro here
[INFO] [stderr]     = note: for more information, see <https://doc.rust-lang.org/edition-guide/rust-2021/panic-macro-consistency.html>
[INFO] [stderr] help: remove the `format!(..)` macro call
[INFO] [stderr]     |
[INFO] [stderr] 201 -             Err(e) => assert!(false, format!("error: {:?}", e)),
[INFO] [stderr] 201 +             Err(e) => assert!(false, "error: {:?}", e),
[INFO] [stderr]     |
[INFO] [stderr] 
[INFO] [stderr] warning: panic message is not a string literal
[INFO] [stderr]    --> tests/basic.rs:227:38
[INFO] [stderr]     |
[INFO] [stderr] 227 |             Err(e) => assert!(false, format!("error: {:?}", e)),
[INFO] [stderr]     |                                      ^^^^^^^^^^^^^^^^^^^^^^^^^
[INFO] [stderr]     |
[INFO] [stderr]     = note: this usage of `assert!()` is deprecated; it will be a hard error in Rust 2021
[INFO] [stderr]     = note: for more information, see <https://doc.rust-lang.org/edition-guide/rust-2021/panic-macro-consistency.html>
[INFO] [stderr]     = note: the `assert!()` macro supports formatting, so there's no need for the `format!()` macro here
[INFO] [stderr]     = note: for more information, see <https://doc.rust-lang.org/edition-guide/rust-2021/panic-macro-consistency.html>
[INFO] [stderr] help: remove the `format!(..)` macro call
[INFO] [stderr]     |
[INFO] [stderr] 227 -             Err(e) => assert!(false, format!("error: {:?}", e)),
[INFO] [stderr] 227 +             Err(e) => assert!(false, "error: {:?}", e),
[INFO] [stderr]     |
[INFO] [stderr] 
[INFO] [stderr] warning: panic message is not a string literal
[INFO] [stderr]    --> tests/basic.rs:328:34
[INFO] [stderr]     |
[INFO] [stderr] 328 |         Err(e) => assert!(false, format!("error: {:?}", e)),
[INFO] [stderr]     |                                  ^^^^^^^^^^^^^^^^^^^^^^^^^
[INFO] [stderr]     |
[INFO] [stderr]     = note: this usage of `assert!()` is deprecated; it will be a hard error in Rust 2021
[INFO] [stderr]     = note: for more information, see <https://doc.rust-lang.org/edition-guide/rust-2021/panic-macro-consistency.html>
[INFO] [stderr]     = note: the `assert!()` macro supports formatting, so there's no need for the `format!()` macro here
[INFO] [stderr]     = note: for more information, see <https://doc.rust-lang.org/edition-guide/rust-2021/panic-macro-consistency.html>
[INFO] [stderr] help: remove the `format!(..)` macro call
[INFO] [stderr]     |
[INFO] [stderr] 328 -         Err(e) => assert!(false, format!("error: {:?}", e)),
[INFO] [stderr] 328 +         Err(e) => assert!(false, "error: {:?}", e),
[INFO] [stderr]     |
[INFO] [stderr] 
[INFO] [stderr] warning: panic message is not a string literal
[INFO] [stderr]    --> tests/basic.rs:358:34
[INFO] [stderr]     |
[INFO] [stderr] 358 |         Err(e) => assert!(false, format!("error: {:?}", e)),
[INFO] [stderr]     |                                  ^^^^^^^^^^^^^^^^^^^^^^^^^
[INFO] [stderr]     |
[INFO] [stderr]     = note: this usage of `assert!()` is deprecated; it will be a hard error in Rust 2021
[INFO] [stderr]     = note: for more information, see <https://doc.rust-lang.org/edition-guide/rust-2021/panic-macro-consistency.html>
[INFO] [stderr]     = note: the `assert!()` macro supports formatting, so there's no need for the `format!()` macro here
[INFO] [stderr]     = note: for more information, see <https://doc.rust-lang.org/edition-guide/rust-2021/panic-macro-consistency.html>
[INFO] [stderr] help: remove the `format!(..)` macro call
[INFO] [stderr]     |
[INFO] [stderr] 358 -         Err(e) => assert!(false, format!("error: {:?}", e)),
[INFO] [stderr] 358 +         Err(e) => assert!(false, "error: {:?}", e),
[INFO] [stderr]     |
[INFO] [stderr] 
[INFO] [stderr] warning: `trufflehunter` (test "basic") generated 6 warnings (run `cargo fix --test "basic" -p trufflehunter` to apply 6 suggestions)
[INFO] [stderr] warning: `trufflehunter` (bin "hun") generated 3 warnings (3 duplicates)
[INFO] [stderr]     Finished `release` profile [optimized] target(s) in 0.09s
[INFO] [stderr]      Running unittests src/lib.rs (/opt/rustwide/target/release/build/trufflehunter/9a7811458471b479/out/trufflehunter-9a7811458471b479)
[INFO] [stdout] 
[INFO] [stdout] running 0 tests
[INFO] [stdout] 
[INFO] [stdout] test result: ok. 0 passed; 0 failed; 0 ignored; 0 measured; 0 filtered out; finished in 0.00s
[INFO] [stdout] 
[INFO] [stderr]      Running unittests src/main.rs (/opt/rustwide/target/release/build/trufflehunter/17e78bb20ce28194/out/hun-17e78bb20ce28194)
[INFO] [stderr]      Running tests/basic.rs (/opt/rustwide/target/release/build/trufflehunter/0ecbe3b0ccaa9132/out/basic-0ecbe3b0ccaa9132)
[INFO] [stdout] 
[INFO] [stdout] running 0 tests
[INFO] [stdout] 
[INFO] [stdout] test result: ok. 0 passed; 0 failed; 0 ignored; 0 measured; 0 filtered out; finished in 0.00s
[INFO] [stdout] 
[INFO] [stdout] 
[INFO] [stdout] running 11 tests
[INFO] [stdout] test end_line_works ... FAILED
[INFO] [stdout] test start_line_works ... FAILED
[INFO] [stdout] test big_time ... FAILED
[INFO] [stdout] test empty ... FAILED
[INFO] [stdout] test misordered ... FAILED
[INFO] [stdout] test simple_log ... FAILED
[INFO] [stdout] test before_log ... FAILED
[INFO] [stdout] test after_log ... FAILED
[INFO] [stdout] test log_with_garbage ... FAILED
[INFO] [stdout] test smoke ... FAILED
[INFO] [stdout] test log_with_garbage2 ... FAILED
[INFO] [stdout] 
[INFO] [stdout] failures:
[INFO] [stdout] 
[INFO] [stdout] ---- end_line_works stdout ----
[INFO] [stdout] 
[INFO] [stdout] thread 'end_line_works' (1317) panicked at tests/basic.rs:348:6:
[INFO] [stdout] could not write file: Os { code: 30, kind: ReadOnlyFilesystem, message: "Read-only file system" }
[INFO] [stdout] stack backtrace:
[INFO] [stdout]    0:     0x57c33ddfafc1 - <<std[617be2ca0a6fd877]::sys::backtrace::BacktraceLock>::print::DisplayBacktrace as core[a373ad73a504971]::fmt::Display>::fmt
[INFO] [stdout]    1:     0x57c33de0ffaa - core[a373ad73a504971]::fmt::write
[INFO] [stdout]    2:     0x57c33ddff30c - <alloc[2e1b2a31b91974c5]::vec::Vec<u8> as core[a373ad73a504971]::io::write::Write>::write_fmt
[INFO] [stdout]    3:     0x57c33ddd7166 - std[617be2ca0a6fd877]::panicking::default_hook::{closure#0}
[INFO] [stdout]    4:     0x57c33ddf3399 - std[617be2ca0a6fd877]::panicking::default_hook
[INFO] [stdout]    5:     0x57c33dd219a0 - test[aada8e7e76ba119b]::test_main_inner::{closure#0}
[INFO] [stdout]    6:     0x57c33ddf3552 - std[617be2ca0a6fd877]::panicking::panic_with_hook
[INFO] [stdout]    7:     0x57c33ddd7212 - std[617be2ca0a6fd877]::panicking::panic_handler::{closure#0}
[INFO] [stdout]    8:     0x57c33ddcfe49 - std[617be2ca0a6fd877]::sys::backtrace::__rust_end_short_backtrace::<std[617be2ca0a6fd877]::panicking::panic_handler::{closure#0}, !>
[INFO] [stdout]    9:     0x57c33ddd7e1d - __rustc[ea4f61d10b84890b]::rust_begin_unwind
[INFO] [stdout]   10:     0x57c33de1070c - core[a373ad73a504971]::panicking::panic_fmt
[INFO] [stdout]   11:     0x57c33de104e2 - core[a373ad73a504971]::result::unwrap_failed
[INFO] [stdout]   12:     0x57c33dd11bb8 - <basic[74c3cd07fa0b1024]::end_line_works::{closure#0} as core[a373ad73a504971]::ops::function::FnOnce<()>>::call_once
[INFO] [stdout]   13:     0x57c33dd14deb - test[aada8e7e76ba119b]::__rust_begin_short_backtrace::<core[a373ad73a504971]::result::Result<(), alloc[2e1b2a31b91974c5]::string::String>, fn() -> core[a373ad73a504971]::result::Result<(), alloc[2e1b2a31b91974c5]::string::String>>
[INFO] [stdout]   14:     0x57c33dd21fc5 - test[aada8e7e76ba119b]::run_test::{closure#0}
[INFO] [stdout]   15:     0x57c33dd1b8b4 - std[617be2ca0a6fd877]::sys::backtrace::__rust_begin_short_backtrace::<test[aada8e7e76ba119b]::run_test::{closure#1}, ()>
[INFO] [stdout]   16:     0x57c33dd25052 - <std[617be2ca0a6fd877]::thread::lifecycle::spawn_unchecked<test[aada8e7e76ba119b]::run_test::{closure#1}, ()>::{closure#1} as core[a373ad73a504971]::ops::function::FnOnce<()>>::call_once::{shim:vtable#0}
[INFO] [stdout]   17:     0x57c33ddfa63f - <std[617be2ca0a6fd877]::sys::thread::unix::Thread>::new::thread_start
[INFO] [stdout]   18:     0x7a1b2089cdfa - <unknown>
[INFO] [stdout]   19:     0x7a1b209303d4 - clone
[INFO] [stdout]   20:                0x0 - <unknown>
[INFO] [stdout] 
[INFO] [stdout] ---- start_line_works stdout ----
[INFO] [stdout] 
[INFO] [stdout] thread 'start_line_works' (1323) panicked at tests/basic.rs:318:6:
[INFO] [stdout] could not write file: Os { code: 30, kind: ReadOnlyFilesystem, message: "Read-only file system" }
[INFO] [stdout] stack backtrace:
[INFO] [stdout]    0:     0x57c33ddfafc1 - <<std[617be2ca0a6fd877]::sys::backtrace::BacktraceLock>::print::DisplayBacktrace as core[a373ad73a504971]::fmt::Display>::fmt
[INFO] [stdout]    1:     0x57c33de0ffaa - core[a373ad73a504971]::fmt::write
[INFO] [stdout]    2:     0x57c33ddff30c - <alloc[2e1b2a31b91974c5]::vec::Vec<u8> as core[a373ad73a504971]::io::write::Write>::write_fmt
[INFO] [stdout]    3:     0x57c33ddd7166 - std[617be2ca0a6fd877]::panicking::default_hook::{closure#0}
[INFO] [stdout]    4:     0x57c33ddf3399 - std[617be2ca0a6fd877]::panicking::default_hook
[INFO] [stdout]    5:     0x57c33dd219a0 - test[aada8e7e76ba119b]::test_main_inner::{closure#0}
[INFO] [stdout]    6:     0x57c33ddf3552 - std[617be2ca0a6fd877]::panicking::panic_with_hook
[INFO] [stdout]    7:     0x57c33ddd7212 - std[617be2ca0a6fd877]::panicking::panic_handler::{closure#0}
[INFO] [stdout]    8:     0x57c33ddcfe49 - std[617be2ca0a6fd877]::sys::backtrace::__rust_end_short_backtrace::<std[617be2ca0a6fd877]::panicking::panic_handler::{closure#0}, !>
[INFO] [stdout]    9:     0x57c33ddd7e1d - __rustc[ea4f61d10b84890b]::rust_begin_unwind
[INFO] [stdout]   10:     0x57c33de1070c - core[a373ad73a504971]::panicking::panic_fmt
[INFO] [stdout]   11:     0x57c33de104e2 - core[a373ad73a504971]::result::unwrap_failed
[INFO] [stderr] error: test failed, to rerun pass `--test basic`
[INFO] [stdout]   12:     0x57c33dd12535 - <basic[74c3cd07fa0b1024]::start_line_works::{closure#0} as core[a373ad73a504971]::ops::function::FnOnce<()>>::call_once
[INFO] [stdout]   13:     0x57c33dd14deb - test[aada8e7e76ba119b]::__rust_begin_short_backtrace::<core[a373ad73a504971]::result::Result<(), alloc[2e1b2a31b91974c5]::string::String>, fn() -> core[a373ad73a504971]::result::Result<(), alloc[2e1b2a31b91974c5]::string::String>>
[INFO] [stdout]   14:     0x57c33dd21fc5 - test[aada8e7e76ba119b]::run_test::{closure#0}
[INFO] [stdout]   15:     0x57c33dd1b8b4 - std[617be2ca0a6fd877]::sys::backtrace::__rust_begin_short_backtrace::<test[aada8e7e76ba119b]::run_test::{closure#1}, ()>
[INFO] [stdout]   16:     0x57c33dd25052 - <std[617be2ca0a6fd877]::thread::lifecycle::spawn_unchecked<test[aada8e7e76ba119b]::run_test::{closure#1}, ()>::{closure#1} as core[a373ad73a504971]::ops::function::FnOnce<()>>::call_once::{shim:vtable#0}
[INFO] [stdout]   17:     0x57c33ddfa63f - <std[617be2ca0a6fd877]::sys::thread::unix::Thread>::new::thread_start
[INFO] [stdout]   18:     0x7a1b2089cdfa - <unknown>
[INFO] [stdout]   19:     0x7a1b209303d4 - clone
[INFO] [stdout]   20:                0x0 - <unknown>
[INFO] [stdout] 
[INFO] [stdout] ---- big_time stdout ----
[INFO] [stdout] 
[INFO] [stdout] thread 'big_time' (1315) panicked at tests/basic.rs:212:27:
[INFO] [stdout] could not write file: Os { code: 30, kind: ReadOnlyFilesystem, message: "Read-only file system" }
[INFO] [stdout] stack backtrace:
[INFO] [stdout]    0:     0x57c33ddfafc1 - <<std[617be2ca0a6fd877]::sys::backtrace::BacktraceLock>::print::DisplayBacktrace as core[a373ad73a504971]::fmt::Display>::fmt
[INFO] [stdout]    1:     0x57c33de0ffaa - core[a373ad73a504971]::fmt::write
[INFO] [stdout]    2:     0x57c33ddff30c - <alloc[2e1b2a31b91974c5]::vec::Vec<u8> as core[a373ad73a504971]::io::write::Write>::write_fmt
[INFO] [stdout]    3:     0x57c33ddd7166 - std[617be2ca0a6fd877]::panicking::default_hook::{closure#0}
[INFO] [stdout]    4:     0x57c33ddf3399 - std[617be2ca0a6fd877]::panicking::default_hook
[INFO] [stdout]    5:     0x57c33dd219a0 - test[aada8e7e76ba119b]::test_main_inner::{closure#0}
[INFO] [stdout]    6:     0x57c33ddf3552 - std[617be2ca0a6fd877]::panicking::panic_with_hook
[INFO] [stdout]    7:     0x57c33ddd7212 - std[617be2ca0a6fd877]::panicking::panic_handler::{closure#0}
[INFO] [stdout]    8:     0x57c33ddcfe49 - std[617be2ca0a6fd877]::sys::backtrace::__rust_end_short_backtrace::<std[617be2ca0a6fd877]::panicking::panic_handler::{closure#0}, !>
[INFO] [stdout]    9:     0x57c33ddd7e1d - __rustc[ea4f61d10b84890b]::rust_begin_unwind
[INFO] [stdout]   10:     0x57c33de1070c - core[a373ad73a504971]::panicking::panic_fmt
[INFO] [stdout]   11:     0x57c33de104e2 - core[a373ad73a504971]::result::unwrap_failed
[INFO] [stdout]   12:     0x57c33dd0f082 - basic[74c3cd07fa0b1024]::big_time_test
[INFO] [stdout]   13:     0x57c33dd13787 - <basic[74c3cd07fa0b1024]::big_time::{closure#0} as core[a373ad73a504971]::ops::function::FnOnce<()>>::call_once
[INFO] [stdout]   14:     0x57c33dd14deb - test[aada8e7e76ba119b]::__rust_begin_short_backtrace::<core[a373ad73a504971]::result::Result<(), alloc[2e1b2a31b91974c5]::string::String>, fn() -> core[a373ad73a504971]::result::Result<(), alloc[2e1b2a31b91974c5]::string::String>>
[INFO] [stdout]   15:     0x57c33dd21fc5 - test[aada8e7e76ba119b]::run_test::{closure#0}
[INFO] [stdout]   16:     0x57c33dd1b8b4 - std[617be2ca0a6fd877]::sys::backtrace::__rust_begin_short_backtrace::<test[aada8e7e76ba119b]::run_test::{closure#1}, ()>
[INFO] [stdout]   17:     0x57c33dd25052 - <std[617be2ca0a6fd877]::thread::lifecycle::spawn_unchecked<test[aada8e7e76ba119b]::run_test::{closure#1}, ()>::{closure#1} as core[a373ad73a504971]::ops::function::FnOnce<()>>::call_once::{shim:vtable#0}
[INFO] [stdout]   18:     0x57c33ddfa63f - <std[617be2ca0a6fd877]::sys::thread::unix::Thread>::new::thread_start
[INFO] [stdout]   19:     0x7a1b2089cdfa - <unknown>
[INFO] [stdout]   20:     0x7a1b209303d4 - clone
[INFO] [stdout]   21:                0x0 - <unknown>
[INFO] [stdout] 
[INFO] [stdout] ---- empty stdout ----
[INFO] [stdout] 
[INFO] [stdout] thread 'empty' (1316) panicked at tests/basic.rs:478:6:
[INFO] [stdout] could not write file: Os { code: 30, kind: ReadOnlyFilesystem, message: "Read-only file system" }
[INFO] [stdout] stack backtrace:
[INFO] [stdout]    0:     0x57c33ddfafc1 - <<std[617be2ca0a6fd877]::sys::backtrace::BacktraceLock>::print::DisplayBacktrace as core[a373ad73a504971]::fmt::Display>::fmt
[INFO] [stdout]    1:     0x57c33de0ffaa - core[a373ad73a504971]::fmt::write
[INFO] [stdout]    2:     0x57c33ddff30c - <alloc[2e1b2a31b91974c5]::vec::Vec<u8> as core[a373ad73a504971]::io::write::Write>::write_fmt
[INFO] [stdout]    3:     0x57c33ddd7166 - std[617be2ca0a6fd877]::panicking::default_hook::{closure#0}
[INFO] [stdout]    4:     0x57c33ddf3399 - std[617be2ca0a6fd877]::panicking::default_hook
[INFO] [stdout]    5:     0x57c33dd219a0 - test[aada8e7e76ba119b]::test_main_inner::{closure#0}
[INFO] [stdout]    6:     0x57c33ddf3552 - std[617be2ca0a6fd877]::panicking::panic_with_hook
[INFO] [stdout]    7:     0x57c33ddd7212 - std[617be2ca0a6fd877]::panicking::panic_handler::{closure#0}
[INFO] [stdout]    8:     0x57c33ddcfe49 - std[617be2ca0a6fd877]::sys::backtrace::__rust_end_short_backtrace::<std[617be2ca0a6fd877]::panicking::panic_handler::{closure#0}, !>
[INFO] [stdout]    9:     0x57c33ddd7e1d - __rustc[ea4f61d10b84890b]::rust_begin_unwind
[INFO] [stdout]   10:     0x57c33de1070c - core[a373ad73a504971]::panicking::panic_fmt
[INFO] [stdout]   11:     0x57c33de104e2 - core[a373ad73a504971]::result::unwrap_failed
[INFO] [stdout]   12:     0x57c33dd1303c - <basic[74c3cd07fa0b1024]::empty::{closure#0} as core[a373ad73a504971]::ops::function::FnOnce<()>>::call_once
[INFO] [stdout]   13:     0x57c33dd14deb - test[aada8e7e76ba119b]::__rust_begin_short_backtrace::<core[a373ad73a504971]::result::Result<(), alloc[2e1b2a31b91974c5]::string::String>, fn() -> core[a373ad73a504971]::result::Result<(), alloc[2e1b2a31b91974c5]::string::String>>
[INFO] [stdout]   14:     0x57c33dd21fc5 - test[aada8e7e76ba119b]::run_test::{closure#0}
[INFO] [stdout]   15:     0x57c33dd1b8b4 - std[617be2ca0a6fd877]::sys::backtrace::__rust_begin_short_backtrace::<test[aada8e7e76ba119b]::run_test::{closure#1}, ()>
[INFO] [stdout]   16:     0x57c33dd25052 - <std[617be2ca0a6fd877]::thread::lifecycle::spawn_unchecked<test[aada8e7e76ba119b]::run_test::{closure#1}, ()>::{closure#1} as core[a373ad73a504971]::ops::function::FnOnce<()>>::call_once::{shim:vtable#0}
[INFO] [stdout]   17:     0x57c33ddfa63f - <std[617be2ca0a6fd877]::sys::thread::unix::Thread>::new::thread_start
[INFO] [stdout]   18:     0x7a1b2089cdfa - <unknown>
[INFO] [stdout]   19:     0x7a1b209303d4 - clone
[INFO] [stdout]   20:                0x0 - <unknown>
[INFO] [stdout] 
[INFO] [stdout] ---- misordered stdout ----
[INFO] [stdout] 
[INFO] [stdout] thread 'misordered' (1320) panicked at tests/basic.rs:443:6:
[INFO] [stdout] could not write file: Os { code: 30, kind: ReadOnlyFilesystem, message: "Read-only file system" }
[INFO] [stdout] stack backtrace:
[INFO] [stdout]    0:     0x57c33ddfafc1 - <<std[617be2ca0a6fd877]::sys::backtrace::BacktraceLock>::print::DisplayBacktrace as core[a373ad73a504971]::fmt::Display>::fmt
[INFO] [stdout]    1:     0x57c33de0ffaa - core[a373ad73a504971]::fmt::write
[INFO] [stdout]    2:     0x57c33ddff30c - <alloc[2e1b2a31b91974c5]::vec::Vec<u8> as core[a373ad73a504971]::io::write::Write>::write_fmt
[INFO] [stdout]    3:     0x57c33ddd7166 - std[617be2ca0a6fd877]::panicking::default_hook::{closure#0}
[INFO] [stdout]    4:     0x57c33ddf3399 - std[617be2ca0a6fd877]::panicking::default_hook
[INFO] [stdout]    5:     0x57c33dd219a0 - test[aada8e7e76ba119b]::test_main_inner::{closure#0}
[INFO] [stdout]    6:     0x57c33ddf3552 - std[617be2ca0a6fd877]::panicking::panic_with_hook
[INFO] [stdout]    7:     0x57c33ddd7212 - std[617be2ca0a6fd877]::panicking::panic_handler::{closure#0}
[INFO] [stdout]    8:     0x57c33ddcfe49 - std[617be2ca0a6fd877]::sys::backtrace::__rust_end_short_backtrace::<std[617be2ca0a6fd877]::panicking::panic_handler::{closure#0}, !>
[INFO] [stdout]    9:     0x57c33ddd7e1d - __rustc[ea4f61d10b84890b]::rust_begin_unwind
[INFO] [stdout]   10:     0x57c33de1070c - core[a373ad73a504971]::panicking::panic_fmt
[INFO] [stdout]   11:     0x57c33de104e2 - core[a373ad73a504971]::result::unwrap_failed
[INFO] [stdout]   12:     0x57c33dd112d1 - <basic[74c3cd07fa0b1024]::misordered::{closure#0} as core[a373ad73a504971]::ops::function::FnOnce<()>>::call_once
[INFO] [stdout]   13:     0x57c33dd14deb - test[aada8e7e76ba119b]::__rust_begin_short_backtrace::<core[a373ad73a504971]::result::Result<(), alloc[2e1b2a31b91974c5]::string::String>, fn() -> core[a373ad73a504971]::result::Result<(), alloc[2e1b2a31b91974c5]::string::String>>
[INFO] [stdout]   14:     0x57c33dd21fc5 - test[aada8e7e76ba119b]::run_test::{closure#0}
[INFO] [stdout]   15:     0x57c33dd1b8b4 - std[617be2ca0a6fd877]::sys::backtrace::__rust_begin_short_backtrace::<test[aada8e7e76ba119b]::run_test::{closure#1}, ()>
[INFO] [stdout]   16:     0x57c33dd25052 - <std[617be2ca0a6fd877]::thread::lifecycle::spawn_unchecked<test[aada8e7e76ba119b]::run_test::{closure#1}, ()>::{closure#1} as core[a373ad73a504971]::ops::function::FnOnce<()>>::call_once::{shim:vtable#0}
[INFO] [stdout]   17:     0x57c33ddfa63f - <std[617be2ca0a6fd877]::sys::thread::unix::Thread>::new::thread_start
[INFO] [stdout]   18:     0x7a1b2089cdfa - <unknown>
[INFO] [stdout]   19:     0x7a1b209303d4 - clone
[INFO] [stdout]   20:                0x0 - <unknown>
[INFO] [stdout] 
[INFO] [stdout] ---- simple_log stdout ----
[INFO] [stdout] 
[INFO] [stdout] thread 'simple_log' (1321) panicked at tests/basic.rs:53:6:
[INFO] [stdout] could not write file: Os { code: 30, kind: ReadOnlyFilesystem, message: "Read-only file system" }
[INFO] [stdout] stack backtrace:
[INFO] [stdout]    0:     0x57c33ddfafc1 - <<std[617be2ca0a6fd877]::sys::backtrace::BacktraceLock>::print::DisplayBacktrace as core[a373ad73a504971]::fmt::Display>::fmt
[INFO] [stdout]    1:     0x57c33de0ffaa - core[a373ad73a504971]::fmt::write
[INFO] [stdout]    2:     0x57c33ddff30c - <alloc[2e1b2a31b91974c5]::vec::Vec<u8> as core[a373ad73a504971]::io::write::Write>::write_fmt
[INFO] [stdout]    3:     0x57c33ddd7166 - std[617be2ca0a6fd877]::panicking::default_hook::{closure#0}
[INFO] [stdout]    4:     0x57c33ddf3399 - std[617be2ca0a6fd877]::panicking::default_hook
[INFO] [stdout]    5:     0x57c33dd219a0 - test[aada8e7e76ba119b]::test_main_inner::{closure#0}
[INFO] [stdout]    6:     0x57c33ddf3552 - std[617be2ca0a6fd877]::panicking::panic_with_hook
[INFO] [stdout]    7:     0x57c33ddd7212 - std[617be2ca0a6fd877]::panicking::panic_handler::{closure#0}
[INFO] [stdout]    8:     0x57c33ddcfe49 - std[617be2ca0a6fd877]::sys::backtrace::__rust_end_short_backtrace::<std[617be2ca0a6fd877]::panicking::panic_handler::{closure#0}, !>
[INFO] [stdout]    9:     0x57c33ddd7e1d - __rustc[ea4f61d10b84890b]::rust_begin_unwind
[INFO] [stdout]   10:     0x57c33de1070c - core[a373ad73a504971]::panicking::panic_fmt
[INFO] [stdout]   11:     0x57c33de104e2 - core[a373ad73a504971]::result::unwrap_failed
[INFO] [stdout]   12:     0x57c33dd1175b - <basic[74c3cd07fa0b1024]::simple_log::{closure#0} as core[a373ad73a504971]::ops::function::FnOnce<()>>::call_once
[INFO] [stdout]   13:     0x57c33dd14deb - test[aada8e7e76ba119b]::__rust_begin_short_backtrace::<core[a373ad73a504971]::result::Result<(), alloc[2e1b2a31b91974c5]::string::String>, fn() -> core[a373ad73a504971]::result::Result<(), alloc[2e1b2a31b91974c5]::string::String>>
[INFO] [stdout]   14:     0x57c33dd21fc5 - test[aada8e7e76ba119b]::run_test::{closure#0}
[INFO] [stdout]   15:     0x57c33dd1b8b4 - std[617be2ca0a6fd877]::sys::backtrace::__rust_begin_short_backtrace::<test[aada8e7e76ba119b]::run_test::{closure#1}, ()>
[INFO] [stdout]   16:     0x57c33dd25052 - <std[617be2ca0a6fd877]::thread::lifecycle::spawn_unchecked<test[aada8e7e76ba119b]::run_test::{closure#1}, ()>::{closure#1} as core[a373ad73a504971]::ops::function::FnOnce<()>>::call_once::{shim:vtable#0}
[INFO] [stdout]   17:     0x57c33ddfa63f - <std[617be2ca0a6fd877]::sys::thread::unix::Thread>::new::thread_start
[INFO] [stdout]   18:     0x7a1b2089cdfa - <unknown>
[INFO] [stdout]   19:     0x7a1b209303d4 - clone
[INFO] [stdout]   20:                0x0 - <unknown>
[INFO] [stdout] 
[INFO] [stdout] ---- before_log stdout ----
[INFO] [stdout] 
[INFO] [stdout] thread 'before_log' (1314) panicked at tests/basic.rs:378:6:
[INFO] [stdout] could not write file: Os { code: 30, kind: ReadOnlyFilesystem, message: "Read-only file system" }
[INFO] [stdout] stack backtrace:
[INFO] [stdout]    0:     0x57c33ddfafc1 - <<std[617be2ca0a6fd877]::sys::backtrace::BacktraceLock>::print::DisplayBacktrace as core[a373ad73a504971]::fmt::Display>::fmt
[INFO] [stdout]    1:     0x57c33de0ffaa - core[a373ad73a504971]::fmt::write
[INFO] [stdout]    2:     0x57c33ddff30c - <alloc[2e1b2a31b91974c5]::vec::Vec<u8> as core[a373ad73a504971]::io::write::Write>::write_fmt
[INFO] [stdout]    3:     0x57c33ddd7166 - std[617be2ca0a6fd877]::panicking::default_hook::{closure#0}
[INFO] [stdout]    4:     0x57c33ddf3399 - std[617be2ca0a6fd877]::panicking::default_hook
[INFO] [stdout]    5:     0x57c33dd219a0 - test[aada8e7e76ba119b]::test_main_inner::{closure#0}
[INFO] [stdout]    6:     0x57c33ddf3552 - std[617be2ca0a6fd877]::panicking::panic_with_hook
[INFO] [stdout]    7:     0x57c33ddd7212 - std[617be2ca0a6fd877]::panicking::panic_handler::{closure#0}
[INFO] [stdout]    8:     0x57c33ddcfe49 - std[617be2ca0a6fd877]::sys::backtrace::__rust_end_short_backtrace::<std[617be2ca0a6fd877]::panicking::panic_handler::{closure#0}, !>
[INFO] [stdout]    9:     0x57c33ddd7e1d - __rustc[ea4f61d10b84890b]::rust_begin_unwind
[INFO] [stdout]   10:     0x57c33de1070c - core[a373ad73a504971]::panicking::panic_fmt
[INFO] [stdout]   11:     0x57c33de104e2 - core[a373ad73a504971]::result::unwrap_failed
[INFO] [stdout]   12:     0x57c33dd10ec9 - <basic[74c3cd07fa0b1024]::before_log::{closure#0} as core[a373ad73a504971]::ops::function::FnOnce<()>>::call_once
[INFO] [stdout]   13:     0x57c33dd14deb - test[aada8e7e76ba119b]::__rust_begin_short_backtrace::<core[a373ad73a504971]::result::Result<(), alloc[2e1b2a31b91974c5]::string::String>, fn() -> core[a373ad73a504971]::result::Result<(), alloc[2e1b2a31b91974c5]::string::String>>
[INFO] [stdout]   14:     0x57c33dd21fc5 - test[aada8e7e76ba119b]::run_test::{closure#0}
[INFO] [stdout]   15:     0x57c33dd1b8b4 - std[617be2ca0a6fd877]::sys::backtrace::__rust_begin_short_backtrace::<test[aada8e7e76ba119b]::run_test::{closure#1}, ()>
[INFO] [stdout]   16:     0x57c33dd25052 - <std[617be2ca0a6fd877]::thread::lifecycle::spawn_unchecked<test[aada8e7e76ba119b]::run_test::{closure#1}, ()>::{closure#1} as core[a373ad73a504971]::ops::function::FnOnce<()>>::call_once::{shim:vtable#0}
[INFO] [stdout]   17:     0x57c33ddfa63f - <std[617be2ca0a6fd877]::sys::thread::unix::Thread>::new::thread_start
[INFO] [stdout]   18:     0x7a1b2089cdfa - <unknown>
[INFO] [stdout]   19:     0x7a1b209303d4 - clone
[INFO] [stdout]   20:                0x0 - <unknown>
[INFO] [stdout] 
[INFO] [stdout] ---- after_log stdout ----
[INFO] [stdout] 
[INFO] [stdout] thread 'after_log' (1313) panicked at tests/basic.rs:411:6:
[INFO] [stdout] could not write file: Os { code: 30, kind: ReadOnlyFilesystem, message: "Read-only file system" }
[INFO] [stdout] stack backtrace:
[INFO] [stdout]    0:     0x57c33ddfafc1 - <<std[617be2ca0a6fd877]::sys::backtrace::BacktraceLock>::print::DisplayBacktrace as core[a373ad73a504971]::fmt::Display>::fmt
[INFO] [stdout]    1:     0x57c33de0ffaa - core[a373ad73a504971]::fmt::write
[INFO] [stdout]    2:     0x57c33ddff30c - <alloc[2e1b2a31b91974c5]::vec::Vec<u8> as core[a373ad73a504971]::io::write::Write>::write_fmt
[INFO] [stdout]    3:     0x57c33ddd7166 - std[617be2ca0a6fd877]::panicking::default_hook::{closure#0}
[INFO] [stdout]    4:     0x57c33ddf3399 - std[617be2ca0a6fd877]::panicking::default_hook
[INFO] [stdout]    5:     0x57c33dd219a0 - test[aada8e7e76ba119b]::test_main_inner::{closure#0}
[INFO] [stdout]    6:     0x57c33ddf3552 - std[617be2ca0a6fd877]::panicking::panic_with_hook
[INFO] [stdout]    7:     0x57c33ddd7212 - std[617be2ca0a6fd877]::panicking::panic_handler::{closure#0}
[INFO] [stdout]    8:     0x57c33ddcfe49 - std[617be2ca0a6fd877]::sys::backtrace::__rust_end_short_backtrace::<std[617be2ca0a6fd877]::panicking::panic_handler::{closure#0}, !>
[INFO] [stdout]    9:     0x57c33ddd7e1d - __rustc[ea4f61d10b84890b]::rust_begin_unwind
[INFO] [stdout]   10:     0x57c33de1070c - core[a373ad73a504971]::panicking::panic_fmt
[INFO] [stdout]   11:     0x57c33de104e2 - core[a373ad73a504971]::result::unwrap_failed
[INFO] [stdout]   12:     0x57c33dd139c1 - <basic[74c3cd07fa0b1024]::after_log::{closure#0} as core[a373ad73a504971]::ops::function::FnOnce<()>>::call_once
[INFO] [stdout]   13:     0x57c33dd14deb - test[aada8e7e76ba119b]::__rust_begin_short_backtrace::<core[a373ad73a504971]::result::Result<(), alloc[2e1b2a31b91974c5]::string::String>, fn() -> core[a373ad73a504971]::result::Result<(), alloc[2e1b2a31b91974c5]::string::String>>
[INFO] [stdout]   14:     0x57c33dd21fc5 - test[aada8e7e76ba119b]::run_test::{closure#0}
[INFO] [stdout]   15:     0x57c33dd1b8b4 - std[617be2ca0a6fd877]::sys::backtrace::__rust_begin_short_backtrace::<test[aada8e7e76ba119b]::run_test::{closure#1}, ()>
[INFO] [stdout]   16:     0x57c33dd25052 - <std[617be2ca0a6fd877]::thread::lifecycle::spawn_unchecked<test[aada8e7e76ba119b]::run_test::{closure#1}, ()>::{closure#1} as core[a373ad73a504971]::ops::function::FnOnce<()>>::call_once::{shim:vtable#0}
[INFO] [stdout]   17:     0x57c33ddfa63f - <std[617be2ca0a6fd877]::sys::thread::unix::Thread>::new::thread_start
[INFO] [stdout]   18:     0x7a1b2089cdfa - <unknown>
[INFO] [stdout]   19:     0x7a1b209303d4 - clone
[INFO] [stdout]   20:                0x0 - <unknown>
[INFO] [stdout] 
[INFO] [stdout] ---- log_with_garbage stdout ----
[INFO] [stdout] 
[INFO] [stdout] thread 'log_with_garbage' (1318) panicked at tests/basic.rs:114:6:
[INFO] [stdout] could not write file: Os { code: 30, kind: ReadOnlyFilesystem, message: "Read-only file system" }
[INFO] [stdout] stack backtrace:
[INFO] [stdout]    0:     0x57c33ddfafc1 - <<std[617be2ca0a6fd877]::sys::backtrace::BacktraceLock>::print::DisplayBacktrace as core[a373ad73a504971]::fmt::Display>::fmt
[INFO] [stdout]    1:     0x57c33de0ffaa - core[a373ad73a504971]::fmt::write
[INFO] [stdout]    2:     0x57c33ddff30c - <alloc[2e1b2a31b91974c5]::vec::Vec<u8> as core[a373ad73a504971]::io::write::Write>::write_fmt
[INFO] [stdout]    3:     0x57c33ddd7166 - std[617be2ca0a6fd877]::panicking::default_hook::{closure#0}
[INFO] [stdout]    4:     0x57c33ddf3399 - std[617be2ca0a6fd877]::panicking::default_hook
[INFO] [stdout]    5:     0x57c33dd219a0 - test[aada8e7e76ba119b]::test_main_inner::{closure#0}
[INFO] [stdout]    6:     0x57c33ddf3552 - std[617be2ca0a6fd877]::panicking::panic_with_hook
[INFO] [stdout]    7:     0x57c33ddd7212 - std[617be2ca0a6fd877]::panicking::panic_handler::{closure#0}
[INFO] [stdout]    8:     0x57c33ddcfe49 - std[617be2ca0a6fd877]::sys::backtrace::__rust_end_short_backtrace::<std[617be2ca0a6fd877]::panicking::panic_handler::{closure#0}, !>
[INFO] [stdout]    9:     0x57c33ddd7e1d - __rustc[ea4f61d10b84890b]::rust_begin_unwind
[INFO] [stdout]   10:     0x57c33de1070c - core[a373ad73a504971]::panicking::panic_fmt
[INFO] [stdout]   11:     0x57c33de104e2 - core[a373ad73a504971]::result::unwrap_failed
[INFO] [stdout]   12:     0x57c33dd12096 - <basic[74c3cd07fa0b1024]::log_with_garbage::{closure#0} as core[a373ad73a504971]::ops::function::FnOnce<()>>::call_once
[INFO] [stdout]   13:     0x57c33dd14deb - test[aada8e7e76ba119b]::__rust_begin_short_backtrace::<core[a373ad73a504971]::result::Result<(), alloc[2e1b2a31b91974c5]::string::String>, fn() -> core[a373ad73a504971]::result::Result<(), alloc[2e1b2a31b91974c5]::string::String>>
[INFO] [stdout]   14:     0x57c33dd21fc5 - test[aada8e7e76ba119b]::run_test::{closure#0}
[INFO] [stdout]   15:     0x57c33dd1b8b4 - std[617be2ca0a6fd877]::sys::backtrace::__rust_begin_short_backtrace::<test[aada8e7e76ba119b]::run_test::{closure#1}, ()>
[INFO] [stdout]   16:     0x57c33dd25052 - <std[617be2ca0a6fd877]::thread::lifecycle::spawn_unchecked<test[aada8e7e76ba119b]::run_test::{closure#1}, ()>::{closure#1} as core[a373ad73a504971]::ops::function::FnOnce<()>>::call_once::{shim:vtable#0}
[INFO] [stdout]   17:     0x57c33ddfa63f - <std[617be2ca0a6fd877]::sys::thread::unix::Thread>::new::thread_start
[INFO] [stdout]   18:     0x7a1b2089cdfa - <unknown>
[INFO] [stdout]   19:     0x7a1b209303d4 - clone
[INFO] [stdout]   20:                0x0 - <unknown>
[INFO] [stdout] 
[INFO] [stdout] ---- smoke stdout ----
[INFO] [stdout] 
[INFO] [stdout] thread 'smoke' (1322) panicked at tests/basic.rs:212:27:
[INFO] [stdout] could not write file: Os { code: 30, kind: ReadOnlyFilesystem, message: "Read-only file system" }
[INFO] [stdout] stack backtrace:
[INFO] [stdout]    0:     0x57c33ddfafc1 - <<std[617be2ca0a6fd877]::sys::backtrace::BacktraceLock>::print::DisplayBacktrace as core[a373ad73a504971]::fmt::Display>::fmt
[INFO] [stdout]    1:     0x57c33de0ffaa - core[a373ad73a504971]::fmt::write
[INFO] [stdout]    2:     0x57c33ddff30c - <alloc[2e1b2a31b91974c5]::vec::Vec<u8> as core[a373ad73a504971]::io::write::Write>::write_fmt
[INFO] [stdout]    3:     0x57c33ddd7166 - std[617be2ca0a6fd877]::panicking::default_hook::{closure#0}
[INFO] [stdout]    4:     0x57c33ddf3399 - std[617be2ca0a6fd877]::panicking::default_hook
[INFO] [stdout]    5:     0x57c33dd219a0 - test[aada8e7e76ba119b]::test_main_inner::{closure#0}
[INFO] [stdout]    6:     0x57c33ddf3552 - std[617be2ca0a6fd877]::panicking::panic_with_hook
[INFO] [stdout]    7:     0x57c33ddd7212 - std[617be2ca0a6fd877]::panicking::panic_handler::{closure#0}
[INFO] [stdout]    8:     0x57c33ddcfe49 - std[617be2ca0a6fd877]::sys::backtrace::__rust_end_short_backtrace::<std[617be2ca0a6fd877]::panicking::panic_handler::{closure#0}, !>
[INFO] [stdout]    9:     0x57c33ddd7e1d - __rustc[ea4f61d10b84890b]::rust_begin_unwind
[INFO] [stdout]   10:     0x57c33de1070c - core[a373ad73a504971]::panicking::panic_fmt
[INFO] [stdout]   11:     0x57c33de104e2 - core[a373ad73a504971]::result::unwrap_failed
[INFO] [stdout]   12:     0x57c33dd0f082 - basic[74c3cd07fa0b1024]::big_time_test
[INFO] [stdout]   13:     0x57c33dd136c4 - <basic[74c3cd07fa0b1024]::smoke::{closure#0} as core[a373ad73a504971]::ops::function::FnOnce<()>>::call_once
[INFO] [stdout]   14:     0x57c33dd14deb - test[aada8e7e76ba119b]::__rust_begin_short_backtrace::<core[a373ad73a504971]::result::Result<(), alloc[2e1b2a31b91974c5]::string::String>, fn() -> core[a373ad73a504971]::result::Result<(), alloc[2e1b2a31b91974c5]::string::String>>
[INFO] [stdout]   15:     0x57c33dd21fc5 - test[aada8e7e76ba119b]::run_test::{closure#0}
[INFO] [stdout]   16:     0x57c33dd1b8b4 - std[617be2ca0a6fd877]::sys::backtrace::__rust_begin_short_backtrace::<test[aada8e7e76ba119b]::run_test::{closure#1}, ()>
[INFO] [stdout]   17:     0x57c33dd25052 - <std[617be2ca0a6fd877]::thread::lifecycle::spawn_unchecked<test[aada8e7e76ba119b]::run_test::{closure#1}, ()>::{closure#1} as core[a373ad73a504971]::ops::function::FnOnce<()>>::call_once::{shim:vtable#0}
[INFO] [stdout]   18:     0x57c33ddfa63f - <std[617be2ca0a6fd877]::sys::thread::unix::Thread>::new::thread_start
[INFO] [stdout]   19:     0x7a1b2089cdfa - <unknown>
[INFO] [stdout]   20:     0x7a1b209303d4 - clone
[INFO] [stdout]   21:                0x0 - <unknown>
[INFO] [stdout] 
[INFO] [stdout] ---- log_with_garbage2 stdout ----
[INFO] [stdout] 
[INFO] [stdout] thread 'log_with_garbage2' (1319) panicked at tests/basic.rs:188:27:
[INFO] [stdout] could not write file: Os { code: 30, kind: ReadOnlyFilesystem, message: "Read-only file system" }
[INFO] [stdout] stack backtrace:
[INFO] [stdout]    0:     0x57c33ddfafc1 - <<std[617be2ca0a6fd877]::sys::backtrace::BacktraceLock>::print::DisplayBacktrace as core[a373ad73a504971]::fmt::Display>::fmt
[INFO] [stdout]    1:     0x57c33de0ffaa - core[a373ad73a504971]::fmt::write
[INFO] [stdout]    2:     0x57c33ddff30c - <alloc[2e1b2a31b91974c5]::vec::Vec<u8> as core[a373ad73a504971]::io::write::Write>::write_fmt
[INFO] [stdout]    3:     0x57c33ddd7166 - std[617be2ca0a6fd877]::panicking::default_hook::{closure#0}
[INFO] [stdout]    4:     0x57c33ddf3399 - std[617be2ca0a6fd877]::panicking::default_hook
[INFO] [stdout]    5:     0x57c33dd219a0 - test[aada8e7e76ba119b]::test_main_inner::{closure#0}
[INFO] [stdout]    6:     0x57c33ddf3552 - std[617be2ca0a6fd877]::panicking::panic_with_hook
[INFO] [stdout]    7:     0x57c33ddd7212 - std[617be2ca0a6fd877]::panicking::panic_handler::{closure#0}
[INFO] [stdout]    8:     0x57c33ddcfe49 - std[617be2ca0a6fd877]::sys::backtrace::__rust_end_short_backtrace::<std[617be2ca0a6fd877]::panicking::panic_handler::{closure#0}, !>
[INFO] [stdout]    9:     0x57c33ddd7e1d - __rustc[ea4f61d10b84890b]::rust_begin_unwind
[INFO] [stdout]   10:     0x57c33de1070c - core[a373ad73a504971]::panicking::panic_fmt
[INFO] [stdout]   11:     0x57c33de104e2 - core[a373ad73a504971]::result::unwrap_failed
[INFO] [stdout]   12:     0x57c33dd12b87 - <basic[74c3cd07fa0b1024]::log_with_garbage2::{closure#0} as core[a373ad73a504971]::ops::function::FnOnce<()>>::call_once
[INFO] [stdout]   13:     0x57c33dd14deb - test[aada8e7e76ba119b]::__rust_begin_short_backtrace::<core[a373ad73a504971]::result::Result<(), alloc[2e1b2a31b91974c5]::string::String>, fn() -> core[a373ad73a504971]::result::Result<(), alloc[2e1b2a31b91974c5]::string::String>>
[INFO] [stdout]   14:     0x57c33dd21fc5 - test[aada8e7e76ba119b]::run_test::{closure#0}
[INFO] [stdout]   15:     0x57c33dd1b8b4 - std[617be2ca0a6fd877]::sys::backtrace::__rust_begin_short_backtrace::<test[aada8e7e76ba119b]::run_test::{closure#1}, ()>
[INFO] [stdout]   16:     0x57c33dd25052 - <std[617be2ca0a6fd877]::thread::lifecycle::spawn_unchecked<test[aada8e7e76ba119b]::run_test::{closure#1}, ()>::{closure#1} as core[a373ad73a504971]::ops::function::FnOnce<()>>::call_once::{shim:vtable#0}
[INFO] [stdout]   17:     0x57c33ddfa63f - <std[617be2ca0a6fd877]::sys::thread::unix::Thread>::new::thread_start
[INFO] [stdout]   18:     0x7a1b2089cdfa - <unknown>
[INFO] [stdout]   19:     0x7a1b209303d4 - clone
[INFO] [stdout]   20:                0x0 - <unknown>
[INFO] [stdout] 
[INFO] [stdout] 
[INFO] [stdout] failures:
[INFO] [stdout]     after_log
[INFO] [stdout]     before_log
[INFO] [stdout]     big_time
[INFO] [stdout]     empty
[INFO] [stdout]     end_line_works
[INFO] [stdout]     log_with_garbage
[INFO] [stdout]     log_with_garbage2
[INFO] [stdout]     misordered
[INFO] [stdout]     simple_log
[INFO] [stdout]     smoke
[INFO] [stdout]     start_line_works
[INFO] [stdout] 
[INFO] [stdout] test result: FAILED. 0 passed; 11 failed; 0 ignored; 0 measured; 0 filtered out; finished in 0.01s
[INFO] [stdout] 
[INFO] running `Command { std: "docker" "inspect" "bc4d7a7b1b0d90a43a8f8bbd0bd255520b818a46fa197da26c5d45c7f8a05f30", kill_on_drop: false }`
[INFO] running `Command { std: "docker" "rm" "-f" "bc4d7a7b1b0d90a43a8f8bbd0bd255520b818a46fa197da26c5d45c7f8a05f30", kill_on_drop: false }`
[INFO] [stdout] bc4d7a7b1b0d90a43a8f8bbd0bd255520b818a46fa197da26c5d45c7f8a05f30
