[INFO] fetching crate trouble-host 0.8.0...
[INFO] testing trouble-host-0.8.0 against 1.100.0-beta.1+cargoflags=--release for beta-release-1.100-2
[INFO] extracting crate trouble-host 0.8.0 into /workspace/builds/worker-4-tc2/source
[INFO] started tweaking crates.io crate trouble-host 0.8.0
[INFO] removed 0 missing tests
[INFO] finished tweaking crates.io crate trouble-host 0.8.0
[INFO] tweaked toml for crates.io crate trouble-host 0.8.0 written to /workspace/builds/worker-4-tc2/source/Cargo.toml
[INFO] validating manifest of crates.io crate trouble-host 0.8.0 on toolchain 1.100.0-beta.1
[INFO] running `Command { std: CARGO_HOME="/workspace/cargo-home" RUSTUP_HOME="/workspace/rustup-home" "/workspace/cargo-home/bin/cargo" "+1.100.0-beta.1" "metadata" "--manifest-path" "Cargo.toml" "--no-deps", kill_on_drop: false }`
[INFO] crate crates.io crate trouble-host 0.8.0 already has a lockfile, it will not be regenerated
[INFO] running `Command { std: CARGO_HOME="/workspace/cargo-home" RUSTUP_HOME="/workspace/rustup-home" "/workspace/cargo-home/bin/cargo" "+1.100.0-beta.1" "fetch" "--manifest-path" "Cargo.toml", kill_on_drop: false }`
[INFO] running `Command { std: "docker" "create" "-v" "/var/lib/crater-agent-workspace/builds/worker-4-tc2/source:/opt/rustwide/workdir:ro,Z" "-v" "/var/lib/crater-agent-workspace/builds/worker-4-tc2/target:/opt/rustwide/target:rw,Z" "-v" "/var/lib/crater-agent-workspace/cargo-home:/opt/rustwide/cargo-home:ro,Z" "-v" "/var/lib/crater-agent-workspace/rustup-home:/opt/rustwide/rustup-home:ro,Z" "-m" "1610612736" "--network" "none" "ghcr.io/rust-lang/crates-build-env/linux@sha256:77db811e55d90add9212f6832c23229e3de5f1c1f9905e8cb07319ea15df73ac" "sleep" "infinity", kill_on_drop: false }`
[INFO] [stdout] 7ad706949fa519847c9cc768917eefed375d368f94e2848d490cbb9b1ff14751
[INFO] running `Command { std: "docker" "start" "7ad706949fa519847c9cc768917eefed375d368f94e2848d490cbb9b1ff14751", kill_on_drop: false }`
[INFO] running `Command { std: "docker" "inspect" "7ad706949fa519847c9cc768917eefed375d368f94e2848d490cbb9b1ff14751", kill_on_drop: false }`
[INFO] running `Command { std: "docker" "exec" "-e" "SOURCE_DIR=/opt/rustwide/workdir" "-e" "CARGO_HOME=/opt/rustwide/cargo-home" "-e" "RUSTUP_HOME=/opt/rustwide/rustup-home" "-e" "CARGO_TARGET_DIR=/opt/rustwide/target" "-w" "/opt/rustwide/workdir" "--user" "0:0" "7ad706949fa519847c9cc768917eefed375d368f94e2848d490cbb9b1ff14751" "/opt/rustwide/cargo-home/bin/cargo" "+1.100.0-beta.1" "metadata" "--no-deps" "--format-version=1", kill_on_drop: false }`
[INFO] running `Command { std: "docker" "inspect" "7ad706949fa519847c9cc768917eefed375d368f94e2848d490cbb9b1ff14751", kill_on_drop: false }`
[INFO] running `Command { std: "docker" "exec" "-e" "SOURCE_DIR=/opt/rustwide/workdir" "-e" "CARGO_HOME=/opt/rustwide/cargo-home" "-e" "RUSTUP_HOME=/opt/rustwide/rustup-home" "-e" "CARGO_TARGET_DIR=/opt/rustwide/target" "-e" "CARGO_INCREMENTAL=0" "-e" "RUST_BACKTRACE=full" "-e" "RUSTFLAGS=--cap-lints=warn" "-e" "RUSTDOCFLAGS=--cap-lints=warn" "-w" "/opt/rustwide/workdir" "--user" "0:0" "7ad706949fa519847c9cc768917eefed375d368f94e2848d490cbb9b1ff14751" "/opt/rustwide/cargo-home/bin/cargo" "+1.100.0-beta.1" "build" "--frozen" "--message-format=json" "--release", kill_on_drop: false }`
[INFO] [stderr]    Compiling proc-macro2 v1.0.107
[INFO] [stderr]    Compiling futures-core v0.3.34
[INFO] [stderr]    Compiling futures-sink v0.3.34
[INFO] [stderr]    Compiling heapless v0.9.3
[INFO] [stderr]    Compiling embedded-io v0.7.1
[INFO] [stderr]    Compiling byteorder v1.5.0
[INFO] [stderr]    Compiling litrs v1.0.0
[INFO] [stderr]    Compiling embassy-time-driver v0.2.2
[INFO] [stderr]    Compiling nb v1.1.0
[INFO] [stderr]    Compiling embedded-hal-async v1.0.0
[INFO] [stderr]    Compiling critical-section v1.2.0
[INFO] [stderr]    Compiling portable-atomic v1.15.0
[INFO] [stderr]    Compiling embassy-sync v0.8.0
[INFO] [stderr]    Compiling embedded-io-async v0.7.0
[INFO] [stderr]    Compiling hash32 v0.3.1
[INFO] [stderr]    Compiling nb v0.1.3
[INFO] [stderr]    Compiling unicode-segmentation v1.13.3
[INFO] [stderr]    Compiling embedded-hal v1.0.0
[INFO] [stderr]    Compiling zerocopy v0.8.56
[INFO] [stderr]    Compiling futures-task v0.3.34
[INFO] [stderr]    Compiling uuid v1.24.1
[INFO] [stderr]    Compiling embedded-hal v0.2.7
[INFO] [stderr]    Compiling futures-util v0.3.34
[INFO] [stderr]    Compiling btuuid v0.1.1
[INFO] [stderr]    Compiling document-features v0.2.12
[INFO] [stderr]    Compiling convert_case v0.8.0
[INFO] [stderr]    Compiling bt-hci-transport v0.1.0
[INFO] [stderr]    Compiling quote v1.0.47
[INFO] [stderr]    Compiling futures-intrusive v0.5.0
[INFO] [stderr]    Compiling futures-channel v0.3.34
[INFO] [stderr]    Compiling trouble-host v0.8.0 (/opt/rustwide/workdir)
[INFO] [stderr]    Compiling syn v2.0.119
[INFO] [stderr]    Compiling futures-io v0.3.34
[INFO] [stderr]    Compiling embassy-time v0.5.1
[INFO] [stderr]    Compiling static_cell v2.1.1
[INFO] [stderr]    Compiling embassy-futures v0.1.2
[INFO] [stderr]    Compiling bt-hci v0.10.1
[INFO] [stderr]    Compiling futures v0.3.34
[INFO] [stderr]    Compiling darling_core v0.20.11
[INFO] [stderr]    Compiling darling_macro v0.20.11
[INFO] [stderr]    Compiling darling v0.20.11
[INFO] [stderr]    Compiling trouble-host-macros v0.6.0
[INFO] [stderr] warning: unused dependency `static_cell`
[INFO] [stderr]   --> Cargo.toml:71:15
[INFO] [stderr]    |
[INFO] [stderr] 71 | [dependencies.static_cell]
[INFO] [stderr]    |               ^^^^^^^^^^^^
[INFO] [stderr]    |
[INFO] [stderr]    = note: `cargo::unused_dependencies` is set to `warn` by default
[INFO] [stderr] help: consider removing the dependency on `static_cell`
[INFO] [stderr] warning: `trouble-host` (manifest) generated 1 warning
[INFO] [stderr]     Finished `release` profile [optimized] target(s) in 32.27s
[INFO] running `Command { std: "docker" "inspect" "7ad706949fa519847c9cc768917eefed375d368f94e2848d490cbb9b1ff14751", kill_on_drop: false }`
[INFO] running `Command { std: "docker" "exec" "-e" "SOURCE_DIR=/opt/rustwide/workdir" "-e" "CARGO_HOME=/opt/rustwide/cargo-home" "-e" "RUSTUP_HOME=/opt/rustwide/rustup-home" "-e" "CARGO_TARGET_DIR=/opt/rustwide/target" "-e" "CARGO_INCREMENTAL=0" "-e" "RUST_BACKTRACE=full" "-e" "RUSTFLAGS=--cap-lints=warn" "-e" "RUSTDOCFLAGS=--cap-lints=warn" "-w" "/opt/rustwide/workdir" "--user" "0:0" "7ad706949fa519847c9cc768917eefed375d368f94e2848d490cbb9b1ff14751" "/opt/rustwide/cargo-home/bin/cargo" "+1.100.0-beta.1" "test" "--frozen" "--no-run" "--message-format=json" "--release", kill_on_drop: false }`
[INFO] [stderr]    Compiling libc v0.2.189
[INFO] [stderr]    Compiling futures-core v0.3.34
[INFO] [stderr]    Compiling syn v3.0.3
[INFO] [stderr]    Compiling futures-sink v0.3.34
[INFO] [stderr]    Compiling syn v2.0.119
[INFO] [stderr]    Compiling log v0.4.33
[INFO] [stderr]    Compiling embedded-io v0.7.1
[INFO] [stderr]    Compiling critical-section v1.2.0
[INFO] [stderr]    Compiling zerocopy v0.8.56
[INFO] [stderr]    Compiling cfg_aliases v0.2.2
[INFO] [stderr]    Compiling aho-corasick v1.1.5
[INFO] [stderr]    Compiling nix v0.31.3
[INFO] [stderr]    Compiling embedded-io-async v0.7.0
[INFO] [stderr]    Compiling embassy-time-queue-utils v0.3.2
[INFO] [stderr]    Compiling embassy-executor-timer-queue v0.1.0
[INFO] [stderr]    Compiling embassy-time-driver v0.2.2
[INFO] [stderr]    Compiling bitflags v2.13.1
[INFO] [stderr]    Compiling bt-hci-transport v0.1.0
[INFO] [stderr]    Compiling embassy-sync v0.8.0
[INFO] [stderr]    Compiling lock_api v0.4.14
[INFO] [stderr]    Compiling bytes v1.12.1
[INFO] [stderr]    Compiling futures-util v0.3.34
[INFO] [stderr]    Compiling anstyle-parse v1.0.0
[INFO] [stderr]    Compiling futures-intrusive v0.5.0
[INFO] [stderr]    Compiling regex-automata v0.4.18
[INFO] [stderr]    Compiling futures-channel v0.3.34
[INFO] [stderr]    Compiling embassy-executor v0.10.0
[INFO] [stderr]    Compiling anstyle-query v1.1.5
[INFO] [stderr]    Compiling mio v1.2.2
[INFO] [stderr]    Compiling socket2 v0.6.5
[INFO] [stderr]    Compiling getrandom v0.2.17
[INFO] [stderr]    Compiling nix v0.26.4
[INFO] [stderr]    Compiling rand_core v0.6.4
[INFO] [stderr]    Compiling colorchoice v1.0.5
[INFO] [stderr]    Compiling is_terminal_polyfill v1.70.2
[INFO] [stderr]    Compiling jiff-core v0.1.0
[INFO] [stderr]    Compiling darling_core v0.20.11
[INFO] [stderr]    Compiling thiserror-impl v2.0.20
[INFO] [stderr]    Compiling tokio-macros v2.7.2
[INFO] [stderr]    Compiling ppv-lite86 v0.2.21
[INFO] [stderr]    Compiling tokio v1.53.1
[INFO] [stderr]    Compiling thiserror v2.0.20
[INFO] [stderr]    Compiling unescaper v0.1.10
[INFO] [stderr]    Compiling regex v1.13.1
[INFO] [stderr]    Compiling rand_chacha v0.3.1
[INFO] [stderr]    Compiling serialport v4.9.0
[INFO] [stderr]    Compiling mio-serial v5.0.7
[INFO] [stderr]    Compiling env_filter v2.0.0
[INFO] [stderr]    Compiling jiff v0.2.35
[INFO] [stderr]    Compiling anstream v1.0.0
[INFO] [stderr]    Compiling darling_macro v0.20.11
[INFO] [stderr]    Compiling futures v0.3.34
[INFO] [stderr]    Compiling embassy-time v0.5.1
[INFO] [stderr]    Compiling bt-hci v0.10.1
[INFO] [stderr]    Compiling cordyceps v0.3.5
[INFO] [stderr]    Compiling darling v0.20.11
[INFO] [stderr]    Compiling embassy-executor-macros v0.8.0
[INFO] [stderr]    Compiling trouble-host-macros v0.6.0
[INFO] [stderr]    Compiling rand v0.8.7
[INFO] [stderr]    Compiling bt-hci-serial v0.1.0
[INFO] [stderr]    Compiling embedded-io-adapters v0.7.0
[INFO] [stderr]    Compiling tokio-serial v5.5.0
[INFO] [stderr]    Compiling env_logger v0.11.11
[INFO] [stderr]    Compiling trouble-host v0.8.0 (/opt/rustwide/workdir)
[INFO] [stderr] warning: unused dependency `static_cell`
[INFO] [stderr]   --> Cargo.toml:71:15
[INFO] [stderr]    |
[INFO] [stderr] 71 | [dependencies.static_cell]
[INFO] [stderr]    |               ^^^^^^^^^^^^
[INFO] [stderr]    |
[INFO] [stderr]    = note: `cargo::unused_dependencies` is set to `warn` by default
[INFO] [stderr] help: consider removing the dependency on `static_cell`
[INFO] [stderr] help: to still use for development builds, move to `dev-dependencies`
[INFO] [stderr] warning: `trouble-host` (manifest) generated 1 warning
[INFO] [stderr]     Finished `release` profile [optimized] target(s) in 2m 05s
[INFO] running `Command { std: "docker" "inspect" "7ad706949fa519847c9cc768917eefed375d368f94e2848d490cbb9b1ff14751", kill_on_drop: false }`
[INFO] running `Command { std: "docker" "exec" "-e" "SOURCE_DIR=/opt/rustwide/workdir" "-e" "CARGO_HOME=/opt/rustwide/cargo-home" "-e" "RUSTUP_HOME=/opt/rustwide/rustup-home" "-e" "CARGO_TARGET_DIR=/opt/rustwide/target" "-e" "CARGO_INCREMENTAL=0" "-e" "RUST_BACKTRACE=full" "-e" "RUSTFLAGS=--cap-lints=warn" "-e" "RUSTDOCFLAGS=--cap-lints=warn" "-w" "/opt/rustwide/workdir" "--user" "0:0" "7ad706949fa519847c9cc768917eefed375d368f94e2848d490cbb9b1ff14751" "/opt/rustwide/cargo-home/bin/cargo" "+1.100.0-beta.1" "test" "--frozen" "--release", kill_on_drop: false }`
[INFO] [stderr] warning: unused dependency `static_cell`
[INFO] [stderr]   --> Cargo.toml:71:15
[INFO] [stderr]    |
[INFO] [stderr] 71 | [dependencies.static_cell]
[INFO] [stderr]    |               ^^^^^^^^^^^^
[INFO] [stderr]    |
[INFO] [stderr]    = note: `cargo::unused_dependencies` is set to `warn` by default
[INFO] [stderr] help: consider removing the dependency on `static_cell`
[INFO] [stderr] help: to still use for development builds, move to `dev-dependencies`
[INFO] [stderr] warning: `trouble-host` (manifest) generated 1 warning
[INFO] [stderr]     Finished `release` profile [optimized] target(s) in 0.23s
[INFO] [stderr]      Running unittests src/lib.rs (/opt/rustwide/target/release/build/trouble-host/53829e746187d525/out/trouble_host-53829e746187d525)
[INFO] [stdout] 
[INFO] [stdout] running 24 tests
[INFO] [stdout] test attribute_server::client_att_table::tests::raw_view_rejects_malformed_table_boundaries_and_index ... ok
[INFO] [stdout] test attribute_server::client_att_table::tests::clear_zeroes_value_region_without_changing_table_shape ... ok
[INFO] [stdout] test attribute_server::client_att_table::tests::raw_view_uses_declared_values_len_and_ignores_trailing_storage ... ok
[INFO] [stdout] test advertise::tests::adv_name_truncate ... ok
[INFO] [stdout] test attribute_server::client_att_table::tests::raw_view_rejects_variable_length_exceeding_encoded_capacity ... ok
[INFO] [stdout] test attribute_server::client_att_table::tests::set_values_copies_matching_keys_truncates_to_capacity_and_zeros_missing_keys ... ok
[INFO] [stdout] test attribute::tests::set_updates_variable_length_when_value_fills_backing_storage ... ok
[INFO] [stdout] test connection_manager::tests::central_connection_established ... ok
[INFO] [stdout] test connection_manager::tests::controller_disconnects_before_host ... ok
[INFO] [stdout] test connection_manager::tests::disconnect_correct_handle ... ok
[INFO] [stdout] test connection_manager::tests::controller_disconnects_after_host ... ok
[INFO] [stdout] test channel_manager::tests::channel_refcount ... ok
[INFO] [stdout] test attribute_server::tests::test_attribute_server_last_handle_of_group ... ok
[INFO] [stdout] test connection_manager::tests::referenced_handle_not_reused ... ok
[INFO] [stdout] test attribute_server::client_att_table::tests::variable_length_writes_append_overwrite_truncate_and_preserve_capacity ... ok
[INFO] [stdout] test attribute_server::tests::find_information_reports_128bit_format_and_widens_32bit ... ok
[INFO] [stdout] test connection_manager::tests::disconnecting_iterator_invalid ... ok
[INFO] [stdout] test connection_manager::tests::nonexisting_handle_is_disconnected ... ok
[INFO] [stdout] test connection_manager::tests::peripheral_connection_established ... ok
[INFO] [stdout] test gap::tests::gap_config_can_be_built_twice ... ok
[INFO] [stdout] test gatt::tests::test_process_accept_read_by_type_no_partial_entries ... ok
[INFO] [stdout] test gatt::tests::test_write_command_surfaces_gatt_write_event_without_att_response ... ok
[INFO] [stdout] test attribute::tests::set_updates_small_variable_length_when_value_reaches_capacity ... ok
[INFO] [stdout] test packet_pool::tests::test_none_qos ... ok
[INFO] [stdout] 
[INFO] [stdout] test result: ok. 24 passed; 0 failed; 0 ignored; 0 measured; 0 filtered out; finished in 0.01s
[INFO] [stdout] 
[INFO] [stderr]      Running tests/common.rs (/opt/rustwide/target/release/build/trouble-host/bdedf042ccee1f79/out/common-bdedf042ccee1f79)
[INFO] [stdout] 
[INFO] [stdout] running 0 tests
[INFO] [stdout] 
[INFO] [stdout] test result: ok. 0 passed; 0 failed; 0 ignored; 0 measured; 0 filtered out; finished in 0.00s
[INFO] [stdout] 
[INFO] [stderr]      Running tests/gatt.rs (/opt/rustwide/target/release/build/trouble-host/1234e2f23b67a996/out/gatt-1234e2f23b67a996)
[INFO] [stdout] 
[INFO] [stdout] running 1 test
[INFO] [stdout] test gatt_client_server ... FAILED
[INFO] [stdout] 
[INFO] [stdout] failures:
[INFO] [stdout] 
[INFO] [stdout] ---- gatt_client_server stdout ----
[INFO] [stdout] 
[INFO] [stdout] thread 'gatt_client_server' (1994) panicked at tests/common.rs:20:44:
[INFO] [stdout] called `Result::unwrap()` on an `Err` value: Os { code: 2, kind: NotFound, message: "No such file or directory" }
[INFO] [stdout] stack backtrace:
[INFO] [stdout]    0:     0x62f86e4f9001 - <<std[617be2ca0a6fd877]::sys::backtrace::BacktraceLock>::print::DisplayBacktrace as core[a373ad73a504971]::fmt::Display>::fmt
[INFO] [stdout]    1:     0x62f86e51012a - core[a373ad73a504971]::fmt::write
[INFO] [stdout]    2:     0x62f86e4fecdc - <alloc[2e1b2a31b91974c5]::vec::Vec<u8> as core[a373ad73a504971]::io::write::Write>::write_fmt
[INFO] [stdout]    3:     0x62f86e4d49b6 - std[617be2ca0a6fd877]::panicking::default_hook::{closure#0}
[INFO] [stdout]    4:     0x62f86e4f12c9 - std[617be2ca0a6fd877]::panicking::default_hook
[INFO] [stdout]    5:     0x62f86e466ce0 - test[aada8e7e76ba119b]::test_main_inner::{closure#0}
[INFO] [stdout]    6:     0x62f86e4f15f2 - std[617be2ca0a6fd877]::panicking::panic_with_hook
[INFO] [stdout]    7:     0x62f86e4d4a62 - std[617be2ca0a6fd877]::panicking::panic_handler::{closure#0}
[INFO] [stdout]    8:     0x62f86e4cd6d9 - std[617be2ca0a6fd877]::sys::backtrace::__rust_end_short_backtrace::<std[617be2ca0a6fd877]::panicking::panic_handler::{closure#0}, !>
[INFO] [stdout]    9:     0x62f86e4d566d - __rustc[ea4f61d10b84890b]::rust_begin_unwind
[INFO] [stdout]   10:     0x62f86e51090c - core[a373ad73a504971]::panicking::panic_fmt
[INFO] [stdout]   11:     0x62f86e5106e2 - core[a373ad73a504971]::result::unwrap_failed
[INFO] [stdout]   12:     0x62f86e379f01 - gatt[6fb059791f1a32e5]::gatt_client_server::{closure#0}
[INFO] [stdout]   13:     0x62f86e377972 - <tokio[55125d0f608f3c16]::runtime::runtime::Runtime>::block_on::<core[a373ad73a504971]::pin::Pin<&mut dyn core[a373ad73a504971]::future::future::Future<Output = ()>>>
[INFO] [stdout]   14:     0x62f86e37af9e - <gatt[6fb059791f1a32e5]::gatt_client_server::{closure#0} as core[a373ad73a504971]::ops::function::FnOnce<()>>::call_once
[INFO] [stdout]   15:     0x62f86e45a12b - test[aada8e7e76ba119b]::__rust_begin_short_backtrace::<core[a373ad73a504971]::result::Result<(), alloc[2e1b2a31b91974c5]::string::String>, fn() -> core[a373ad73a504971]::result::Result<(), alloc[2e1b2a31b91974c5]::string::String>>
[INFO] [stdout]   16:     0x62f86e467305 - test[aada8e7e76ba119b]::run_test::{closure#0}
[INFO] [stdout]   17:     0x62f86e460bf4 - std[617be2ca0a6fd877]::sys::backtrace::__rust_begin_short_backtrace::<test[aada8e7e76ba119b]::run_test::{closure#1}, ()>
[INFO] [stdout]   18:     0x62f86e46a392 - <std[617be2ca0a6fd877]::thread::lifecycle::spawn_unchecked<test[aada8e7e76ba119b]::run_test::{closure#1}, ()>::{closure#1} as core[a373ad73a504971]::ops::function::FnOnce<()>>::call_once::{shim:vtable#0}
[INFO] [stdout]   19:     0x62f86e4f884f - <std[617be2ca0a6fd877]::sys::thread::unix::Thread>::new::thread_start
[INFO] [stdout]   20:     0x7a3fe43efdfa - <unknown>
[INFO] [stdout]   21:     0x7a3fe44833d4 - clone
[INFO] [stdout]   22:                0x0 - <unknown>
[INFO] [stdout] 
[INFO] [stdout] 
[INFO] [stdout] failures:
[INFO] [stdout]     gatt_client_server
[INFO] [stdout] 
[INFO] [stdout] test result: FAILED. 0 passed; 1 failed; 0 ignored; 0 measured; 0 filtered out; finished in 0.00s
[INFO] [stdout] 
[INFO] [stderr] error: test failed, to rerun pass `--test gatt`
[INFO] running `Command { std: "docker" "inspect" "7ad706949fa519847c9cc768917eefed375d368f94e2848d490cbb9b1ff14751", kill_on_drop: false }`
[INFO] running `Command { std: "docker" "rm" "-f" "7ad706949fa519847c9cc768917eefed375d368f94e2848d490cbb9b1ff14751", kill_on_drop: false }`
[INFO] [stdout] 7ad706949fa519847c9cc768917eefed375d368f94e2848d490cbb9b1ff14751
