[INFO] fetching crate tropical-gemm-cuda 0.4.0...
[INFO] testing tropical-gemm-cuda-0.4.0 against 1.100.0-beta.1+cargoflags=--release for beta-release-1.100-2
[INFO] extracting crate tropical-gemm-cuda 0.4.0 into /workspace/builds/worker-0-tc2/source
[INFO] started tweaking crates.io crate tropical-gemm-cuda 0.4.0
[INFO] removed 0 missing examples
[INFO] removed 0 missing tests
[INFO] finished tweaking crates.io crate tropical-gemm-cuda 0.4.0
[INFO] tweaked toml for crates.io crate tropical-gemm-cuda 0.4.0 written to /workspace/builds/worker-0-tc2/source/Cargo.toml
[INFO] validating manifest of crates.io crate tropical-gemm-cuda 0.4.0 on toolchain 1.100.0-beta.1
[INFO] running `Command { std: CARGO_HOME="/workspace/cargo-home" RUSTUP_HOME="/workspace/rustup-home" "/workspace/cargo-home/bin/cargo" "+1.100.0-beta.1" "metadata" "--manifest-path" "Cargo.toml" "--no-deps", kill_on_drop: false }`
[INFO] crate crates.io crate tropical-gemm-cuda 0.4.0 already has a lockfile, it will not be regenerated
[INFO] running `Command { std: CARGO_HOME="/workspace/cargo-home" RUSTUP_HOME="/workspace/rustup-home" "/workspace/cargo-home/bin/cargo" "+1.100.0-beta.1" "fetch" "--manifest-path" "Cargo.toml", kill_on_drop: false }`
[INFO] running `Command { std: "docker" "create" "-v" "/var/lib/crater-agent-workspace/builds/worker-0-tc2/source:/opt/rustwide/workdir:ro,Z" "-v" "/var/lib/crater-agent-workspace/builds/worker-0-tc2/target:/opt/rustwide/target:rw,Z" "-v" "/var/lib/crater-agent-workspace/cargo-home:/opt/rustwide/cargo-home:ro,Z" "-v" "/var/lib/crater-agent-workspace/rustup-home:/opt/rustwide/rustup-home:ro,Z" "-m" "1610612736" "--network" "none" "ghcr.io/rust-lang/crates-build-env/linux@sha256:77db811e55d90add9212f6832c23229e3de5f1c1f9905e8cb07319ea15df73ac" "sleep" "infinity", kill_on_drop: false }`
[INFO] [stdout] fad20e8c63fa6abfcab687c9bc98147c31bb703f6cee5778c27a18b90fb1c7cb
[INFO] running `Command { std: "docker" "start" "fad20e8c63fa6abfcab687c9bc98147c31bb703f6cee5778c27a18b90fb1c7cb", kill_on_drop: false }`
[INFO] running `Command { std: "docker" "inspect" "fad20e8c63fa6abfcab687c9bc98147c31bb703f6cee5778c27a18b90fb1c7cb", kill_on_drop: false }`
[INFO] running `Command { std: "docker" "exec" "-e" "SOURCE_DIR=/opt/rustwide/workdir" "-e" "CARGO_HOME=/opt/rustwide/cargo-home" "-e" "RUSTUP_HOME=/opt/rustwide/rustup-home" "-e" "CARGO_TARGET_DIR=/opt/rustwide/target" "-w" "/opt/rustwide/workdir" "--user" "0:0" "fad20e8c63fa6abfcab687c9bc98147c31bb703f6cee5778c27a18b90fb1c7cb" "/opt/rustwide/cargo-home/bin/cargo" "+1.100.0-beta.1" "metadata" "--no-deps" "--format-version=1", kill_on_drop: false }`
[INFO] running `Command { std: "docker" "inspect" "fad20e8c63fa6abfcab687c9bc98147c31bb703f6cee5778c27a18b90fb1c7cb", kill_on_drop: false }`
[INFO] running `Command { std: "docker" "exec" "-e" "SOURCE_DIR=/opt/rustwide/workdir" "-e" "CARGO_HOME=/opt/rustwide/cargo-home" "-e" "RUSTUP_HOME=/opt/rustwide/rustup-home" "-e" "CARGO_TARGET_DIR=/opt/rustwide/target" "-e" "CARGO_INCREMENTAL=0" "-e" "RUST_BACKTRACE=full" "-e" "RUSTFLAGS=--cap-lints=warn" "-e" "RUSTDOCFLAGS=--cap-lints=warn" "-w" "/opt/rustwide/workdir" "--user" "0:0" "fad20e8c63fa6abfcab687c9bc98147c31bb703f6cee5778c27a18b90fb1c7cb" "/opt/rustwide/cargo-home/bin/cargo" "+1.100.0-beta.1" "build" "--frozen" "--message-format=json" "--release", kill_on_drop: false }`
[INFO] [stderr]    Compiling bytemuck v1.25.0
[INFO] [stderr]    Compiling cudarc v0.19.7
[INFO] [stderr]    Compiling thiserror v2.0.18
[INFO] [stderr]    Compiling either v1.16.0
[INFO] [stderr]    Compiling num-traits v0.2.19
[INFO] [stderr]    Compiling libloading v0.9.0
[INFO] [stderr]    Compiling syn v2.0.117
[INFO] [stderr]    Compiling rayon v1.12.0
[INFO] [stderr]    Compiling safe_arch v1.0.0
[INFO] [stderr]    Compiling wide v1.4.0
[INFO] [stderr]    Compiling thiserror-impl v2.0.18
[INFO] [stderr]    Compiling tropical-gemm v0.4.0
[INFO] [stderr]    Compiling tropical-gemm-cuda v0.4.0 (/opt/rustwide/workdir)
[INFO] [stderr]     Finished `release` profile [optimized] target(s) in 20.46s
[INFO] running `Command { std: "docker" "inspect" "fad20e8c63fa6abfcab687c9bc98147c31bb703f6cee5778c27a18b90fb1c7cb", kill_on_drop: false }`
[INFO] running `Command { std: "docker" "exec" "-e" "SOURCE_DIR=/opt/rustwide/workdir" "-e" "CARGO_HOME=/opt/rustwide/cargo-home" "-e" "RUSTUP_HOME=/opt/rustwide/rustup-home" "-e" "CARGO_TARGET_DIR=/opt/rustwide/target" "-e" "CARGO_INCREMENTAL=0" "-e" "RUST_BACKTRACE=full" "-e" "RUSTFLAGS=--cap-lints=warn" "-e" "RUSTDOCFLAGS=--cap-lints=warn" "-w" "/opt/rustwide/workdir" "--user" "0:0" "fad20e8c63fa6abfcab687c9bc98147c31bb703f6cee5778c27a18b90fb1c7cb" "/opt/rustwide/cargo-home/bin/cargo" "+1.100.0-beta.1" "test" "--frozen" "--no-run" "--message-format=json" "--release", kill_on_drop: false }`
[INFO] [stderr]    Compiling serde_core v1.0.228
[INFO] [stderr]    Compiling zerocopy v0.8.50
[INFO] [stderr]    Compiling either v1.16.0
[INFO] [stderr]    Compiling serde v1.0.228
[INFO] [stderr]    Compiling libc v0.2.186
[INFO] [stderr]    Compiling serde_json v1.0.150
[INFO] [stderr]    Compiling syn v2.0.117
[INFO] [stderr]    Compiling cc v1.2.63
[INFO] [stderr]    Compiling regex-syntax v0.8.10
[INFO] [stderr]    Compiling memchr v2.8.1
[INFO] [stderr]    Compiling clap_builder v4.6.0
[INFO] [stderr]    Compiling plotters v0.3.7
[INFO] [stderr]    Compiling rayon v1.12.0
[INFO] [stderr]    Compiling itertools v0.13.0
[INFO] [stderr]    Compiling page_size v0.6.0
[INFO] [stderr]    Compiling alloca v0.4.0
[INFO] [stderr]    Compiling regex-automata v0.4.14
[INFO] [stderr]    Compiling criterion-plot v0.8.2
[INFO] [stderr]    Compiling tropical-gemm v0.4.0
[INFO] [stderr]    Compiling clap v4.6.1
[INFO] [stderr]    Compiling zerocopy-derive v0.8.50
[INFO] [stderr]    Compiling serde_derive v1.0.228
[INFO] [stderr]    Compiling thiserror-impl v2.0.18
[INFO] [stderr]    Compiling regex v1.12.3
[INFO] [stderr]    Compiling thiserror v2.0.18
[INFO] [stderr]    Compiling tropical-gemm-cuda v0.4.0 (/opt/rustwide/workdir)
[INFO] [stderr]    Compiling tinytemplate v1.2.1
[INFO] [stderr]    Compiling half v2.7.1
[INFO] [stderr]    Compiling ciborium-ll v0.2.2
[INFO] [stderr]    Compiling ciborium v0.2.2
[INFO] [stderr]    Compiling criterion v0.8.2
[INFO] [stderr]     Finished `release` profile [optimized] target(s) in 1m 06s
[INFO] running `Command { std: "docker" "inspect" "fad20e8c63fa6abfcab687c9bc98147c31bb703f6cee5778c27a18b90fb1c7cb", kill_on_drop: false }`
[INFO] running `Command { std: "docker" "exec" "-e" "SOURCE_DIR=/opt/rustwide/workdir" "-e" "CARGO_HOME=/opt/rustwide/cargo-home" "-e" "RUSTUP_HOME=/opt/rustwide/rustup-home" "-e" "CARGO_TARGET_DIR=/opt/rustwide/target" "-e" "CARGO_INCREMENTAL=0" "-e" "RUST_BACKTRACE=full" "-e" "RUSTFLAGS=--cap-lints=warn" "-e" "RUSTDOCFLAGS=--cap-lints=warn" "-w" "/opt/rustwide/workdir" "--user" "0:0" "fad20e8c63fa6abfcab687c9bc98147c31bb703f6cee5778c27a18b90fb1c7cb" "/opt/rustwide/cargo-home/bin/cargo" "+1.100.0-beta.1" "test" "--frozen" "--release", kill_on_drop: false }`
[INFO] [stderr]     Finished `release` profile [optimized] target(s) in 0.14s
[INFO] [stderr]      Running unittests src/lib.rs (/opt/rustwide/target/release/build/tropical-gemm-cuda/7d456a889e63e4ff/out/tropical_gemm_cuda-7d456a889e63e4ff)
[INFO] [stdout] 
[INFO] [stdout] running 77 tests
[INFO] [stdout] test kpack::tests::gpu_pack_cols_clears_tail_in_dirty_buffer ... ok
[INFO] [stdout] test gpu_mat::tests::test_gpu_mat_batched_with_argmax ... FAILED
[INFO] [stdout] test gpu_mat::tests::test_gpu_mat_batched ... FAILED
[INFO] [stdout] test kpack::tests::reference_pack_rows_lsb_first_and_tail_zero ... ok
[INFO] [stdout] test kpack::tests::gpu_pack_rows_matches_reference ... ok
[INFO] [stdout] test gpu_mat::tests::test_gpu_mat_minplus ... FAILED
[INFO] [stdout] test kpack::tests::gpu_pack_rows_clears_tail_in_dirty_buffer ... ok
[INFO] [stdout] test gpu_mat::tests::test_gpu_mat_basic ... FAILED
[INFO] [stdout] test memory::tests::from_cuda_slice_into_inner_is_symmetric ... ok
[INFO] [stdout] test gpu_mat::tests::test_gpu_mat_matmul_argmax ... FAILED
[INFO] [stdout] test gpu_mat::tests::test_gpu_mat_backward_a ... FAILED
[INFO] [stdout] test kpack::tests::gpu_pack_cols_matches_reference ... ok
[INFO] [stdout] test kpack::tests::reference_pack_cols_lsb_first_and_tail_zero ... ok
[INFO] [stdout] test tests::test_andor_kpack_guaranteed_false_row ... ok
[INFO] [stdout] test memory::tests::alloc_rejects_rows_cols_overflow ... ok
[INFO] [stdout] test kpack::tests::gpu_packed_large_column_extent ... ok
[INFO] [stdout] test tests::test_andor_kpack_adjacent_bit_mismatch_is_false ... ok
[INFO] [stdout] test tests::test_backward_batched_empty ... ok
[INFO] [stdout] test tests::test_backward_empty_matrices ... ok
[INFO] [stdout] test tests::test_andor_kpack_rejects_zero_k ... ok
[INFO] [stdout] test tests::test_backward_index_over_i32_max ... ignored, allocates ~16 GB of VRAM; run manually on a large-memory GPU
[INFO] [stdout] test tests::test_batched_forward_offset_over_i32_max ... ignored, allocates ~8.6 GB of VRAM; run manually on a large-memory GPU
[INFO] [stdout] test memory::tests::from_cuda_slices_pairs_matrix_and_argmax ... ok
[INFO] [stdout] test tests::test_backward_f64 ... ok
[INFO] [stdout] test memory::tests::from_cuda_slices_rejects_dimension_mismatch_on_either_buffer ... ok
[INFO] [stdout] test tests::test_context_helper_functions ... ok
[INFO] [stdout] test tests::test_error_display ... ok
[INFO] [stdout] test tests::test_argmax_finite_difference_maxplus ... ok
[INFO] [stdout] test memory::tests::from_cuda_slice_roundtrip_preserves_data ... ok
[INFO] [stdout] test gpu_mat::tests::test_gpu_mat_batched_empty ... FAILED
[INFO] [stdout] test gpu_mat::tests::test_gpu_mat_backward_b ... FAILED
[INFO] [stdout] test tests::test_single_matrix_offset_over_i32_max ... ignored, allocates ~8.6 GB of VRAM; run manually on a large-memory GPU
[INFO] [stdout] test memory::tests::from_cuda_slice_rejects_dimension_mismatch ... ok
[INFO] [stdout] test tests::test_gpu_matrix_col_major_roundtrip ... ok
[INFO] [stdout] test tests::test_gpu_matrix_with_argmax_accessors ... ok
[INFO] [stdout] test tests::test_context_get_kernel ... ok
[INFO] [stdout] test tests::test_context_device_name ... ok
[INFO] [stdout] test tests::test_gpu_matrix_accessors ... ok
[INFO] [stdout] test tests::test_tropical_backward_b_gpu ... ok
[INFO] [stdout] test gpu_mat::tests::test_gpu_mat_matmul ... FAILED
[INFO] [stdout] test tests::test_tropical_backward_a_gpu ... ok
[INFO] [stdout] test tests::test_gpu_memory_dimension_mismatch ... ok
[INFO] [stdout] test tests::test_tropical_gemm_gpu_dimension_mismatch ... ok
[INFO] [stdout] test tests::test_tropical_backward_gpu_integration ... ok
[INFO] [stdout] test tests::test_tropical_matmul_gpu_batched_empty ... ok
[INFO] [stdout] test tests::test_andor_kpack_bit0_and_bit31_only ... ok
[INFO] [stdout] test tests::test_argmax_finite_difference_b_matrix ... ok
[INFO] [stdout] test tests::test_andor_kpack_matches_byte_kernel ... ok
[INFO] [stdout] test tests::test_tropical_matmul_gpu_batched_basic ... ok
[INFO] [stdout] test tests::test_tropical_matmul_gpu_andor ... ok
[INFO] [stdout] test tests::test_andor_kpack_packed_buffers_reusable ... ok
[INFO] [stdout] test tests::test_tropical_matmul_gpu_batched_minplus ... ok
[INFO] [stdout] test tests::test_tropical_matmul_gpu_bitwise_u32_multilane ... ok
[INFO] [stdout] test tests::test_tropical_matmul_gpu_i32 ... ok
[INFO] [stdout] test tests::test_tropical_matmul_gpu_small ... ok
[INFO] [stdout] test tests::test_tropical_matmul_gpu_bitwise_u64 ... ok
[INFO] [stdout] test tests::test_tropical_matmul_gpu_strided_batched_basic ... ok
[INFO] [stdout] test tests::test_tropical_matmul_gpu_strided_batched_empty ... ok
[INFO] [stdout] test tests::test_tropical_gemm_batched_matches_single ... ok
[INFO] [stdout] test tests::test_tropical_matmul_gpu_with_argmax_maxplus ... ok
[INFO] [stdout] test tests::test_gpu_memory_col_major_dimension_mismatch ... ok
[INFO] [stdout] test memory::tests::from_cuda_slice_rejects_rows_cols_overflow ... ok
[INFO] [stdout] test tests::test_tropical_matmul_gpu_with_argmax_minplus ... ok
[INFO] [stdout] test tests::test_tropical_matmul_gpu_with_argmax_varied_winners ... ok
[INFO] [stdout] test tests::test_tropical_backward_gpu_batched ... ok
[INFO] [stdout] test tests::test_tropical_matmul_gpu_batched_dimension_mismatch ... ok
[INFO] [stdout] test tests::test_tropical_matmul_gpu_with_ctx_dimension_mismatch ... ok
[INFO] [stdout] test tests::test_argmax_finite_difference_minplus ... ok
[INFO] [stdout] test tests::test_tropical_matmul_gpu_dimension_mismatch_b ... ok
[INFO] [stdout] test tests::test_tropical_matmul_gpu_with_argmax_dimension_mismatch ... ok
[INFO] [stdout] test tests::test_tropical_matmul_gpu_bitwise_u32 ... ok
[INFO] [stdout] test tests::test_tropical_matmul_gpu_i64 ... ok
[INFO] [stdout] test tests::test_tropical_matmul_gpu_maxmul ... ok
[INFO] [stdout] test tests::test_tropical_matmul_gpu_batched_with_argmax_basic ... ok
[INFO] [stdout] test tests::test_tropical_matmul_gpu_dimension_mismatch_a ... ok
[INFO] [stdout] test tests::test_tropical_matmul_gpu_with_argmax_f64 ... ok
[INFO] [stderr] error: test failed, to rerun pass `--lib`
[INFO] [stdout] test tests::test_tropical_matmul_gpu_maxmul_with_argmax ... ok
[INFO] [stdout] 
[INFO] [stdout] failures:
[INFO] [stdout] 
[INFO] [stdout] ---- gpu_mat::tests::test_gpu_mat_batched_with_argmax stdout ----
[INFO] [stdout] 
[INFO] [stdout] thread 'gpu_mat::tests::test_gpu_mat_batched_with_argmax' (1412) panicked at /opt/rustwide/cargo-home/registry/src/index.crates.io-1949cf8c6b5b557f/cudarc-0.19.7/src/lib.rs:200:5:
[INFO] [stdout] Unable to dynamically load the "cuda" shared library - searched for library names: ["libcuda.so", "libcuda64.so", "libcuda64_13.so", "libcuda64_132.so", "libcuda64_132_0.so", "libcuda64_130_2.so", "libcuda64_10.so", "libcuda64_11.so", "libcuda64_12.so", "libcuda64_130_0.so", "libcuda64_9.so", "libcuda.so.13", "libcuda.so.12", "libcuda.so.11", "libcuda.so.10", "libcuda.so.9", "libcuda.so.1", "libnvcuda.so", "libnvcuda64.so", "libnvcuda64_13.so", "libnvcuda64_132.so", "libnvcuda64_132_0.so", "libnvcuda64_130_2.so", "libnvcuda64_10.so", "libnvcuda64_11.so", "libnvcuda64_12.so", "libnvcuda64_130_0.so", "libnvcuda64_9.so", "libnvcuda.so.13", "libnvcuda.so.12", "libnvcuda.so.11", "libnvcuda.so.10", "libnvcuda.so.9", "libnvcuda.so.1"]. Ensure that `LD_LIBRARY_PATH` has the correct path to the installed library. If the shared library is present on the system under a different name than one of those listed above, please open a GitHub issue.
[INFO] [stdout] stack backtrace:
[INFO] [stdout]    0:     0x6254b6de53e1 - <<std[617be2ca0a6fd877]::sys::backtrace::BacktraceLock>::print::DisplayBacktrace as core[a373ad73a504971]::fmt::Display>::fmt
[INFO] [stdout]    1:     0x6254b6dfa7ea - core[a373ad73a504971]::fmt::write
[INFO] [stdout]    2:     0x6254b6de95fc - <alloc[2e1b2a31b91974c5]::vec::Vec<u8> as core[a373ad73a504971]::io::write::Write>::write_fmt
[INFO] [stdout]    3:     0x6254b6dc0496 - std[617be2ca0a6fd877]::panicking::default_hook::{closure#0}
[INFO] [stdout]    4:     0x6254b6ddd529 - std[617be2ca0a6fd877]::panicking::default_hook
[INFO] [stdout]    5:     0x6254b6d6ef80 - test[aada8e7e76ba119b]::test_main_inner::{closure#0}
[INFO] [stdout]    6:     0x6254b6ddd6e2 - std[617be2ca0a6fd877]::panicking::panic_with_hook
[INFO] [stdout]    7:     0x6254b6dc0542 - std[617be2ca0a6fd877]::panicking::panic_handler::{closure#0}
[INFO] [stdout]    8:     0x6254b6db8f49 - std[617be2ca0a6fd877]::sys::backtrace::__rust_end_short_backtrace::<std[617be2ca0a6fd877]::panicking::panic_handler::{closure#0}, !>
[INFO] [stdout]    9:     0x6254b6dc123d - __rustc[ea4f61d10b84890b]::rust_begin_unwind
[INFO] [stdout]   10:     0x6254b6dfaf1c - core[a373ad73a504971]::panicking::panic_fmt
[INFO] [stdout]   11:     0x6254b6da719d - cudarc[c8bb39238d47013f]::panic_no_lib_found::<alloc[2e1b2a31b91974c5]::string::String>
[INFO] [stdout]   12:     0x6254b6da5519 - <std[617be2ca0a6fd877]::sync::once::Once>::call_once_force::<<std[617be2ca0a6fd877]::sync::once_lock::OnceLock<libloading[5874b2d83421ad98]::safe::Library>>::initialize<<std[617be2ca0a6fd877]::sync::once_lock::OnceLock<libloading[5874b2d83421ad98]::safe::Library>>::get_or_init<cudarc[c8bb39238d47013f]::driver::sys::culib::{closure#0}>::{closure#0}, !>::{closure#0}>::{closure#0}
[INFO] [stdout]   13:     0x6254b6dc6169 - <std[617be2ca0a6fd877]::sys::sync::once::futex::Once>::call
[INFO] [stdout]   14:     0x6254b6da376a - <std[617be2ca0a6fd877]::sync::once_lock::OnceLock<libloading[5874b2d83421ad98]::safe::Library>>::initialize::<<std[617be2ca0a6fd877]::sync::once_lock::OnceLock<libloading[5874b2d83421ad98]::safe::Library>>::get_or_init<cudarc[c8bb39238d47013f]::driver::sys::culib::{closure#0}>::{closure#0}, !>
[INFO] [stdout]   15:     0x6254b6da4ec3 - <std[617be2ca0a6fd877]::sync::once::Once>::call_once_force::<<std[617be2ca0a6fd877]::sync::once_lock::OnceLock<unsafe extern "C" fn(u32) -> cudarc[c8bb39238d47013f]::driver::sys::cudaError_enum>>::initialize<<std[617be2ca0a6fd877]::sync::once_lock::OnceLock<unsafe extern "C" fn(u32) -> cudarc[c8bb39238d47013f]::driver::sys::cudaError_enum>>::get_or_init<cudarc[c8bb39238d47013f]::driver::sys::cuInit::{closure#0}>::{closure#0}, !>::{closure#0}>::{closure#0}
[INFO] [stdout]   16:     0x6254b6dc6169 - <std[617be2ca0a6fd877]::sys::sync::once::futex::Once>::call
[INFO] [stdout]   17:     0x6254b6da35cc - <std[617be2ca0a6fd877]::sync::once_lock::OnceLock<unsafe extern "C" fn(u32) -> cudarc[c8bb39238d47013f]::driver::sys::cudaError_enum>>::initialize::<<std[617be2ca0a6fd877]::sync::once_lock::OnceLock<unsafe extern "C" fn(u32) -> cudarc[c8bb39238d47013f]::driver::sys::cudaError_enum>>::get_or_init<cudarc[c8bb39238d47013f]::driver::sys::cuInit::{closure#0}>::{closure#0}, !>
[INFO] [stdout]   18:     0x6254b6daadcc - <cudarc[c8bb39238d47013f]::driver::safe::core::CudaContext>::device_count
[INFO] [stdout]   19:     0x6254b6d4151d - tropical_gemm_cuda[96f930092b3f923]::get_global_context
[INFO] [stdout]   20:     0x6254b6d572b1 - <tropical_gemm_cuda[96f930092b3f923]::gpu_mat::tests::test_gpu_mat_batched_with_argmax::{closure#0} as core[a373ad73a504971]::ops::function::FnOnce<()>>::call_once
[INFO] [stdout]   21:     0x6254b6d623cb - test[aada8e7e76ba119b]::__rust_begin_short_backtrace::<core[a373ad73a504971]::result::Result<(), alloc[2e1b2a31b91974c5]::string::String>, fn() -> core[a373ad73a504971]::result::Result<(), alloc[2e1b2a31b91974c5]::string::String>>
[INFO] [stdout]   22:     0x6254b6d6f5a5 - test[aada8e7e76ba119b]::run_test::{closure#0}
[INFO] [stdout]   23:     0x6254b6d68e94 - std[617be2ca0a6fd877]::sys::backtrace::__rust_begin_short_backtrace::<test[aada8e7e76ba119b]::run_test::{closure#1}, ()>
[INFO] [stdout]   24:     0x6254b6d72632 - <std[617be2ca0a6fd877]::thread::lifecycle::spawn_unchecked<test[aada8e7e76ba119b]::run_test::{closure#1}, ()>::{closure#1} as core[a373ad73a504971]::ops::function::FnOnce<()>>::call_once::{shim:vtable#0}
[INFO] [stdout]   25:     0x6254b6de492f - <std[617be2ca0a6fd877]::sys::thread::unix::Thread>::new::thread_start
[INFO] [stdout]   26:     0x7de8461e3dfa - <unknown>
[INFO] [stdout]   27:     0x7de8462773d4 - clone
[INFO] [stdout]   28:                0x0 - <unknown>
[INFO] [stdout] 
[INFO] [stdout] ---- gpu_mat::tests::test_gpu_mat_batched stdout ----
[INFO] [stdout] 
[INFO] [stdout] thread 'gpu_mat::tests::test_gpu_mat_batched' (1410) panicked at /opt/rustwide/cargo-home/registry/src/index.crates.io-1949cf8c6b5b557f/cudarc-0.19.7/src/lib.rs:200:5:
[INFO] [stdout] Unable to dynamically load the "cuda" shared library - searched for library names: ["libcuda.so", "libcuda64.so", "libcuda64_13.so", "libcuda64_132.so", "libcuda64_132_0.so", "libcuda64_130_2.so", "libcuda64_10.so", "libcuda64_11.so", "libcuda64_12.so", "libcuda64_130_0.so", "libcuda64_9.so", "libcuda.so.13", "libcuda.so.12", "libcuda.so.11", "libcuda.so.10", "libcuda.so.9", "libcuda.so.1", "libnvcuda.so", "libnvcuda64.so", "libnvcuda64_13.so", "libnvcuda64_132.so", "libnvcuda64_132_0.so", "libnvcuda64_130_2.so", "libnvcuda64_10.so", "libnvcuda64_11.so", "libnvcuda64_12.so", "libnvcuda64_130_0.so", "libnvcuda64_9.so", "libnvcuda.so.13", "libnvcuda.so.12", "libnvcuda.so.11", "libnvcuda.so.10", "libnvcuda.so.9", "libnvcuda.so.1"]. Ensure that `LD_LIBRARY_PATH` has the correct path to the installed library. If the shared library is present on the system under a different name than one of those listed above, please open a GitHub issue.
[INFO] [stdout] stack backtrace:
[INFO] [stdout]    0:     0x6254b6de53e1 - <<std[617be2ca0a6fd877]::sys::backtrace::BacktraceLock>::print::DisplayBacktrace as core[a373ad73a504971]::fmt::Display>::fmt
[INFO] [stdout]    1:     0x6254b6dfa7ea - core[a373ad73a504971]::fmt::write
[INFO] [stdout]    2:     0x6254b6de95fc - <alloc[2e1b2a31b91974c5]::vec::Vec<u8> as core[a373ad73a504971]::io::write::Write>::write_fmt
[INFO] [stdout]    3:     0x6254b6dc0496 - std[617be2ca0a6fd877]::panicking::default_hook::{closure#0}
[INFO] [stdout]    4:     0x6254b6ddd529 - std[617be2ca0a6fd877]::panicking::default_hook
[INFO] [stdout]    5:     0x6254b6d6ef80 - test[aada8e7e76ba119b]::test_main_inner::{closure#0}
[INFO] [stdout]    6:     0x6254b6ddd6e2 - std[617be2ca0a6fd877]::panicking::panic_with_hook
[INFO] [stdout]    7:     0x6254b6dc0542 - std[617be2ca0a6fd877]::panicking::panic_handler::{closure#0}
[INFO] [stdout]    8:     0x6254b6db8f49 - std[617be2ca0a6fd877]::sys::backtrace::__rust_end_short_backtrace::<std[617be2ca0a6fd877]::panicking::panic_handler::{closure#0}, !>
[INFO] [stdout]    9:     0x6254b6dc123d - __rustc[ea4f61d10b84890b]::rust_begin_unwind
[INFO] [stdout]   10:     0x6254b6dfaf1c - core[a373ad73a504971]::panicking::panic_fmt
[INFO] [stdout]   11:     0x6254b6da719d - cudarc[c8bb39238d47013f]::panic_no_lib_found::<alloc[2e1b2a31b91974c5]::string::String>
[INFO] [stdout]   12:     0x6254b6da5519 - <std[617be2ca0a6fd877]::sync::once::Once>::call_once_force::<<std[617be2ca0a6fd877]::sync::once_lock::OnceLock<libloading[5874b2d83421ad98]::safe::Library>>::initialize<<std[617be2ca0a6fd877]::sync::once_lock::OnceLock<libloading[5874b2d83421ad98]::safe::Library>>::get_or_init<cudarc[c8bb39238d47013f]::driver::sys::culib::{closure#0}>::{closure#0}, !>::{closure#0}>::{closure#0}
[INFO] [stdout]   13:     0x6254b6dc6169 - <std[617be2ca0a6fd877]::sys::sync::once::futex::Once>::call
[INFO] [stdout]   14:     0x6254b6da376a - <std[617be2ca0a6fd877]::sync::once_lock::OnceLock<libloading[5874b2d83421ad98]::safe::Library>>::initialize::<<std[617be2ca0a6fd877]::sync::once_lock::OnceLock<libloading[5874b2d83421ad98]::safe::Library>>::get_or_init<cudarc[c8bb39238d47013f]::driver::sys::culib::{closure#0}>::{closure#0}, !>
[INFO] [stdout]   15:     0x6254b6da4ec3 - <std[617be2ca0a6fd877]::sync::once::Once>::call_once_force::<<std[617be2ca0a6fd877]::sync::once_lock::OnceLock<unsafe extern "C" fn(u32) -> cudarc[c8bb39238d47013f]::driver::sys::cudaError_enum>>::initialize<<std[617be2ca0a6fd877]::sync::once_lock::OnceLock<unsafe extern "C" fn(u32) -> cudarc[c8bb39238d47013f]::driver::sys::cudaError_enum>>::get_or_init<cudarc[c8bb39238d47013f]::driver::sys::cuInit::{closure#0}>::{closure#0}, !>::{closure#0}>::{closure#0}
[INFO] [stdout]   16:     0x6254b6dc6169 - <std[617be2ca0a6fd877]::sys::sync::once::futex::Once>::call
[INFO] [stdout]   17:     0x6254b6da35cc - <std[617be2ca0a6fd877]::sync::once_lock::OnceLock<unsafe extern "C" fn(u32) -> cudarc[c8bb39238d47013f]::driver::sys::cudaError_enum>>::initialize::<<std[617be2ca0a6fd877]::sync::once_lock::OnceLock<unsafe extern "C" fn(u32) -> cudarc[c8bb39238d47013f]::driver::sys::cudaError_enum>>::get_or_init<cudarc[c8bb39238d47013f]::driver::sys::cuInit::{closure#0}>::{closure#0}, !>
[INFO] [stdout]   18:     0x6254b6daadcc - <cudarc[c8bb39238d47013f]::driver::safe::core::CudaContext>::device_count
[INFO] [stdout]   19:     0x6254b6d4151d - tropical_gemm_cuda[96f930092b3f923]::get_global_context
[INFO] [stdout]   20:     0x6254b6d54981 - <tropical_gemm_cuda[96f930092b3f923]::gpu_mat::tests::test_gpu_mat_batched::{closure#0} as core[a373ad73a504971]::ops::function::FnOnce<()>>::call_once
[INFO] [stdout]   21:     0x6254b6d623cb - test[aada8e7e76ba119b]::__rust_begin_short_backtrace::<core[a373ad73a504971]::result::Result<(), alloc[2e1b2a31b91974c5]::string::String>, fn() -> core[a373ad73a504971]::result::Result<(), alloc[2e1b2a31b91974c5]::string::String>>
[INFO] [stdout]   22:     0x6254b6d6f5a5 - test[aada8e7e76ba119b]::run_test::{closure#0}
[INFO] [stdout]   23:     0x6254b6d68e94 - std[617be2ca0a6fd877]::sys::backtrace::__rust_begin_short_backtrace::<test[aada8e7e76ba119b]::run_test::{closure#1}, ()>
[INFO] [stdout]   24:     0x6254b6d72632 - <std[617be2ca0a6fd877]::thread::lifecycle::spawn_unchecked<test[aada8e7e76ba119b]::run_test::{closure#1}, ()>::{closure#1} as core[a373ad73a504971]::ops::function::FnOnce<()>>::call_once::{shim:vtable#0}
[INFO] [stdout]   25:     0x6254b6de492f - <std[617be2ca0a6fd877]::sys::thread::unix::Thread>::new::thread_start
[INFO] [stdout]   26:     0x7de8461e3dfa - <unknown>
[INFO] [stdout]   27:     0x7de8462773d4 - clone
[INFO] [stdout]   28:                0x0 - <unknown>
[INFO] [stdout] 
[INFO] [stdout] ---- gpu_mat::tests::test_gpu_mat_minplus stdout ----
[INFO] [stdout] 
[INFO] [stdout] thread 'gpu_mat::tests::test_gpu_mat_minplus' (1415) panicked at /opt/rustwide/cargo-home/registry/src/index.crates.io-1949cf8c6b5b557f/cudarc-0.19.7/src/lib.rs:200:5:
[INFO] [stdout] Unable to dynamically load the "cuda" shared library - searched for library names: ["libcuda.so", "libcuda64.so", "libcuda64_13.so", "libcuda64_132.so", "libcuda64_132_0.so", "libcuda64_130_2.so", "libcuda64_10.so", "libcuda64_11.so", "libcuda64_12.so", "libcuda64_130_0.so", "libcuda64_9.so", "libcuda.so.13", "libcuda.so.12", "libcuda.so.11", "libcuda.so.10", "libcuda.so.9", "libcuda.so.1", "libnvcuda.so", "libnvcuda64.so", "libnvcuda64_13.so", "libnvcuda64_132.so", "libnvcuda64_132_0.so", "libnvcuda64_130_2.so", "libnvcuda64_10.so", "libnvcuda64_11.so", "libnvcuda64_12.so", "libnvcuda64_130_0.so", "libnvcuda64_9.so", "libnvcuda.so.13", "libnvcuda.so.12", "libnvcuda.so.11", "libnvcuda.so.10", "libnvcuda.so.9", "libnvcuda.so.1"]. Ensure that `LD_LIBRARY_PATH` has the correct path to the installed library. If the shared library is present on the system under a different name than one of those listed above, please open a GitHub issue.
[INFO] [stdout] stack backtrace:
[INFO] [stdout]    0:     0x6254b6de53e1 - <<std[617be2ca0a6fd877]::sys::backtrace::BacktraceLock>::print::DisplayBacktrace as core[a373ad73a504971]::fmt::Display>::fmt
[INFO] [stdout]    1:     0x6254b6dfa7ea - core[a373ad73a504971]::fmt::write
[INFO] [stdout]    2:     0x6254b6de95fc - <alloc[2e1b2a31b91974c5]::vec::Vec<u8> as core[a373ad73a504971]::io::write::Write>::write_fmt
[INFO] [stdout]    3:     0x6254b6dc0496 - std[617be2ca0a6fd877]::panicking::default_hook::{closure#0}
[INFO] [stdout]    4:     0x6254b6ddd529 - std[617be2ca0a6fd877]::panicking::default_hook
[INFO] [stdout]    5:     0x6254b6d6ef80 - test[aada8e7e76ba119b]::test_main_inner::{closure#0}
[INFO] [stdout]    6:     0x6254b6ddd6e2 - std[617be2ca0a6fd877]::panicking::panic_with_hook
[INFO] [stdout]    7:     0x6254b6dc0542 - std[617be2ca0a6fd877]::panicking::panic_handler::{closure#0}
[INFO] [stdout]    8:     0x6254b6db8f49 - std[617be2ca0a6fd877]::sys::backtrace::__rust_end_short_backtrace::<std[617be2ca0a6fd877]::panicking::panic_handler::{closure#0}, !>
[INFO] [stdout]    9:     0x6254b6dc123d - __rustc[ea4f61d10b84890b]::rust_begin_unwind
[INFO] [stdout]   10:     0x6254b6dfaf1c - core[a373ad73a504971]::panicking::panic_fmt
[INFO] [stdout]   11:     0x6254b6da719d - cudarc[c8bb39238d47013f]::panic_no_lib_found::<alloc[2e1b2a31b91974c5]::string::String>
[INFO] [stdout]   12:     0x6254b6da5519 - <std[617be2ca0a6fd877]::sync::once::Once>::call_once_force::<<std[617be2ca0a6fd877]::sync::once_lock::OnceLock<libloading[5874b2d83421ad98]::safe::Library>>::initialize<<std[617be2ca0a6fd877]::sync::once_lock::OnceLock<libloading[5874b2d83421ad98]::safe::Library>>::get_or_init<cudarc[c8bb39238d47013f]::driver::sys::culib::{closure#0}>::{closure#0}, !>::{closure#0}>::{closure#0}
[INFO] [stdout]   13:     0x6254b6dc6169 - <std[617be2ca0a6fd877]::sys::sync::once::futex::Once>::call
[INFO] [stdout]   14:     0x6254b6da376a - <std[617be2ca0a6fd877]::sync::once_lock::OnceLock<libloading[5874b2d83421ad98]::safe::Library>>::initialize::<<std[617be2ca0a6fd877]::sync::once_lock::OnceLock<libloading[5874b2d83421ad98]::safe::Library>>::get_or_init<cudarc[c8bb39238d47013f]::driver::sys::culib::{closure#0}>::{closure#0}, !>
[INFO] [stdout]   15:     0x6254b6da4ec3 - <std[617be2ca0a6fd877]::sync::once::Once>::call_once_force::<<std[617be2ca0a6fd877]::sync::once_lock::OnceLock<unsafe extern "C" fn(u32) -> cudarc[c8bb39238d47013f]::driver::sys::cudaError_enum>>::initialize<<std[617be2ca0a6fd877]::sync::once_lock::OnceLock<unsafe extern "C" fn(u32) -> cudarc[c8bb39238d47013f]::driver::sys::cudaError_enum>>::get_or_init<cudarc[c8bb39238d47013f]::driver::sys::cuInit::{closure#0}>::{closure#0}, !>::{closure#0}>::{closure#0}
[INFO] [stdout]   16:     0x6254b6dc6169 - <std[617be2ca0a6fd877]::sys::sync::once::futex::Once>::call
[INFO] [stdout]   17:     0x6254b6da35cc - <std[617be2ca0a6fd877]::sync::once_lock::OnceLock<unsafe extern "C" fn(u32) -> cudarc[c8bb39238d47013f]::driver::sys::cudaError_enum>>::initialize::<<std[617be2ca0a6fd877]::sync::once_lock::OnceLock<unsafe extern "C" fn(u32) -> cudarc[c8bb39238d47013f]::driver::sys::cudaError_enum>>::get_or_init<cudarc[c8bb39238d47013f]::driver::sys::cuInit::{closure#0}>::{closure#0}, !>
[INFO] [stdout]   18:     0x6254b6daadcc - <cudarc[c8bb39238d47013f]::driver::safe::core::CudaContext>::device_count
[INFO] [stdout]   19:     0x6254b6d4151d - tropical_gemm_cuda[96f930092b3f923]::get_global_context
[INFO] [stdout]   20:     0x6254b6d555c8 - <tropical_gemm_cuda[96f930092b3f923]::gpu_mat::tests::test_gpu_mat_minplus::{closure#0} as core[a373ad73a504971]::ops::function::FnOnce<()>>::call_once
[INFO] [stdout]   21:     0x6254b6d623cb - test[aada8e7e76ba119b]::__rust_begin_short_backtrace::<core[a373ad73a504971]::result::Result<(), alloc[2e1b2a31b91974c5]::string::String>, fn() -> core[a373ad73a504971]::result::Result<(), alloc[2e1b2a31b91974c5]::string::String>>
[INFO] [stdout]   22:     0x6254b6d6f5a5 - test[aada8e7e76ba119b]::run_test::{closure#0}
[INFO] [stdout]   23:     0x6254b6d68e94 - std[617be2ca0a6fd877]::sys::backtrace::__rust_begin_short_backtrace::<test[aada8e7e76ba119b]::run_test::{closure#1}, ()>
[INFO] [stdout]   24:     0x6254b6d72632 - <std[617be2ca0a6fd877]::thread::lifecycle::spawn_unchecked<test[aada8e7e76ba119b]::run_test::{closure#1}, ()>::{closure#1} as core[a373ad73a504971]::ops::function::FnOnce<()>>::call_once::{shim:vtable#0}
[INFO] [stdout]   25:     0x6254b6de492f - <std[617be2ca0a6fd877]::sys::thread::unix::Thread>::new::thread_start
[INFO] [stdout]   26:     0x7de8461e3dfa - <unknown>
[INFO] [stdout]   27:     0x7de8462773d4 - clone
[INFO] [stdout]   28:                0x0 - <unknown>
[INFO] [stdout] 
[INFO] [stdout] ---- gpu_mat::tests::test_gpu_mat_basic stdout ----
[INFO] [stdout] 
[INFO] [stdout] thread 'gpu_mat::tests::test_gpu_mat_basic' (1409) panicked at /opt/rustwide/cargo-home/registry/src/index.crates.io-1949cf8c6b5b557f/cudarc-0.19.7/src/lib.rs:200:5:
[INFO] [stdout] Unable to dynamically load the "cuda" shared library - searched for library names: ["libcuda.so", "libcuda64.so", "libcuda64_13.so", "libcuda64_132.so", "libcuda64_132_0.so", "libcuda64_130_2.so", "libcuda64_10.so", "libcuda64_11.so", "libcuda64_12.so", "libcuda64_130_0.so", "libcuda64_9.so", "libcuda.so.13", "libcuda.so.12", "libcuda.so.11", "libcuda.so.10", "libcuda.so.9", "libcuda.so.1", "libnvcuda.so", "libnvcuda64.so", "libnvcuda64_13.so", "libnvcuda64_132.so", "libnvcuda64_132_0.so", "libnvcuda64_130_2.so", "libnvcuda64_10.so", "libnvcuda64_11.so", "libnvcuda64_12.so", "libnvcuda64_130_0.so", "libnvcuda64_9.so", "libnvcuda.so.13", "libnvcuda.so.12", "libnvcuda.so.11", "libnvcuda.so.10", "libnvcuda.so.9", "libnvcuda.so.1"]. Ensure that `LD_LIBRARY_PATH` has the correct path to the installed library. If the shared library is present on the system under a different name than one of those listed above, please open a GitHub issue.
[INFO] [stdout] stack backtrace:
[INFO] [stdout]    0:     0x6254b6de53e1 - <<std[617be2ca0a6fd877]::sys::backtrace::BacktraceLock>::print::DisplayBacktrace as core[a373ad73a504971]::fmt::Display>::fmt
[INFO] [stdout]    1:     0x6254b6dfa7ea - core[a373ad73a504971]::fmt::write
[INFO] [stdout]    2:     0x6254b6de95fc - <alloc[2e1b2a31b91974c5]::vec::Vec<u8> as core[a373ad73a504971]::io::write::Write>::write_fmt
[INFO] [stdout]    3:     0x6254b6dc0496 - std[617be2ca0a6fd877]::panicking::default_hook::{closure#0}
[INFO] [stdout]    4:     0x6254b6ddd529 - std[617be2ca0a6fd877]::panicking::default_hook
[INFO] [stdout]    5:     0x6254b6d6ef80 - test[aada8e7e76ba119b]::test_main_inner::{closure#0}
[INFO] [stdout]    6:     0x6254b6ddd6e2 - std[617be2ca0a6fd877]::panicking::panic_with_hook
[INFO] [stdout]    7:     0x6254b6dc0542 - std[617be2ca0a6fd877]::panicking::panic_handler::{closure#0}
[INFO] [stdout]    8:     0x6254b6db8f49 - std[617be2ca0a6fd877]::sys::backtrace::__rust_end_short_backtrace::<std[617be2ca0a6fd877]::panicking::panic_handler::{closure#0}, !>
[INFO] [stdout]    9:     0x6254b6dc123d - __rustc[ea4f61d10b84890b]::rust_begin_unwind
[INFO] [stdout]   10:     0x6254b6dfaf1c - core[a373ad73a504971]::panicking::panic_fmt
[INFO] [stdout]   11:     0x6254b6da719d - cudarc[c8bb39238d47013f]::panic_no_lib_found::<alloc[2e1b2a31b91974c5]::string::String>
[INFO] [stdout]   12:     0x6254b6da5519 - <std[617be2ca0a6fd877]::sync::once::Once>::call_once_force::<<std[617be2ca0a6fd877]::sync::once_lock::OnceLock<libloading[5874b2d83421ad98]::safe::Library>>::initialize<<std[617be2ca0a6fd877]::sync::once_lock::OnceLock<libloading[5874b2d83421ad98]::safe::Library>>::get_or_init<cudarc[c8bb39238d47013f]::driver::sys::culib::{closure#0}>::{closure#0}, !>::{closure#0}>::{closure#0}
[INFO] [stdout]   13:     0x6254b6dc6169 - <std[617be2ca0a6fd877]::sys::sync::once::futex::Once>::call
[INFO] [stdout]   14:     0x6254b6da376a - <std[617be2ca0a6fd877]::sync::once_lock::OnceLock<libloading[5874b2d83421ad98]::safe::Library>>::initialize::<<std[617be2ca0a6fd877]::sync::once_lock::OnceLock<libloading[5874b2d83421ad98]::safe::Library>>::get_or_init<cudarc[c8bb39238d47013f]::driver::sys::culib::{closure#0}>::{closure#0}, !>
[INFO] [stdout]   15:     0x6254b6da4ec3 - <std[617be2ca0a6fd877]::sync::once::Once>::call_once_force::<<std[617be2ca0a6fd877]::sync::once_lock::OnceLock<unsafe extern "C" fn(u32) -> cudarc[c8bb39238d47013f]::driver::sys::cudaError_enum>>::initialize<<std[617be2ca0a6fd877]::sync::once_lock::OnceLock<unsafe extern "C" fn(u32) -> cudarc[c8bb39238d47013f]::driver::sys::cudaError_enum>>::get_or_init<cudarc[c8bb39238d47013f]::driver::sys::cuInit::{closure#0}>::{closure#0}, !>::{closure#0}>::{closure#0}
[INFO] [stdout]   16:     0x6254b6dc6169 - <std[617be2ca0a6fd877]::sys::sync::once::futex::Once>::call
[INFO] [stdout]   17:     0x6254b6da35cc - <std[617be2ca0a6fd877]::sync::once_lock::OnceLock<unsafe extern "C" fn(u32) -> cudarc[c8bb39238d47013f]::driver::sys::cudaError_enum>>::initialize::<<std[617be2ca0a6fd877]::sync::once_lock::OnceLock<unsafe extern "C" fn(u32) -> cudarc[c8bb39238d47013f]::driver::sys::cudaError_enum>>::get_or_init<cudarc[c8bb39238d47013f]::driver::sys::cuInit::{closure#0}>::{closure#0}, !>
[INFO] [stdout]   18:     0x6254b6daadcc - <cudarc[c8bb39238d47013f]::driver::safe::core::CudaContext>::device_count
[INFO] [stdout]   19:     0x6254b6d4151d - tropical_gemm_cuda[96f930092b3f923]::get_global_context
[INFO] [stdout]   20:     0x6254b6d53fba - <tropical_gemm_cuda[96f930092b3f923]::gpu_mat::tests::test_gpu_mat_basic::{closure#0} as core[a373ad73a504971]::ops::function::FnOnce<()>>::call_once
[INFO] [stdout]   21:     0x6254b6d623cb - test[aada8e7e76ba119b]::__rust_begin_short_backtrace::<core[a373ad73a504971]::result::Result<(), alloc[2e1b2a31b91974c5]::string::String>, fn() -> core[a373ad73a504971]::result::Result<(), alloc[2e1b2a31b91974c5]::string::String>>
[INFO] [stdout]   22:     0x6254b6d6f5a5 - test[aada8e7e76ba119b]::run_test::{closure#0}
[INFO] [stdout]   23:     0x6254b6d68e94 - std[617be2ca0a6fd877]::sys::backtrace::__rust_begin_short_backtrace::<test[aada8e7e76ba119b]::run_test::{closure#1}, ()>
[INFO] [stdout]   24:     0x6254b6d72632 - <std[617be2ca0a6fd877]::thread::lifecycle::spawn_unchecked<test[aada8e7e76ba119b]::run_test::{closure#1}, ()>::{closure#1} as core[a373ad73a504971]::ops::function::FnOnce<()>>::call_once::{shim:vtable#0}
[INFO] [stdout]   25:     0x6254b6de492f - <std[617be2ca0a6fd877]::sys::thread::unix::Thread>::new::thread_start
[INFO] [stdout]   26:     0x7de8461e3dfa - <unknown>
[INFO] [stdout]   27:     0x7de8462773d4 - clone
[INFO] [stdout]   28:                0x0 - <unknown>
[INFO] [stdout] 
[INFO] [stdout] ---- gpu_mat::tests::test_gpu_mat_matmul_argmax stdout ----
[INFO] [stdout] 
[INFO] [stdout] thread 'gpu_mat::tests::test_gpu_mat_matmul_argmax' (1414) panicked at /opt/rustwide/cargo-home/registry/src/index.crates.io-1949cf8c6b5b557f/cudarc-0.19.7/src/lib.rs:200:5:
[INFO] [stdout] Unable to dynamically load the "cuda" shared library - searched for library names: ["libcuda.so", "libcuda64.so", "libcuda64_13.so", "libcuda64_132.so", "libcuda64_132_0.so", "libcuda64_130_2.so", "libcuda64_10.so", "libcuda64_11.so", "libcuda64_12.so", "libcuda64_130_0.so", "libcuda64_9.so", "libcuda.so.13", "libcuda.so.12", "libcuda.so.11", "libcuda.so.10", "libcuda.so.9", "libcuda.so.1", "libnvcuda.so", "libnvcuda64.so", "libnvcuda64_13.so", "libnvcuda64_132.so", "libnvcuda64_132_0.so", "libnvcuda64_130_2.so", "libnvcuda64_10.so", "libnvcuda64_11.so", "libnvcuda64_12.so", "libnvcuda64_130_0.so", "libnvcuda64_9.so", "libnvcuda.so.13", "libnvcuda.so.12", "libnvcuda.so.11", "libnvcuda.so.10", "libnvcuda.so.9", "libnvcuda.so.1"]. Ensure that `LD_LIBRARY_PATH` has the correct path to the installed library. If the shared library is present on the system under a different name than one of those listed above, please open a GitHub issue.
[INFO] [stdout] stack backtrace:
[INFO] [stdout]    0:     0x6254b6de53e1 - <<std[617be2ca0a6fd877]::sys::backtrace::BacktraceLock>::print::DisplayBacktrace as core[a373ad73a504971]::fmt::Display>::fmt
[INFO] [stdout]    1:     0x6254b6dfa7ea - core[a373ad73a504971]::fmt::write
[INFO] [stdout]    2:     0x6254b6de95fc - <alloc[2e1b2a31b91974c5]::vec::Vec<u8> as core[a373ad73a504971]::io::write::Write>::write_fmt
[INFO] [stdout]    3:     0x6254b6dc0496 - std[617be2ca0a6fd877]::panicking::default_hook::{closure#0}
[INFO] [stdout]    4:     0x6254b6ddd529 - std[617be2ca0a6fd877]::panicking::default_hook
[INFO] [stdout]    5:     0x6254b6d6ef80 - test[aada8e7e76ba119b]::test_main_inner::{closure#0}
[INFO] [stdout]    6:     0x6254b6ddd6e2 - std[617be2ca0a6fd877]::panicking::panic_with_hook
[INFO] [stdout]    7:     0x6254b6dc0542 - std[617be2ca0a6fd877]::panicking::panic_handler::{closure#0}
[INFO] [stdout]    8:     0x6254b6db8f49 - std[617be2ca0a6fd877]::sys::backtrace::__rust_end_short_backtrace::<std[617be2ca0a6fd877]::panicking::panic_handler::{closure#0}, !>
[INFO] [stdout]    9:     0x6254b6dc123d - __rustc[ea4f61d10b84890b]::rust_begin_unwind
[INFO] [stdout]   10:     0x6254b6dfaf1c - core[a373ad73a504971]::panicking::panic_fmt
[INFO] [stdout]   11:     0x6254b6da719d - cudarc[c8bb39238d47013f]::panic_no_lib_found::<alloc[2e1b2a31b91974c5]::string::String>
[INFO] [stdout]   12:     0x6254b6da5519 - <std[617be2ca0a6fd877]::sync::once::Once>::call_once_force::<<std[617be2ca0a6fd877]::sync::once_lock::OnceLock<libloading[5874b2d83421ad98]::safe::Library>>::initialize<<std[617be2ca0a6fd877]::sync::once_lock::OnceLock<libloading[5874b2d83421ad98]::safe::Library>>::get_or_init<cudarc[c8bb39238d47013f]::driver::sys::culib::{closure#0}>::{closure#0}, !>::{closure#0}>::{closure#0}
[INFO] [stdout]   13:     0x6254b6dc6169 - <std[617be2ca0a6fd877]::sys::sync::once::futex::Once>::call
[INFO] [stdout]   14:     0x6254b6da376a - <std[617be2ca0a6fd877]::sync::once_lock::OnceLock<libloading[5874b2d83421ad98]::safe::Library>>::initialize::<<std[617be2ca0a6fd877]::sync::once_lock::OnceLock<libloading[5874b2d83421ad98]::safe::Library>>::get_or_init<cudarc[c8bb39238d47013f]::driver::sys::culib::{closure#0}>::{closure#0}, !>
[INFO] [stdout]   15:     0x6254b6da4ec3 - <std[617be2ca0a6fd877]::sync::once::Once>::call_once_force::<<std[617be2ca0a6fd877]::sync::once_lock::OnceLock<unsafe extern "C" fn(u32) -> cudarc[c8bb39238d47013f]::driver::sys::cudaError_enum>>::initialize<<std[617be2ca0a6fd877]::sync::once_lock::OnceLock<unsafe extern "C" fn(u32) -> cudarc[c8bb39238d47013f]::driver::sys::cudaError_enum>>::get_or_init<cudarc[c8bb39238d47013f]::driver::sys::cuInit::{closure#0}>::{closure#0}, !>::{closure#0}>::{closure#0}
[INFO] [stdout]   16:     0x6254b6dc6169 - <std[617be2ca0a6fd877]::sys::sync::once::futex::Once>::call
[INFO] [stdout]   17:     0x6254b6da35cc - <std[617be2ca0a6fd877]::sync::once_lock::OnceLock<unsafe extern "C" fn(u32) -> cudarc[c8bb39238d47013f]::driver::sys::cudaError_enum>>::initialize::<<std[617be2ca0a6fd877]::sync::once_lock::OnceLock<unsafe extern "C" fn(u32) -> cudarc[c8bb39238d47013f]::driver::sys::cudaError_enum>>::get_or_init<cudarc[c8bb39238d47013f]::driver::sys::cuInit::{closure#0}>::{closure#0}, !>
[INFO] [stdout]   18:     0x6254b6daadcc - <cudarc[c8bb39238d47013f]::driver::safe::core::CudaContext>::device_count
[INFO] [stdout]   19:     0x6254b6d4151d - tropical_gemm_cuda[96f930092b3f923]::get_global_context
[INFO] [stdout]   20:     0x6254b6d56c7c - <tropical_gemm_cuda[96f930092b3f923]::gpu_mat::tests::test_gpu_mat_matmul_argmax::{closure#0} as core[a373ad73a504971]::ops::function::FnOnce<()>>::call_once
[INFO] [stdout]   21:     0x6254b6d623cb - test[aada8e7e76ba119b]::__rust_begin_short_backtrace::<core[a373ad73a504971]::result::Result<(), alloc[2e1b2a31b91974c5]::string::String>, fn() -> core[a373ad73a504971]::result::Result<(), alloc[2e1b2a31b91974c5]::string::String>>
[INFO] [stdout]   22:     0x6254b6d6f5a5 - test[aada8e7e76ba119b]::run_test::{closure#0}
[INFO] [stdout]   23:     0x6254b6d68e94 - std[617be2ca0a6fd877]::sys::backtrace::__rust_begin_short_backtrace::<test[aada8e7e76ba119b]::run_test::{closure#1}, ()>
[INFO] [stdout]   24:     0x6254b6d72632 - <std[617be2ca0a6fd877]::thread::lifecycle::spawn_unchecked<test[aada8e7e76ba119b]::run_test::{closure#1}, ()>::{closure#1} as core[a373ad73a504971]::ops::function::FnOnce<()>>::call_once::{shim:vtable#0}
[INFO] [stdout]   25:     0x6254b6de492f - <std[617be2ca0a6fd877]::sys::thread::unix::Thread>::new::thread_start
[INFO] [stdout]   26:     0x7de8461e3dfa - <unknown>
[INFO] [stdout]   27:     0x7de8462773d4 - clone
[INFO] [stdout]   28:                0x0 - <unknown>
[INFO] [stdout] 
[INFO] [stdout] ---- gpu_mat::tests::test_gpu_mat_backward_a stdout ----
[INFO] [stdout] 
[INFO] [stdout] thread 'gpu_mat::tests::test_gpu_mat_backward_a' (1407) panicked at /opt/rustwide/cargo-home/registry/src/index.crates.io-1949cf8c6b5b557f/cudarc-0.19.7/src/lib.rs:200:5:
[INFO] [stdout] Unable to dynamically load the "cuda" shared library - searched for library names: ["libcuda.so", "libcuda64.so", "libcuda64_13.so", "libcuda64_132.so", "libcuda64_132_0.so", "libcuda64_130_2.so", "libcuda64_10.so", "libcuda64_11.so", "libcuda64_12.so", "libcuda64_130_0.so", "libcuda64_9.so", "libcuda.so.13", "libcuda.so.12", "libcuda.so.11", "libcuda.so.10", "libcuda.so.9", "libcuda.so.1", "libnvcuda.so", "libnvcuda64.so", "libnvcuda64_13.so", "libnvcuda64_132.so", "libnvcuda64_132_0.so", "libnvcuda64_130_2.so", "libnvcuda64_10.so", "libnvcuda64_11.so", "libnvcuda64_12.so", "libnvcuda64_130_0.so", "libnvcuda64_9.so", "libnvcuda.so.13", "libnvcuda.so.12", "libnvcuda.so.11", "libnvcuda.so.10", "libnvcuda.so.9", "libnvcuda.so.1"]. Ensure that `LD_LIBRARY_PATH` has the correct path to the installed library. If the shared library is present on the system under a different name than one of those listed above, please open a GitHub issue.
[INFO] [stdout] stack backtrace:
[INFO] [stdout]    0:     0x6254b6de53e1 - <<std[617be2ca0a6fd877]::sys::backtrace::BacktraceLock>::print::DisplayBacktrace as core[a373ad73a504971]::fmt::Display>::fmt
[INFO] [stdout]    1:     0x6254b6dfa7ea - core[a373ad73a504971]::fmt::write
[INFO] [stdout]    2:     0x6254b6de95fc - <alloc[2e1b2a31b91974c5]::vec::Vec<u8> as core[a373ad73a504971]::io::write::Write>::write_fmt
[INFO] [stdout]    3:     0x6254b6dc0496 - std[617be2ca0a6fd877]::panicking::default_hook::{closure#0}
[INFO] [stdout]    4:     0x6254b6ddd529 - std[617be2ca0a6fd877]::panicking::default_hook
[INFO] [stdout]    5:     0x6254b6d6ef80 - test[aada8e7e76ba119b]::test_main_inner::{closure#0}
[INFO] [stdout]    6:     0x6254b6ddd6e2 - std[617be2ca0a6fd877]::panicking::panic_with_hook
[INFO] [stdout]    7:     0x6254b6dc0542 - std[617be2ca0a6fd877]::panicking::panic_handler::{closure#0}
[INFO] [stdout]    8:     0x6254b6db8f49 - std[617be2ca0a6fd877]::sys::backtrace::__rust_end_short_backtrace::<std[617be2ca0a6fd877]::panicking::panic_handler::{closure#0}, !>
[INFO] [stdout]    9:     0x6254b6dc123d - __rustc[ea4f61d10b84890b]::rust_begin_unwind
[INFO] [stdout]   10:     0x6254b6dfaf1c - core[a373ad73a504971]::panicking::panic_fmt
[INFO] [stdout]   11:     0x6254b6da719d - cudarc[c8bb39238d47013f]::panic_no_lib_found::<alloc[2e1b2a31b91974c5]::string::String>
[INFO] [stdout]   12:     0x6254b6da5519 - <std[617be2ca0a6fd877]::sync::once::Once>::call_once_force::<<std[617be2ca0a6fd877]::sync::once_lock::OnceLock<libloading[5874b2d83421ad98]::safe::Library>>::initialize<<std[617be2ca0a6fd877]::sync::once_lock::OnceLock<libloading[5874b2d83421ad98]::safe::Library>>::get_or_init<cudarc[c8bb39238d47013f]::driver::sys::culib::{closure#0}>::{closure#0}, !>::{closure#0}>::{closure#0}
[INFO] [stdout]   13:     0x6254b6dc6169 - <std[617be2ca0a6fd877]::sys::sync::once::futex::Once>::call
[INFO] [stdout]   14:     0x6254b6da376a - <std[617be2ca0a6fd877]::sync::once_lock::OnceLock<libloading[5874b2d83421ad98]::safe::Library>>::initialize::<<std[617be2ca0a6fd877]::sync::once_lock::OnceLock<libloading[5874b2d83421ad98]::safe::Library>>::get_or_init<cudarc[c8bb39238d47013f]::driver::sys::culib::{closure#0}>::{closure#0}, !>
[INFO] [stdout]   15:     0x6254b6da4ec3 - <std[617be2ca0a6fd877]::sync::once::Once>::call_once_force::<<std[617be2ca0a6fd877]::sync::once_lock::OnceLock<unsafe extern "C" fn(u32) -> cudarc[c8bb39238d47013f]::driver::sys::cudaError_enum>>::initialize<<std[617be2ca0a6fd877]::sync::once_lock::OnceLock<unsafe extern "C" fn(u32) -> cudarc[c8bb39238d47013f]::driver::sys::cudaError_enum>>::get_or_init<cudarc[c8bb39238d47013f]::driver::sys::cuInit::{closure#0}>::{closure#0}, !>::{closure#0}>::{closure#0}
[INFO] [stdout]   16:     0x6254b6dc6169 - <std[617be2ca0a6fd877]::sys::sync::once::futex::Once>::call
[INFO] [stdout]   17:     0x6254b6da35cc - <std[617be2ca0a6fd877]::sync::once_lock::OnceLock<unsafe extern "C" fn(u32) -> cudarc[c8bb39238d47013f]::driver::sys::cudaError_enum>>::initialize::<<std[617be2ca0a6fd877]::sync::once_lock::OnceLock<unsafe extern "C" fn(u32) -> cudarc[c8bb39238d47013f]::driver::sys::cudaError_enum>>::get_or_init<cudarc[c8bb39238d47013f]::driver::sys::cuInit::{closure#0}>::{closure#0}, !>
[INFO] [stdout]   18:     0x6254b6daadcc - <cudarc[c8bb39238d47013f]::driver::safe::core::CudaContext>::device_count
[INFO] [stdout]   19:     0x6254b6d4151d - tropical_gemm_cuda[96f930092b3f923]::get_global_context
[INFO] [stdout]   20:     0x6254b6d55b5c - <tropical_gemm_cuda[96f930092b3f923]::gpu_mat::tests::test_gpu_mat_backward_a::{closure#0} as core[a373ad73a504971]::ops::function::FnOnce<()>>::call_once
[INFO] [stdout]   21:     0x6254b6d623cb - test[aada8e7e76ba119b]::__rust_begin_short_backtrace::<core[a373ad73a504971]::result::Result<(), alloc[2e1b2a31b91974c5]::string::String>, fn() -> core[a373ad73a504971]::result::Result<(), alloc[2e1b2a31b91974c5]::string::String>>
[INFO] [stdout]   22:     0x6254b6d6f5a5 - test[aada8e7e76ba119b]::run_test::{closure#0}
[INFO] [stdout]   23:     0x6254b6d68e94 - std[617be2ca0a6fd877]::sys::backtrace::__rust_begin_short_backtrace::<test[aada8e7e76ba119b]::run_test::{closure#1}, ()>
[INFO] [stdout]   24:     0x6254b6d72632 - <std[617be2ca0a6fd877]::thread::lifecycle::spawn_unchecked<test[aada8e7e76ba119b]::run_test::{closure#1}, ()>::{closure#1} as core[a373ad73a504971]::ops::function::FnOnce<()>>::call_once::{shim:vtable#0}
[INFO] [stdout]   25:     0x6254b6de492f - <std[617be2ca0a6fd877]::sys::thread::unix::Thread>::new::thread_start
[INFO] [stdout]   26:     0x7de8461e3dfa - <unknown>
[INFO] [stdout]   27:     0x7de8462773d4 - clone
[INFO] [stdout]   28:                0x0 - <unknown>
[INFO] [stdout] 
[INFO] [stdout] ---- gpu_mat::tests::test_gpu_mat_batched_empty stdout ----
[INFO] [stdout] 
[INFO] [stdout] thread 'gpu_mat::tests::test_gpu_mat_batched_empty' (1411) panicked at /opt/rustwide/cargo-home/registry/src/index.crates.io-1949cf8c6b5b557f/cudarc-0.19.7/src/lib.rs:200:5:
[INFO] [stdout] Unable to dynamically load the "cuda" shared library - searched for library names: ["libcuda.so", "libcuda64.so", "libcuda64_13.so", "libcuda64_132.so", "libcuda64_132_0.so", "libcuda64_130_2.so", "libcuda64_10.so", "libcuda64_11.so", "libcuda64_12.so", "libcuda64_130_0.so", "libcuda64_9.so", "libcuda.so.13", "libcuda.so.12", "libcuda.so.11", "libcuda.so.10", "libcuda.so.9", "libcuda.so.1", "libnvcuda.so", "libnvcuda64.so", "libnvcuda64_13.so", "libnvcuda64_132.so", "libnvcuda64_132_0.so", "libnvcuda64_130_2.so", "libnvcuda64_10.so", "libnvcuda64_11.so", "libnvcuda64_12.so", "libnvcuda64_130_0.so", "libnvcuda64_9.so", "libnvcuda.so.13", "libnvcuda.so.12", "libnvcuda.so.11", "libnvcuda.so.10", "libnvcuda.so.9", "libnvcuda.so.1"]. Ensure that `LD_LIBRARY_PATH` has the correct path to the installed library. If the shared library is present on the system under a different name than one of those listed above, please open a GitHub issue.
[INFO] [stdout] stack backtrace:
[INFO] [stdout]    0:     0x6254b6de53e1 - <<std[617be2ca0a6fd877]::sys::backtrace::BacktraceLock>::print::DisplayBacktrace as core[a373ad73a504971]::fmt::Display>::fmt
[INFO] [stdout]    1:     0x6254b6dfa7ea - core[a373ad73a504971]::fmt::write
[INFO] [stdout]    2:     0x6254b6de95fc - <alloc[2e1b2a31b91974c5]::vec::Vec<u8> as core[a373ad73a504971]::io::write::Write>::write_fmt
[INFO] [stdout]    3:     0x6254b6dc0496 - std[617be2ca0a6fd877]::panicking::default_hook::{closure#0}
[INFO] [stdout]    4:     0x6254b6ddd529 - std[617be2ca0a6fd877]::panicking::default_hook
[INFO] [stdout]    5:     0x6254b6d6ef80 - test[aada8e7e76ba119b]::test_main_inner::{closure#0}
[INFO] [stdout]    6:     0x6254b6ddd6e2 - std[617be2ca0a6fd877]::panicking::panic_with_hook
[INFO] [stdout]    7:     0x6254b6dc0542 - std[617be2ca0a6fd877]::panicking::panic_handler::{closure#0}
[INFO] [stdout]    8:     0x6254b6db8f49 - std[617be2ca0a6fd877]::sys::backtrace::__rust_end_short_backtrace::<std[617be2ca0a6fd877]::panicking::panic_handler::{closure#0}, !>
[INFO] [stdout]    9:     0x6254b6dc123d - __rustc[ea4f61d10b84890b]::rust_begin_unwind
[INFO] [stdout]   10:     0x6254b6dfaf1c - core[a373ad73a504971]::panicking::panic_fmt
[INFO] [stdout]   11:     0x6254b6da719d - cudarc[c8bb39238d47013f]::panic_no_lib_found::<alloc[2e1b2a31b91974c5]::string::String>
[INFO] [stdout]   12:     0x6254b6da5519 - <std[617be2ca0a6fd877]::sync::once::Once>::call_once_force::<<std[617be2ca0a6fd877]::sync::once_lock::OnceLock<libloading[5874b2d83421ad98]::safe::Library>>::initialize<<std[617be2ca0a6fd877]::sync::once_lock::OnceLock<libloading[5874b2d83421ad98]::safe::Library>>::get_or_init<cudarc[c8bb39238d47013f]::driver::sys::culib::{closure#0}>::{closure#0}, !>::{closure#0}>::{closure#0}
[INFO] [stdout]   13:     0x6254b6dc6169 - <std[617be2ca0a6fd877]::sys::sync::once::futex::Once>::call
[INFO] [stdout]   14:     0x6254b6da376a - <std[617be2ca0a6fd877]::sync::once_lock::OnceLock<libloading[5874b2d83421ad98]::safe::Library>>::initialize::<<std[617be2ca0a6fd877]::sync::once_lock::OnceLock<libloading[5874b2d83421ad98]::safe::Library>>::get_or_init<cudarc[c8bb39238d47013f]::driver::sys::culib::{closure#0}>::{closure#0}, !>
[INFO] [stdout]   15:     0x6254b6da4ec3 - <std[617be2ca0a6fd877]::sync::once::Once>::call_once_force::<<std[617be2ca0a6fd877]::sync::once_lock::OnceLock<unsafe extern "C" fn(u32) -> cudarc[c8bb39238d47013f]::driver::sys::cudaError_enum>>::initialize<<std[617be2ca0a6fd877]::sync::once_lock::OnceLock<unsafe extern "C" fn(u32) -> cudarc[c8bb39238d47013f]::driver::sys::cudaError_enum>>::get_or_init<cudarc[c8bb39238d47013f]::driver::sys::cuInit::{closure#0}>::{closure#0}, !>::{closure#0}>::{closure#0}
[INFO] [stdout]   16:     0x6254b6dc6169 - <std[617be2ca0a6fd877]::sys::sync::once::futex::Once>::call
[INFO] [stdout]   17:     0x6254b6da35cc - <std[617be2ca0a6fd877]::sync::once_lock::OnceLock<unsafe extern "C" fn(u32) -> cudarc[c8bb39238d47013f]::driver::sys::cudaError_enum>>::initialize::<<std[617be2ca0a6fd877]::sync::once_lock::OnceLock<unsafe extern "C" fn(u32) -> cudarc[c8bb39238d47013f]::driver::sys::cudaError_enum>>::get_or_init<cudarc[c8bb39238d47013f]::driver::sys::cuInit::{closure#0}>::{closure#0}, !>
[INFO] [stdout]   18:     0x6254b6daadcc - <cudarc[c8bb39238d47013f]::driver::safe::core::CudaContext>::device_count
[INFO] [stdout]   19:     0x6254b6d4151d - tropical_gemm_cuda[96f930092b3f923]::get_global_context
[INFO] [stdout]   20:     0x6254b6d56ad3 - <tropical_gemm_cuda[96f930092b3f923]::gpu_mat::tests::test_gpu_mat_batched_empty::{closure#0} as core[a373ad73a504971]::ops::function::FnOnce<()>>::call_once
[INFO] [stdout]   21:     0x6254b6d623cb - test[aada8e7e76ba119b]::__rust_begin_short_backtrace::<core[a373ad73a504971]::result::Result<(), alloc[2e1b2a31b91974c5]::string::String>, fn() -> core[a373ad73a504971]::result::Result<(), alloc[2e1b2a31b91974c5]::string::String>>
[INFO] [stdout]   22:     0x6254b6d6f5a5 - test[aada8e7e76ba119b]::run_test::{closure#0}
[INFO] [stdout]   23:     0x6254b6d68e94 - std[617be2ca0a6fd877]::sys::backtrace::__rust_begin_short_backtrace::<test[aada8e7e76ba119b]::run_test::{closure#1}, ()>
[INFO] [stdout]   24:     0x6254b6d72632 - <std[617be2ca0a6fd877]::thread::lifecycle::spawn_unchecked<test[aada8e7e76ba119b]::run_test::{closure#1}, ()>::{closure#1} as core[a373ad73a504971]::ops::function::FnOnce<()>>::call_once::{shim:vtable#0}
[INFO] [stdout]   25:     0x6254b6de492f - <std[617be2ca0a6fd877]::sys::thread::unix::Thread>::new::thread_start
[INFO] [stdout]   26:     0x7de8461e3dfa - <unknown>
[INFO] [stdout]   27:     0x7de8462773d4 - clone
[INFO] [stdout]   28:                0x0 - <unknown>
[INFO] [stdout] 
[INFO] [stdout] ---- gpu_mat::tests::test_gpu_mat_backward_b stdout ----
[INFO] [stdout] 
[INFO] [stdout] thread 'gpu_mat::tests::test_gpu_mat_backward_b' (1408) panicked at /opt/rustwide/cargo-home/registry/src/index.crates.io-1949cf8c6b5b557f/cudarc-0.19.7/src/lib.rs:200:5:
[INFO] [stdout] Unable to dynamically load the "cuda" shared library - searched for library names: ["libcuda.so", "libcuda64.so", "libcuda64_13.so", "libcuda64_132.so", "libcuda64_132_0.so", "libcuda64_130_2.so", "libcuda64_10.so", "libcuda64_11.so", "libcuda64_12.so", "libcuda64_130_0.so", "libcuda64_9.so", "libcuda.so.13", "libcuda.so.12", "libcuda.so.11", "libcuda.so.10", "libcuda.so.9", "libcuda.so.1", "libnvcuda.so", "libnvcuda64.so", "libnvcuda64_13.so", "libnvcuda64_132.so", "libnvcuda64_132_0.so", "libnvcuda64_130_2.so", "libnvcuda64_10.so", "libnvcuda64_11.so", "libnvcuda64_12.so", "libnvcuda64_130_0.so", "libnvcuda64_9.so", "libnvcuda.so.13", "libnvcuda.so.12", "libnvcuda.so.11", "libnvcuda.so.10", "libnvcuda.so.9", "libnvcuda.so.1"]. Ensure that `LD_LIBRARY_PATH` has the correct path to the installed library. If the shared library is present on the system under a different name than one of those listed above, please open a GitHub issue.
[INFO] [stdout] stack backtrace:
[INFO] [stdout]    0:     0x6254b6de53e1 - <<std[617be2ca0a6fd877]::sys::backtrace::BacktraceLock>::print::DisplayBacktrace as core[a373ad73a504971]::fmt::Display>::fmt
[INFO] [stdout]    1:     0x6254b6dfa7ea - core[a373ad73a504971]::fmt::write
[INFO] [stdout]    2:     0x6254b6de95fc - <alloc[2e1b2a31b91974c5]::vec::Vec<u8> as core[a373ad73a504971]::io::write::Write>::write_fmt
[INFO] [stdout]    3:     0x6254b6dc0496 - std[617be2ca0a6fd877]::panicking::default_hook::{closure#0}
[INFO] [stdout]    4:     0x6254b6ddd529 - std[617be2ca0a6fd877]::panicking::default_hook
[INFO] [stdout]    5:     0x6254b6d6ef80 - test[aada8e7e76ba119b]::test_main_inner::{closure#0}
[INFO] [stdout]    6:     0x6254b6ddd6e2 - std[617be2ca0a6fd877]::panicking::panic_with_hook
[INFO] [stdout]    7:     0x6254b6dc0542 - std[617be2ca0a6fd877]::panicking::panic_handler::{closure#0}
[INFO] [stdout]    8:     0x6254b6db8f49 - std[617be2ca0a6fd877]::sys::backtrace::__rust_end_short_backtrace::<std[617be2ca0a6fd877]::panicking::panic_handler::{closure#0}, !>
[INFO] [stdout]    9:     0x6254b6dc123d - __rustc[ea4f61d10b84890b]::rust_begin_unwind
[INFO] [stdout]   10:     0x6254b6dfaf1c - core[a373ad73a504971]::panicking::panic_fmt
[INFO] [stdout]   11:     0x6254b6da719d - cudarc[c8bb39238d47013f]::panic_no_lib_found::<alloc[2e1b2a31b91974c5]::string::String>
[INFO] [stdout]   12:     0x6254b6da5519 - <std[617be2ca0a6fd877]::sync::once::Once>::call_once_force::<<std[617be2ca0a6fd877]::sync::once_lock::OnceLock<libloading[5874b2d83421ad98]::safe::Library>>::initialize<<std[617be2ca0a6fd877]::sync::once_lock::OnceLock<libloading[5874b2d83421ad98]::safe::Library>>::get_or_init<cudarc[c8bb39238d47013f]::driver::sys::culib::{closure#0}>::{closure#0}, !>::{closure#0}>::{closure#0}
[INFO] [stdout]   13:     0x6254b6dc6169 - <std[617be2ca0a6fd877]::sys::sync::once::futex::Once>::call
[INFO] [stdout]   14:     0x6254b6da376a - <std[617be2ca0a6fd877]::sync::once_lock::OnceLock<libloading[5874b2d83421ad98]::safe::Library>>::initialize::<<std[617be2ca0a6fd877]::sync::once_lock::OnceLock<libloading[5874b2d83421ad98]::safe::Library>>::get_or_init<cudarc[c8bb39238d47013f]::driver::sys::culib::{closure#0}>::{closure#0}, !>
[INFO] [stdout]   15:     0x6254b6da4ec3 - <std[617be2ca0a6fd877]::sync::once::Once>::call_once_force::<<std[617be2ca0a6fd877]::sync::once_lock::OnceLock<unsafe extern "C" fn(u32) -> cudarc[c8bb39238d47013f]::driver::sys::cudaError_enum>>::initialize<<std[617be2ca0a6fd877]::sync::once_lock::OnceLock<unsafe extern "C" fn(u32) -> cudarc[c8bb39238d47013f]::driver::sys::cudaError_enum>>::get_or_init<cudarc[c8bb39238d47013f]::driver::sys::cuInit::{closure#0}>::{closure#0}, !>::{closure#0}>::{closure#0}
[INFO] [stdout]   16:     0x6254b6dc6169 - <std[617be2ca0a6fd877]::sys::sync::once::futex::Once>::call
[INFO] [stdout]   17:     0x6254b6da35cc - <std[617be2ca0a6fd877]::sync::once_lock::OnceLock<unsafe extern "C" fn(u32) -> cudarc[c8bb39238d47013f]::driver::sys::cudaError_enum>>::initialize::<<std[617be2ca0a6fd877]::sync::once_lock::OnceLock<unsafe extern "C" fn(u32) -> cudarc[c8bb39238d47013f]::driver::sys::cudaError_enum>>::get_or_init<cudarc[c8bb39238d47013f]::driver::sys::cuInit::{closure#0}>::{closure#0}, !>
[INFO] [stdout]   18:     0x6254b6daadcc - <cudarc[c8bb39238d47013f]::driver::safe::core::CudaContext>::device_count
[INFO] [stdout]   19:     0x6254b6d4151d - tropical_gemm_cuda[96f930092b3f923]::get_global_context
[INFO] [stdout]   20:     0x6254b6d5631c - <tropical_gemm_cuda[96f930092b3f923]::gpu_mat::tests::test_gpu_mat_backward_b::{closure#0} as core[a373ad73a504971]::ops::function::FnOnce<()>>::call_once
[INFO] [stdout]   21:     0x6254b6d623cb - test[aada8e7e76ba119b]::__rust_begin_short_backtrace::<core[a373ad73a504971]::result::Result<(), alloc[2e1b2a31b91974c5]::string::String>, fn() -> core[a373ad73a504971]::result::Result<(), alloc[2e1b2a31b91974c5]::string::String>>
[INFO] [stdout]   22:     0x6254b6d6f5a5 - test[aada8e7e76ba119b]::run_test::{closure#0}
[INFO] [stdout]   23:     0x6254b6d68e94 - std[617be2ca0a6fd877]::sys::backtrace::__rust_begin_short_backtrace::<test[aada8e7e76ba119b]::run_test::{closure#1}, ()>
[INFO] [stdout]   24:     0x6254b6d72632 - <std[617be2ca0a6fd877]::thread::lifecycle::spawn_unchecked<test[aada8e7e76ba119b]::run_test::{closure#1}, ()>::{closure#1} as core[a373ad73a504971]::ops::function::FnOnce<()>>::call_once::{shim:vtable#0}
[INFO] [stdout]   25:     0x6254b6de492f - <std[617be2ca0a6fd877]::sys::thread::unix::Thread>::new::thread_start
[INFO] [stdout]   26:     0x7de8461e3dfa - <unknown>
[INFO] [stdout]   27:     0x7de8462773d4 - clone
[INFO] [stdout]   28:                0x0 - <unknown>
[INFO] [stdout] 
[INFO] [stdout] ---- gpu_mat::tests::test_gpu_mat_matmul stdout ----
[INFO] [stdout] 
[INFO] [stdout] thread 'gpu_mat::tests::test_gpu_mat_matmul' (1413) panicked at /opt/rustwide/cargo-home/registry/src/index.crates.io-1949cf8c6b5b557f/cudarc-0.19.7/src/lib.rs:200:5:
[INFO] [stdout] Unable to dynamically load the "cuda" shared library - searched for library names: ["libcuda.so", "libcuda64.so", "libcuda64_13.so", "libcuda64_132.so", "libcuda64_132_0.so", "libcuda64_130_2.so", "libcuda64_10.so", "libcuda64_11.so", "libcuda64_12.so", "libcuda64_130_0.so", "libcuda64_9.so", "libcuda.so.13", "libcuda.so.12", "libcuda.so.11", "libcuda.so.10", "libcuda.so.9", "libcuda.so.1", "libnvcuda.so", "libnvcuda64.so", "libnvcuda64_13.so", "libnvcuda64_132.so", "libnvcuda64_132_0.so", "libnvcuda64_130_2.so", "libnvcuda64_10.so", "libnvcuda64_11.so", "libnvcuda64_12.so", "libnvcuda64_130_0.so", "libnvcuda64_9.so", "libnvcuda.so.13", "libnvcuda.so.12", "libnvcuda.so.11", "libnvcuda.so.10", "libnvcuda.so.9", "libnvcuda.so.1"]. Ensure that `LD_LIBRARY_PATH` has the correct path to the installed library. If the shared library is present on the system under a different name than one of those listed above, please open a GitHub issue.
[INFO] [stdout] stack backtrace:
[INFO] [stdout]    0:     0x6254b6de53e1 - <<std[617be2ca0a6fd877]::sys::backtrace::BacktraceLock>::print::DisplayBacktrace as core[a373ad73a504971]::fmt::Display>::fmt
[INFO] [stdout]    1:     0x6254b6dfa7ea - core[a373ad73a504971]::fmt::write
[INFO] [stdout]    2:     0x6254b6de95fc - <alloc[2e1b2a31b91974c5]::vec::Vec<u8> as core[a373ad73a504971]::io::write::Write>::write_fmt
[INFO] [stdout]    3:     0x6254b6dc0496 - std[617be2ca0a6fd877]::panicking::default_hook::{closure#0}
[INFO] [stdout]    4:     0x6254b6ddd529 - std[617be2ca0a6fd877]::panicking::default_hook
[INFO] [stdout]    5:     0x6254b6d6ef80 - test[aada8e7e76ba119b]::test_main_inner::{closure#0}
[INFO] [stdout]    6:     0x6254b6ddd6e2 - std[617be2ca0a6fd877]::panicking::panic_with_hook
[INFO] [stdout]    7:     0x6254b6dc0542 - std[617be2ca0a6fd877]::panicking::panic_handler::{closure#0}
[INFO] [stdout]    8:     0x6254b6db8f49 - std[617be2ca0a6fd877]::sys::backtrace::__rust_end_short_backtrace::<std[617be2ca0a6fd877]::panicking::panic_handler::{closure#0}, !>
[INFO] [stdout]    9:     0x6254b6dc123d - __rustc[ea4f61d10b84890b]::rust_begin_unwind
[INFO] [stdout]   10:     0x6254b6dfaf1c - core[a373ad73a504971]::panicking::panic_fmt
[INFO] [stdout]   11:     0x6254b6da719d - cudarc[c8bb39238d47013f]::panic_no_lib_found::<alloc[2e1b2a31b91974c5]::string::String>
[INFO] [stdout]   12:     0x6254b6da5519 - <std[617be2ca0a6fd877]::sync::once::Once>::call_once_force::<<std[617be2ca0a6fd877]::sync::once_lock::OnceLock<libloading[5874b2d83421ad98]::safe::Library>>::initialize<<std[617be2ca0a6fd877]::sync::once_lock::OnceLock<libloading[5874b2d83421ad98]::safe::Library>>::get_or_init<cudarc[c8bb39238d47013f]::driver::sys::culib::{closure#0}>::{closure#0}, !>::{closure#0}>::{closure#0}
[INFO] [stdout]   13:     0x6254b6dc6169 - <std[617be2ca0a6fd877]::sys::sync::once::futex::Once>::call
[INFO] [stdout]   14:     0x6254b6da376a - <std[617be2ca0a6fd877]::sync::once_lock::OnceLock<libloading[5874b2d83421ad98]::safe::Library>>::initialize::<<std[617be2ca0a6fd877]::sync::once_lock::OnceLock<libloading[5874b2d83421ad98]::safe::Library>>::get_or_init<cudarc[c8bb39238d47013f]::driver::sys::culib::{closure#0}>::{closure#0}, !>
[INFO] [stdout]   15:     0x6254b6da4ec3 - <std[617be2ca0a6fd877]::sync::once::Once>::call_once_force::<<std[617be2ca0a6fd877]::sync::once_lock::OnceLock<unsafe extern "C" fn(u32) -> cudarc[c8bb39238d47013f]::driver::sys::cudaError_enum>>::initialize<<std[617be2ca0a6fd877]::sync::once_lock::OnceLock<unsafe extern "C" fn(u32) -> cudarc[c8bb39238d47013f]::driver::sys::cudaError_enum>>::get_or_init<cudarc[c8bb39238d47013f]::driver::sys::cuInit::{closure#0}>::{closure#0}, !>::{closure#0}>::{closure#0}
[INFO] [stdout]   16:     0x6254b6dc6169 - <std[617be2ca0a6fd877]::sys::sync::once::futex::Once>::call
[INFO] [stdout]   17:     0x6254b6da35cc - <std[617be2ca0a6fd877]::sync::once_lock::OnceLock<unsafe extern "C" fn(u32) -> cudarc[c8bb39238d47013f]::driver::sys::cudaError_enum>>::initialize::<<std[617be2ca0a6fd877]::sync::once_lock::OnceLock<unsafe extern "C" fn(u32) -> cudarc[c8bb39238d47013f]::driver::sys::cudaError_enum>>::get_or_init<cudarc[c8bb39238d47013f]::driver::sys::cuInit::{closure#0}>::{closure#0}, !>
[INFO] [stdout]   18:     0x6254b6daadcc - <cudarc[c8bb39238d47013f]::driver::safe::core::CudaContext>::device_count
[INFO] [stdout]   19:     0x6254b6d4151d - tropical_gemm_cuda[96f930092b3f923]::get_global_context
[INFO] [stdout]   20:     0x6254b6d543e8 - <tropical_gemm_cuda[96f930092b3f923]::gpu_mat::tests::test_gpu_mat_matmul::{closure#0} as core[a373ad73a504971]::ops::function::FnOnce<()>>::call_once
[INFO] [stdout]   21:     0x6254b6d623cb - test[aada8e7e76ba119b]::__rust_begin_short_backtrace::<core[a373ad73a504971]::result::Result<(), alloc[2e1b2a31b91974c5]::string::String>, fn() -> core[a373ad73a504971]::result::Result<(), alloc[2e1b2a31b91974c5]::string::String>>
[INFO] [stdout]   22:     0x6254b6d6f5a5 - test[aada8e7e76ba119b]::run_test::{closure#0}
[INFO] [stdout]   23:     0x6254b6d68e94 - std[617be2ca0a6fd877]::sys::backtrace::__rust_begin_short_backtrace::<test[aada8e7e76ba119b]::run_test::{closure#1}, ()>
[INFO] [stdout]   24:     0x6254b6d72632 - <std[617be2ca0a6fd877]::thread::lifecycle::spawn_unchecked<test[aada8e7e76ba119b]::run_test::{closure#1}, ()>::{closure#1} as core[a373ad73a504971]::ops::function::FnOnce<()>>::call_once::{shim:vtable#0}
[INFO] [stdout]   25:     0x6254b6de492f - <std[617be2ca0a6fd877]::sys::thread::unix::Thread>::new::thread_start
[INFO] [stdout]   26:     0x7de8461e3dfa - <unknown>
[INFO] [stdout]   27:     0x7de8462773d4 - clone
[INFO] [stdout]   28:                0x0 - <unknown>
[INFO] [stdout] 
[INFO] [stdout] 
[INFO] [stdout] failures:
[INFO] [stdout]     gpu_mat::tests::test_gpu_mat_backward_a
[INFO] [stdout]     gpu_mat::tests::test_gpu_mat_backward_b
[INFO] [stdout]     gpu_mat::tests::test_gpu_mat_basic
[INFO] [stdout]     gpu_mat::tests::test_gpu_mat_batched
[INFO] [stdout]     gpu_mat::tests::test_gpu_mat_batched_empty
[INFO] [stdout]     gpu_mat::tests::test_gpu_mat_batched_with_argmax
[INFO] [stdout]     gpu_mat::tests::test_gpu_mat_matmul
[INFO] [stdout]     gpu_mat::tests::test_gpu_mat_matmul_argmax
[INFO] [stdout]     gpu_mat::tests::test_gpu_mat_minplus
[INFO] [stdout] 
[INFO] [stdout] test result: FAILED. 65 passed; 9 failed; 3 ignored; 0 measured; 0 filtered out; finished in 0.24s
[INFO] [stdout] 
[INFO] running `Command { std: "docker" "inspect" "fad20e8c63fa6abfcab687c9bc98147c31bb703f6cee5778c27a18b90fb1c7cb", kill_on_drop: false }`
[INFO] running `Command { std: "docker" "rm" "-f" "fad20e8c63fa6abfcab687c9bc98147c31bb703f6cee5778c27a18b90fb1c7cb", kill_on_drop: false }`
[INFO] [stdout] fad20e8c63fa6abfcab687c9bc98147c31bb703f6cee5778c27a18b90fb1c7cb
