[INFO] fetching crate tropel-build 0.6.0...
[INFO] testing tropel-build-0.6.0 against 1.99.0-beta.8+cargoflags=--release for beta-release-1.100-2
[INFO] extracting crate tropel-build 0.6.0 into /workspace/builds/worker-6-tc1/source
[INFO] started tweaking crates.io crate tropel-build 0.6.0
[INFO] finished tweaking crates.io crate tropel-build 0.6.0
[INFO] tweaked toml for crates.io crate tropel-build 0.6.0 written to /workspace/builds/worker-6-tc1/source/Cargo.toml
[INFO] validating manifest of crates.io crate tropel-build 0.6.0 on toolchain 1.99.0-beta.8
[INFO] running `Command { std: CARGO_HOME="/workspace/cargo-home" RUSTUP_HOME="/workspace/rustup-home" "/workspace/cargo-home/bin/cargo" "+1.99.0-beta.8" "metadata" "--manifest-path" "Cargo.toml" "--no-deps", kill_on_drop: false }`
[INFO] crate crates.io crate tropel-build 0.6.0 already has a lockfile, it will not be regenerated
[INFO] running `Command { std: CARGO_HOME="/workspace/cargo-home" RUSTUP_HOME="/workspace/rustup-home" "/workspace/cargo-home/bin/cargo" "+1.99.0-beta.8" "fetch" "--manifest-path" "Cargo.toml", kill_on_drop: false }`
[INFO] [stderr]     Blocking waiting for file lock on package cache
[INFO] [stderr]     Updating crates.io index
[INFO] [stderr]  Downloading crates ...
[INFO] [stderr]   Downloaded tropel-sdk v0.4.0
[INFO] [stderr]   Downloaded inventory v0.3.24
[INFO] [stderr]   Downloaded halfbrown v0.4.0
[INFO] [stderr]   Downloaded value-trait v0.12.2
[INFO] [stderr]   Downloaded clap v4.6.4
[INFO] [stderr]   Downloaded simd-json v0.17.3
[INFO] [stderr]   Downloaded clap_builder v4.6.2
[INFO] running `Command { std: "docker" "create" "-v" "/var/lib/crater-agent-workspace/builds/worker-6-tc1/source:/opt/rustwide/workdir:ro,Z" "-v" "/var/lib/crater-agent-workspace/builds/worker-6-tc1/target:/opt/rustwide/target:rw,Z" "-v" "/var/lib/crater-agent-workspace/cargo-home:/opt/rustwide/cargo-home:ro,Z" "-v" "/var/lib/crater-agent-workspace/rustup-home:/opt/rustwide/rustup-home:ro,Z" "-m" "1610612736" "--network" "none" "ghcr.io/rust-lang/crates-build-env/linux@sha256:77db811e55d90add9212f6832c23229e3de5f1c1f9905e8cb07319ea15df73ac" "sleep" "infinity", kill_on_drop: false }`
[INFO] [stdout] 5a3fbf1df4caf0e0fa216de93368435b6df376ad1956544fbd3ea04be549131c
[INFO] running `Command { std: "docker" "start" "5a3fbf1df4caf0e0fa216de93368435b6df376ad1956544fbd3ea04be549131c", kill_on_drop: false }`
[INFO] running `Command { std: "docker" "inspect" "5a3fbf1df4caf0e0fa216de93368435b6df376ad1956544fbd3ea04be549131c", kill_on_drop: false }`
[INFO] running `Command { std: "docker" "exec" "-e" "SOURCE_DIR=/opt/rustwide/workdir" "-e" "CARGO_HOME=/opt/rustwide/cargo-home" "-e" "RUSTUP_HOME=/opt/rustwide/rustup-home" "-e" "CARGO_TARGET_DIR=/opt/rustwide/target" "-w" "/opt/rustwide/workdir" "--user" "0:0" "5a3fbf1df4caf0e0fa216de93368435b6df376ad1956544fbd3ea04be549131c" "/opt/rustwide/cargo-home/bin/cargo" "+1.99.0-beta.8" "metadata" "--no-deps" "--format-version=1", kill_on_drop: false }`
[INFO] running `Command { std: "docker" "inspect" "5a3fbf1df4caf0e0fa216de93368435b6df376ad1956544fbd3ea04be549131c", kill_on_drop: false }`
[INFO] running `Command { std: "docker" "exec" "-e" "SOURCE_DIR=/opt/rustwide/workdir" "-e" "CARGO_HOME=/opt/rustwide/cargo-home" "-e" "RUSTUP_HOME=/opt/rustwide/rustup-home" "-e" "CARGO_TARGET_DIR=/opt/rustwide/target" "-e" "CARGO_INCREMENTAL=0" "-e" "RUST_BACKTRACE=full" "-e" "RUSTFLAGS=--cap-lints=warn" "-e" "RUSTDOCFLAGS=--cap-lints=warn" "-w" "/opt/rustwide/workdir" "--user" "0:0" "5a3fbf1df4caf0e0fa216de93368435b6df376ad1956544fbd3ea04be549131c" "/opt/rustwide/cargo-home/bin/cargo" "+1.99.0-beta.8" "build" "--frozen" "--message-format=json" "--release", kill_on_drop: false }`
[INFO] [stderr]    Compiling proc-macro2 v1.0.107
[INFO] [stderr]    Compiling serde_core v1.0.229
[INFO] [stderr]    Compiling serde v1.0.229
[INFO] [stderr]    Compiling foldhash v0.2.0
[INFO] [stderr]    Compiling serde_json v1.0.151
[INFO] [stderr]    Compiling libc v0.2.189
[INFO] [stderr]    Compiling ref-cast v1.0.26
[INFO] [stderr]    Compiling num-traits v0.2.19
[INFO] [stderr]    Compiling anstyle-parse v1.0.0
[INFO] [stderr]    Compiling getrandom v0.4.3
[INFO] [stderr]    Compiling rustix v1.1.4
[INFO] [stderr]    Compiling thiserror v2.0.19
[INFO] [stderr]    Compiling is_terminal_polyfill v1.70.2
[INFO] [stderr]    Compiling colorchoice v1.0.5
[INFO] [stderr]    Compiling anstyle-query v1.1.5
[INFO] [stderr]    Compiling form_urlencoded v1.2.2
[INFO] [stderr]    Compiling aho-corasick v1.1.4
[INFO] [stderr]    Compiling linux-raw-sys v0.12.1
[INFO] [stderr]    Compiling hashbrown v0.16.1
[INFO] [stderr]    Compiling bitflags v2.13.1
[INFO] [stderr]    Compiling simdutf8 v0.1.5
[INFO] [stderr]    Compiling anyhow v1.0.104
[INFO] [stderr]    Compiling anstream v1.0.0
[INFO] [stderr]    Compiling fastrand v2.5.0
[INFO] [stderr]    Compiling rustc-hash v2.1.3
[INFO] [stderr]    Compiling inventory v0.3.24
[INFO] [stderr]    Compiling clap_builder v4.6.2
[INFO] [stderr]    Compiling quote v1.0.47
[INFO] [stderr]    Compiling syn v3.0.3
[INFO] [stderr]    Compiling syn v2.0.119
[INFO] [stderr]    Compiling float-cmp v0.10.0
[INFO] [stderr]    Compiling regex-automata v0.4.16
[INFO] [stderr]    Compiling tempfile v3.27.0
[INFO] [stderr]    Compiling serde_derive v1.0.229
[INFO] [stderr]    Compiling ref-cast-impl v1.0.26
[INFO] [stderr]    Compiling thiserror-impl v2.0.19
[INFO] [stderr]    Compiling clap_derive v4.6.4
[INFO] [stderr]    Compiling async-trait v0.1.91
[INFO] [stderr]    Compiling regex v1.13.1
[INFO] [stderr]    Compiling tracing-attributes v0.1.31
[INFO] [stderr]    Compiling clap v4.6.4
[INFO] [stderr]    Compiling tracing v0.1.44
[INFO] [stderr]    Compiling halfbrown v0.4.0
[INFO] [stderr]    Compiling serde_urlencoded v0.7.1
[INFO] [stderr]    Compiling value-trait v0.12.2
[INFO] [stderr]    Compiling simd-json v0.17.3
[INFO] [stderr]    Compiling tropel-sdk v0.4.0
[INFO] [stderr]    Compiling tropel-build v0.6.0 (/opt/rustwide/workdir)
[INFO] [stderr]     Finished `release` profile [optimized] target(s) in 50.96s
[INFO] running `Command { std: "docker" "inspect" "5a3fbf1df4caf0e0fa216de93368435b6df376ad1956544fbd3ea04be549131c", kill_on_drop: false }`
[INFO] running `Command { std: "docker" "exec" "-e" "SOURCE_DIR=/opt/rustwide/workdir" "-e" "CARGO_HOME=/opt/rustwide/cargo-home" "-e" "RUSTUP_HOME=/opt/rustwide/rustup-home" "-e" "CARGO_TARGET_DIR=/opt/rustwide/target" "-e" "CARGO_INCREMENTAL=0" "-e" "RUST_BACKTRACE=full" "-e" "RUSTFLAGS=--cap-lints=warn" "-e" "RUSTDOCFLAGS=--cap-lints=warn" "-w" "/opt/rustwide/workdir" "--user" "0:0" "5a3fbf1df4caf0e0fa216de93368435b6df376ad1956544fbd3ea04be549131c" "/opt/rustwide/cargo-home/bin/cargo" "+1.99.0-beta.8" "test" "--frozen" "--no-run" "--message-format=json" "--release", kill_on_drop: false }`
[INFO] [stderr]    Compiling tropel-build v0.6.0 (/opt/rustwide/workdir)
[INFO] [stderr]     Finished `release` profile [optimized] target(s) in 1.67s
[INFO] running `Command { std: "docker" "inspect" "5a3fbf1df4caf0e0fa216de93368435b6df376ad1956544fbd3ea04be549131c", kill_on_drop: false }`
[INFO] running `Command { std: "docker" "exec" "-e" "SOURCE_DIR=/opt/rustwide/workdir" "-e" "CARGO_HOME=/opt/rustwide/cargo-home" "-e" "RUSTUP_HOME=/opt/rustwide/rustup-home" "-e" "CARGO_TARGET_DIR=/opt/rustwide/target" "-e" "CARGO_INCREMENTAL=0" "-e" "RUST_BACKTRACE=full" "-e" "RUSTFLAGS=--cap-lints=warn" "-e" "RUSTDOCFLAGS=--cap-lints=warn" "-w" "/opt/rustwide/workdir" "--user" "0:0" "5a3fbf1df4caf0e0fa216de93368435b6df376ad1956544fbd3ea04be549131c" "/opt/rustwide/cargo-home/bin/cargo" "+1.99.0-beta.8" "test" "--frozen" "--release", kill_on_drop: false }`
[INFO] [stderr]     Finished `release` profile [optimized] target(s) in 0.08s
[INFO] [stderr]      Running unittests src/lib.rs (/opt/rustwide/target/release/deps/tropel_build-f9578b0b67b4122b)
[INFO] [stdout] 
[INFO] [stdout] running 24 tests
[INFO] [stdout] test tests::expand_tilde_resolves_home ... ok
[INFO] [stdout] test tests::empty_spec_rejected ... ok
[INFO] [stdout] test tests::generate_cargo_toml_uses_local_engine_path_with_workspace ... FAILED
[INFO] [stdout] test tests::digit_and_keyword_crate_names_rejected_by_parse ... ok
[INFO] [stdout] test tests::debug_fmt_generates_toml_fragment ... ok
[INFO] [stdout] test tests::git_ref_key_classification ... ok
[INFO] [stdout] test tests::generate_cargo_toml_falls_back_to_registry_engine_without_workspace ... ok
[INFO] [stdout] test tests::invalid_crate_names_rejected ... ok
[INFO] [stdout] test tests::parse_git_hash_ref_supports_slash_branches ... ok
[INFO] [stdout] test tests::parse_path_specs ... ok
[INFO] [stdout] test tests::parse_git_specs_with_refs ... ok
[INFO] [stdout] test tests::relative_ext_path_resolves_against_cwd_not_workspace_root ... ok
[INFO] [stdout] test tests::parse_windows_drive_path_specs ... ok
[INFO] [stdout] test tests::valid_crate_names_accepted ... ok
[INFO] [stdout] test tests::parse_windows_backslash_path_normalized ... ok
[INFO] [stdout] test tests::parse_git_url_with_userinfo_keeps_full_url ... ok
[INFO] [stdout] test tests::parse_ssh_url_with_userinfo_and_ref ... ok
[INFO] [stdout] test tests::parse_registry_specs ... ok
[INFO] [stdout] test tests::parse_rejects_injection_specs ... ok
[INFO] [stdout] test tests::validate_rejects_injection_payloads ... ok
[INFO] [stdout] test tests::workspace_root_walks_up_from_build_crate_manifest ... FAILED
[INFO] [stdout] test tests::workspace_detection_ignores_comment_and_string_matches ... ok
[INFO] [stdout] test tests::versions_accepted ... ok
[INFO] [stderr] error: test failed, to rerun pass `--lib`
[INFO] [stdout] test tests::versions_rejected ... ok
[INFO] [stdout] 
[INFO] [stdout] failures:
[INFO] [stdout] 
[INFO] [stdout] ---- tests::generate_cargo_toml_uses_local_engine_path_with_workspace stdout ----
[INFO] [stdout] 
[INFO] [stdout] thread 'tests::generate_cargo_toml_uses_local_engine_path_with_workspace' (1225) panicked at src/lib.rs:1277:45:
[INFO] [stdout] called `Option::unwrap()` on a `None` value
[INFO] [stdout] stack backtrace:
[INFO] [stdout]    0:     0x60c08fe43d61 - <<std[70759c8f55707aa4]::sys::backtrace::BacktraceLock>::print::DisplayBacktrace as core[df12db4294e9bfd3]::fmt::Display>::fmt
[INFO] [stdout]    1:     0x60c08fe5998a - core[df12db4294e9bfd3]::fmt::write
[INFO] [stdout]    2:     0x60c08fe4847c - <alloc[2182bb758b4b3781]::vec::Vec<u8> as core[df12db4294e9bfd3]::io::write::Write>::write_fmt
[INFO] [stdout]    3:     0x60c08fe1ea56 - std[70759c8f55707aa4]::panicking::default_hook::{closure#0}
[INFO] [stdout]    4:     0x60c08fe3b899 - std[70759c8f55707aa4]::panicking::default_hook
[INFO] [stdout]    5:     0x60c08fd10ac0 - test[9d35eded1c95d3be]::test_main_inner::<test[9d35eded1c95d3be]::test_main_static::{closure#0}>::{closure#0}
[INFO] [stdout]    6:     0x60c08fe3ba52 - std[70759c8f55707aa4]::panicking::panic_with_hook
[INFO] [stdout]    7:     0x60c08fe1eb34 - std[70759c8f55707aa4]::panicking::panic_handler::{closure#0}
[INFO] [stdout]    8:     0x60c08fe175d9 - std[70759c8f55707aa4]::sys::backtrace::__rust_end_short_backtrace::<std[70759c8f55707aa4]::panicking::panic_handler::{closure#0}, !>
[INFO] [stdout]    9:     0x60c08fe1f6fd - __rustc[8fa7c3cbc660c2b3]::rust_begin_unwind
[INFO] [stdout]   10:     0x60c08fe5a16c - core[df12db4294e9bfd3]::panicking::panic_fmt
[INFO] [stdout]   11:     0x60c08fe5a132 - core[df12db4294e9bfd3]::panicking::panic
[INFO] [stdout]   12:     0x60c08fe59ee9 - core[df12db4294e9bfd3]::option::unwrap_failed
[INFO] [stdout]   13:     0x60c08fcfc2c1 - tropel_build[d67b288626665d78]::tests::generate_cargo_toml_uses_local_engine_path_with_workspace
[INFO] [stdout]   14:     0x60c08fd01de9 - <tropel_build[d67b288626665d78]::tests::generate_cargo_toml_uses_local_engine_path_with_workspace::{closure#0} as core[df12db4294e9bfd3]::ops::function::FnOnce<()>>::call_once
[INFO] [stdout]   15:     0x60c08fd03dab - test[9d35eded1c95d3be]::__rust_begin_short_backtrace::<core[df12db4294e9bfd3]::result::Result<(), alloc[2182bb758b4b3781]::string::String>, fn() -> core[df12db4294e9bfd3]::result::Result<(), alloc[2182bb758b4b3781]::string::String>>
[INFO] [stdout]   16:     0x60c08fd11415 - test[9d35eded1c95d3be]::run_test::{closure#0}
[INFO] [stdout]   17:     0x60c08fd0acd4 - std[70759c8f55707aa4]::sys::backtrace::__rust_begin_short_backtrace::<test[9d35eded1c95d3be]::run_test::{closure#1}, ()>
[INFO] [stdout]   18:     0x60c08fd14572 - <std[70759c8f55707aa4]::thread::lifecycle::spawn_unchecked<test[9d35eded1c95d3be]::run_test::{closure#1}, ()>::{closure#1} as core[df12db4294e9bfd3]::ops::function::FnOnce<()>>::call_once::{shim:vtable#0}
[INFO] [stdout]   19:     0x60c08fe430d9 - <std[70759c8f55707aa4]::sys::thread::unix::Thread>::new::thread_start
[INFO] [stdout]   20:     0x75611fc40dfa - <unknown>
[INFO] [stdout]   21:     0x75611fcd43d4 - clone
[INFO] [stdout]   22:                0x0 - <unknown>
[INFO] [stdout] 
[INFO] [stdout] ---- tests::workspace_root_walks_up_from_build_crate_manifest stdout ----
[INFO] [stdout] 
[INFO] [stdout] thread 'tests::workspace_root_walks_up_from_build_crate_manifest' (1243) panicked at src/lib.rs:1204:45:
[INFO] [stdout] tropel-build is compiled in a workspace
[INFO] [stdout] stack backtrace:
[INFO] [stdout]    0:     0x60c08fe43d61 - <<std[70759c8f55707aa4]::sys::backtrace::BacktraceLock>::print::DisplayBacktrace as core[df12db4294e9bfd3]::fmt::Display>::fmt
[INFO] [stdout]    1:     0x60c08fe5998a - core[df12db4294e9bfd3]::fmt::write
[INFO] [stdout]    2:     0x60c08fe4847c - <alloc[2182bb758b4b3781]::vec::Vec<u8> as core[df12db4294e9bfd3]::io::write::Write>::write_fmt
[INFO] [stdout]    3:     0x60c08fe1ea56 - std[70759c8f55707aa4]::panicking::default_hook::{closure#0}
[INFO] [stdout]    4:     0x60c08fe3b899 - std[70759c8f55707aa4]::panicking::default_hook
[INFO] [stdout]    5:     0x60c08fd10ac0 - test[9d35eded1c95d3be]::test_main_inner::<test[9d35eded1c95d3be]::test_main_static::{closure#0}>::{closure#0}
[INFO] [stdout]    6:     0x60c08fe3ba52 - std[70759c8f55707aa4]::panicking::panic_with_hook
[INFO] [stdout]    7:     0x60c08fe1eb02 - std[70759c8f55707aa4]::panicking::panic_handler::{closure#0}
[INFO] [stdout]    8:     0x60c08fe175d9 - std[70759c8f55707aa4]::sys::backtrace::__rust_end_short_backtrace::<std[70759c8f55707aa4]::panicking::panic_handler::{closure#0}, !>
[INFO] [stdout]    9:     0x60c08fe1f6fd - __rustc[8fa7c3cbc660c2b3]::rust_begin_unwind
[INFO] [stdout]   10:     0x60c08fe5a16c - core[df12db4294e9bfd3]::panicking::panic_fmt
[INFO] [stdout]   11:     0x60c08fe59ec4 - core[df12db4294e9bfd3]::option::expect_failed
[INFO] [stdout]   12:     0x60c08fcfb797 - tropel_build[d67b288626665d78]::tests::workspace_root_walks_up_from_build_crate_manifest
[INFO] [stdout]   13:     0x60c08fd01da9 - <tropel_build[d67b288626665d78]::tests::workspace_root_walks_up_from_build_crate_manifest::{closure#0} as core[df12db4294e9bfd3]::ops::function::FnOnce<()>>::call_once
[INFO] [stdout]   14:     0x60c08fd03dab - test[9d35eded1c95d3be]::__rust_begin_short_backtrace::<core[df12db4294e9bfd3]::result::Result<(), alloc[2182bb758b4b3781]::string::String>, fn() -> core[df12db4294e9bfd3]::result::Result<(), alloc[2182bb758b4b3781]::string::String>>
[INFO] [stdout]   15:     0x60c08fd11415 - test[9d35eded1c95d3be]::run_test::{closure#0}
[INFO] [stdout]   16:     0x60c08fd0acd4 - std[70759c8f55707aa4]::sys::backtrace::__rust_begin_short_backtrace::<test[9d35eded1c95d3be]::run_test::{closure#1}, ()>
[INFO] [stdout]   17:     0x60c08fd14572 - <std[70759c8f55707aa4]::thread::lifecycle::spawn_unchecked<test[9d35eded1c95d3be]::run_test::{closure#1}, ()>::{closure#1} as core[df12db4294e9bfd3]::ops::function::FnOnce<()>>::call_once::{shim:vtable#0}
[INFO] [stdout]   18:     0x60c08fe430d9 - <std[70759c8f55707aa4]::sys::thread::unix::Thread>::new::thread_start
[INFO] [stdout]   19:     0x75611fc40dfa - <unknown>
[INFO] [stdout]   20:     0x75611fcd43d4 - clone
[INFO] [stdout]   21:                0x0 - <unknown>
[INFO] [stdout] 
[INFO] [stdout] 
[INFO] [stdout] failures:
[INFO] [stdout]     tests::generate_cargo_toml_uses_local_engine_path_with_workspace
[INFO] [stdout]     tests::workspace_root_walks_up_from_build_crate_manifest
[INFO] [stdout] 
[INFO] [stdout] test result: FAILED. 22 passed; 2 failed; 0 ignored; 0 measured; 0 filtered out; finished in 0.02s
[INFO] [stdout] 
[INFO] running `Command { std: "docker" "inspect" "5a3fbf1df4caf0e0fa216de93368435b6df376ad1956544fbd3ea04be549131c", kill_on_drop: false }`
[INFO] running `Command { std: "docker" "rm" "-f" "5a3fbf1df4caf0e0fa216de93368435b6df376ad1956544fbd3ea04be549131c", kill_on_drop: false }`
[INFO] [stdout] 5a3fbf1df4caf0e0fa216de93368435b6df376ad1956544fbd3ea04be549131c
