[INFO] fetching crate tro 2.12.0...
[INFO] testing tro-2.12.0 against 1.100.0-beta.1+cargoflags=--release for beta-release-1.100-2
[INFO] extracting crate tro 2.12.0 into /workspace/builds/worker-5-tc2/source
[INFO] started tweaking crates.io crate tro 2.12.0
[INFO] finished tweaking crates.io crate tro 2.12.0
[INFO] tweaked toml for crates.io crate tro 2.12.0 written to /workspace/builds/worker-5-tc2/source/Cargo.toml
[INFO] validating manifest of crates.io crate tro 2.12.0 on toolchain 1.100.0-beta.1
[INFO] running `Command { std: CARGO_HOME="/workspace/cargo-home" RUSTUP_HOME="/workspace/rustup-home" "/workspace/cargo-home/bin/cargo" "+1.100.0-beta.1" "metadata" "--manifest-path" "Cargo.toml" "--no-deps", kill_on_drop: false }`
[INFO] crate crates.io crate tro 2.12.0 already has a lockfile, it will not be regenerated
[INFO] running `Command { std: CARGO_HOME="/workspace/cargo-home" RUSTUP_HOME="/workspace/rustup-home" "/workspace/cargo-home/bin/cargo" "+1.100.0-beta.1" "fetch" "--manifest-path" "Cargo.toml", kill_on_drop: false }`
[INFO] running `Command { std: "docker" "create" "-v" "/var/lib/crater-agent-workspace/builds/worker-5-tc2/source:/opt/rustwide/workdir:ro,Z" "-v" "/var/lib/crater-agent-workspace/builds/worker-5-tc2/target:/opt/rustwide/target:rw,Z" "-v" "/var/lib/crater-agent-workspace/cargo-home:/opt/rustwide/cargo-home:ro,Z" "-v" "/var/lib/crater-agent-workspace/rustup-home:/opt/rustwide/rustup-home:ro,Z" "-m" "1610612736" "--network" "none" "ghcr.io/rust-lang/crates-build-env/linux@sha256:77db811e55d90add9212f6832c23229e3de5f1c1f9905e8cb07319ea15df73ac" "sleep" "infinity", kill_on_drop: false }`
[INFO] [stdout] 31ed7519894a493e292e912f872281672ae0d23fb9bee14d3cfabecfd384df50
[INFO] running `Command { std: "docker" "start" "31ed7519894a493e292e912f872281672ae0d23fb9bee14d3cfabecfd384df50", kill_on_drop: false }`
[INFO] running `Command { std: "docker" "inspect" "31ed7519894a493e292e912f872281672ae0d23fb9bee14d3cfabecfd384df50", kill_on_drop: false }`
[INFO] running `Command { std: "docker" "exec" "-e" "SOURCE_DIR=/opt/rustwide/workdir" "-e" "CARGO_HOME=/opt/rustwide/cargo-home" "-e" "RUSTUP_HOME=/opt/rustwide/rustup-home" "-e" "CARGO_TARGET_DIR=/opt/rustwide/target" "-w" "/opt/rustwide/workdir" "--user" "0:0" "31ed7519894a493e292e912f872281672ae0d23fb9bee14d3cfabecfd384df50" "/opt/rustwide/cargo-home/bin/cargo" "+1.100.0-beta.1" "metadata" "--no-deps" "--format-version=1", kill_on_drop: false }`
[INFO] running `Command { std: "docker" "inspect" "31ed7519894a493e292e912f872281672ae0d23fb9bee14d3cfabecfd384df50", kill_on_drop: false }`
[INFO] running `Command { std: "docker" "exec" "-e" "SOURCE_DIR=/opt/rustwide/workdir" "-e" "CARGO_HOME=/opt/rustwide/cargo-home" "-e" "RUSTUP_HOME=/opt/rustwide/rustup-home" "-e" "CARGO_TARGET_DIR=/opt/rustwide/target" "-e" "CARGO_INCREMENTAL=0" "-e" "RUST_BACKTRACE=full" "-e" "RUSTFLAGS=--cap-lints=warn" "-e" "RUSTDOCFLAGS=--cap-lints=warn" "-w" "/opt/rustwide/workdir" "--user" "0:0" "31ed7519894a493e292e912f872281672ae0d23fb9bee14d3cfabecfd384df50" "/opt/rustwide/cargo-home/bin/cargo" "+1.100.0-beta.1" "build" "--frozen" "--message-format=json" "--release", kill_on_drop: false }`
[INFO] [stderr]    Compiling libc v0.2.183
[INFO] [stderr]    Compiling aws-lc-rs v1.16.1
[INFO] [stderr]    Compiling syn v2.0.117
[INFO] [stderr]    Compiling rustls v0.23.37
[INFO] [stderr]    Compiling tracing v0.1.44
[INFO] [stderr]    Compiling indexmap v2.13.0
[INFO] [stderr]    Compiling futures-util v0.3.32
[INFO] [stderr]    Compiling cfg_aliases v0.2.1
[INFO] [stderr]    Compiling regex-automata v0.4.14
[INFO] [stderr]    Compiling mime_guess v2.0.5
[INFO] [stderr]    Compiling indexmap v1.9.3
[INFO] [stderr]    Compiling nix v0.17.0
[INFO] [stderr]    Compiling rustix v1.1.4
[INFO] [stderr]    Compiling unicase v2.9.0
[INFO] [stderr]    Compiling void v1.0.2
[INFO] [stderr]    Compiling nix v0.31.2
[INFO] [stderr]    Compiling os_str_bytes v6.6.1
[INFO] [stderr]    Compiling iri-string v0.7.10
[INFO] [stderr]    Compiling serde_json v1.0.149
[INFO] [stderr]    Compiling http-body-util v0.1.3
[INFO] [stderr]    Compiling textwrap v0.16.2
[INFO] [stderr]    Compiling clap_lex v0.2.4
[INFO] [stderr]    Compiling jobserver v0.1.34
[INFO] [stderr]    Compiling cc v1.2.56
[INFO] [stderr]    Compiling cmake v0.1.57
[INFO] [stderr]    Compiling mio v1.1.1
[INFO] [stderr]    Compiling socket2 v0.6.3
[INFO] [stderr]    Compiling dirs-sys v0.3.7
[INFO] [stderr]    Compiling termios v0.3.3
[INFO] [stderr]    Compiling terminal_size v0.1.17
[INFO] [stderr]    Compiling getrandom v0.4.2
[INFO] [stderr]    Compiling atty v0.2.14
[INFO] [stderr]    Compiling clap v3.2.25
[INFO] [stderr]    Compiling tempfile v3.26.0
[INFO] [stderr]    Compiling dirs v2.0.2
[INFO] [stderr]    Compiling synstructure v0.13.2
[INFO] [stderr]    Compiling term v0.6.1
[INFO] [stderr]    Compiling tokio v1.50.0
[INFO] [stderr]    Compiling aws-lc-sys v0.38.0
[INFO] [stderr]    Compiling zerofrom-derive v0.1.6
[INFO] [stderr]    Compiling yoke-derive v0.8.1
[INFO] [stderr]    Compiling zerovec-derive v0.11.2
[INFO] [stderr]    Compiling displaydoc v0.2.5
[INFO] [stderr]    Compiling serde_derive v1.0.228
[INFO] [stderr]    Compiling thiserror-impl v1.0.69
[INFO] [stderr]    Compiling ctrlc v3.5.2
[INFO] [stderr]    Compiling regex v1.12.3
[INFO] [stderr]    Compiling zerofrom v0.1.6
[INFO] [stderr]    Compiling yoke v0.8.1
[INFO] [stderr]    Compiling zerovec v0.11.5
[INFO] [stderr]    Compiling zerotrie v0.2.3
[INFO] [stderr]    Compiling console v0.11.2
[INFO] [stderr]    Compiling thiserror v1.0.69
[INFO] [stderr]    Compiling tinystr v0.8.2
[INFO] [stderr]    Compiling potential_utf v0.1.4
[INFO] [stderr]    Compiling icu_locale_core v2.1.1
[INFO] [stderr]    Compiling dialoguer v0.6.2
[INFO] [stderr]    Compiling icu_collections v2.1.1
[INFO] [stderr]    Compiling rustyline v6.1.2
[INFO] [stderr]    Compiling icu_provider v2.1.1
[INFO] [stderr]    Compiling serde v1.0.228
[INFO] [stderr]    Compiling icu_properties v2.1.2
[INFO] [stderr]    Compiling icu_normalizer v2.1.1
[INFO] [stderr]    Compiling serde_urlencoded v0.7.1
[INFO] [stderr]    Compiling chrono v0.4.44
[INFO] [stderr]    Compiling toml v0.5.11
[INFO] [stderr]    Compiling idna_adapter v1.2.1
[INFO] [stderr]    Compiling idna v1.1.0
[INFO] [stderr]    Compiling tokio-util v0.7.18
[INFO] [stderr]    Compiling tower v0.5.3
[INFO] [stderr]    Compiling url v2.5.8
[INFO] [stderr]    Compiling h2 v0.4.13
[INFO] [stderr]    Compiling tower-http v0.6.8
[INFO] [stderr]    Compiling simplelog v0.7.6
[INFO] [stderr]    Compiling hyper v1.8.1
[INFO] [stderr]    Compiling hyper-util v0.1.20
[INFO] [stderr]    Compiling rustls-webpki v0.103.9
[INFO] [stderr]    Compiling tokio-rustls v0.26.4
[INFO] [stderr]    Compiling rustls-platform-verifier v0.6.2
[INFO] [stderr]    Compiling hyper-rustls v0.27.7
[INFO] [stderr]    Compiling reqwest v0.13.2
[INFO] [stderr]    Compiling tro v2.12.0 (/opt/rustwide/workdir)
[INFO] [stderr]     Finished `release` profile [optimized] target(s) in 2m 58s
[INFO] [stderr] warning: the following packages contain code that will be rejected by a future version of Rust: nix v0.31.2
[INFO] [stderr] note: to see what the problems were, use the option `--future-incompat-report`, or run `cargo report future-incompatibilities --id 4`
[INFO] running `Command { std: "docker" "inspect" "31ed7519894a493e292e912f872281672ae0d23fb9bee14d3cfabecfd384df50", kill_on_drop: false }`
[INFO] running `Command { std: "docker" "exec" "-e" "SOURCE_DIR=/opt/rustwide/workdir" "-e" "CARGO_HOME=/opt/rustwide/cargo-home" "-e" "RUSTUP_HOME=/opt/rustwide/rustup-home" "-e" "CARGO_TARGET_DIR=/opt/rustwide/target" "-e" "CARGO_INCREMENTAL=0" "-e" "RUST_BACKTRACE=full" "-e" "RUSTFLAGS=--cap-lints=warn" "-e" "RUSTDOCFLAGS=--cap-lints=warn" "-w" "/opt/rustwide/workdir" "--user" "0:0" "31ed7519894a493e292e912f872281672ae0d23fb9bee14d3cfabecfd384df50" "/opt/rustwide/cargo-home/bin/cargo" "+1.100.0-beta.1" "test" "--frozen" "--no-run" "--message-format=json" "--release", kill_on_drop: false }`
[INFO] [stderr]    Compiling syn v1.0.109
[INFO] [stderr]    Compiling zerocopy v0.8.42
[INFO] [stderr]    Compiling proc-macro-error-attr v1.0.4
[INFO] [stderr]    Compiling getrandom v0.1.16
[INFO] [stderr]    Compiling is-terminal v0.4.17
[INFO] [stderr]    Compiling dtoa v0.4.8
[INFO] [stderr]    Compiling itoa v0.4.8
[INFO] [stderr]    Compiling difference v2.0.0
[INFO] [stderr]    Compiling rand_core v0.5.1
[INFO] [stderr]    Compiling colored v1.9.4
[INFO] [stderr]    Compiling serde_urlencoded v0.6.1
[INFO] [stderr]    Compiling proc-macro-error v1.0.4
[INFO] [stderr]    Compiling extend v0.1.2
[INFO] [stderr]    Compiling assert-json-diff v1.1.0
[INFO] [stderr]    Compiling ppv-lite86 v0.2.21
[INFO] [stderr]    Compiling rand_chacha v0.2.2
[INFO] [stderr]    Compiling rand v0.7.3
[INFO] [stderr]    Compiling mockito v0.25.3
[INFO] [stderr]    Compiling tro v2.12.0 (/opt/rustwide/workdir)
[INFO] [stderr]     Finished `release` profile [optimized] target(s) in 22.03s
[INFO] [stderr] warning: the following packages contain code that will be rejected by a future version of Rust: nix v0.31.2
[INFO] [stderr] note: to see what the problems were, use the option `--future-incompat-report`, or run `cargo report future-incompatibilities --id 4`
[INFO] running `Command { std: "docker" "inspect" "31ed7519894a493e292e912f872281672ae0d23fb9bee14d3cfabecfd384df50", kill_on_drop: false }`
[INFO] running `Command { std: "docker" "exec" "-e" "SOURCE_DIR=/opt/rustwide/workdir" "-e" "CARGO_HOME=/opt/rustwide/cargo-home" "-e" "RUSTUP_HOME=/opt/rustwide/rustup-home" "-e" "CARGO_TARGET_DIR=/opt/rustwide/target" "-e" "CARGO_INCREMENTAL=0" "-e" "RUST_BACKTRACE=full" "-e" "RUSTFLAGS=--cap-lints=warn" "-e" "RUSTDOCFLAGS=--cap-lints=warn" "-w" "/opt/rustwide/workdir" "--user" "0:0" "31ed7519894a493e292e912f872281672ae0d23fb9bee14d3cfabecfd384df50" "/opt/rustwide/cargo-home/bin/cargo" "+1.100.0-beta.1" "test" "--frozen" "--release", kill_on_drop: false }`
[INFO] [stderr]     Finished `release` profile [optimized] target(s) in 0.27s
[INFO] [stderr] warning: the following packages contain code that will be rejected by a future version of Rust: nix v0.31.2
[INFO] [stderr] note: to see what the problems were, use the option `--future-incompat-report`, or run `cargo report future-incompatibilities --id 4`
[INFO] [stderr]      Running unittests src/trello/mod.rs (/opt/rustwide/target/release/build/tro/a85167d4183915de/out/trello-a85167d4183915de)
[INFO] [stdout] 
[INFO] [stdout] running 35 tests
[INFO] [stdout] test tests::test_board::test_new ... ok
[INFO] [stdout] test tests::test_card::test_simple_render ... ok
[INFO] [stdout] test tests::test_card::test_new ... ok
[INFO] [stdout] test tests::test_board::test_render_lists_and_cards ... ok
[INFO] [stdout] test tests::test_board::test_render_no_lists ... ok
[INFO] [stdout] test tests::test_board::test_render_lists ... ok
[INFO] [stdout] test tests::test_card::test_simple_render_closed ... ok
[INFO] [stdout] test tests::test_card::test_simple_render_with_description ... ok
[INFO] [stdout] test tests::test_formatting::test_emoticons ... ok
[INFO] [stdout] test tests::test_formatting::test_correct ... ok
[INFO] [stdout] test tests::test_formatting::test_empty ... ok
[INFO] [stdout] test tests::test_card::test_simple_render_with_labels ... FAILED
[INFO] [stdout] test tests::test_card::test_render ... ok
[INFO] [stdout] test tests::test_list::test_filter_none_cards ... ok
[INFO] [stdout] test tests::test_board::test_get_all ... ok
[INFO] [stdout] test tests::test_list::test_new ... ok
[INFO] [stdout] test tests::test_list::test_render_no_cards ... ok
[INFO] [stdout] test tests::test_list::test_render_with_cards ... ok
[INFO] [stdout] test tests::test_board::test_get ... ok
[INFO] [stdout] test tests::test_board::test_update ... ok
[INFO] [stdout] test tests::test_card::test_get_all ... ok
[INFO] [stdout] test tests::test_attachment::test_apply ... ok
[INFO] [stdout] test tests::test_card::test_get ... ok
[INFO] [stdout] test tests::test_card::test_create ... ok
[INFO] [stdout] test tests::test_card::test_update ... ok
[INFO] [stdout] test tests::test_label::test_remove ... ok
[INFO] [stdout] test tests::test_list::test_create ... ok
[INFO] [stdout] test tests::test_label::test_apply ... ok
[INFO] [stdout] test tests::test_label::test_get_all ... ok
[INFO] [stdout] test tests::test_board::test_create ... ok
[INFO] [stdout] test tests::test_list::test_get_all ... ok
[INFO] [stdout] test tests::test_attachment::test_get_all ... ok
[INFO] [stdout] test tests::test_list::test_get_all_with_cards ... ok
[INFO] [stdout] test tests::test_list::test_update ... ok
[INFO] [stdout] test tests::test_search::test_empty ... ok
[INFO] [stdout] 
[INFO] [stdout] failures:
[INFO] [stdout] 
[INFO] [stdout] ---- tests::test_card::test_simple_render_with_labels stdout ----
[INFO] [stdout] 
[INFO] [stdout] thread 'tests::test_card::test_simple_render_with_labels' (3306) panicked at src/trello/tests/test_card.rs:85:5:
[INFO] [stdout] assertion `left == right` failed
[INFO] [stdout]   left: "Lightning Goat \u{1b}[100;37m Animals \u{1b}[0m"
[INFO] [stdout]  right: "Lightning Goat \u{1b}[48;2;97;189;79;37m Animals \u{1b}[0m"
[INFO] [stdout] stack backtrace:
[INFO] [stdout]    0:     0x5c76e9042f01 - <<std[617be2ca0a6fd877]::sys::backtrace::BacktraceLock>::print::DisplayBacktrace as core[a373ad73a504971]::fmt::Display>::fmt
[INFO] [stdout]    1:     0x5c76e905b47a - core[a373ad73a504971]::fmt::write
[INFO] [stdout]    2:     0x5c76e9047ffc - <alloc[2e1b2a31b91974c5]::vec::Vec<u8> as core[a373ad73a504971]::io::write::Write>::write_fmt
[INFO] [stdout]    3:     0x5c76e901cf56 - std[617be2ca0a6fd877]::panicking::default_hook::{closure#0}
[INFO] [stdout]    4:     0x5c76e903a6c9 - std[617be2ca0a6fd877]::panicking::default_hook
[INFO] [stdout]    5:     0x5c76e8ad9050 - test[aada8e7e76ba119b]::test_main_inner::{closure#0}
[INFO] [stdout]    6:     0x5c76e903a9f2 - std[617be2ca0a6fd877]::panicking::panic_with_hook
[INFO] [stdout]    7:     0x5c76e901d002 - std[617be2ca0a6fd877]::panicking::panic_handler::{closure#0}
[INFO] [stdout]    8:     0x5c76e9015ae9 - std[617be2ca0a6fd877]::sys::backtrace::__rust_end_short_backtrace::<std[617be2ca0a6fd877]::panicking::panic_handler::{closure#0}, !>
[INFO] [stdout]    9:     0x5c76e901ddfd - __rustc[ea4f61d10b84890b]::rust_begin_unwind
[INFO] [stdout]   10:     0x5c76e905bc5c - core[a373ad73a504971]::panicking::panic_fmt
[INFO] [stdout]   11:     0x5c76e905bb73 - core[a373ad73a504971]::panicking::assert_failed_inner
[INFO] [stdout]   12:     0x5c76e8ac9c37 - core[a373ad73a504971]::panicking::assert_failed::<alloc[2e1b2a31b91974c5]::string::String, &str>
[INFO] [stdout]   13:     0x5c76e8a9b9d1 - <trello[2b929f1de5dd0338]::tests::test_card::test_simple_render_with_labels::{closure#0} as core[a373ad73a504971]::ops::function::FnOnce<()>>::call_once
[INFO] [stdout]   14:     0x5c76e8acc49b - test[aada8e7e76ba119b]::__rust_begin_short_backtrace::<core[a373ad73a504971]::result::Result<(), alloc[2e1b2a31b91974c5]::string::String>, fn() -> core[a373ad73a504971]::result::Result<(), alloc[2e1b2a31b91974c5]::string::String>>
[INFO] [stdout]   15:     0x5c76e8ad9675 - test[aada8e7e76ba119b]::run_test::{closure#0}
[INFO] [stdout]   16:     0x5c76e8ad2f64 - std[617be2ca0a6fd877]::sys::backtrace::__rust_begin_short_backtrace::<test[aada8e7e76ba119b]::run_test::{closure#1}, ()>
[INFO] [stdout]   17:     0x5c76e8adc702 - <std[617be2ca0a6fd877]::thread::lifecycle::spawn_unchecked<test[aada8e7e76ba119b]::run_test::{closure#1}, ()>::{closure#1} as core[a373ad73a504971]::ops::function::FnOnce<()>>::call_once::{shim:vtable#0}
[INFO] [stdout]   18:     0x5c76e904215f - <std[617be2ca0a6fd877]::sys::thread::unix::Thread>::new::thread_start
[INFO] [stdout]   19:     0x755e4d4b0dfa - <unknown>
[INFO] [stdout]   20:     0x755e4d5443d4 - clone
[INFO] [stdout]   21:                0x0 - <unknown>
[INFO] [stdout] 
[INFO] [stdout] 
[INFO] [stdout] failures:
[INFO] [stdout]     tests::test_card::test_simple_render_with_labels
[INFO] [stdout] 
[INFO] [stdout] test result: FAILED. 34 passed; 1 failed; 0 ignored; 0 measured; 0 filtered out; finished in 0.62s
[INFO] [stdout] 
[INFO] [stderr] error: test failed, to rerun pass `--lib`
[INFO] running `Command { std: "docker" "inspect" "31ed7519894a493e292e912f872281672ae0d23fb9bee14d3cfabecfd384df50", kill_on_drop: false }`
[INFO] running `Command { std: "docker" "rm" "-f" "31ed7519894a493e292e912f872281672ae0d23fb9bee14d3cfabecfd384df50", kill_on_drop: false }`
[INFO] [stdout] 31ed7519894a493e292e912f872281672ae0d23fb9bee14d3cfabecfd384df50
