[INFO] fetching crate tritium-cli 1.1.0-rc.2...
[INFO] testing tritium-cli-1.1.0-rc.2 against 1.100.0-beta.1+cargoflags=--release for beta-release-1.100-2
[INFO] extracting crate tritium-cli 1.1.0-rc.2 into /workspace/builds/worker-2-tc2/source
[INFO] started tweaking crates.io crate tritium-cli 1.1.0-rc.2
[INFO] removed 0 missing tests
[INFO] finished tweaking crates.io crate tritium-cli 1.1.0-rc.2
[INFO] tweaked toml for crates.io crate tritium-cli 1.1.0-rc.2 written to /workspace/builds/worker-2-tc2/source/Cargo.toml
[INFO] validating manifest of crates.io crate tritium-cli 1.1.0-rc.2 on toolchain 1.100.0-beta.1
[INFO] running `Command { std: CARGO_HOME="/workspace/cargo-home" RUSTUP_HOME="/workspace/rustup-home" "/workspace/cargo-home/bin/cargo" "+1.100.0-beta.1" "metadata" "--manifest-path" "Cargo.toml" "--no-deps", kill_on_drop: false }`
[INFO] crate crates.io crate tritium-cli 1.1.0-rc.2 already has a lockfile, it will not be regenerated
[INFO] running `Command { std: CARGO_HOME="/workspace/cargo-home" RUSTUP_HOME="/workspace/rustup-home" "/workspace/cargo-home/bin/cargo" "+1.100.0-beta.1" "fetch" "--manifest-path" "Cargo.toml", kill_on_drop: false }`
[INFO] running `Command { std: "docker" "create" "-v" "/var/lib/crater-agent-workspace/builds/worker-2-tc2/source:/opt/rustwide/workdir:ro,Z" "-v" "/var/lib/crater-agent-workspace/builds/worker-2-tc2/target:/opt/rustwide/target:rw,Z" "-v" "/var/lib/crater-agent-workspace/cargo-home:/opt/rustwide/cargo-home:ro,Z" "-v" "/var/lib/crater-agent-workspace/rustup-home:/opt/rustwide/rustup-home:ro,Z" "-m" "1610612736" "--network" "none" "ghcr.io/rust-lang/crates-build-env/linux@sha256:77db811e55d90add9212f6832c23229e3de5f1c1f9905e8cb07319ea15df73ac" "sleep" "infinity", kill_on_drop: false }`
[INFO] [stdout] 468a98ff6828c2193c0329a385cdb1aa52a01517f65714f022757124eb1d4173
[INFO] running `Command { std: "docker" "start" "468a98ff6828c2193c0329a385cdb1aa52a01517f65714f022757124eb1d4173", kill_on_drop: false }`
[INFO] running `Command { std: "docker" "inspect" "468a98ff6828c2193c0329a385cdb1aa52a01517f65714f022757124eb1d4173", kill_on_drop: false }`
[INFO] running `Command { std: "docker" "exec" "-e" "SOURCE_DIR=/opt/rustwide/workdir" "-e" "CARGO_HOME=/opt/rustwide/cargo-home" "-e" "RUSTUP_HOME=/opt/rustwide/rustup-home" "-e" "CARGO_TARGET_DIR=/opt/rustwide/target" "-w" "/opt/rustwide/workdir" "--user" "0:0" "468a98ff6828c2193c0329a385cdb1aa52a01517f65714f022757124eb1d4173" "/opt/rustwide/cargo-home/bin/cargo" "+1.100.0-beta.1" "metadata" "--no-deps" "--format-version=1", kill_on_drop: false }`
[INFO] running `Command { std: "docker" "inspect" "468a98ff6828c2193c0329a385cdb1aa52a01517f65714f022757124eb1d4173", kill_on_drop: false }`
[INFO] running `Command { std: "docker" "exec" "-e" "SOURCE_DIR=/opt/rustwide/workdir" "-e" "CARGO_HOME=/opt/rustwide/cargo-home" "-e" "RUSTUP_HOME=/opt/rustwide/rustup-home" "-e" "CARGO_TARGET_DIR=/opt/rustwide/target" "-e" "CARGO_INCREMENTAL=0" "-e" "RUST_BACKTRACE=full" "-e" "RUSTFLAGS=--cap-lints=warn" "-e" "RUSTDOCFLAGS=--cap-lints=warn" "-w" "/opt/rustwide/workdir" "--user" "0:0" "468a98ff6828c2193c0329a385cdb1aa52a01517f65714f022757124eb1d4173" "/opt/rustwide/cargo-home/bin/cargo" "+1.100.0-beta.1" "build" "--frozen" "--message-format=json" "--release", kill_on_drop: false }`
[INFO] [stderr]    Compiling blake3 v1.8.7
[INFO] [stderr]    Compiling either v1.18.0
[INFO] [stderr]    Compiling linkme-impl v0.3.37
[INFO] [stderr]    Compiling bytemuck v1.25.2
[INFO] [stderr]    Compiling syn v3.0.4
[INFO] [stderr]    Compiling syn v2.0.119
[INFO] [stderr]    Compiling serde_json v1.0.151
[INFO] [stderr]    Compiling cpufeatures v0.3.0
[INFO] [stderr]    Compiling arrayvec v0.7.8
[INFO] [stderr]    Compiling constant_time_eq v0.4.2
[INFO] [stderr]    Compiling getrandom v0.3.4
[INFO] [stderr]    Compiling onig_sys v69.9.3
[INFO] [stderr]    Compiling linkme v0.3.37
[INFO] [stderr]    Compiling hybrid-array v0.4.14
[INFO] [stderr]    Compiling ring v0.17.14
[INFO] [stderr]    Compiling esaxx-rs v0.1.10
[INFO] [stderr]    Compiling minimal-lexical v0.2.1
[INFO] [stderr]    Compiling rand_core v0.9.5
[INFO] [stderr]    Compiling castaway v0.2.4
[INFO] [stderr]    Compiling macro_rules_attribute-proc_macro v0.2.3
[INFO] [stderr]    Compiling smallvec v1.15.2
[INFO] [stderr]    Compiling rayon v1.12.0
[INFO] [stderr]    Compiling itertools v0.14.0
[INFO] [stderr]    Compiling base64 v0.13.1
[INFO] [stderr]    Compiling httparse v1.10.1
[INFO] [stderr]    Compiling crc32fast v1.5.1
[INFO] [stderr]    Compiling nom v7.1.3
[INFO] [stderr]    Compiling unicode_categories v0.1.1
[INFO] [stderr]    Compiling unicode-normalization-alignments v0.1.12
[INFO] [stderr]    Compiling macro_rules_attribute v0.2.3
[INFO] [stderr]    Compiling daachorse v1.0.1
[INFO] [stderr]    Compiling http v1.5.0
[INFO] [stderr]    Compiling tritium-build-info v1.1.0-rc.2
[INFO] [stderr]    Compiling crypto-common v0.2.2
[INFO] [stderr]    Compiling block-buffer v0.12.1
[INFO] [stderr]    Compiling tritium-train v1.1.0-rc.2
[INFO] [stderr]    Compiling base64 v0.23.1
[INFO] [stderr]    Compiling clap_builder v4.6.6
[INFO] [stderr]    Compiling flate2 v1.1.9
[INFO] [stderr]    Compiling utf8-zero v0.8.1
[INFO] [stderr]    Compiling memmap2 v0.9.11
[INFO] [stderr]    Compiling ureq-proto v0.6.1
[INFO] [stderr]    Compiling digest v0.11.3
[INFO] [stderr]    Compiling sha2 v0.11.0
[INFO] [stderr]    Compiling rayon-cond v0.4.0
[INFO] [stderr]    Compiling serde_derive v1.0.229
[INFO] [stderr]    Compiling thiserror-impl v2.0.20
[INFO] [stderr]    Compiling clap_derive v4.6.4
[INFO] [stderr]    Compiling darling_core v0.20.11
[INFO] [stderr]    Compiling thiserror v2.0.20
[INFO] [stderr]    Compiling zerocopy-derive v0.8.56
[INFO] [stderr]    Compiling monostate-impl v0.1.18
[INFO] [stderr]    Compiling clap v4.6.6
[INFO] [stderr]    Compiling monostate v0.1.18
[INFO] [stderr]    Compiling darling_macro v0.20.11
[INFO] [stderr]    Compiling zerocopy v0.8.56
[INFO] [stderr]    Compiling serde v1.0.229
[INFO] [stderr]    Compiling darling v0.20.11
[INFO] [stderr]    Compiling derive_builder_core v0.20.2
[INFO] [stderr]    Compiling tritium-core v1.1.0-rc.2
[INFO] [stderr]    Compiling spm_precompiled v0.1.4
[INFO] [stderr]    Compiling compact_str v0.9.1
[INFO] [stderr]    Compiling dary_heap v0.3.9
[INFO] [stderr]    Compiling tritium-spec v1.1.0-rc.2
[INFO] [stderr]    Compiling derive_builder_macro v0.20.2
[INFO] [stderr]    Compiling derive_builder v0.20.2
[INFO] [stderr]    Compiling tritium-runtime v1.1.0-rc.2
[INFO] [stderr]    Compiling half v2.7.1
[INFO] [stderr]    Compiling ppv-lite86 v0.2.21
[INFO] [stderr]    Compiling ahash v0.8.12
[INFO] [stderr]    Compiling rustls v0.23.43
[INFO] [stderr]    Compiling tritium-format v1.1.0-rc.2
[INFO] [stderr]    Compiling rand_chacha v0.9.0
[INFO] [stderr]    Compiling rand v0.9.5
[INFO] [stderr]    Compiling rustls-webpki v0.103.15
[INFO] [stderr]    Compiling onig v6.5.3
[INFO] [stderr]    Compiling tritium-testkit v1.1.0-rc.2
[INFO] [stderr]    Compiling tritium-quantize v1.1.0-rc.2
[INFO] [stderr]    Compiling tritium-cpu v1.1.0-rc.2
[INFO] [stderr]    Compiling tokenizers v0.23.1
[INFO] [stderr]    Compiling ureq v3.4.0
[INFO] [stderr]    Compiling tritium-nn v1.1.0-rc.2
[INFO] [stderr]    Compiling tritium-salt v1.1.0-rc.2
[INFO] [stderr]    Compiling tritium-cli v1.1.0-rc.2 (/opt/rustwide/workdir)
[INFO] [stderr]     Finished `release` profile [optimized] target(s) in 3m 02s
[INFO] running `Command { std: "docker" "inspect" "468a98ff6828c2193c0329a385cdb1aa52a01517f65714f022757124eb1d4173", kill_on_drop: false }`
[INFO] running `Command { std: "docker" "exec" "-e" "SOURCE_DIR=/opt/rustwide/workdir" "-e" "CARGO_HOME=/opt/rustwide/cargo-home" "-e" "RUSTUP_HOME=/opt/rustwide/rustup-home" "-e" "CARGO_TARGET_DIR=/opt/rustwide/target" "-e" "CARGO_INCREMENTAL=0" "-e" "RUST_BACKTRACE=full" "-e" "RUSTFLAGS=--cap-lints=warn" "-e" "RUSTDOCFLAGS=--cap-lints=warn" "-w" "/opt/rustwide/workdir" "--user" "0:0" "468a98ff6828c2193c0329a385cdb1aa52a01517f65714f022757124eb1d4173" "/opt/rustwide/cargo-home/bin/cargo" "+1.100.0-beta.1" "test" "--frozen" "--no-run" "--message-format=json" "--release", kill_on_drop: false }`
[INFO] [stderr]    Compiling tritium-cli v1.1.0-rc.2 (/opt/rustwide/workdir)
[INFO] [stderr]     Finished `release` profile [optimized] target(s) in 19.86s
[INFO] running `Command { std: "docker" "inspect" "468a98ff6828c2193c0329a385cdb1aa52a01517f65714f022757124eb1d4173", kill_on_drop: false }`
[INFO] running `Command { std: "docker" "exec" "-e" "SOURCE_DIR=/opt/rustwide/workdir" "-e" "CARGO_HOME=/opt/rustwide/cargo-home" "-e" "RUSTUP_HOME=/opt/rustwide/rustup-home" "-e" "CARGO_TARGET_DIR=/opt/rustwide/target" "-e" "CARGO_INCREMENTAL=0" "-e" "RUST_BACKTRACE=full" "-e" "RUSTFLAGS=--cap-lints=warn" "-e" "RUSTDOCFLAGS=--cap-lints=warn" "-w" "/opt/rustwide/workdir" "--user" "0:0" "468a98ff6828c2193c0329a385cdb1aa52a01517f65714f022757124eb1d4173" "/opt/rustwide/cargo-home/bin/cargo" "+1.100.0-beta.1" "test" "--frozen" "--release", kill_on_drop: false }`
[INFO] [stderr]     Finished `release` profile [optimized] target(s) in 0.21s
[INFO] [stderr]      Running unittests src/main.rs (/opt/rustwide/target/release/build/tritium-cli/47461ef06b465c55/out/tritium-47461ef06b465c55)
[INFO] [stdout] 
[INFO] [stdout] running 51 tests
[INFO] [stdout] test backends::tests::renders_backend_name_device_and_features ... ok
[INFO] [stdout] test campaign::tests::path_identity_resolves_parent_components_after_symlinks ... ok
[INFO] [stdout] test backends::tests::live_registry_includes_cpu ... ok
[INFO] [stdout] test campaign::tests::identity_growth_receipt_keeps_canonical_v1_json ... ok
[INFO] [stdout] test campaign::tests::semantic_model_digest_is_stable_and_covers_norms_names_shapes_and_values ... ok
[INFO] [stdout] test campaign::tests::plan_fingerprint_is_stable_and_changes_with_optimizer_or_geometry ... ok
[INFO] [stdout] test campaign::tests::teacher_row_softmax_normalizes_and_rejects_non_finite_logits ... ok
[INFO] [stdout] test generate::tests::read_token_file_parses_array ... ok
[INFO] [stdout] test campaign::tests::teacher_cache_paths_reject_input_aliases ... ok
[INFO] [stdout] test generate::tests::render_output_empty_is_empty_array ... ok
[INFO] [stdout] test campaign::tests::held_out_corpus_rejects_semantic_training_content ... ok
[INFO] [stdout] test campaign::tests::campaign_run_fails_closed_without_cuda_feature ... ok
[INFO] [stdout] test generate::tests::render_output_is_json_then_lines ... ok
[INFO] [stdout] test generate::tests::run_on_a_directory_without_a_bundle_names_the_missing_file ... ok
[INFO] [stdout] test inspect::tests::dims_format_is_bracketed_csv ... ok
[INFO] [stdout] test hex::tests::sha256_of_empty_matches_the_published_vector ... ok
[INFO] [stdout] test hex::tests::chunked_update_equals_one_shot ... ok
[INFO] [stdout] test hex::tests::sha256_of_abc_matches_the_published_vector ... ok
[INFO] [stdout] test inspect::tests::render_contains_header_fields ... ok
[INFO] [stdout] test campaign::tests::teacher_cache_publish_is_atomic_and_interruption_preserves_old_output ... ok
[INFO] [stdout] test inspect::tests::render_contains_tensor_names_and_types ... ok
[INFO] [stdout] test inspect::tests::render_handles_missing_architecture ... ok
[INFO] [stdout] test quantize::tests::output_format_accepts_progressive_sidecar_name ... ok
[INFO] [stdout] test inspect::tests::run_on_missing_file_errors_cleanly ... ok
[INFO] [stdout] test repack::tests::repacked_tq1_model_loads_bit_identical ... ignored, requires the external BitNet 2B4T GGUF; run explicitly for qualification
[INFO] [stdout] test report::tests::budgets_parse_csv ... ok
[INFO] [stdout] test inspect::tests::type_names_map_correctly ... ok
[INFO] [stdout] test report::tests::gpu_field_ignores_nvidia_smi_when_another_backend_ran ... ok
[INFO] [stdout] test report::tests::gpu_field_falls_back_to_the_backend_adapter_name_with_no_vendor_tool ... ok
[INFO] [stdout] test repack::tests::probe_i2s_scales_f16_exact ... ok
[INFO] [stdout] test report::tests::gpu_field_prefers_the_vendor_tool_on_a_cuda_run ... ok
[INFO] [stdout] test campaign::tests::immutable_plan_sidecar_rejects_mismatch_and_missing_sidecar_for_checkpoint ... ok
[INFO] [stdout] test salt::tests::path_gate_rejects_outputs_and_work_below_the_model ... ok
[INFO] [stdout] test report::tests::gpu_field_stays_unavailable_with_neither_source ... ok
[INFO] [stdout] test report::tests::decode_table_contains_key_metrics ... ok
[INFO] [stdout] test report::tests::salt_budget_metrics_are_finite ... ok
[INFO] [stdout] test salt::tests::digest_rendering_is_fixed_width_lower_hex ... ok
[INFO] [stdout] test inspect::tests::run_on_corrupt_file_errors_cleanly ... ok
[INFO] [stdout] test tests::campaign_run_cli_parses_config ... ok
[INFO] [stdout] test report::tests::budgets_reject_below_floor ... ok
[INFO] [stdout] test tests::campaign_teacher_cache_cli_parses_fixed_window_inputs ... ok
[INFO] [stdout] test tests::qwen36_preflight_cli_parses_immutable_candidate_output ... ok
[INFO] [stdout] test transport::tests::summary_handles_empty_source ... ok
[INFO] [stdout] test repack::tests::repack_i2s_to_standard_q2_preserves_model_payloads ... ok
[INFO] [stdout] test salt::tests::immutable_output_is_idempotent_and_never_replaced ... ok
[INFO] [stdout] test generate::tests::run_on_missing_model_errors_cleanly ... ok
[INFO] [stdout] test generate::tests::read_token_file_rejects_non_json ... ok
[INFO] [stdout] test generate::tests::read_token_file_rejects_negative ... ok
[INFO] [stdout] test backends::tests::empty_registry_renders_message ... ok
[INFO] [stdout] test repack::tests::repack_q2_to_tq_refuses_incompatible_g64_scales ... ok
[INFO] [stdout] test repack::tests::repack_i2s_to_tq1_and_back_to_tq2_preserves_trits_and_scales ... ok
[INFO] [stdout] 
[INFO] [stdout] test result: ok. 50 passed; 0 failed; 1 ignored; 0 measured; 0 filtered out; finished in 0.04s
[INFO] [stdout] 
[INFO] [stderr]      Running tests/convert_roundtrip.rs (/opt/rustwide/target/release/build/tritium-cli/541b3f621d54faf7/out/convert_roundtrip-541b3f621d54faf7)
[INFO] [stdout] 
[INFO] [stderr]      Running tests/fisher_quantize_cli.rs (/opt/rustwide/target/release/build/tritium-cli/8319296cfebdbf8f/out/fisher_quantize_cli-8319296cfebdbf8f)
[INFO] [stdout] running 1 test
[INFO] [stdout] test converted_model_scores_like_the_fitter_that_made_it ... ignored, three full evaluations of a real model on CPU
[INFO] [stdout] 
[INFO] [stdout] test result: ok. 0 passed; 0 failed; 1 ignored; 0 measured; 0 filtered out; finished in 0.00s
[INFO] [stdout] 
[INFO] [stdout] 
[INFO] [stdout] running 2 tests
[INFO] [stdout] quantized 1 tensors (0.00M params) | itf free-scale, 2.000 bpw target, Block scale, Fisher sensitivity → SALT bundle /tmp/tritium-fisher-cli-2538/out_fisher.tslb (0.0 MiB, 1.981 avg bpw)
[INFO] [stdout] quantized 1 tensors (0.00M params) | itf free-scale, 2.000 bpw target, Block scale, Uniform sensitivity → SALT bundle /tmp/tritium-fisher-cli-2538/out_uniform.tslb (0.0 MiB, 1.981 avg bpw)
[INFO] [stdout] test fisher_sidecar_concentrates_planes_on_high_fisher_rows ... ok
[INFO] [stdout] test mis_shaped_fisher_sidecar_is_rejected ... ok
[INFO] [stdout] 
[INFO] [stdout] test result: ok. 2 passed; 0 failed; 0 ignored; 0 measured; 0 filtered out; finished in 0.03s
[INFO] [stdout] 
[INFO] [stderr]      Running tests/generate_cli.rs (/opt/rustwide/target/release/build/tritium-cli/150ec3ee64428004/out/generate_cli-150ec3ee64428004)
[INFO] [stdout] 
[INFO] [stdout] running 4 tests
[INFO] [stdout] test generate_on_real_model_runs ... ok
[INFO] [stdout] test generate_help_lists_flags ... ok
[INFO] [stdout] test generate_rejects_missing_token_file ... ok
[INFO] [stdout] test generate_on_tiny_fixture_errors_cleanly ... FAILED
[INFO] [stdout] 
[INFO] [stdout] failures:
[INFO] [stdout] 
[INFO] [stdout] ---- generate_on_tiny_fixture_errors_cleanly stdout ----
[INFO] [stdout] 
[INFO] [stdout] thread 'generate_on_tiny_fixture_errors_cleanly' (2547) panicked at tests/generate_cli.rs:63:5:
[INFO] [stdout] expected a clean load error, got: Error: failed to read model `/opt/rustwide/workdir/../tritium-format/tests/fixtures/bitnet_tiny.gguf`
[INFO] [stdout] 
[INFO] [stdout] Caused by:
[INFO] [stdout]     No such file or directory (os error 2)
[INFO] [stdout] 
[INFO] [stdout] Stack backtrace:
[INFO] [stdout]    0: <core::io::error::Error as anyhow::context::ext::StdError>::ext_context::<alloc::string::String>
[INFO] [stdout]    1: tritium::generate::run
[INFO] [stdout]    2: tritium::main
[INFO] [stdout]    3: std::sys::backtrace::__rust_begin_short_backtrace::<fn() -> core::result::Result<(), anyhow::Error>, core::result::Result<(), anyhow::Error>>
[INFO] [stdout]    4: std::rt::lang_start::<core::result::Result<(), anyhow::Error>>::{closure#0}
[INFO] [stdout]    5: std::rt::lang_start_internal
[INFO] [stdout]    6: main
[INFO] [stdout]    7: <unknown>
[INFO] [stdout]    8: __libc_start_main
[INFO] [stdout]    9: _start
[INFO] [stdout] 
[INFO] [stdout] stack backtrace:
[INFO] [stdout]    0:     0x59f5521447e1 - <<std[617be2ca0a6fd877]::sys::backtrace::BacktraceLock>::print::DisplayBacktrace as core[a373ad73a504971]::fmt::Display>::fmt
[INFO] [stdout]    1:     0x59f55215875a - core[a373ad73a504971]::fmt::write
[INFO] [stdout]    2:     0x59f552148a1c - <alloc[2e1b2a31b91974c5]::vec::Vec<u8> as core[a373ad73a504971]::io::write::Write>::write_fmt
[INFO] [stdout]    3:     0x59f5521205e6 - std[617be2ca0a6fd877]::panicking::default_hook::{closure#0}
[INFO] [stdout]    4:     0x59f55213cbb9 - std[617be2ca0a6fd877]::panicking::default_hook
[INFO] [stdout]    5:     0x59f5520d8e10 - test[aada8e7e76ba119b]::test_main_inner::{closure#0}
[INFO] [stdout]    6:     0x59f55213cd72 - std[617be2ca0a6fd877]::panicking::panic_with_hook
[INFO] [stdout]    7:     0x59f552120692 - std[617be2ca0a6fd877]::panicking::panic_handler::{closure#0}
[INFO] [stdout]    8:     0x59f5521192f9 - std[617be2ca0a6fd877]::sys::backtrace::__rust_end_short_backtrace::<std[617be2ca0a6fd877]::panicking::panic_handler::{closure#0}, !>
[INFO] [stdout]    9:     0x59f55212129d - __rustc[ea4f61d10b84890b]::rust_begin_unwind
[INFO] [stdout]   10:     0x59f552158e8c - core[a373ad73a504971]::panicking::panic_fmt
[INFO] [stdout]   11:     0x59f5520cc144 - <generate_cli[ae42678c8af57434]::generate_on_tiny_fixture_errors_cleanly::{closure#0} as core[a373ad73a504971]::ops::function::FnOnce<()>>::call_once
[INFO] [stdout]   12:     0x59f5520cc25b - test[aada8e7e76ba119b]::__rust_begin_short_backtrace::<core[a373ad73a504971]::result::Result<(), alloc[2e1b2a31b91974c5]::string::String>, fn() -> core[a373ad73a504971]::result::Result<(), alloc[2e1b2a31b91974c5]::string::String>>
[INFO] [stdout]   13:     0x59f5520d9435 - test[aada8e7e76ba119b]::run_test::{closure#0}
[INFO] [stdout]   14:     0x59f5520d2d24 - std[617be2ca0a6fd877]::sys::backtrace::__rust_begin_short_backtrace::<test[aada8e7e76ba119b]::run_test::{closure#1}, ()>
[INFO] [stdout]   15:     0x59f5520dc4c2 - <std[617be2ca0a6fd877]::thread::lifecycle::spawn_unchecked<test[aada8e7e76ba119b]::run_test::{closure#1}, ()>::{closure#1} as core[a373ad73a504971]::ops::function::FnOnce<()>>::call_once::{shim:vtable#0}
[INFO] [stdout]   16:     0x59f552143e5f - <std[617be2ca0a6fd877]::sys::thread::unix::Thread>::new::thread_start
[INFO] [stdout]   17:     0x7014d7da1dfa - <unknown>
[INFO] [stdout]   18:     0x7014d7e353d4 - clone
[INFO] [stdout]   19:                0x0 - <unknown>
[INFO] [stdout] 
[INFO] [stdout] 
[INFO] [stdout] failures:
[INFO] [stdout]     generate_on_tiny_fixture_errors_cleanly
[INFO] [stdout] 
[INFO] [stdout] test result: FAILED. 3 passed; 1 failed; 0 ignored; 0 measured; 0 filtered out; finished in 0.01s
[INFO] [stdout] 
[INFO] [stderr] error: test failed, to rerun pass `--test generate_cli`
[INFO] running `Command { std: "docker" "inspect" "468a98ff6828c2193c0329a385cdb1aa52a01517f65714f022757124eb1d4173", kill_on_drop: false }`
[INFO] running `Command { std: "docker" "rm" "-f" "468a98ff6828c2193c0329a385cdb1aa52a01517f65714f022757124eb1d4173", kill_on_drop: false }`
[INFO] [stdout] 468a98ff6828c2193c0329a385cdb1aa52a01517f65714f022757124eb1d4173
