[INFO] fetching crate trino 0.1.0...
[INFO] testing trino-0.1.0 against 1.100.0-beta.1+cargoflags=--release for beta-release-1.100-2
[INFO] extracting crate trino 0.1.0 into /workspace/builds/worker-5-tc2/source
[INFO] started tweaking crates.io crate trino 0.1.0
[INFO] finished tweaking crates.io crate trino 0.1.0
[INFO] tweaked toml for crates.io crate trino 0.1.0 written to /workspace/builds/worker-5-tc2/source/Cargo.toml
[INFO] validating manifest of crates.io crate trino 0.1.0 on toolchain 1.100.0-beta.1
[INFO] running `Command { std: CARGO_HOME="/workspace/cargo-home" RUSTUP_HOME="/workspace/rustup-home" "/workspace/cargo-home/bin/cargo" "+1.100.0-beta.1" "metadata" "--manifest-path" "Cargo.toml" "--no-deps", kill_on_drop: false }`
[INFO] running `Command { std: CARGO_HOME="/workspace/cargo-home" RUSTUP_HOME="/workspace/rustup-home" "/workspace/cargo-home/bin/cargo" "+1.100.0-beta.1" "generate-lockfile" "--manifest-path" "Cargo.toml", kill_on_drop: false }`
[INFO] [stderr]     Updating crates.io index
[INFO] [stderr]      Locking 154 packages to highest compatible versions
[INFO] [stderr]       Adding reqwest v0.11.27 (available: v0.13.5)
[INFO] running `Command { std: CARGO_HOME="/workspace/cargo-home" RUSTUP_HOME="/workspace/rustup-home" "/workspace/cargo-home/bin/cargo" "+1.100.0-beta.1" "fetch" "--manifest-path" "Cargo.toml", kill_on_drop: false }`
[INFO] running `Command { std: "docker" "create" "-v" "/var/lib/crater-agent-workspace/builds/worker-5-tc2/source:/opt/rustwide/workdir:ro,Z" "-v" "/var/lib/crater-agent-workspace/builds/worker-5-tc2/target:/opt/rustwide/target:rw,Z" "-v" "/var/lib/crater-agent-workspace/cargo-home:/opt/rustwide/cargo-home:ro,Z" "-v" "/var/lib/crater-agent-workspace/rustup-home:/opt/rustwide/rustup-home:ro,Z" "-m" "1610612736" "--network" "none" "ghcr.io/rust-lang/crates-build-env/linux@sha256:77db811e55d90add9212f6832c23229e3de5f1c1f9905e8cb07319ea15df73ac" "sleep" "infinity", kill_on_drop: false }`
[INFO] [stdout] 232d5a3df5fb2200c052fe11efcff622536bf1850e1ef8bd782e19436f00d87f
[INFO] running `Command { std: "docker" "start" "232d5a3df5fb2200c052fe11efcff622536bf1850e1ef8bd782e19436f00d87f", kill_on_drop: false }`
[INFO] running `Command { std: "docker" "inspect" "232d5a3df5fb2200c052fe11efcff622536bf1850e1ef8bd782e19436f00d87f", kill_on_drop: false }`
[INFO] running `Command { std: "docker" "exec" "-e" "SOURCE_DIR=/opt/rustwide/workdir" "-e" "CARGO_HOME=/opt/rustwide/cargo-home" "-e" "RUSTUP_HOME=/opt/rustwide/rustup-home" "-e" "CARGO_TARGET_DIR=/opt/rustwide/target" "-w" "/opt/rustwide/workdir" "--user" "0:0" "232d5a3df5fb2200c052fe11efcff622536bf1850e1ef8bd782e19436f00d87f" "/opt/rustwide/cargo-home/bin/cargo" "+1.100.0-beta.1" "metadata" "--no-deps" "--format-version=1", kill_on_drop: false }`
[INFO] running `Command { std: "docker" "inspect" "232d5a3df5fb2200c052fe11efcff622536bf1850e1ef8bd782e19436f00d87f", kill_on_drop: false }`
[INFO] running `Command { std: "docker" "exec" "-e" "SOURCE_DIR=/opt/rustwide/workdir" "-e" "CARGO_HOME=/opt/rustwide/cargo-home" "-e" "RUSTUP_HOME=/opt/rustwide/rustup-home" "-e" "CARGO_TARGET_DIR=/opt/rustwide/target" "-e" "CARGO_INCREMENTAL=0" "-e" "RUST_BACKTRACE=full" "-e" "RUSTFLAGS=--cap-lints=warn" "-e" "RUSTDOCFLAGS=--cap-lints=warn" "-w" "/opt/rustwide/workdir" "--user" "0:0" "232d5a3df5fb2200c052fe11efcff622536bf1850e1ef8bd782e19436f00d87f" "/opt/rustwide/cargo-home/bin/cargo" "+1.100.0-beta.1" "build" "--frozen" "--message-format=json" "--release", kill_on_drop: false }`
[INFO] [stderr]    Compiling http v0.2.12
[INFO] [stderr]    Compiling native-tls v0.2.18
[INFO] [stderr]    Compiling bitflags v2.13.2
[INFO] [stderr]    Compiling syn v3.0.9
[INFO] [stderr]    Compiling parking_lot_core v0.9.12
[INFO] [stderr]    Compiling syn v2.0.119
[INFO] [stderr]    Compiling openssl-sys v0.9.117
[INFO] [stderr]    Compiling futures-util v0.3.34
[INFO] [stderr]    Compiling socket2 v0.5.10
[INFO] [stderr]    Compiling serde_json v1.0.154
[INFO] [stderr]    Compiling base64 v0.21.7
[INFO] [stderr]    Compiling sync_wrapper v0.1.2
[INFO] [stderr]    Compiling rustls-pemfile v1.0.4
[INFO] [stderr]    Compiling parking_lot v0.12.5
[INFO] [stderr]    Compiling http-body v0.4.6
[INFO] [stderr]    Compiling openssl-macros v0.1.1
[INFO] [stderr]    Compiling openssl v0.10.81
[INFO] [stderr]    Compiling synstructure v0.14.0
[INFO] [stderr]    Compiling zerovec-derive v0.11.6
[INFO] [stderr]    Compiling displaydoc v0.2.7
[INFO] [stderr]    Compiling tokio-macros v2.7.2
[INFO] [stderr]    Compiling serde_derive v1.0.229
[INFO] [stderr]    Compiling zerofrom-derive v0.1.8
[INFO] [stderr]    Compiling yoke-derive v0.8.4
[INFO] [stderr]    Compiling tokio v1.53.3
[INFO] [stderr]    Compiling zerofrom v0.1.8
[INFO] [stderr]    Compiling yoke v0.8.3
[INFO] [stderr]    Compiling zerovec v0.11.8
[INFO] [stderr]    Compiling zerotrie v0.2.5
[INFO] [stderr]    Compiling tinystr v0.8.4
[INFO] [stderr]    Compiling potential_utf v0.1.6
[INFO] [stderr]    Compiling icu_collections v2.3.0
[INFO] [stderr]    Compiling icu_locale_core v2.3.0
[INFO] [stderr]    Compiling serde v1.0.229
[INFO] [stderr]    Compiling serde_urlencoded v0.7.1
[INFO] [stderr]    Compiling icu_provider v2.3.1
[INFO] [stderr]    Compiling icu_properties v2.3.0
[INFO] [stderr]    Compiling icu_normalizer v2.3.0
[INFO] [stderr]    Compiling idna_adapter v1.2.2
[INFO] [stderr]    Compiling idna v1.1.0
[INFO] [stderr]    Compiling url v2.5.8
[INFO] [stderr]    Compiling tokio-util v0.7.20
[INFO] [stderr]    Compiling tokio-native-tls v0.3.1
[INFO] [stderr]    Compiling h2 v0.3.27
[INFO] [stderr]    Compiling hyper v0.14.32
[INFO] [stderr]    Compiling hyper-tls v0.5.0
[INFO] [stderr]    Compiling reqwest v0.11.27
[INFO] [stderr]    Compiling trino v0.1.0 (/opt/rustwide/workdir)
[INFO] [stderr]     Finished `release` profile [optimized] target(s) in 1m 00s
[INFO] running `Command { std: "docker" "inspect" "232d5a3df5fb2200c052fe11efcff622536bf1850e1ef8bd782e19436f00d87f", kill_on_drop: false }`
[INFO] running `Command { std: "docker" "exec" "-e" "SOURCE_DIR=/opt/rustwide/workdir" "-e" "CARGO_HOME=/opt/rustwide/cargo-home" "-e" "RUSTUP_HOME=/opt/rustwide/rustup-home" "-e" "CARGO_TARGET_DIR=/opt/rustwide/target" "-e" "CARGO_INCREMENTAL=0" "-e" "RUST_BACKTRACE=full" "-e" "RUSTFLAGS=--cap-lints=warn" "-e" "RUSTDOCFLAGS=--cap-lints=warn" "-w" "/opt/rustwide/workdir" "--user" "0:0" "232d5a3df5fb2200c052fe11efcff622536bf1850e1ef8bd782e19436f00d87f" "/opt/rustwide/cargo-home/bin/cargo" "+1.100.0-beta.1" "test" "--frozen" "--no-run" "--message-format=json" "--release", kill_on_drop: false }`
[INFO] [stderr]    Compiling trino v0.1.0 (/opt/rustwide/workdir)
[INFO] [stdout] warning: fields `nationkey`, `name`, `regionkey`, and `comment` are never read
[INFO] [stdout]   --> tests/integration_test.rs:8:9
[INFO] [stdout]    |
[INFO] [stdout]  7 |     struct Nation {
[INFO] [stdout]    |            ------ fields in this struct
[INFO] [stdout]  8 |         nationkey: u32,
[INFO] [stdout]    |         ^^^^^^^^^
[INFO] [stdout]  9 |         name: String,
[INFO] [stdout]    |         ^^^^
[INFO] [stdout] 10 |         regionkey: u32,
[INFO] [stdout]    |         ^^^^^^^^^
[INFO] [stdout] 11 |         comment: String,
[INFO] [stdout]    |         ^^^^^^^
[INFO] [stdout]    |
[INFO] [stdout]    = note: `Nation` has a derived impl for the trait `Debug`, but this is intentionally ignored during dead code analysis
[INFO] [stdout]    = note: `#[warn(dead_code)]` (part of `#[warn(unused)]`) on by default
[INFO] [stdout] 
[INFO] [stdout] 
[INFO] [stderr]     Finished `release` profile [optimized] target(s) in 5.06s
[INFO] running `Command { std: "docker" "inspect" "232d5a3df5fb2200c052fe11efcff622536bf1850e1ef8bd782e19436f00d87f", kill_on_drop: false }`
[INFO] running `Command { std: "docker" "exec" "-e" "SOURCE_DIR=/opt/rustwide/workdir" "-e" "CARGO_HOME=/opt/rustwide/cargo-home" "-e" "RUSTUP_HOME=/opt/rustwide/rustup-home" "-e" "CARGO_TARGET_DIR=/opt/rustwide/target" "-e" "CARGO_INCREMENTAL=0" "-e" "RUST_BACKTRACE=full" "-e" "RUSTFLAGS=--cap-lints=warn" "-e" "RUSTDOCFLAGS=--cap-lints=warn" "-w" "/opt/rustwide/workdir" "--user" "0:0" "232d5a3df5fb2200c052fe11efcff622536bf1850e1ef8bd782e19436f00d87f" "/opt/rustwide/cargo-home/bin/cargo" "+1.100.0-beta.1" "test" "--frozen" "--release", kill_on_drop: false }`
[INFO] [stderr] warning: fields `nationkey`, `name`, `regionkey`, and `comment` are never read
[INFO] [stderr]   --> tests/integration_test.rs:8:9
[INFO] [stderr]    |
[INFO] [stderr]  7 |     struct Nation {
[INFO] [stderr]    |            ------ fields in this struct
[INFO] [stderr]  8 |         nationkey: u32,
[INFO] [stderr]    |         ^^^^^^^^^
[INFO] [stderr]  9 |         name: String,
[INFO] [stderr]    |         ^^^^
[INFO] [stderr] 10 |         regionkey: u32,
[INFO] [stderr]    |         ^^^^^^^^^
[INFO] [stderr] 11 |         comment: String,
[INFO] [stderr]    |         ^^^^^^^
[INFO] [stderr]    |
[INFO] [stderr]    = note: `Nation` has a derived impl for the trait `Debug`, but this is intentionally ignored during dead code analysis
[INFO] [stderr]    = note: `#[warn(dead_code)]` (part of `#[warn(unused)]`) on by default
[INFO] [stderr] 
[INFO] [stderr] warning: `trino` (test "integration_test") generated 1 warning
[INFO] [stderr]     Finished `release` profile [optimized] target(s) in 0.17s
[INFO] [stderr]      Running unittests src/lib.rs (/opt/rustwide/target/release/build/trino/e8402339199ecbe6/out/trino-e8402339199ecbe6)
[INFO] [stdout] 
[INFO] [stdout] running 1 test
[INFO] [stderr]      Running tests/integration_test.rs (/opt/rustwide/target/release/build/trino/5135b438ae8fe470/out/integration_test-5135b438ae8fe470)
[INFO] [stdout] test response::tests::deserialize_initial_response ... ok
[INFO] [stdout] 
[INFO] [stdout] test result: ok. 1 passed; 0 failed; 0 ignored; 0 measured; 0 filtered out; finished in 0.00s
[INFO] [stdout] 
[INFO] [stdout] 
[INFO] [stdout] running 2 tests
[INFO] [stdout] test test_query_untyped ... FAILED
[INFO] [stdout] test test_query_typed ... FAILED
[INFO] [stdout] 
[INFO] [stdout] failures:
[INFO] [stdout] 
[INFO] [stdout] ---- test_query_untyped stdout ----
[INFO] [stdout] 
[INFO] [stdout] thread 'test_query_untyped' (1100) panicked at tests/integration_test.rs:28:10:
[INFO] [stdout] called `Result::unwrap()` on an `Err` value: reqwest::Error { kind: Request, url: Url { scheme: "http", cannot_be_a_base: false, username: "", password: None, host: Some(Domain("localhost")), port: Some(8080), path: "/v1/statement", query: None, fragment: None }, source: hyper::Error(Connect, ConnectError("tcp connect error", Os { code: 111, kind: ConnectionRefused, message: "Connection refused" })) }
[INFO] [stdout] stack backtrace:
[INFO] [stdout]    0:     0x60ee746ebff1 - <<std[617be2ca0a6fd877]::sys::backtrace::BacktraceLock>::print::DisplayBacktrace as core[a373ad73a504971]::fmt::Display>::fmt
[INFO] [stdout]    1:     0x60ee74701d4a - core[a373ad73a504971]::fmt::write
[INFO] [stdout]    2:     0x60ee746f088c - <alloc[2e1b2a31b91974c5]::vec::Vec<u8> as core[a373ad73a504971]::io::write::Write>::write_fmt
[INFO] [stdout]    3:     0x60ee746c73f6 - std[617be2ca0a6fd877]::panicking::default_hook::{closure#0}
[INFO] [stdout]    4:     0x60ee746e3fe9 - std[617be2ca0a6fd877]::panicking::default_hook
[INFO] [stdout]    5:     0x60ee74654600 - test[aada8e7e76ba119b]::test_main_inner::{closure#0}
[INFO] [stdout]    6:     0x60ee746e4312 - std[617be2ca0a6fd877]::panicking::panic_with_hook
[INFO] [stdout]    7:     0x60ee746c74a2 - std[617be2ca0a6fd877]::panicking::panic_handler::{closure#0}
[INFO] [stdout]    8:     0x60ee746c00d9 - std[617be2ca0a6fd877]::sys::backtrace::__rust_end_short_backtrace::<std[617be2ca0a6fd877]::panicking::panic_handler::{closure#0}, !>
[INFO] [stdout]    9:     0x60ee746c829d - __rustc[ea4f61d10b84890b]::rust_begin_unwind
[INFO] [stdout]   10:     0x60ee747024ac - core[a373ad73a504971]::panicking::panic_fmt
[INFO] [stdout]   11:     0x60ee74702282 - core[a373ad73a504971]::result::unwrap_failed
[INFO] [stdout]   12:     0x60ee74523649 - integration_test[adbadb4c41c6b3bf]::test_query_untyped::{closure#0}
[INFO] [stdout]   13:     0x60ee7452b3e3 - <tokio[202af9a7a110a7a1]::runtime::scheduler::current_thread::Context>::enter::<core[a373ad73a504971]::task::poll::Poll<()>, <tokio[202af9a7a110a7a1]::runtime::scheduler::current_thread::CoreGuard>::block_on<core[a373ad73a504971]::pin::Pin<&mut core[a373ad73a504971]::pin::Pin<&mut dyn core[a373ad73a504971]::future::future::Future<Output = ()>>>>::{closure#0}::{closure#0}>
[INFO] [stdout]   14:     0x60ee7452ecdc - <tokio[202af9a7a110a7a1]::runtime::context::scoped::Scoped<tokio[202af9a7a110a7a1]::runtime::scheduler::Context>>::set::<<tokio[202af9a7a110a7a1]::runtime::scheduler::current_thread::CoreGuard>::enter<<tokio[202af9a7a110a7a1]::runtime::scheduler::current_thread::CoreGuard>::block_on<core[a373ad73a504971]::pin::Pin<&mut core[a373ad73a504971]::pin::Pin<&mut dyn core[a373ad73a504971]::future::future::Future<Output = ()>>>>::{closure#0}, core[a373ad73a504971]::option::Option<()>>::{closure#0}, (alloc[2e1b2a31b91974c5]::boxed::Box<tokio[202af9a7a110a7a1]::runtime::scheduler::current_thread::Core>, core[a373ad73a504971]::option::Option<()>)>
[INFO] [stdout]   15:     0x60ee7452b587 - <tokio[202af9a7a110a7a1]::runtime::scheduler::current_thread::CoreGuard>::block_on::<core[a373ad73a504971]::pin::Pin<&mut core[a373ad73a504971]::pin::Pin<&mut dyn core[a373ad73a504971]::future::future::Future<Output = ()>>>>
[INFO] [stdout]   16:     0x60ee7452a93d - tokio[202af9a7a110a7a1]::runtime::context::runtime::enter_runtime::<<tokio[202af9a7a110a7a1]::runtime::scheduler::current_thread::CurrentThread>::block_on<core[a373ad73a504971]::pin::Pin<&mut dyn core[a373ad73a504971]::future::future::Future<Output = ()>>>::{closure#0}, ()>
[INFO] [stdout]   17:     0x60ee7452ebb5 - <tokio[202af9a7a110a7a1]::runtime::runtime::Runtime>::block_on::<core[a373ad73a504971]::pin::Pin<&mut dyn core[a373ad73a504971]::future::future::Future<Output = ()>>>
[INFO] [stdout]   18:     0x60ee7452428e - <integration_test[adbadb4c41c6b3bf]::test_query_untyped::{closure#0} as core[a373ad73a504971]::ops::function::FnOnce<()>>::call_once
[INFO] [stdout]   19:     0x60ee74647a4b - test[aada8e7e76ba119b]::__rust_begin_short_backtrace::<core[a373ad73a504971]::result::Result<(), alloc[2e1b2a31b91974c5]::string::String>, fn() -> core[a373ad73a504971]::result::Result<(), alloc[2e1b2a31b91974c5]::string::String>>
[INFO] [stdout]   20:     0x60ee74654c25 - test[aada8e7e76ba119b]::run_test::{closure#0}
[INFO] [stdout]   21:     0x60ee7464e514 - std[617be2ca0a6fd877]::sys::backtrace::__rust_begin_short_backtrace::<test[aada8e7e76ba119b]::run_test::{closure#1}, ()>
[INFO] [stdout]   22:     0x60ee74657cb2 - <std[617be2ca0a6fd877]::thread::lifecycle::spawn_unchecked<test[aada8e7e76ba119b]::run_test::{closure#1}, ()>::{closure#1} as core[a373ad73a504971]::ops::function::FnOnce<()>>::call_once::{shim:vtable#0}
[INFO] [stdout]   23:     0x60ee746eb49f - <std[617be2ca0a6fd877]::sys::thread::unix::Thread>::new::thread_start
[INFO] [stdout]   24:     0x784bc35eddfa - <unknown>
[INFO] [stdout]   25:     0x784bc36813d4 - clone
[INFO] [stdout]   26:                0x0 - <unknown>
[INFO] [stdout] 
[INFO] [stdout] ---- test_query_typed stdout ----
[INFO] [stdout] 
[INFO] [stdout] thread 'test_query_typed' (1099) panicked at tests/integration_test.rs:18:10:
[INFO] [stdout] called `Result::unwrap()` on an `Err` value: reqwest::Error { kind: Request, url: Url { scheme: "http", cannot_be_a_base: false, username: "", password: None, host: Some(Domain("localhost")), port: Some(8080), path: "/v1/statement", query: None, fragment: None }, source: hyper::Error(Connect, ConnectError("tcp connect error", Os { code: 111, kind: ConnectionRefused, message: "Connection refused" })) }
[INFO] [stdout] stack backtrace:
[INFO] [stdout]    0:     0x60ee746ebff1 - <<std[617be2ca0a6fd877]::sys::backtrace::BacktraceLock>::print::DisplayBacktrace as core[a373ad73a504971]::fmt::Display>::fmt
[INFO] [stdout]    1:     0x60ee74701d4a - core[a373ad73a504971]::fmt::write
[INFO] [stdout]    2:     0x60ee746f088c - <alloc[2e1b2a31b91974c5]::vec::Vec<u8> as core[a373ad73a504971]::io::write::Write>::write_fmt
[INFO] [stdout]    3:     0x60ee746c73f6 - std[617be2ca0a6fd877]::panicking::default_hook::{closure#0}
[INFO] [stdout]    4:     0x60ee746e3fe9 - std[617be2ca0a6fd877]::panicking::default_hook
[INFO] [stdout]    5:     0x60ee74654600 - test[aada8e7e76ba119b]::test_main_inner::{closure#0}
[INFO] [stdout]    6:     0x60ee746e4312 - std[617be2ca0a6fd877]::panicking::panic_with_hook
[INFO] [stdout]    7:     0x60ee746c74a2 - std[617be2ca0a6fd877]::panicking::panic_handler::{closure#0}
[INFO] [stdout]    8:     0x60ee746c00d9 - std[617be2ca0a6fd877]::sys::backtrace::__rust_end_short_backtrace::<std[617be2ca0a6fd877]::panicking::panic_handler::{closure#0}, !>
[INFO] [stdout]    9:     0x60ee746c829d - __rustc[ea4f61d10b84890b]::rust_begin_unwind
[INFO] [stdout]   10:     0x60ee747024ac - core[a373ad73a504971]::panicking::panic_fmt
[INFO] [stdout]   11:     0x60ee74702282 - core[a373ad73a504971]::result::unwrap_failed
[INFO] [stdout]   12:     0x60ee7452244d - integration_test[adbadb4c41c6b3bf]::test_query_typed::{closure#0}
[INFO] [stdout]   13:     0x60ee7452b3e3 - <tokio[202af9a7a110a7a1]::runtime::scheduler::current_thread::Context>::enter::<core[a373ad73a504971]::task::poll::Poll<()>, <tokio[202af9a7a110a7a1]::runtime::scheduler::current_thread::CoreGuard>::block_on<core[a373ad73a504971]::pin::Pin<&mut core[a373ad73a504971]::pin::Pin<&mut dyn core[a373ad73a504971]::future::future::Future<Output = ()>>>>::{closure#0}::{closure#0}>
[INFO] [stdout]   14:     0x60ee7452ecdc - <tokio[202af9a7a110a7a1]::runtime::context::scoped::Scoped<tokio[202af9a7a110a7a1]::runtime::scheduler::Context>>::set::<<tokio[202af9a7a110a7a1]::runtime::scheduler::current_thread::CoreGuard>::enter<<tokio[202af9a7a110a7a1]::runtime::scheduler::current_thread::CoreGuard>::block_on<core[a373ad73a504971]::pin::Pin<&mut core[a373ad73a504971]::pin::Pin<&mut dyn core[a373ad73a504971]::future::future::Future<Output = ()>>>>::{closure#0}, core[a373ad73a504971]::option::Option<()>>::{closure#0}, (alloc[2e1b2a31b91974c5]::boxed::Box<tokio[202af9a7a110a7a1]::runtime::scheduler::current_thread::Core>, core[a373ad73a504971]::option::Option<()>)>
[INFO] [stdout]   15:     0x60ee7452b587 - <tokio[202af9a7a110a7a1]::runtime::scheduler::current_thread::CoreGuard>::block_on::<core[a373ad73a504971]::pin::Pin<&mut core[a373ad73a504971]::pin::Pin<&mut dyn core[a373ad73a504971]::future::future::Future<Output = ()>>>>
[INFO] [stdout]   16:     0x60ee7452a93d - tokio[202af9a7a110a7a1]::runtime::context::runtime::enter_runtime::<<tokio[202af9a7a110a7a1]::runtime::scheduler::current_thread::CurrentThread>::block_on<core[a373ad73a504971]::pin::Pin<&mut dyn core[a373ad73a504971]::future::future::Future<Output = ()>>>::{closure#0}, ()>
[INFO] [stdout]   17:     0x60ee7452ebb5 - <tokio[202af9a7a110a7a1]::runtime::runtime::Runtime>::block_on::<core[a373ad73a504971]::pin::Pin<&mut dyn core[a373ad73a504971]::future::future::Future<Output = ()>>>
[INFO] [stdout]   18:     0x60ee745240be - <integration_test[adbadb4c41c6b3bf]::test_query_typed::{closure#0} as core[a373ad73a504971]::ops::function::FnOnce<()>>::call_once
[INFO] [stdout]   19:     0x60ee74647a4b - test[aada8e7e76ba119b]::__rust_begin_short_backtrace::<core[a373ad73a504971]::result::Result<(), alloc[2e1b2a31b91974c5]::string::String>, fn() -> core[a373ad73a504971]::result::Result<(), alloc[2e1b2a31b91974c5]::string::String>>
[INFO] [stdout]   20:     0x60ee74654c25 - test[aada8e7e76ba119b]::run_test::{closure#0}
[INFO] [stdout]   21:     0x60ee7464e514 - std[617be2ca0a6fd877]::sys::backtrace::__rust_begin_short_backtrace::<test[aada8e7e76ba119b]::run_test::{closure#1}, ()>
[INFO] [stdout]   22:     0x60ee74657cb2 - <std[617be2ca0a6fd877]::thread::lifecycle::spawn_unchecked<test[aada8e7e76ba119b]::run_test::{closure#1}, ()>::{closure#1} as core[a373ad73a504971]::ops::function::FnOnce<()>>::call_once::{shim:vtable#0}
[INFO] [stdout]   23:     0x60ee746eb49f - <std[617be2ca0a6fd877]::sys::thread::unix::Thread>::new::thread_start
[INFO] [stdout]   24:     0x784bc35eddfa - <unknown>
[INFO] [stdout]   25:     0x784bc36813d4 - clone
[INFO] [stdout]   26:                0x0 - <unknown>
[INFO] [stdout] 
[INFO] [stdout] 
[INFO] [stdout] failures:
[INFO] [stdout]     test_query_typed
[INFO] [stdout]     test_query_untyped
[INFO] [stdout] 
[INFO] [stdout] test result: FAILED. 0 passed; 2 failed; 0 ignored; 0 measured; 0 filtered out; finished in 0.07s
[INFO] [stdout] 
[INFO] [stderr] error: test failed, to rerun pass `--test integration_test`
[INFO] running `Command { std: "docker" "inspect" "232d5a3df5fb2200c052fe11efcff622536bf1850e1ef8bd782e19436f00d87f", kill_on_drop: false }`
[INFO] running `Command { std: "docker" "rm" "-f" "232d5a3df5fb2200c052fe11efcff622536bf1850e1ef8bd782e19436f00d87f", kill_on_drop: false }`
[INFO] [stdout] 232d5a3df5fb2200c052fe11efcff622536bf1850e1ef8bd782e19436f00d87f
