[INFO] fetching crate trinitry 0.2.2...
[INFO] testing trinitry-0.2.2 against 1.100.0-beta.1+cargoflags=--release for beta-release-1.100-2
[INFO] extracting crate trinitry 0.2.2 into /workspace/builds/worker-6-tc2/source
[INFO] started tweaking crates.io crate trinitry 0.2.2
[INFO] finished tweaking crates.io crate trinitry 0.2.2
[INFO] tweaked toml for crates.io crate trinitry 0.2.2 written to /workspace/builds/worker-6-tc2/source/Cargo.toml
[INFO] validating manifest of crates.io crate trinitry 0.2.2 on toolchain 1.100.0-beta.1
[INFO] running `Command { std: CARGO_HOME="/workspace/cargo-home" RUSTUP_HOME="/workspace/rustup-home" "/workspace/cargo-home/bin/cargo" "+1.100.0-beta.1" "metadata" "--manifest-path" "Cargo.toml" "--no-deps", kill_on_drop: false }`
[INFO] running `Command { std: CARGO_HOME="/workspace/cargo-home" RUSTUP_HOME="/workspace/rustup-home" "/workspace/cargo-home/bin/cargo" "+1.100.0-beta.1" "generate-lockfile" "--manifest-path" "Cargo.toml", kill_on_drop: false }`
[INFO] [stderr]     Updating crates.io index
[INFO] [stderr]      Locking 19 packages to highest compatible versions
[INFO] [stderr]       Adding psm v0.1.24 (available: v0.1.32)
[INFO] running `Command { std: CARGO_HOME="/workspace/cargo-home" RUSTUP_HOME="/workspace/rustup-home" "/workspace/cargo-home/bin/cargo" "+1.100.0-beta.1" "fetch" "--manifest-path" "Cargo.toml", kill_on_drop: false }`
[INFO] running `Command { std: "docker" "create" "-v" "/var/lib/crater-agent-workspace/builds/worker-6-tc2/source:/opt/rustwide/workdir:ro,Z" "-v" "/var/lib/crater-agent-workspace/builds/worker-6-tc2/target:/opt/rustwide/target:rw,Z" "-v" "/var/lib/crater-agent-workspace/cargo-home:/opt/rustwide/cargo-home:ro,Z" "-v" "/var/lib/crater-agent-workspace/rustup-home:/opt/rustwide/rustup-home:ro,Z" "-m" "1610612736" "--network" "none" "ghcr.io/rust-lang/crates-build-env/linux@sha256:77db811e55d90add9212f6832c23229e3de5f1c1f9905e8cb07319ea15df73ac" "sleep" "infinity", kill_on_drop: false }`
[INFO] [stdout] 8e8bab83818fd831517b982eecc1a588cd7ba1ce29542747f61a4990416c5fe1
[INFO] running `Command { std: "docker" "start" "8e8bab83818fd831517b982eecc1a588cd7ba1ce29542747f61a4990416c5fe1", kill_on_drop: false }`
[INFO] running `Command { std: "docker" "inspect" "8e8bab83818fd831517b982eecc1a588cd7ba1ce29542747f61a4990416c5fe1", kill_on_drop: false }`
[INFO] running `Command { std: "docker" "exec" "-e" "SOURCE_DIR=/opt/rustwide/workdir" "-e" "CARGO_HOME=/opt/rustwide/cargo-home" "-e" "RUSTUP_HOME=/opt/rustwide/rustup-home" "-e" "CARGO_TARGET_DIR=/opt/rustwide/target" "-w" "/opt/rustwide/workdir" "--user" "0:0" "8e8bab83818fd831517b982eecc1a588cd7ba1ce29542747f61a4990416c5fe1" "/opt/rustwide/cargo-home/bin/cargo" "+1.100.0-beta.1" "metadata" "--no-deps" "--format-version=1", kill_on_drop: false }`
[INFO] running `Command { std: "docker" "inspect" "8e8bab83818fd831517b982eecc1a588cd7ba1ce29542747f61a4990416c5fe1", kill_on_drop: false }`
[INFO] running `Command { std: "docker" "exec" "-e" "SOURCE_DIR=/opt/rustwide/workdir" "-e" "CARGO_HOME=/opt/rustwide/cargo-home" "-e" "RUSTUP_HOME=/opt/rustwide/rustup-home" "-e" "CARGO_TARGET_DIR=/opt/rustwide/target" "-e" "CARGO_INCREMENTAL=0" "-e" "RUST_BACKTRACE=full" "-e" "RUSTFLAGS=--cap-lints=warn" "-e" "RUSTDOCFLAGS=--cap-lints=warn" "-w" "/opt/rustwide/workdir" "--user" "0:0" "8e8bab83818fd831517b982eecc1a588cd7ba1ce29542747f61a4990416c5fe1" "/opt/rustwide/cargo-home/bin/cargo" "+1.100.0-beta.1" "build" "--frozen" "--message-format=json" "--release", kill_on_drop: false }`
[INFO] [stderr]    Compiling psm v0.1.24
[INFO] [stderr]    Compiling stacker v0.1.25
[INFO] [stderr]    Compiling pest v2.9.4
[INFO] [stderr]    Compiling pest_meta v2.9.4
[INFO] [stderr]    Compiling pest_generator v2.9.4
[INFO] [stderr]    Compiling pest_derive v2.9.4
[INFO] [stderr]    Compiling trinitry v0.2.2 (/opt/rustwide/workdir)
[INFO] [stderr]     Finished `release` profile [optimized] target(s) in 6.10s
[INFO] running `Command { std: "docker" "inspect" "8e8bab83818fd831517b982eecc1a588cd7ba1ce29542747f61a4990416c5fe1", kill_on_drop: false }`
[INFO] running `Command { std: "docker" "exec" "-e" "SOURCE_DIR=/opt/rustwide/workdir" "-e" "CARGO_HOME=/opt/rustwide/cargo-home" "-e" "RUSTUP_HOME=/opt/rustwide/rustup-home" "-e" "CARGO_TARGET_DIR=/opt/rustwide/target" "-e" "CARGO_INCREMENTAL=0" "-e" "RUST_BACKTRACE=full" "-e" "RUSTFLAGS=--cap-lints=warn" "-e" "RUSTDOCFLAGS=--cap-lints=warn" "-w" "/opt/rustwide/workdir" "--user" "0:0" "8e8bab83818fd831517b982eecc1a588cd7ba1ce29542747f61a4990416c5fe1" "/opt/rustwide/cargo-home/bin/cargo" "+1.100.0-beta.1" "test" "--frozen" "--no-run" "--message-format=json" "--release", kill_on_drop: false }`
[INFO] [stderr]    Compiling trinitry v0.2.2 (/opt/rustwide/workdir)
[INFO] [stderr]     Finished `release` profile [optimized] target(s) in 2.88s
[INFO] running `Command { std: "docker" "inspect" "8e8bab83818fd831517b982eecc1a588cd7ba1ce29542747f61a4990416c5fe1", kill_on_drop: false }`
[INFO] running `Command { std: "docker" "exec" "-e" "SOURCE_DIR=/opt/rustwide/workdir" "-e" "CARGO_HOME=/opt/rustwide/cargo-home" "-e" "RUSTUP_HOME=/opt/rustwide/rustup-home" "-e" "CARGO_TARGET_DIR=/opt/rustwide/target" "-e" "CARGO_INCREMENTAL=0" "-e" "RUST_BACKTRACE=full" "-e" "RUSTFLAGS=--cap-lints=warn" "-e" "RUSTDOCFLAGS=--cap-lints=warn" "-w" "/opt/rustwide/workdir" "--user" "0:0" "8e8bab83818fd831517b982eecc1a588cd7ba1ce29542747f61a4990416c5fe1" "/opt/rustwide/cargo-home/bin/cargo" "+1.100.0-beta.1" "test" "--frozen" "--release", kill_on_drop: false }`
[INFO] [stderr]     Finished `release` profile [optimized] target(s) in 0.07s
[INFO] [stderr]      Running unittests src/lib.rs (/opt/rustwide/target/release/build/trinitry/ad1bb44b0e654f55/out/trinitry-ad1bb44b0e654f55)
[INFO] [stdout] 
[INFO] [stdout] running 246 tests
[INFO] [stdout] test test::parse_arg_quote ... ok
[INFO] [stdout] test tests::test::parse_100 ... ok
[INFO] [stdout] test tests::test::parse_0 ... ok
[INFO] [stdout] test tests::test::parse_107 ... ok
[INFO] [stdout] test test::parse_arg_clean ... ok
[INFO] [stdout] test test::parse_arg_single_quote ... ok
[INFO] [stdout] test tests::test::parse_104 ... ok
[INFO] [stdout] test test::parse_arg_multi ... ok
[INFO] [stdout] test tests::test::parse_102 ... ok
[INFO] [stdout] test tests::test::parse_114 ... ok
[INFO] [stdout] test tests::test::parse_115 ... ok
[INFO] [stdout] test tests::test::parse_101 ... ok
[INFO] [stdout] test tests::test::parse_110 ... ok
[INFO] [stdout] test test::parse_cmd ... ok
[INFO] [stdout] test tests::test::parse_118 ... ok
[INFO] [stdout] test tests::test::parse_119 ... ok
[INFO] [stdout] test tests::test::parse_108 ... ok
[INFO] [stdout] test tests::test::parse_103 ... ok
[INFO] [stdout] test tests::test::parse_12 ... ok
[INFO] [stdout] test tests::test::parse_120 ... ok
[INFO] [stdout] test tests::test::parse_122 ... ok
[INFO] [stdout] test tests::test::parse_123 ... ok
[INFO] [stdout] test tests::test::parse_1 ... ok
[INFO] [stdout] test tests::test::parse_10 ... ok
[INFO] [stdout] test tests::test::parse_105 ... ok
[INFO] [stdout] test tests::test::parse_106 ... ok
[INFO] [stdout] test tests::test::parse_126 ... ok
[INFO] [stdout] test tests::test::parse_116 ... ok
[INFO] [stdout] test tests::test::parse_124 ... ok
[INFO] [stdout] test tests::test::parse_111 ... ok
[INFO] [stdout] test tests::test::parse_121 ... ok
[INFO] [stdout] test tests::test::parse_11 ... ok
[INFO] [stdout] test tests::test::parse_125 ... ok
[INFO] [stdout] test tests::test::parse_13 ... ok
[INFO] [stdout] test tests::test::parse_112 ... ok
[INFO] [stdout] test tests::test::parse_117 ... ok
[INFO] [stdout] test tests::test::parse_113 ... ok
[INFO] [stdout] test tests::test::parse_133 ... ok
[INFO] [stdout] test tests::test::parse_127 ... ok
[INFO] [stdout] test tests::test::parse_134 ... ok
[INFO] [stdout] test tests::test::parse_135 ... ok
[INFO] [stdout] test tests::test::parse_136 ... ok
[INFO] [stdout] test tests::test::parse_140 ... ok
[INFO] [stdout] test tests::test::parse_141 ... ok
[INFO] [stdout] test tests::test::parse_142 ... ok
[INFO] [stdout] test tests::test::parse_131 ... ok
[INFO] [stdout] test tests::test::parse_132 ... ok
[INFO] [stdout] test tests::test::parse_109 ... ok
[INFO] [stdout] test tests::test::parse_143 ... ok
[INFO] [stdout] test tests::test::parse_145 ... ok
[INFO] [stdout] test tests::test::parse_144 ... ok
[INFO] [stdout] test tests::test::parse_128 ... ok
[INFO] [stdout] test tests::test::parse_130 ... ok
[INFO] [stdout] test tests::test::parse_147 ... ok
[INFO] [stdout] test tests::test::parse_148 ... ok
[INFO] [stdout] test tests::test::parse_139 ... ok
[INFO] [stdout] test tests::test::parse_14 ... ok
[INFO] [stdout] test tests::test::parse_152 ... ok
[INFO] [stdout] test tests::test::parse_149 ... ok
[INFO] [stdout] test tests::test::parse_153 ... ok
[INFO] [stdout] test tests::test::parse_15 ... ok
[INFO] [stdout] test tests::test::parse_129 ... ok
[INFO] [stdout] test tests::test::parse_150 ... ok
[INFO] [stdout] test tests::test::parse_155 ... ok
[INFO] [stdout] test tests::test::parse_151 ... ok
[INFO] [stdout] test tests::test::parse_137 ... ok
[INFO] [stdout] test tests::test::parse_159 ... ok
[INFO] [stdout] test tests::test::parse_138 ... ok
[INFO] [stdout] test tests::test::parse_161 ... ok
[INFO] [stdout] test tests::test::parse_16 ... ok
[INFO] [stdout] test tests::test::parse_154 ... ok
[INFO] [stdout] test tests::test::parse_165 ... ok
[INFO] [stdout] test tests::test::parse_160 ... ok
[INFO] [stdout] test tests::test::parse_166 ... ok
[INFO] [stdout] test tests::test::parse_168 ... ok
[INFO] [stdout] test tests::test::parse_169 ... ok
[INFO] [stdout] test tests::test::parse_17 ... ok
[INFO] [stdout] test tests::test::parse_170 ... ok
[INFO] [stdout] test tests::test::parse_171 ... ok
[INFO] [stdout] test tests::test::parse_167 ... ok
[INFO] [stdout] test tests::test::parse_172 ... ok
[INFO] [stdout] test tests::test::parse_173 ... ok
[INFO] [stdout] test tests::test::parse_174 ... ok
[INFO] [stdout] test tests::test::parse_175 ... ok
[INFO] [stdout] test tests::test::parse_146 ... ok
[INFO] [stdout] test tests::test::parse_162 ... ok
[INFO] [stdout] test tests::test::parse_163 ... ok
[INFO] [stdout] test tests::test::parse_186 ... ok
[INFO] [stdout] test tests::test::parse_187 ... ok
[INFO] [stdout] test tests::test::parse_188 ... ok
[INFO] [stdout] test tests::test::parse_189 ... ok
[INFO] [stdout] test tests::test::parse_177 ... ok
[INFO] [stdout] test tests::test::parse_156 ... ok
[INFO] [stdout] test tests::test::parse_178 ... ok
[INFO] [stdout] test tests::test::parse_157 ... ok
[INFO] [stdout] test tests::test::parse_184 ... ok
[INFO] [stdout] test tests::test::parse_158 ... ok
[INFO] [stdout] test tests::test::parse_190 ... ok
[INFO] [stdout] test tests::test::parse_191 ... ok
[INFO] [stdout] test tests::test::parse_194 ... ok
[INFO] [stdout] test tests::test::parse_192 ... ok
[INFO] [stdout] test tests::test::parse_195 ... ok
[INFO] [stdout] test tests::test::parse_197 ... ok
[INFO] [stdout] test tests::test::parse_193 ... ok
[INFO] [stdout] test tests::test::parse_179 ... ok
[INFO] [stdout] test tests::test::parse_18 ... ok
[INFO] [stdout] test tests::test::parse_180 ... ok
[INFO] [stdout] test tests::test::parse_181 ... ok
[INFO] [stdout] test tests::test::parse_182 ... ok
[INFO] [stdout] test tests::test::parse_183 ... ok
[INFO] [stdout] test tests::test::parse_196 ... ok
[INFO] [stdout] test tests::test::parse_164 ... ok
[INFO] [stdout] test tests::test::parse_185 ... ok
[INFO] [stdout] test tests::test::parse_198 ... ok
[INFO] [stdout] test tests::test::parse_208 ... ok
[INFO] [stdout] test tests::test::parse_176 ... ok
[INFO] [stdout] test tests::test::parse_209 ... ok
[INFO] [stdout] test tests::test::parse_202 ... ok
[INFO] [stdout] test tests::test::parse_19 ... ok
[INFO] [stdout] test tests::test::parse_212 ... ok
[INFO] [stdout] test tests::test::parse_204 ... ok
[INFO] [stdout] test tests::test::parse_203 ... ok
[INFO] [stdout] test tests::test::parse_210 ... ok
[INFO] [stdout] test tests::test::parse_211 ... ok
[INFO] [stdout] test tests::test::parse_215 ... ok
[INFO] [stdout] test tests::test::parse_214 ... ok
[INFO] [stdout] test tests::test::parse_205 ... ok
[INFO] [stdout] test tests::test::parse_199 ... ok
[INFO] [stdout] test tests::test::parse_213 ... ok
[INFO] [stdout] test tests::test::parse_20 ... ok
[INFO] [stdout] test tests::test::parse_200 ... ok
[INFO] [stdout] test tests::test::parse_201 ... ok
[INFO] [stdout] test tests::test::parse_207 ... ok
[INFO] [stdout] test tests::test::parse_206 ... ok
[INFO] [stdout] test tests::test::parse_2 ... ok
[INFO] [stdout] test tests::test::parse_21 ... ok
[INFO] [stdout] test tests::test::parse_216 ... ok
[INFO] [stdout] test tests::test::parse_218 ... ok
[INFO] [stdout] test tests::test::parse_217 ... ok
[INFO] [stdout] test tests::test::parse_219 ... ok
[INFO] [stdout] test tests::test::parse_22 ... ok
[INFO] [stdout] test tests::test::parse_220 ... ok
[INFO] [stdout] test tests::test::parse_221 ... ok
[INFO] [stdout] test tests::test::parse_222 ... ok
[INFO] [stdout] test tests::test::parse_223 ... ok
[INFO] [stdout] test tests::test::parse_224 ... ok
[INFO] [stdout] test tests::test::parse_225 ... ok
[INFO] [stdout] test tests::test::parse_226 ... ok
[INFO] [stdout] test tests::test::parse_227 ... ok
[INFO] [stdout] test tests::test::parse_228 ... ok
[INFO] [stdout] test tests::test::parse_23 ... ok
[INFO] [stdout] test tests::test::parse_231 ... ok
[INFO] [stdout] test tests::test::parse_232 ... ok
[INFO] [stdout] test tests::test::parse_234 ... ok
[INFO] [stdout] test tests::test::parse_229 ... ok
[INFO] [stdout] test tests::test::parse_238 ... ok
[INFO] [stdout] test tests::test::parse_239 ... ok
[INFO] [stdout] test tests::test::parse_24 ... ok
[INFO] [stdout] test tests::test::parse_230 ... ok
[INFO] [stdout] test tests::test::parse_240 ... ok
[INFO] [stdout] test tests::test::parse_25 ... ok
[INFO] [stdout] test tests::test::parse_26 ... ok
[INFO] [stdout] test tests::test::parse_27 ... ok
[INFO] [stdout] test tests::test::parse_28 ... ok
[INFO] [stdout] test tests::test::parse_29 ... ok
[INFO] [stdout] test tests::test::parse_236 ... FAILED
[INFO] [stdout] test tests::test::parse_3 ... ok
[INFO] [stdout] test tests::test::parse_34 ... ok
[INFO] [stdout] test tests::test::parse_36 ... ok
[INFO] [stdout] test tests::test::parse_30 ... ok
[INFO] [stdout] test tests::test::parse_237 ... ok
[INFO] [stdout] test tests::test::parse_37 ... ok
[INFO] [stdout] test tests::test::parse_233 ... ok
[INFO] [stdout] test tests::test::parse_235 ... ok
[INFO] [stdout] test tests::test::parse_31 ... ok
[INFO] [stdout] test tests::test::parse_32 ... ok
[INFO] [stdout] test tests::test::parse_35 ... ok
[INFO] [stdout] test tests::test::parse_39 ... ok
[INFO] [stdout] test tests::test::parse_40 ... ok
[INFO] [stdout] test tests::test::parse_38 ... ok
[INFO] [stdout] test tests::test::parse_42 ... ok
[INFO] [stdout] test tests::test::parse_33 ... ok
[INFO] [stdout] test tests::test::parse_4 ... ok
[INFO] [stdout] test tests::test::parse_41 ... ok
[INFO] [stdout] test tests::test::parse_44 ... ok
[INFO] [stdout] test tests::test::parse_45 ... ok
[INFO] [stdout] test tests::test::parse_47 ... ok
[INFO] [stdout] test tests::test::parse_49 ... ok
[INFO] [stdout] test tests::test::parse_5 ... ok
[INFO] [stdout] test tests::test::parse_50 ... ok
[INFO] [stdout] test tests::test::parse_51 ... ok
[INFO] [stdout] test tests::test::parse_52 ... ok
[INFO] [stdout] test tests::test::parse_53 ... ok
[INFO] [stdout] test tests::test::parse_43 ... ok
[INFO] [stdout] test tests::test::parse_46 ... ok
[INFO] [stdout] test tests::test::parse_56 ... ok
[INFO] [stdout] test tests::test::parse_57 ... ok
[INFO] [stdout] test tests::test::parse_48 ... ok
[INFO] [stdout] test tests::test::parse_6 ... ok
[INFO] [stdout] test tests::test::parse_55 ... ok
[INFO] [stdout] test tests::test::parse_60 ... ok
[INFO] [stdout] test tests::test::parse_63 ... ok
[INFO] [stdout] test tests::test::parse_66 ... ok
[INFO] [stdout] test tests::test::parse_64 ... ok
[INFO] [stdout] test tests::test::parse_68 ... ok
[INFO] [stdout] test tests::test::parse_65 ... ok
[INFO] [stdout] test tests::test::parse_58 ... ok
[INFO] [stdout] test tests::test::parse_69 ... ok
[INFO] [stdout] test tests::test::parse_54 ... ok
[INFO] [stdout] test tests::test::parse_74 ... ok
[INFO] [stdout] test tests::test::parse_71 ... ok
[INFO] [stdout] test tests::test::parse_75 ... ok
[INFO] [stdout] test tests::test::parse_73 ... ok
[INFO] [stdout] test tests::test::parse_78 ... ok
[INFO] [stdout] test tests::test::parse_76 ... ok
[INFO] [stdout] test tests::test::parse_8 ... ok
[INFO] [stdout] test tests::test::parse_77 ... ok
[INFO] [stdout] test tests::test::parse_67 ... ok
[INFO] [stdout] test tests::test::parse_59 ... ok
[INFO] [stdout] test tests::test::parse_82 ... ok
[INFO] [stdout] test tests::test::parse_81 ... ok
[INFO] [stdout] test tests::test::parse_61 ... ok
[INFO] [stdout] test tests::test::parse_84 ... ok
[INFO] [stdout] test tests::test::parse_7 ... ok
[INFO] [stdout] test tests::test::parse_86 ... ok
[INFO] [stdout] test tests::test::parse_70 ... ok
[INFO] [stdout] test tests::test::parse_90 ... ok
[INFO] [stdout] test tests::test::parse_72 ... ok
[INFO] [stdout] test tests::test::parse_85 ... ok
[INFO] [stdout] test tests::test::parse_79 ... ok
[INFO] [stdout] test tests::test::parse_87 ... ok
[INFO] [stdout] test tests::test::parse_92 ... ok
[INFO] [stdout] test tests::test::parse_88 ... ok
[INFO] [stdout] test tests::test::parse_93 ... ok
[INFO] [stdout] test tests::test::parse_94 ... ok
[INFO] [stdout] test tests::test::parse_95 ... ok
[INFO] [stdout] test tests::test::parse_80 ... ok
[INFO] [stdout] test tests::test::parse_62 ... ok
[INFO] [stdout] test tests::test::parse_89 ... ok
[INFO] [stdout] test tests::test::parse_96 ... ok
[INFO] [stdout] test tests::test::parse_83 ... ok
[INFO] [stdout] test tests::test::parse_9 ... ok
[INFO] [stdout] test tests::test::parse_97 ... ok
[INFO] [stdout] test tests::test::parse_91 ... ok
[INFO] [stdout] test tests::test::parse_98 ... ok
[INFO] [stderr] error: test failed, to rerun pass `--lib`
[INFO] [stdout] test tests::test::parse_99 ... ok
[INFO] [stdout] 
[INFO] [stdout] failures:
[INFO] [stdout] 
[INFO] [stdout] ---- tests::test::parse_236 stdout ----
[INFO] [stdout] 
[INFO] [stdout] thread 'tests::test::parse_236' (416) panicked at src/tests.rs:1375:9:
[INFO] [stdout] assertion failed: p.is_err()
[INFO] [stdout] stack backtrace:
[INFO] [stdout]    0:     0x592d8be21e31 - <<std[617be2ca0a6fd877]::sys::backtrace::BacktraceLock>::print::DisplayBacktrace as core[a373ad73a504971]::fmt::Display>::fmt
[INFO] [stdout]    1:     0x592d8be35d2a - core[a373ad73a504971]::fmt::write
[INFO] [stdout]    2:     0x592d8be2604c - <alloc[2e1b2a31b91974c5]::vec::Vec<u8> as core[a373ad73a504971]::io::write::Write>::write_fmt
[INFO] [stdout]    3:     0x592d8bdfe296 - std[617be2ca0a6fd877]::panicking::default_hook::{closure#0}
[INFO] [stdout]    4:     0x592d8be1a4c9 - std[617be2ca0a6fd877]::panicking::default_hook
[INFO] [stdout]    5:     0x592d8bdb5e70 - test[aada8e7e76ba119b]::test_main_inner::{closure#0}
[INFO] [stdout]    6:     0x592d8be1a682 - std[617be2ca0a6fd877]::panicking::panic_with_hook
[INFO] [stdout]    7:     0x592d8bdfe374 - std[617be2ca0a6fd877]::panicking::panic_handler::{closure#0}
[INFO] [stdout]    8:     0x592d8bdf7059 - std[617be2ca0a6fd877]::sys::backtrace::__rust_end_short_backtrace::<std[617be2ca0a6fd877]::panicking::panic_handler::{closure#0}, !>
[INFO] [stdout]    9:     0x592d8bdfef4d - __rustc[ea4f61d10b84890b]::rust_begin_unwind
[INFO] [stdout]   10:     0x592d8be3645c - core[a373ad73a504971]::panicking::panic_fmt
[INFO] [stdout]   11:     0x592d8be36422 - core[a373ad73a504971]::panicking::panic
[INFO] [stdout]   12:     0x592d8bd990ae - <trinitry[a8d74b3c65ca87e7]::tests::test::parse_236::{closure#0} as core[a373ad73a504971]::ops::function::FnOnce<()>>::call_once
[INFO] [stdout]   13:     0x592d8bda92bb - test[aada8e7e76ba119b]::__rust_begin_short_backtrace::<core[a373ad73a504971]::result::Result<(), alloc[2e1b2a31b91974c5]::string::String>, fn() -> core[a373ad73a504971]::result::Result<(), alloc[2e1b2a31b91974c5]::string::String>>
[INFO] [stdout]   14:     0x592d8bdb6495 - test[aada8e7e76ba119b]::run_test::{closure#0}
[INFO] [stdout]   15:     0x592d8bdafd84 - std[617be2ca0a6fd877]::sys::backtrace::__rust_begin_short_backtrace::<test[aada8e7e76ba119b]::run_test::{closure#1}, ()>
[INFO] [stdout]   16:     0x592d8bdb9522 - <std[617be2ca0a6fd877]::thread::lifecycle::spawn_unchecked<test[aada8e7e76ba119b]::run_test::{closure#1}, ()>::{closure#1} as core[a373ad73a504971]::ops::function::FnOnce<()>>::call_once::{shim:vtable#0}
[INFO] [stdout]   17:     0x592d8be2168f - <std[617be2ca0a6fd877]::sys::thread::unix::Thread>::new::thread_start
[INFO] [stdout]   18:     0x7e193eda8dfa - <unknown>
[INFO] [stdout]   19:     0x7e193ee3c3d4 - clone
[INFO] [stdout]   20:                0x0 - <unknown>
[INFO] [stdout] 
[INFO] [stdout] 
[INFO] [stdout] failures:
[INFO] [stdout]     tests::test::parse_236
[INFO] [stdout] 
[INFO] [stdout] test result: FAILED. 245 passed; 1 failed; 0 ignored; 0 measured; 0 filtered out; finished in 0.12s
[INFO] [stdout] 
[INFO] running `Command { std: "docker" "inspect" "8e8bab83818fd831517b982eecc1a588cd7ba1ce29542747f61a4990416c5fe1", kill_on_drop: false }`
[INFO] running `Command { std: "docker" "rm" "-f" "8e8bab83818fd831517b982eecc1a588cd7ba1ce29542747f61a4990416c5fe1", kill_on_drop: false }`
[INFO] [stdout] 8e8bab83818fd831517b982eecc1a588cd7ba1ce29542747f61a4990416c5fe1
