[INFO] fetching crate trilogy-parser 0.3.391...
[INFO] testing trilogy-parser-0.3.391 against 1.100.0-beta.1+cargoflags=--release for beta-release-1.100-2
[INFO] extracting crate trilogy-parser 0.3.391 into /workspace/builds/worker-6-tc2/source
[INFO] started tweaking crates.io crate trilogy-parser 0.3.391
[INFO] removed 0 missing examples
[INFO] removed 0 missing tests
[INFO] finished tweaking crates.io crate trilogy-parser 0.3.391
[INFO] tweaked toml for crates.io crate trilogy-parser 0.3.391 written to /workspace/builds/worker-6-tc2/source/Cargo.toml
[INFO] validating manifest of crates.io crate trilogy-parser 0.3.391 on toolchain 1.100.0-beta.1
[INFO] running `Command { std: CARGO_HOME="/workspace/cargo-home" RUSTUP_HOME="/workspace/rustup-home" "/workspace/cargo-home/bin/cargo" "+1.100.0-beta.1" "metadata" "--manifest-path" "Cargo.toml" "--no-deps", kill_on_drop: false }`
[INFO] crate crates.io crate trilogy-parser 0.3.391 already has a lockfile, it will not be regenerated
[INFO] running `Command { std: CARGO_HOME="/workspace/cargo-home" RUSTUP_HOME="/workspace/rustup-home" "/workspace/cargo-home/bin/cargo" "+1.100.0-beta.1" "fetch" "--manifest-path" "Cargo.toml", kill_on_drop: false }`
[INFO] running `Command { std: "docker" "create" "-v" "/var/lib/crater-agent-workspace/builds/worker-6-tc2/source:/opt/rustwide/workdir:ro,Z" "-v" "/var/lib/crater-agent-workspace/builds/worker-6-tc2/target:/opt/rustwide/target:rw,Z" "-v" "/var/lib/crater-agent-workspace/cargo-home:/opt/rustwide/cargo-home:ro,Z" "-v" "/var/lib/crater-agent-workspace/rustup-home:/opt/rustwide/rustup-home:ro,Z" "-m" "1610612736" "--network" "none" "ghcr.io/rust-lang/crates-build-env/linux@sha256:77db811e55d90add9212f6832c23229e3de5f1c1f9905e8cb07319ea15df73ac" "sleep" "infinity", kill_on_drop: false }`
[INFO] [stdout] f1073e963fece0a7cfc1c3e7dfee03fbce2d389570f2f23976fc751141d18f01
[INFO] running `Command { std: "docker" "start" "f1073e963fece0a7cfc1c3e7dfee03fbce2d389570f2f23976fc751141d18f01", kill_on_drop: false }`
[INFO] running `Command { std: "docker" "inspect" "f1073e963fece0a7cfc1c3e7dfee03fbce2d389570f2f23976fc751141d18f01", kill_on_drop: false }`
[INFO] running `Command { std: "docker" "exec" "-e" "SOURCE_DIR=/opt/rustwide/workdir" "-e" "CARGO_HOME=/opt/rustwide/cargo-home" "-e" "RUSTUP_HOME=/opt/rustwide/rustup-home" "-e" "CARGO_TARGET_DIR=/opt/rustwide/target" "-w" "/opt/rustwide/workdir" "--user" "0:0" "f1073e963fece0a7cfc1c3e7dfee03fbce2d389570f2f23976fc751141d18f01" "/opt/rustwide/cargo-home/bin/cargo" "+1.100.0-beta.1" "metadata" "--no-deps" "--format-version=1", kill_on_drop: false }`
[INFO] running `Command { std: "docker" "inspect" "f1073e963fece0a7cfc1c3e7dfee03fbce2d389570f2f23976fc751141d18f01", kill_on_drop: false }`
[INFO] running `Command { std: "docker" "exec" "-e" "SOURCE_DIR=/opt/rustwide/workdir" "-e" "CARGO_HOME=/opt/rustwide/cargo-home" "-e" "RUSTUP_HOME=/opt/rustwide/rustup-home" "-e" "CARGO_TARGET_DIR=/opt/rustwide/target" "-e" "CARGO_INCREMENTAL=0" "-e" "RUST_BACKTRACE=full" "-e" "RUSTFLAGS=--cap-lints=warn" "-e" "RUSTDOCFLAGS=--cap-lints=warn" "-w" "/opt/rustwide/workdir" "--user" "0:0" "f1073e963fece0a7cfc1c3e7dfee03fbce2d389570f2f23976fc751141d18f01" "/opt/rustwide/cargo-home/bin/cargo" "+1.100.0-beta.1" "build" "--frozen" "--message-format=json" "--release", kill_on_drop: false }`
[INFO] [stderr]    Compiling utf8parse v0.2.2
[INFO] [stderr]    Compiling anstyle v1.0.13
[INFO] [stderr]    Compiling serde_core v1.0.228
[INFO] [stderr]    Compiling anstyle-query v1.1.5
[INFO] [stderr]    Compiling colorchoice v1.0.4
[INFO] [stderr]    Compiling is_terminal_polyfill v1.70.2
[INFO] [stderr]    Compiling syn v2.0.111
[INFO] [stderr]    Compiling serde_json v1.0.145
[INFO] [stderr]    Compiling thiserror v1.0.69
[INFO] [stderr]    Compiling strsim v0.11.1
[INFO] [stderr]    Compiling anstyle-parse v0.2.7
[INFO] [stderr]    Compiling memchr v2.7.6
[INFO] [stderr]    Compiling clap_lex v0.7.6
[INFO] [stderr]    Compiling anstream v0.6.21
[INFO] [stderr]    Compiling itoa v1.0.15
[INFO] [stderr]    Compiling ucd-trie v0.1.7
[INFO] [stderr]    Compiling ryu v1.0.20
[INFO] [stderr]    Compiling clap_builder v4.5.53
[INFO] [stderr]    Compiling pathdiff v0.2.3
[INFO] [stderr]    Compiling pest v2.8.4
[INFO] [stderr]    Compiling pest_generator v2.8.4
[INFO] [stderr]    Compiling thiserror-impl v1.0.69
[INFO] [stderr]    Compiling clap_derive v4.5.49
[INFO] [stderr]    Compiling serde_derive v1.0.228
[INFO] [stderr]    Compiling pest_derive v2.8.4
[INFO] [stderr]    Compiling clap v4.5.53
[INFO] [stderr]    Compiling serde v1.0.228
[INFO] [stderr]    Compiling trilogy-parser v0.3.391 (/opt/rustwide/workdir)
[INFO] [stderr]     Finished `release` profile [optimized] target(s) in 1m 33s
[INFO] running `Command { std: "docker" "inspect" "f1073e963fece0a7cfc1c3e7dfee03fbce2d389570f2f23976fc751141d18f01", kill_on_drop: false }`
[INFO] running `Command { std: "docker" "exec" "-e" "SOURCE_DIR=/opt/rustwide/workdir" "-e" "CARGO_HOME=/opt/rustwide/cargo-home" "-e" "RUSTUP_HOME=/opt/rustwide/rustup-home" "-e" "CARGO_TARGET_DIR=/opt/rustwide/target" "-e" "CARGO_INCREMENTAL=0" "-e" "RUST_BACKTRACE=full" "-e" "RUSTFLAGS=--cap-lints=warn" "-e" "RUSTDOCFLAGS=--cap-lints=warn" "-w" "/opt/rustwide/workdir" "--user" "0:0" "f1073e963fece0a7cfc1c3e7dfee03fbce2d389570f2f23976fc751141d18f01" "/opt/rustwide/cargo-home/bin/cargo" "+1.100.0-beta.1" "test" "--frozen" "--no-run" "--message-format=json" "--release", kill_on_drop: false }`
[INFO] [stderr]    Compiling libc v0.2.178
[INFO] [stderr]    Compiling rustix v1.1.2
[INFO] [stderr]    Compiling getrandom v0.3.4
[INFO] [stderr]    Compiling bitflags v2.10.0
[INFO] [stderr]    Compiling linux-raw-sys v0.11.0
[INFO] [stderr]    Compiling fastrand v2.3.0
[INFO] [stderr]    Compiling once_cell v1.21.3
[INFO] [stderr]    Compiling tempfile v3.23.0
[INFO] [stderr]    Compiling trilogy-parser v0.3.391 (/opt/rustwide/workdir)
[INFO] [stderr]     Finished `release` profile [optimized] target(s) in 1m 40s
[INFO] running `Command { std: "docker" "inspect" "f1073e963fece0a7cfc1c3e7dfee03fbce2d389570f2f23976fc751141d18f01", kill_on_drop: false }`
[INFO] running `Command { std: "docker" "exec" "-e" "SOURCE_DIR=/opt/rustwide/workdir" "-e" "CARGO_HOME=/opt/rustwide/cargo-home" "-e" "RUSTUP_HOME=/opt/rustwide/rustup-home" "-e" "CARGO_TARGET_DIR=/opt/rustwide/target" "-e" "CARGO_INCREMENTAL=0" "-e" "RUST_BACKTRACE=full" "-e" "RUSTFLAGS=--cap-lints=warn" "-e" "RUSTDOCFLAGS=--cap-lints=warn" "-w" "/opt/rustwide/workdir" "--user" "0:0" "f1073e963fece0a7cfc1c3e7dfee03fbce2d389570f2f23976fc751141d18f01" "/opt/rustwide/cargo-home/bin/cargo" "+1.100.0-beta.1" "test" "--frozen" "--release", kill_on_drop: false }`
[INFO] [stderr]     Finished `release` profile [optimized] target(s) in 0.12s
[INFO] [stderr]      Running unittests src/lib.rs (/opt/rustwide/target/release/build/trilogy-parser/ae5a7d43a0cd78d8/out/trilogy_parser-ae5a7d43a0cd78d8)
[INFO] [stdout] 
[INFO] [stdout] running 39 tests
[INFO] [stdout] test network_search::tests::soft_branch_emits_full_binder_upgrade ... ok
[INFO] [stdout] test network_search::tests::disconnected_cover_is_bridged ... ok
[INFO] [stdout] test network_search::tests::empty_terminals_emit_the_empty_cover ... ok
[INFO] [stdout] test parser::tests::test_address_kind_strings_are_stable ... ok
[INFO] [stdout] test parser::tests::test_datasource_simple ... ok
[INFO] [stdout] test parser::tests::test_datasource_with_quoted_address ... ok
[INFO] [stdout] test parser::tests::test_file_datasource ... ok
[INFO] [stdout] test parser::tests::test_file_datasource_read_write_pair ... ok
[INFO] [stdout] test directory_resolver::tests::test_collect_preql_files_recursive_flag ... ok
[INFO] [stdout] test parser::tests::test_append_auto_persist ... ok
[INFO] [stdout] test parser::tests::test_auto_persist ... ok
[INFO] [stdout] test parser::tests::test_full_persist ... ok
[INFO] [stdout] test parser::tests::test_import_with_alias ... ok
[INFO] [stdout] test directory_resolver::tests::test_transitive_persist_order ... ok
[INFO] [stdout] test parser::tests::test_mixed_file ... ok
[INFO] [stdout] test network_search::tests::single_source_cover ... ok
[INFO] [stdout] test parser::tests::test_multiple_datasources_keep_independent_flags ... ok
[INFO] [stdout] test parser::tests::test_query_datasource_has_no_address ... ok
[INFO] [stdout] test parser::tests::test_multiple_imports ... ok
[INFO] [stdout] test network_search::tests::state_limit_reports_states ... ok
[INFO] [stdout] test parser::tests::test_partial_datasource_name_not_shadowed_by_modifier ... ok
[INFO] [stdout] test parser::tests::test_root_partitioned_datasource ... ok
[INFO] [stdout] test parser::tests::test_selective_import_with_alias ... ok
[INFO] [stdout] test parser::tests::test_selective_import_creates_edge ... ok
[INFO] [stdout] test parser::tests::test_quoted_address_strips_inner_quote_layer ... ok
[INFO] [stdout] test network_search::tests::subsumed_arm_branches_only_onto_the_union ... ok
[INFO] [stdout] test parser::tests::test_relative_import ... ok
[INFO] [stdout] test parser::tests::test_root_partial_file_datasource ... ok
[INFO] [stdout] test parser::tests::test_sibling_relative_import ... ok
[INFO] [stdout] test parser::tests::test_simple_import ... ok
[INFO] [stdout] test parser::tests::test_stdlib_import ... ok
[INFO] [stdout] test parser::tests::test_templated_address_datasource ... ok
[INFO] [stdout] test resolver::tests::test_datasource_declaration_ordering ... ok
[INFO] [stdout] test parser::tests::test_self_import_is_not_an_edge ... ok
[INFO] [stdout] test resolver::tests::test_datasource_metadata_reaches_file_nodes ... ok
[INFO] [stdout] test resolver::tests::test_persist_before_declare ... ok
[INFO] [stdout] test resolver::tests::test_full_dependency_chain ... ok
[INFO] [stdout] test resolver::tests::test_multiple_datasources ... ok
[INFO] [stderr]      Running unittests src/main.rs (/opt/rustwide/target/release/build/trilogy-parser/7e70e1e80ede1e33/out/trilogy_parser_cli-7e70e1e80ede1e33)
[INFO] [stdout] test resolver::tests::test_simple_resolution ... ok
[INFO] [stdout] 
[INFO] [stdout] test result: ok. 39 passed; 0 failed; 0 ignored; 0 measured; 0 filtered out; finished in 0.01s
[INFO] [stdout] 
[INFO] [stdout] 
[INFO] [stdout] running 0 tests
[INFO] [stdout] 
[INFO] [stdout] test result: ok. 0 passed; 0 failed; 0 ignored; 0 measured; 0 filtered out; finished in 0.00s
[INFO] [stdout] 
[INFO] [stderr]      Running tests/cli_integration.rs (/opt/rustwide/target/release/build/trilogy-parser/6f046f3f00600bff/out/cli_integration-6f046f3f00600bff)
[INFO] [stdout] 
[INFO] [stdout] running 13 tests
[INFO] [stdout] test test_parse_directory ... FAILED
[INFO] [stdout] test test_direct_only_flag ... FAILED
[INFO] [stdout] test test_datasources_command ... FAILED
[INFO] [stdout] test test_invalid_file ... FAILED
[INFO] [stdout] test test_parse_simple_file ... FAILED
[INFO] [stdout] test test_parse_with_persist ... FAILED
[INFO] [stdout] test test_order_only_flag ... FAILED
[INFO] [stdout] test test_parse_datasource_metadata_json ... FAILED
[INFO] [stdout] test test_parse_with_datasource ... FAILED
[INFO] [stdout] test test_recursive_directory_parse ... FAILED
[INFO] [stdout] test test_resolve_simple_dependency ... FAILED
[INFO] [stdout] test test_pretty_format ... FAILED
[INFO] [stdout] test test_resolve_with_datasources ... FAILED
[INFO] [stdout] 
[INFO] [stdout] failures:
[INFO] [stdout] 
[INFO] [stdout] ---- test_parse_directory stdout ----
[INFO] [stdout] 
[INFO] [stdout] thread 'test_parse_directory' (910) panicked at tests/cli_integration.rs:214:10:
[INFO] [stdout] Failed to execute command: Os { code: 2, kind: NotFound, message: "No such file or directory" }
[INFO] [stdout] stack backtrace:
[INFO] [stdout]    0:     0x64535b14df75 - <<std[617be2ca0a6fd877]::sys::backtrace::BacktraceLock>::print::DisplayBacktrace as core[a373ad73a504971]::fmt::Display>::fmt
[INFO] [stdout]    1:     0x64535b131c9a - core[a373ad73a504971]::fmt::write
[INFO] [stdout]    2:     0x64535b14d60b - <alloc[2e1b2a31b91974c5]::vec::Vec<u8> as core[a373ad73a504971]::io::write::Write>::write_fmt
[INFO] [stdout]    3:     0x64535b14d0ef - std[617be2ca0a6fd877]::panicking::default_hook::{closure#0}
[INFO] [stdout]    4:     0x64535b14cd1a - std[617be2ca0a6fd877]::panicking::default_hook
[INFO] [stdout]    5:     0x64535b14c855 - std[617be2ca0a6fd877]::panicking::panic_with_hook
[INFO] [stdout]    6:     0x64535b173691 - std[617be2ca0a6fd877]::panicking::panic_handler::{closure#0}
[INFO] [stdout]    7:     0x64535b173649 - std[617be2ca0a6fd877]::sys::backtrace::__rust_end_short_backtrace::<std[617be2ca0a6fd877]::panicking::panic_handler::{closure#0}, !>
[INFO] [stdout]    8:     0x64535b173b4c - __rustc[ea4f61d10b84890b]::rust_begin_unwind
[INFO] [stdout]    9:     0x64535b131b2b - core[a373ad73a504971]::panicking::panic_fmt
[INFO] [stdout]   10:     0x64535b134df1 - core[a373ad73a504971]::result::unwrap_failed
[INFO] [stdout]   11:     0x64535b12c5e9 - <cli_integration[f4bac629adfc14aa]::test_parse_directory::{closure#0} as core[a373ad73a504971]::ops::function::FnOnce<()>>::call_once
[INFO] [stdout]   12:     0x64535b18f0db - test[aada8e7e76ba119b]::__rust_begin_short_backtrace::<core[a373ad73a504971]::result::Result<(), alloc[2e1b2a31b91974c5]::string::String>, fn() -> core[a373ad73a504971]::result::Result<(), alloc[2e1b2a31b91974c5]::string::String>>
[INFO] [stdout]   13:     0x64535b18b0c1 - test[aada8e7e76ba119b]::run_test::{closure#0}
[INFO] [stdout]   14:     0x64535b18a8ac - std[617be2ca0a6fd877]::sys::backtrace::__rust_begin_short_backtrace::<test[aada8e7e76ba119b]::run_test::{closure#1}, ()>
[INFO] [stdout]   15:     0x64535b1aa52c - <std[617be2ca0a6fd877]::thread::lifecycle::spawn_unchecked<test[aada8e7e76ba119b]::run_test::{closure#1}, ()>::{closure#1} as core[a373ad73a504971]::ops::function::FnOnce<()>>::call_once::{shim:vtable#0}
[INFO] [stdout]   16:     0x64535b1753c4 - <std[617be2ca0a6fd877]::sys::thread::unix::Thread>::new::thread_start
[INFO] [stdout]   17:     0x71c25b152dfa - <unknown>
[INFO] [stdout]   18:     0x71c25b1e63d4 - clone
[INFO] [stdout]   19:                0x0 - <unknown>
[INFO] [stdout] 
[INFO] [stdout] ---- test_direct_only_flag stdout ----
[INFO] [stdout] 
[INFO] [stdout] thread 'test_direct_only_flag' (906) panicked at tests/cli_integration.rs:367:10:
[INFO] [stdout] Failed to execute command: Os { code: 2, kind: NotFound, message: "No such file or directory" }
[INFO] [stdout] stack backtrace:
[INFO] [stdout]    0:     0x64535b14df75 - <<std[617be2ca0a6fd877]::sys::backtrace::BacktraceLock>::print::DisplayBacktrace as core[a373ad73a504971]::fmt::Display>::fmt
[INFO] [stdout]    1:     0x64535b131c9a - core[a373ad73a504971]::fmt::write
[INFO] [stdout]    2:     0x64535b14d60b - <alloc[2e1b2a31b91974c5]::vec::Vec<u8> as core[a373ad73a504971]::io::write::Write>::write_fmt
[INFO] [stdout]    3:     0x64535b14d0ef - std[617be2ca0a6fd877]::panicking::default_hook::{closure#0}
[INFO] [stdout]    4:     0x64535b14cd1a - std[617be2ca0a6fd877]::panicking::default_hook
[INFO] [stdout]    5:     0x64535b14c855 - std[617be2ca0a6fd877]::panicking::panic_with_hook
[INFO] [stdout]    6:     0x64535b173691 - std[617be2ca0a6fd877]::panicking::panic_handler::{closure#0}
[INFO] [stdout]    7:     0x64535b173649 - std[617be2ca0a6fd877]::sys::backtrace::__rust_end_short_backtrace::<std[617be2ca0a6fd877]::panicking::panic_handler::{closure#0}, !>
[INFO] [stdout]    8:     0x64535b173b4c - __rustc[ea4f61d10b84890b]::rust_begin_unwind
[INFO] [stdout]    9:     0x64535b131b2b - core[a373ad73a504971]::panicking::panic_fmt
[INFO] [stdout]   10:     0x64535b134df1 - core[a373ad73a504971]::result::unwrap_failed
[INFO] [stdout]   11:     0x64535b12eee9 - <cli_integration[f4bac629adfc14aa]::test_direct_only_flag::{closure#0} as core[a373ad73a504971]::ops::function::FnOnce<()>>::call_once
[INFO] [stdout]   12:     0x64535b18f0db - test[aada8e7e76ba119b]::__rust_begin_short_backtrace::<core[a373ad73a504971]::result::Result<(), alloc[2e1b2a31b91974c5]::string::String>, fn() -> core[a373ad73a504971]::result::Result<(), alloc[2e1b2a31b91974c5]::string::String>>
[INFO] [stdout]   13:     0x64535b18b0c1 - test[aada8e7e76ba119b]::run_test::{closure#0}
[INFO] [stdout]   14:     0x64535b18a8ac - std[617be2ca0a6fd877]::sys::backtrace::__rust_begin_short_backtrace::<test[aada8e7e76ba119b]::run_test::{closure#1}, ()>
[INFO] [stdout]   15:     0x64535b1aa52c - <std[617be2ca0a6fd877]::thread::lifecycle::spawn_unchecked<test[aada8e7e76ba119b]::run_test::{closure#1}, ()>::{closure#1} as core[a373ad73a504971]::ops::function::FnOnce<()>>::call_once::{shim:vtable#0}
[INFO] [stdout]   16:     0x64535b1753c4 - <std[617be2ca0a6fd877]::sys::thread::unix::Thread>::new::thread_start
[INFO] [stdout]   17:     0x71c25b152dfa - <unknown>
[INFO] [stdout]   18:     0x71c25b1e63d4 - clone
[INFO] [stdout]   19:                0x0 - <unknown>
[INFO] [stdout] 
[INFO] [stdout] ---- test_datasources_command stdout ----
[INFO] [stdout] 
[INFO] [stdout] thread 'test_datasources_command' (905) panicked at tests/cli_integration.rs:316:10:
[INFO] [stdout] Failed to execute command: Os { code: 2, kind: NotFound, message: "No such file or directory" }
[INFO] [stdout] stack backtrace:
[INFO] [stdout]    0:     0x64535b14df75 - <<std[617be2ca0a6fd877]::sys::backtrace::BacktraceLock>::print::DisplayBacktrace as core[a373ad73a504971]::fmt::Display>::fmt
[INFO] [stdout]    1:     0x64535b131c9a - core[a373ad73a504971]::fmt::write
[INFO] [stdout]    2:     0x64535b14d60b - <alloc[2e1b2a31b91974c5]::vec::Vec<u8> as core[a373ad73a504971]::io::write::Write>::write_fmt
[INFO] [stdout]    3:     0x64535b14d0ef - std[617be2ca0a6fd877]::panicking::default_hook::{closure#0}
[INFO] [stdout]    4:     0x64535b14cd1a - std[617be2ca0a6fd877]::panicking::default_hook
[INFO] [stdout]    5:     0x64535b14c855 - std[617be2ca0a6fd877]::panicking::panic_with_hook
[INFO] [stdout]    6:     0x64535b173691 - std[617be2ca0a6fd877]::panicking::panic_handler::{closure#0}
[INFO] [stdout]    7:     0x64535b173649 - std[617be2ca0a6fd877]::sys::backtrace::__rust_end_short_backtrace::<std[617be2ca0a6fd877]::panicking::panic_handler::{closure#0}, !>
[INFO] [stdout]    8:     0x64535b173b4c - __rustc[ea4f61d10b84890b]::rust_begin_unwind
[INFO] [stdout]    9:     0x64535b131b2b - core[a373ad73a504971]::panicking::panic_fmt
[INFO] [stdout]   10:     0x64535b134df1 - core[a373ad73a504971]::result::unwrap_failed
[INFO] [stdout]   11:     0x64535b12f3a9 - <cli_integration[f4bac629adfc14aa]::test_datasources_command::{closure#0} as core[a373ad73a504971]::ops::function::FnOnce<()>>::call_once
[INFO] [stdout]   12:     0x64535b18f0db - test[aada8e7e76ba119b]::__rust_begin_short_backtrace::<core[a373ad73a504971]::result::Result<(), alloc[2e1b2a31b91974c5]::string::String>, fn() -> core[a373ad73a504971]::result::Result<(), alloc[2e1b2a31b91974c5]::string::String>>
[INFO] [stdout]   13:     0x64535b18b0c1 - test[aada8e7e76ba119b]::run_test::{closure#0}
[INFO] [stdout]   14:     0x64535b18a8ac - std[617be2ca0a6fd877]::sys::backtrace::__rust_begin_short_backtrace::<test[aada8e7e76ba119b]::run_test::{closure#1}, ()>
[INFO] [stdout]   15:     0x64535b1aa52c - <std[617be2ca0a6fd877]::thread::lifecycle::spawn_unchecked<test[aada8e7e76ba119b]::run_test::{closure#1}, ()>::{closure#1} as core[a373ad73a504971]::ops::function::FnOnce<()>>::call_once::{shim:vtable#0}
[INFO] [stdout]   16:     0x64535b1753c4 - <std[617be2ca0a6fd877]::sys::thread::unix::Thread>::new::thread_start
[INFO] [stdout]   17:     0x71c25b152dfa - <unknown>
[INFO] [stdout]   18:     0x71c25b1e63d4 - clone
[INFO] [stdout]   19:                0x0 - <unknown>
[INFO] [stdout] 
[INFO] [stdout] ---- test_invalid_file stdout ----
[INFO] [stdout] 
[INFO] [stdout] thread 'test_invalid_file' (907) panicked at tests/cli_integration.rs:388:10:
[INFO] [stdout] Failed to execute command: Os { code: 2, kind: NotFound, message: "No such file or directory" }
[INFO] [stdout] stack backtrace:
[INFO] [stdout]    0:     0x64535b14df75 - <<std[617be2ca0a6fd877]::sys::backtrace::BacktraceLock>::print::DisplayBacktrace as core[a373ad73a504971]::fmt::Display>::fmt
[INFO] [stdout]    1:     0x64535b131c9a - core[a373ad73a504971]::fmt::write
[INFO] [stdout]    2:     0x64535b14d60b - <alloc[2e1b2a31b91974c5]::vec::Vec<u8> as core[a373ad73a504971]::io::write::Write>::write_fmt
[INFO] [stdout]    3:     0x64535b14d0ef - std[617be2ca0a6fd877]::panicking::default_hook::{closure#0}
[INFO] [stdout]    4:     0x64535b14cd1a - std[617be2ca0a6fd877]::panicking::default_hook
[INFO] [stdout]    5:     0x64535b14c855 - std[617be2ca0a6fd877]::panicking::panic_with_hook
[INFO] [stdout]    6:     0x64535b173691 - std[617be2ca0a6fd877]::panicking::panic_handler::{closure#0}
[INFO] [stdout]    7:     0x64535b173649 - std[617be2ca0a6fd877]::sys::backtrace::__rust_end_short_backtrace::<std[617be2ca0a6fd877]::panicking::panic_handler::{closure#0}, !>
[INFO] [stdout]    8:     0x64535b173b4c - __rustc[ea4f61d10b84890b]::rust_begin_unwind
[INFO] [stdout]    9:     0x64535b131b2b - core[a373ad73a504971]::panicking::panic_fmt
[INFO] [stdout]   10:     0x64535b134df1 - core[a373ad73a504971]::result::unwrap_failed
[INFO] [stdout]   11:     0x64535b12e9ac - <cli_integration[f4bac629adfc14aa]::test_invalid_file::{closure#0} as core[a373ad73a504971]::ops::function::FnOnce<()>>::call_once
[INFO] [stdout]   12:     0x64535b18f0db - test[aada8e7e76ba119b]::__rust_begin_short_backtrace::<core[a373ad73a504971]::result::Result<(), alloc[2e1b2a31b91974c5]::string::String>, fn() -> core[a373ad73a504971]::result::Result<(), alloc[2e1b2a31b91974c5]::string::String>>
[INFO] [stdout]   13:     0x64535b18b0c1 - test[aada8e7e76ba119b]::run_test::{closure#0}
[INFO] [stdout]   14:     0x64535b18a8ac - std[617be2ca0a6fd877]::sys::backtrace::__rust_begin_short_backtrace::<test[aada8e7e76ba119b]::run_test::{closure#1}, ()>
[INFO] [stdout]   15:     0x64535b1aa52c - <std[617be2ca0a6fd877]::thread::lifecycle::spawn_unchecked<test[aada8e7e76ba119b]::run_test::{closure#1}, ()>::{closure#1} as core[a373ad73a504971]::ops::function::FnOnce<()>>::call_once::{shim:vtable#0}
[INFO] [stdout]   16:     0x64535b1753c4 - <std[617be2ca0a6fd877]::sys::thread::unix::Thread>::new::thread_start
[INFO] [stdout]   17:     0x71c25b152dfa - <unknown>
[INFO] [stdout]   18:     0x71c25b1e63d4 - clone
[INFO] [stdout]   19:                0x0 - <unknown>
[INFO] [stdout] 
[INFO] [stdout] ---- test_parse_simple_file stdout ----
[INFO] [stdout] 
[INFO] [stdout] thread 'test_parse_simple_file' (911) panicked at tests/cli_integration.rs:57:10:
[INFO] [stdout] Failed to execute command: Os { code: 2, kind: NotFound, message: "No such file or directory" }
[INFO] [stdout] stack backtrace:
[INFO] [stdout]    0:     0x64535b14df75 - <<std[617be2ca0a6fd877]::sys::backtrace::BacktraceLock>::print::DisplayBacktrace as core[a373ad73a504971]::fmt::Display>::fmt
[INFO] [stdout]    1:     0x64535b131c9a - core[a373ad73a504971]::fmt::write
[INFO] [stdout]    2:     0x64535b14d60b - <alloc[2e1b2a31b91974c5]::vec::Vec<u8> as core[a373ad73a504971]::io::write::Write>::write_fmt
[INFO] [stdout]    3:     0x64535b14d0ef - std[617be2ca0a6fd877]::panicking::default_hook::{closure#0}
[INFO] [stdout]    4:     0x64535b14cd1a - std[617be2ca0a6fd877]::panicking::default_hook
[INFO] [stdout]    5:     0x64535b14c855 - std[617be2ca0a6fd877]::panicking::panic_with_hook
[INFO] [stdout]    6:     0x64535b173691 - std[617be2ca0a6fd877]::panicking::panic_handler::{closure#0}
[INFO] [stdout]    7:     0x64535b173649 - std[617be2ca0a6fd877]::sys::backtrace::__rust_end_short_backtrace::<std[617be2ca0a6fd877]::panicking::panic_handler::{closure#0}, !>
[INFO] [stdout]    8:     0x64535b173b4c - __rustc[ea4f61d10b84890b]::rust_begin_unwind
[INFO] [stdout]    9:     0x64535b131b2b - core[a373ad73a504971]::panicking::panic_fmt
[INFO] [stdout]   10:     0x64535b134df1 - core[a373ad73a504971]::result::unwrap_failed
[INFO] [stdout]   11:     0x64535b12c0e3 - <cli_integration[f4bac629adfc14aa]::test_parse_simple_file::{closure#0} as core[a373ad73a504971]::ops::function::FnOnce<()>>::call_once
[INFO] [stdout]   12:     0x64535b18f0db - test[aada8e7e76ba119b]::__rust_begin_short_backtrace::<core[a373ad73a504971]::result::Result<(), alloc[2e1b2a31b91974c5]::string::String>, fn() -> core[a373ad73a504971]::result::Result<(), alloc[2e1b2a31b91974c5]::string::String>>
[INFO] [stdout]   13:     0x64535b18b0c1 - test[aada8e7e76ba119b]::run_test::{closure#0}
[INFO] [stdout]   14:     0x64535b18a8ac - std[617be2ca0a6fd877]::sys::backtrace::__rust_begin_short_backtrace::<test[aada8e7e76ba119b]::run_test::{closure#1}, ()>
[INFO] [stdout]   15:     0x64535b1aa52c - <std[617be2ca0a6fd877]::thread::lifecycle::spawn_unchecked<test[aada8e7e76ba119b]::run_test::{closure#1}, ()>::{closure#1} as core[a373ad73a504971]::ops::function::FnOnce<()>>::call_once::{shim:vtable#0}
[INFO] [stdout]   16:     0x64535b1753c4 - <std[617be2ca0a6fd877]::sys::thread::unix::Thread>::new::thread_start
[INFO] [stdout]   17:     0x71c25b152dfa - <unknown>
[INFO] [stdout]   18:     0x71c25b1e63d4 - clone
[INFO] [stdout]   19:                0x0 - <unknown>
[INFO] [stdout] 
[INFO] [stdout] ---- test_parse_with_persist stdout ----
[INFO] [stdout] 
[INFO] [stdout] thread 'test_parse_with_persist' (918) panicked at tests/cli_integration.rs:187:10:
[INFO] [stdout] Failed to execute command: Os { code: 2, kind: NotFound, message: "No such file or directory" }
[INFO] [stdout] stack backtrace:
[INFO] [stdout]    0:     0x64535b14df75 - <<std[617be2ca0a6fd877]::sys::backtrace::BacktraceLock>::print::DisplayBacktrace as core[a373ad73a504971]::fmt::Display>::fmt
[INFO] [stdout]    1:     0x64535b131c9a - core[a373ad73a504971]::fmt::write
[INFO] [stdout]    2:     0x64535b14d60b - <alloc[2e1b2a31b91974c5]::vec::Vec<u8> as core[a373ad73a504971]::io::write::Write>::write_fmt
[INFO] [stdout]    3:     0x64535b14d0ef - std[617be2ca0a6fd877]::panicking::default_hook::{closure#0}
[INFO] [stdout]    4:     0x64535b14cd1a - std[617be2ca0a6fd877]::panicking::default_hook
[INFO] [stdout]    5:     0x64535b14c855 - std[617be2ca0a6fd877]::panicking::panic_with_hook
[INFO] [stdout]    6:     0x64535b173691 - std[617be2ca0a6fd877]::panicking::panic_handler::{closure#0}
[INFO] [stdout]    7:     0x64535b173649 - std[617be2ca0a6fd877]::sys::backtrace::__rust_end_short_backtrace::<std[617be2ca0a6fd877]::panicking::panic_handler::{closure#0}, !>
[INFO] [stdout]    8:     0x64535b173b4c - __rustc[ea4f61d10b84890b]::rust_begin_unwind
[INFO] [stdout]    9:     0x64535b131b2b - core[a373ad73a504971]::panicking::panic_fmt
[INFO] [stdout]   10:     0x64535b134df1 - core[a373ad73a504971]::result::unwrap_failed
[INFO] [stdout]   11:     0x64535b12b6d1 - <cli_integration[f4bac629adfc14aa]::test_parse_with_persist::{closure#0} as core[a373ad73a504971]::ops::function::FnOnce<()>>::call_once
[INFO] [stdout]   12:     0x64535b18f0db - test[aada8e7e76ba119b]::__rust_begin_short_backtrace::<core[a373ad73a504971]::result::Result<(), alloc[2e1b2a31b91974c5]::string::String>, fn() -> core[a373ad73a504971]::result::Result<(), alloc[2e1b2a31b91974c5]::string::String>>
[INFO] [stdout]   13:     0x64535b18b0c1 - test[aada8e7e76ba119b]::run_test::{closure#0}
[INFO] [stdout]   14:     0x64535b18a8ac - std[617be2ca0a6fd877]::sys::backtrace::__rust_begin_short_backtrace::<test[aada8e7e76ba119b]::run_test::{closure#1}, ()>
[INFO] [stdout]   15:     0x64535b1aa52c - <std[617be2ca0a6fd877]::thread::lifecycle::spawn_unchecked<test[aada8e7e76ba119b]::run_test::{closure#1}, ()>::{closure#1} as core[a373ad73a504971]::ops::function::FnOnce<()>>::call_once::{shim:vtable#0}
[INFO] [stdout]   16:     0x64535b1753c4 - <std[617be2ca0a6fd877]::sys::thread::unix::Thread>::new::thread_start
[INFO] [stdout]   17:     0x71c25b152dfa - <unknown>
[INFO] [stdout]   18:     0x71c25b1e63d4 - clone
[INFO] [stdout]   19:                0x0 - <unknown>
[INFO] [stdout] 
[INFO] [stdout] ---- test_order_only_flag stdout ----
[INFO] [stdout] 
[INFO] [stdout] thread 'test_order_only_flag' (908) panicked at tests/cli_integration.rs:440:10:
[INFO] [stdout] Failed to execute command: Os { code: 2, kind: NotFound, message: "No such file or directory" }
[INFO] [stdout] stack backtrace:
[INFO] [stdout]    0:     0x64535b14df75 - <<std[617be2ca0a6fd877]::sys::backtrace::BacktraceLock>::print::DisplayBacktrace as core[a373ad73a504971]::fmt::Display>::fmt
[INFO] [stdout]    1:     0x64535b131c9a - core[a373ad73a504971]::fmt::write
[INFO] [stdout]    2:     0x64535b14d60b - <alloc[2e1b2a31b91974c5]::vec::Vec<u8> as core[a373ad73a504971]::io::write::Write>::write_fmt
[INFO] [stdout]    3:     0x64535b14d0ef - std[617be2ca0a6fd877]::panicking::default_hook::{closure#0}
[INFO] [stdout]    4:     0x64535b14cd1a - std[617be2ca0a6fd877]::panicking::default_hook
[INFO] [stdout]    5:     0x64535b14c855 - std[617be2ca0a6fd877]::panicking::panic_with_hook
[INFO] [stdout]    6:     0x64535b173691 - std[617be2ca0a6fd877]::panicking::panic_handler::{closure#0}
[INFO] [stdout]    7:     0x64535b173649 - std[617be2ca0a6fd877]::sys::backtrace::__rust_end_short_backtrace::<std[617be2ca0a6fd877]::panicking::panic_handler::{closure#0}, !>
[INFO] [stdout]    8:     0x64535b173b4c - __rustc[ea4f61d10b84890b]::rust_begin_unwind
[INFO] [stdout]    9:     0x64535b131b2b - core[a373ad73a504971]::panicking::panic_fmt
[INFO] [stdout]   10:     0x64535b134df1 - core[a373ad73a504971]::result::unwrap_failed
[INFO] [stdout]   11:     0x64535b12e567 - <cli_integration[f4bac629adfc14aa]::test_order_only_flag::{closure#0} as core[a373ad73a504971]::ops::function::FnOnce<()>>::call_once
[INFO] [stdout]   12:     0x64535b18f0db - test[aada8e7e76ba119b]::__rust_begin_short_backtrace::<core[a373ad73a504971]::result::Result<(), alloc[2e1b2a31b91974c5]::string::String>, fn() -> core[a373ad73a504971]::result::Result<(), alloc[2e1b2a31b91974c5]::string::String>>
[INFO] [stdout]   13:     0x64535b18b0c1 - test[aada8e7e76ba119b]::run_test::{closure#0}
[INFO] [stdout]   14:     0x64535b18a8ac - std[617be2ca0a6fd877]::sys::backtrace::__rust_begin_short_backtrace::<test[aada8e7e76ba119b]::run_test::{closure#1}, ()>
[INFO] [stdout]   15:     0x64535b1aa52c - <std[617be2ca0a6fd877]::thread::lifecycle::spawn_unchecked<test[aada8e7e76ba119b]::run_test::{closure#1}, ()>::{closure#1} as core[a373ad73a504971]::ops::function::FnOnce<()>>::call_once::{shim:vtable#0}
[INFO] [stdout]   16:     0x64535b1753c4 - <std[617be2ca0a6fd877]::sys::thread::unix::Thread>::new::thread_start
[INFO] [stdout]   17:     0x71c25b152dfa - <unknown>
[INFO] [stdout]   18:     0x71c25b1e63d4 - clone
[INFO] [stdout]   19:                0x0 - <unknown>
[INFO] [stdout] 
[INFO] [stdout] ---- test_parse_datasource_metadata_json stdout ----
[INFO] [stdout] 
[INFO] [stdout] thread 'test_parse_datasource_metadata_json' (909) panicked at tests/cli_integration.rs:134:10:
[INFO] [stdout] Failed to execute command: Os { code: 2, kind: NotFound, message: "No such file or directory" }
[INFO] [stdout] stack backtrace:
[INFO] [stdout]    0:     0x64535b14df75 - <<std[617be2ca0a6fd877]::sys::backtrace::BacktraceLock>::print::DisplayBacktrace as core[a373ad73a504971]::fmt::Display>::fmt
[INFO] [stdout]    1:     0x64535b131c9a - core[a373ad73a504971]::fmt::write
[INFO] [stdout]    2:     0x64535b14d60b - <alloc[2e1b2a31b91974c5]::vec::Vec<u8> as core[a373ad73a504971]::io::write::Write>::write_fmt
[INFO] [stdout]    3:     0x64535b14d0ef - std[617be2ca0a6fd877]::panicking::default_hook::{closure#0}
[INFO] [stdout]    4:     0x64535b14cd1a - std[617be2ca0a6fd877]::panicking::default_hook
[INFO] [stdout]    5:     0x64535b14c855 - std[617be2ca0a6fd877]::panicking::panic_with_hook
[INFO] [stdout]    6:     0x64535b173691 - std[617be2ca0a6fd877]::panicking::panic_handler::{closure#0}
[INFO] [stdout]    7:     0x64535b173649 - std[617be2ca0a6fd877]::sys::backtrace::__rust_end_short_backtrace::<std[617be2ca0a6fd877]::panicking::panic_handler::{closure#0}, !>
[INFO] [stdout]    8:     0x64535b173b4c - __rustc[ea4f61d10b84890b]::rust_begin_unwind
[INFO] [stdout]    9:     0x64535b131b2b - core[a373ad73a504971]::panicking::panic_fmt
[INFO] [stdout]   10:     0x64535b134df1 - core[a373ad73a504971]::result::unwrap_failed
[INFO] [stdout]   11:     0x64535b12db4b - <cli_integration[f4bac629adfc14aa]::test_parse_datasource_metadata_json::{closure#0} as core[a373ad73a504971]::ops::function::FnOnce<()>>::call_once
[INFO] [stdout]   12:     0x64535b18f0db - test[aada8e7e76ba119b]::__rust_begin_short_backtrace::<core[a373ad73a504971]::result::Result<(), alloc[2e1b2a31b91974c5]::string::String>, fn() -> core[a373ad73a504971]::result::Result<(), alloc[2e1b2a31b91974c5]::string::String>>
[INFO] [stdout]   13:     0x64535b18b0c1 - test[aada8e7e76ba119b]::run_test::{closure#0}
[INFO] [stdout]   14:     0x64535b18a8ac - std[617be2ca0a6fd877]::sys::backtrace::__rust_begin_short_backtrace::<test[aada8e7e76ba119b]::run_test::{closure#1}, ()>
[INFO] [stdout]   15:     0x64535b1aa52c - <std[617be2ca0a6fd877]::thread::lifecycle::spawn_unchecked<test[aada8e7e76ba119b]::run_test::{closure#1}, ()>::{closure#1} as core[a373ad73a504971]::ops::function::FnOnce<()>>::call_once::{shim:vtable#0}
[INFO] [stdout]   16:     0x64535b1753c4 - <std[617be2ca0a6fd877]::sys::thread::unix::Thread>::new::thread_start
[INFO] [stdout]   17:     0x71c25b152dfa - <unknown>
[INFO] [stdout]   18:     0x71c25b1e63d4 - clone
[INFO] [stdout]   19:                0x0 - <unknown>
[INFO] [stdout] 
[INFO] [stdout] ---- test_parse_with_datasource stdout ----
[INFO] [stdout] 
[INFO] [stdout] thread 'test_parse_with_datasource' (912) panicked at tests/cli_integration.rs:90:10:
[INFO] [stdout] Failed to execute command: Os { code: 2, kind: NotFound, message: "No such file or directory" }
[INFO] [stdout] stack backtrace:
[INFO] [stdout]    0:     0x64535b14df75 - <<std[617be2ca0a6fd877]::sys::backtrace::BacktraceLock>::print::DisplayBacktrace as core[a373ad73a504971]::fmt::Display>::fmt
[INFO] [stdout]    1:     0x64535b131c9a - core[a373ad73a504971]::fmt::write
[INFO] [stdout]    2:     0x64535b14d60b - <alloc[2e1b2a31b91974c5]::vec::Vec<u8> as core[a373ad73a504971]::io::write::Write>::write_fmt
[INFO] [stdout]    3:     0x64535b14d0ef - std[617be2ca0a6fd877]::panicking::default_hook::{closure#0}
[INFO] [stdout]    4:     0x64535b14cd1a - std[617be2ca0a6fd877]::panicking::default_hook
[INFO] [stdout]    5:     0x64535b14c855 - std[617be2ca0a6fd877]::panicking::panic_with_hook
[INFO] [stdout]    6:     0x64535b173691 - std[617be2ca0a6fd877]::panicking::panic_handler::{closure#0}
[INFO] [stdout]    7:     0x64535b173649 - std[617be2ca0a6fd877]::sys::backtrace::__rust_end_short_backtrace::<std[617be2ca0a6fd877]::panicking::panic_handler::{closure#0}, !>
[INFO] [stdout]    8:     0x64535b173b4c - __rustc[ea4f61d10b84890b]::rust_begin_unwind
[INFO] [stdout]    9:     0x64535b131b2b - core[a373ad73a504971]::panicking::panic_fmt
[INFO] [stdout]   10:     0x64535b134df1 - core[a373ad73a504971]::result::unwrap_failed
[INFO] [stdout]   11:     0x64535b12bbf2 - <cli_integration[f4bac629adfc14aa]::test_parse_with_datasource::{closure#0} as core[a373ad73a504971]::ops::function::FnOnce<()>>::call_once
[INFO] [stdout]   12:     0x64535b18f0db - test[aada8e7e76ba119b]::__rust_begin_short_backtrace::<core[a373ad73a504971]::result::Result<(), alloc[2e1b2a31b91974c5]::string::String>, fn() -> core[a373ad73a504971]::result::Result<(), alloc[2e1b2a31b91974c5]::string::String>>
[INFO] [stdout]   13:     0x64535b18b0c1 - test[aada8e7e76ba119b]::run_test::{closure#0}
[INFO] [stdout]   14:     0x64535b18a8ac - std[617be2ca0a6fd877]::sys::backtrace::__rust_begin_short_backtrace::<test[aada8e7e76ba119b]::run_test::{closure#1}, ()>
[INFO] [stdout]   15:     0x64535b1aa52c - <std[617be2ca0a6fd877]::thread::lifecycle::spawn_unchecked<test[aada8e7e76ba119b]::run_test::{closure#1}, ()>::{closure#1} as core[a373ad73a504971]::ops::function::FnOnce<()>>::call_once::{shim:vtable#0}
[INFO] [stdout]   16:     0x64535b1753c4 - <std[617be2ca0a6fd877]::sys::thread::unix::Thread>::new::thread_start
[INFO] [stdout]   17:     0x71c25b152dfa - <unknown>
[INFO] [stdout]   18:     0x71c25b1e63d4 - clone
[INFO] [stdout]   19:                0x0 - <unknown>
[INFO] [stdout] 
[INFO] [stdout] ---- test_recursive_directory_parse stdout ----
[INFO] [stdout] 
[INFO] [stdout] thread 'test_recursive_directory_parse' (924) panicked at tests/cli_integration.rs:413:10:
[INFO] [stdout] Failed to execute command: Os { code: 2, kind: NotFound, message: "No such file or directory" }
[INFO] [stdout] stack backtrace:
[INFO] [stdout]    0:     0x64535b14df75 - <<std[617be2ca0a6fd877]::sys::backtrace::BacktraceLock>::print::DisplayBacktrace as core[a373ad73a504971]::fmt::Display>::fmt
[INFO] [stdout]    1:     0x64535b131c9a - core[a373ad73a504971]::fmt::write
[INFO] [stdout]    2:     0x64535b14d60b - <alloc[2e1b2a31b91974c5]::vec::Vec<u8> as core[a373ad73a504971]::io::write::Write>::write_fmt
[INFO] [stdout]    3:     0x64535b14d0ef - std[617be2ca0a6fd877]::panicking::default_hook::{closure#0}
[INFO] [stdout]    4:     0x64535b14cd1a - std[617be2ca0a6fd877]::panicking::default_hook
[INFO] [stdout]    5:     0x64535b14c855 - std[617be2ca0a6fd877]::panicking::panic_with_hook
[INFO] [stdout]    6:     0x64535b173691 - std[617be2ca0a6fd877]::panicking::panic_handler::{closure#0}
[INFO] [stdout]    7:     0x64535b173649 - std[617be2ca0a6fd877]::sys::backtrace::__rust_end_short_backtrace::<std[617be2ca0a6fd877]::panicking::panic_handler::{closure#0}, !>
[INFO] [stdout]    8:     0x64535b173b4c - __rustc[ea4f61d10b84890b]::rust_begin_unwind
[INFO] [stdout]    9:     0x64535b131b2b - core[a373ad73a504971]::panicking::panic_fmt
[INFO] [stdout]   10:     0x64535b134df1 - core[a373ad73a504971]::result::unwrap_failed
[INFO] [stdout]   11:     0x64535b12ac93 - <cli_integration[f4bac629adfc14aa]::test_recursive_directory_parse::{closure#0} as core[a373ad73a504971]::ops::function::FnOnce<()>>::call_once
[INFO] [stdout]   12:     0x64535b18f0db - test[aada8e7e76ba119b]::__rust_begin_short_backtrace::<core[a373ad73a504971]::result::Result<(), alloc[2e1b2a31b91974c5]::string::String>, fn() -> core[a373ad73a504971]::result::Result<(), alloc[2e1b2a31b91974c5]::string::String>>
[INFO] [stdout]   13:     0x64535b18b0c1 - test[aada8e7e76ba119b]::run_test::{closure#0}
[INFO] [stdout]   14:     0x64535b18a8ac - std[617be2ca0a6fd877]::sys::backtrace::__rust_begin_short_backtrace::<test[aada8e7e76ba119b]::run_test::{closure#1}, ()>
[INFO] [stdout]   15:     0x64535b1aa52c - <std[617be2ca0a6fd877]::thread::lifecycle::spawn_unchecked<test[aada8e7e76ba119b]::run_test::{closure#1}, ()>::{closure#1} as core[a373ad73a504971]::ops::function::FnOnce<()>>::call_once::{shim:vtable#0}
[INFO] [stdout]   16:     0x64535b1753c4 - <std[617be2ca0a6fd877]::sys::thread::unix::Thread>::new::thread_start
[INFO] [stdout]   17:     0x71c25b152dfa - <unknown>
[INFO] [stdout]   18:     0x71c25b1e63d4 - clone
[INFO] [stdout]   19:                0x0 - <unknown>
[INFO] [stdout] 
[INFO] [stdout] ---- test_resolve_simple_dependency stdout ----
[INFO] [stdout] 
[INFO] [stdout] thread 'test_resolve_simple_dependency' (925) panicked at tests/cli_integration.rs:240:10:
[INFO] [stdout] Failed to execute command: Os { code: 2, kind: NotFound, message: "No such file or directory" }
[INFO] [stdout] stack backtrace:
[INFO] [stdout]    0:     0x64535b14df75 - <<std[617be2ca0a6fd877]::sys::backtrace::BacktraceLock>::print::DisplayBacktrace as core[a373ad73a504971]::fmt::Display>::fmt
[INFO] [stdout]    1:     0x64535b131c9a - core[a373ad73a504971]::fmt::write
[INFO] [stdout]    2:     0x64535b14d60b - <alloc[2e1b2a31b91974c5]::vec::Vec<u8> as core[a373ad73a504971]::io::write::Write>::write_fmt
[INFO] [stdout]    3:     0x64535b14d0ef - std[617be2ca0a6fd877]::panicking::default_hook::{closure#0}
[INFO] [stdout]    4:     0x64535b14cd1a - std[617be2ca0a6fd877]::panicking::default_hook
[INFO] [stdout]    5:     0x64535b14c855 - std[617be2ca0a6fd877]::panicking::panic_with_hook
[INFO] [stdout]    6:     0x64535b173691 - std[617be2ca0a6fd877]::panicking::panic_handler::{closure#0}
[INFO] [stdout]    7:     0x64535b173649 - std[617be2ca0a6fd877]::sys::backtrace::__rust_end_short_backtrace::<std[617be2ca0a6fd877]::panicking::panic_handler::{closure#0}, !>
[INFO] [stdout]    8:     0x64535b173b4c - __rustc[ea4f61d10b84890b]::rust_begin_unwind
[INFO] [stdout]    9:     0x64535b131b2b - core[a373ad73a504971]::panicking::panic_fmt
[INFO] [stdout]   10:     0x64535b134df1 - core[a373ad73a504971]::result::unwrap_failed
[INFO] [stdout]   11:     0x64535b12a77b - <cli_integration[f4bac629adfc14aa]::test_resolve_simple_dependency::{closure#0} as core[a373ad73a504971]::ops::function::FnOnce<()>>::call_once
[INFO] [stdout]   12:     0x64535b18f0db - test[aada8e7e76ba119b]::__rust_begin_short_backtrace::<core[a373ad73a504971]::result::Result<(), alloc[2e1b2a31b91974c5]::string::String>, fn() -> core[a373ad73a504971]::result::Result<(), alloc[2e1b2a31b91974c5]::string::String>>
[INFO] [stdout]   13:     0x64535b18b0c1 - test[aada8e7e76ba119b]::run_test::{closure#0}
[INFO] [stdout]   14:     0x64535b18a8ac - std[617be2ca0a6fd877]::sys::backtrace::__rust_begin_short_backtrace::<test[aada8e7e76ba119b]::run_test::{closure#1}, ()>
[INFO] [stdout]   15:     0x64535b1aa52c - <std[617be2ca0a6fd877]::thread::lifecycle::spawn_unchecked<test[aada8e7e76ba119b]::run_test::{closure#1}, ()>::{closure#1} as core[a373ad73a504971]::ops::function::FnOnce<()>>::call_once::{shim:vtable#0}
[INFO] [stdout]   16:     0x64535b1753c4 - <std[617be2ca0a6fd877]::sys::thread::unix::Thread>::new::thread_start
[INFO] [stdout]   17:     0x71c25b152dfa - <unknown>
[INFO] [stdout]   18:     0x71c25b1e63d4 - clone
[INFO] [stdout]   19:                0x0 - <unknown>
[INFO] [stdout] 
[INFO] [stdout] ---- test_pretty_format stdout ----
[INFO] [stdout] 
[INFO] [stdout] thread 'test_pretty_format' (923) panicked at tests/cli_integration.rs:340:10:
[INFO] [stdout] Failed to execute command: Os { code: 2, kind: NotFound, message: "No such file or directory" }
[INFO] [stdout] stack backtrace:
[INFO] [stdout]    0:     0x64535b14df75 - <<std[617be2ca0a6fd877]::sys::backtrace::BacktraceLock>::print::DisplayBacktrace as core[a373ad73a504971]::fmt::Display>::fmt
[INFO] [stdout]    1:     0x64535b131c9a - core[a373ad73a504971]::fmt::write
[INFO] [stdout]    2:     0x64535b14d60b - <alloc[2e1b2a31b91974c5]::vec::Vec<u8> as core[a373ad73a504971]::io::write::Write>::write_fmt
[INFO] [stdout]    3:     0x64535b14d0ef - std[617be2ca0a6fd877]::panicking::default_hook::{closure#0}
[INFO] [stdout]    4:     0x64535b14cd1a - std[617be2ca0a6fd877]::panicking::default_hook
[INFO] [stdout]    5:     0x64535b14c855 - std[617be2ca0a6fd877]::panicking::panic_with_hook
[INFO] [stdout]    6:     0x64535b173691 - std[617be2ca0a6fd877]::panicking::panic_handler::{closure#0}
[INFO] [stdout]    7:     0x64535b173649 - std[617be2ca0a6fd877]::sys::backtrace::__rust_end_short_backtrace::<std[617be2ca0a6fd877]::panicking::panic_handler::{closure#0}, !>
[INFO] [stdout]    8:     0x64535b173b4c - __rustc[ea4f61d10b84890b]::rust_begin_unwind
[INFO] [stdout]    9:     0x64535b131b2b - core[a373ad73a504971]::panicking::panic_fmt
[INFO] [stdout]   10:     0x64535b134df1 - core[a373ad73a504971]::result::unwrap_failed
[INFO] [stdout]   11:     0x64535b12b209 - <cli_integration[f4bac629adfc14aa]::test_pretty_format::{closure#0} as core[a373ad73a504971]::ops::function::FnOnce<()>>::call_once
[INFO] [stdout]   12:     0x64535b18f0db - test[aada8e7e76ba119b]::__rust_begin_short_backtrace::<core[a373ad73a504971]::result::Result<(), alloc[2e1b2a31b91974c5]::string::String>, fn() -> core[a373ad73a504971]::result::Result<(), alloc[2e1b2a31b91974c5]::string::String>>
[INFO] [stdout]   13:     0x64535b18b0c1 - test[aada8e7e76ba119b]::run_test::{closure#0}
[INFO] [stdout]   14:     0x64535b18a8ac - std[617be2ca0a6fd877]::sys::backtrace::__rust_begin_short_backtrace::<test[aada8e7e76ba119b]::run_test::{closure#1}, ()>
[INFO] [stdout]   15:     0x64535b1aa52c - <std[617be2ca0a6fd877]::thread::lifecycle::spawn_unchecked<test[aada8e7e76ba119b]::run_test::{closure#1}, ()>::{closure#1} as core[a373ad73a504971]::ops::function::FnOnce<()>>::call_once::{shim:vtable#0}
[INFO] [stdout]   16:     0x64535b1753c4 - <std[617be2ca0a6fd877]::sys::thread::unix::Thread>::new::thread_start
[INFO] [stdout]   17:     0x71c25b152dfa - <unknown>
[INFO] [stdout]   18:     0x71c25b1e63d4 - clone
[INFO] [stdout]   19:                0x0 - <unknown>
[INFO] [stdout] 
[INFO] [stdout] ---- test_resolve_with_datasources stdout ----
[INFO] [stdout] 
[INFO] [stdout] thread 'test_resolve_with_datasources' (926) panicked at tests/cli_integration.rs:278:10:
[INFO] [stdout] Failed to execute command: Os { code: 2, kind: NotFound, message: "No such file or directory" }
[INFO] [stdout] stack backtrace:
[INFO] [stdout]    0:     0x64535b14df75 - <<std[617be2ca0a6fd877]::sys::backtrace::BacktraceLock>::print::DisplayBacktrace as core[a373ad73a504971]::fmt::Display>::fmt
[INFO] [stdout]    1:     0x64535b131c9a - core[a373ad73a504971]::fmt::write
[INFO] [stdout]    2:     0x64535b14d60b - <alloc[2e1b2a31b91974c5]::vec::Vec<u8> as core[a373ad73a504971]::io::write::Write>::write_fmt
[INFO] [stdout]    3:     0x64535b14d0ef - std[617be2ca0a6fd877]::panicking::default_hook::{closure#0}
[INFO] [stdout]    4:     0x64535b14cd1a - std[617be2ca0a6fd877]::panicking::default_hook
[INFO] [stdout]    5:     0x64535b14c855 - std[617be2ca0a6fd877]::panicking::panic_with_hook
[INFO] [stdout]    6:     0x64535b173691 - std[617be2ca0a6fd877]::panicking::panic_handler::{closure#0}
[INFO] [stdout]    7:     0x64535b173649 - std[617be2ca0a6fd877]::sys::backtrace::__rust_end_short_backtrace::<std[617be2ca0a6fd877]::panicking::panic_handler::{closure#0}, !>
[INFO] [stdout]    8:     0x64535b173b4c - __rustc[ea4f61d10b84890b]::rust_begin_unwind
[INFO] [stdout]    9:     0x64535b131b2b - core[a373ad73a504971]::panicking::panic_fmt
[INFO] [stdout]   10:     0x64535b134df1 - core[a373ad73a504971]::result::unwrap_failed
[INFO] [stdout]   11:     0x64535b129050 - <cli_integration[f4bac629adfc14aa]::test_resolve_with_datasources::{closure#0} as core[a373ad73a504971]::ops::function::FnOnce<()>>::call_once
[INFO] [stdout]   12:     0x64535b18f0db - test[aada8e7e76ba119b]::__rust_begin_short_backtrace::<core[a373ad73a504971]::result::Result<(), alloc[2e1b2a31b91974c5]::string::String>, fn() -> core[a373ad73a504971]::result::Result<(), alloc[2e1b2a31b91974c5]::string::String>>
[INFO] [stdout]   13:     0x64535b18b0c1 - test[aada8e7e76ba119b]::run_test::{closure#0}
[INFO] [stdout]   14:     0x64535b18a8ac - std[617be2ca0a6fd877]::sys::backtrace::__rust_begin_short_backtrace::<test[aada8e7e76ba119b]::run_test::{closure#1}, ()>
[INFO] [stdout]   15:     0x64535b1aa52c - <std[617be2ca0a6fd877]::thread::lifecycle::spawn_unchecked<test[aada8e7e76ba119b]::run_test::{closure#1}, ()>::{closure#1} as core[a373ad73a504971]::ops::function::FnOnce<()>>::call_once::{shim:vtable#0}
[INFO] [stdout]   16:     0x64535b1753c4 - <std[617be2ca0a6fd877]::sys::thread::unix::Thread>::new::thread_start
[INFO] [stdout]   17:     0x71c25b152dfa - <unknown>
[INFO] [stdout]   18:     0x71c25b1e63d4 - clone
[INFO] [stdout]   19:                0x0 - <unknown>
[INFO] [stdout] 
[INFO] [stdout] 
[INFO] [stdout] failures:
[INFO] [stdout]     test_datasources_command
[INFO] [stdout]     test_direct_only_flag
[INFO] [stdout]     test_invalid_file
[INFO] [stdout]     test_order_only_flag
[INFO] [stdout]     test_parse_datasource_metadata_json
[INFO] [stdout]     test_parse_directory
[INFO] [stdout]     test_parse_simple_file
[INFO] [stdout]     test_parse_with_datasource
[INFO] [stdout]     test_parse_with_persist
[INFO] [stdout]     test_pretty_format
[INFO] [stdout]     test_recursive_directory_parse
[INFO] [stdout]     test_resolve_simple_dependency
[INFO] [stdout]     test_resolve_with_datasources
[INFO] [stdout] 
[INFO] [stdout] test result: FAILED. 0 passed; 13 failed; 0 ignored; 0 measured; 0 filtered out; finished in 0.01s
[INFO] [stdout] 
[INFO] [stderr] error: test failed, to rerun pass `--test cli_integration`
[INFO] running `Command { std: "docker" "inspect" "f1073e963fece0a7cfc1c3e7dfee03fbce2d389570f2f23976fc751141d18f01", kill_on_drop: false }`
[INFO] running `Command { std: "docker" "rm" "-f" "f1073e963fece0a7cfc1c3e7dfee03fbce2d389570f2f23976fc751141d18f01", kill_on_drop: false }`
[INFO] [stdout] f1073e963fece0a7cfc1c3e7dfee03fbce2d389570f2f23976fc751141d18f01
