[INFO] fetching crate trigora-cli 1.0.3...
[INFO] testing trigora-cli-1.0.3 against 1.100.0-beta.1+cargoflags=--release for beta-release-1.100-2
[INFO] extracting crate trigora-cli 1.0.3 into /workspace/builds/worker-5-tc2/source
[INFO] started tweaking crates.io crate trigora-cli 1.0.3
[INFO] removed 0 missing tests
[INFO] finished tweaking crates.io crate trigora-cli 1.0.3
[INFO] tweaked toml for crates.io crate trigora-cli 1.0.3 written to /workspace/builds/worker-5-tc2/source/Cargo.toml
[INFO] validating manifest of crates.io crate trigora-cli 1.0.3 on toolchain 1.100.0-beta.1
[INFO] running `Command { std: CARGO_HOME="/workspace/cargo-home" RUSTUP_HOME="/workspace/rustup-home" "/workspace/cargo-home/bin/cargo" "+1.100.0-beta.1" "metadata" "--manifest-path" "Cargo.toml" "--no-deps", kill_on_drop: false }`
[INFO] crate crates.io crate trigora-cli 1.0.3 already has a lockfile, it will not be regenerated
[INFO] running `Command { std: CARGO_HOME="/workspace/cargo-home" RUSTUP_HOME="/workspace/rustup-home" "/workspace/cargo-home/bin/cargo" "+1.100.0-beta.1" "fetch" "--manifest-path" "Cargo.toml", kill_on_drop: false }`
[INFO] running `Command { std: "docker" "create" "-v" "/var/lib/crater-agent-workspace/builds/worker-5-tc2/source:/opt/rustwide/workdir:ro,Z" "-v" "/var/lib/crater-agent-workspace/builds/worker-5-tc2/target:/opt/rustwide/target:rw,Z" "-v" "/var/lib/crater-agent-workspace/cargo-home:/opt/rustwide/cargo-home:ro,Z" "-v" "/var/lib/crater-agent-workspace/rustup-home:/opt/rustwide/rustup-home:ro,Z" "-m" "1610612736" "--network" "none" "ghcr.io/rust-lang/crates-build-env/linux@sha256:77db811e55d90add9212f6832c23229e3de5f1c1f9905e8cb07319ea15df73ac" "sleep" "infinity", kill_on_drop: false }`
[INFO] [stdout] f8074ddc121bf115f77a8b62a0043f73a41c82fed21cff0366adb91df7e27779
[INFO] running `Command { std: "docker" "start" "f8074ddc121bf115f77a8b62a0043f73a41c82fed21cff0366adb91df7e27779", kill_on_drop: false }`
[INFO] running `Command { std: "docker" "inspect" "f8074ddc121bf115f77a8b62a0043f73a41c82fed21cff0366adb91df7e27779", kill_on_drop: false }`
[INFO] running `Command { std: "docker" "exec" "-e" "SOURCE_DIR=/opt/rustwide/workdir" "-e" "CARGO_HOME=/opt/rustwide/cargo-home" "-e" "RUSTUP_HOME=/opt/rustwide/rustup-home" "-e" "CARGO_TARGET_DIR=/opt/rustwide/target" "-w" "/opt/rustwide/workdir" "--user" "0:0" "f8074ddc121bf115f77a8b62a0043f73a41c82fed21cff0366adb91df7e27779" "/opt/rustwide/cargo-home/bin/cargo" "+1.100.0-beta.1" "metadata" "--no-deps" "--format-version=1", kill_on_drop: false }`
[INFO] running `Command { std: "docker" "inspect" "f8074ddc121bf115f77a8b62a0043f73a41c82fed21cff0366adb91df7e27779", kill_on_drop: false }`
[INFO] running `Command { std: "docker" "exec" "-e" "SOURCE_DIR=/opt/rustwide/workdir" "-e" "CARGO_HOME=/opt/rustwide/cargo-home" "-e" "RUSTUP_HOME=/opt/rustwide/rustup-home" "-e" "CARGO_TARGET_DIR=/opt/rustwide/target" "-e" "CARGO_INCREMENTAL=0" "-e" "RUST_BACKTRACE=full" "-e" "RUSTFLAGS=--cap-lints=warn" "-e" "RUSTDOCFLAGS=--cap-lints=warn" "-w" "/opt/rustwide/workdir" "--user" "0:0" "f8074ddc121bf115f77a8b62a0043f73a41c82fed21cff0366adb91df7e27779" "/opt/rustwide/cargo-home/bin/cargo" "+1.100.0-beta.1" "build" "--frozen" "--message-format=json" "--release", kill_on_drop: false }`
[INFO] [stderr]    Compiling proc-macro2 v1.0.107
[INFO] [stderr]    Compiling smallvec v1.16.2
[INFO] [stderr]    Compiling zerocopy v0.8.59
[INFO] [stderr]    Compiling cc v1.5.1
[INFO] [stderr]    Compiling ahash v0.8.12
[INFO] [stderr]    Compiling zeroize v1.9.0
[INFO] [stderr]    Compiling tcc-ir v26.10.3
[INFO] [stderr]    Compiling generic-array v0.14.7
[INFO] [stderr]    Compiling bitflags v2.13.2
[INFO] [stderr]    Compiling getrandom v0.2.17
[INFO] [stderr]    Compiling unicode-ident v1.0.26
[INFO] [stderr]    Compiling tcc-state v26.10.3
[INFO] [stderr]    Compiling inotify-sys v0.1.8
[INFO] [stderr]    Compiling serde_json v1.0.151
[INFO] [stderr]    Compiling quote v1.0.47
[INFO] [stderr]    Compiling nix v0.31.3
[INFO] [stderr]    Compiling percent-encoding v2.3.2
[INFO] [stderr]    Compiling rustls v0.23.45
[INFO] [stderr]    Compiling getrandom v0.4.3
[INFO] [stderr]    Compiling rustls-pki-types v1.15.1
[INFO] [stderr]    Compiling toml_write v0.1.2
[INFO] [stderr]    Compiling form_urlencoded v1.2.2
[INFO] [stderr]    Compiling clap_lex v1.1.1
[INFO] [stderr]    Compiling winnow v0.7.15
[INFO] [stderr]    Compiling chrono v0.4.45
[INFO] [stderr]    Compiling clap_builder v4.6.7
[INFO] [stderr]    Compiling syn v3.0.6
[INFO] [stderr]    Compiling regex-automata v0.4.18
[INFO] [stderr]    Compiling uuid v1.26.1
[INFO] [stderr]    Compiling inotify v0.9.6
[INFO] [stderr]    Compiling crypto-common v0.1.7
[INFO] [stderr]    Compiling tcc-core v26.10.3
[INFO] [stderr]    Compiling block-buffer v0.10.4
[INFO] [stderr]    Compiling digest v0.10.7
[INFO] [stderr]    Compiling webpki-roots v1.0.9
[INFO] [stderr]    Compiling webpki-roots v0.26.11
[INFO] [stderr]    Compiling syn v2.0.119
[INFO] [stderr]    Compiling sha2 v0.10.9
[INFO] [stderr]    Compiling ring v0.17.14
[INFO] [stderr]    Compiling libsqlite3-sys v0.30.1
[INFO] [stderr]    Compiling tcc-host v26.10.3
[INFO] [stderr]    Compiling mio v0.8.11
[INFO] [stderr]    Compiling filetime v0.2.29
[INFO] [stderr]    Compiling notify v6.1.1
[INFO] [stderr]    Compiling ctrlc v3.5.2
[INFO] [stderr]    Compiling regex v1.13.1
[INFO] [stderr]    Compiling tcc-rust-frontend v26.10.3
[INFO] [stderr]    Compiling synstructure v0.14.0
[INFO] [stderr]    Compiling zerofrom-derive v0.1.8
[INFO] [stderr]    Compiling yoke-derive v0.8.3
[INFO] [stderr]    Compiling zerovec-derive v0.11.6
[INFO] [stderr]    Compiling displaydoc v0.2.7
[INFO] [stderr]    Compiling serde_derive v1.0.229
[INFO] [stderr]    Compiling zerofrom v0.1.8
[INFO] [stderr]    Compiling hashbrown v0.14.5
[INFO] [stderr]    Compiling clap_derive v4.6.7
[INFO] [stderr]    Compiling yoke v0.8.3
[INFO] [stderr]    Compiling zerovec v0.11.8
[INFO] [stderr]    Compiling zerotrie v0.2.5
[INFO] [stderr]    Compiling hashlink v0.9.1
[INFO] [stderr]    Compiling tinystr v0.8.4
[INFO] [stderr]    Compiling icu_locale_core v2.3.0
[INFO] [stderr]    Compiling potential_utf v0.1.6
[INFO] [stderr]    Compiling icu_collections v2.3.0
[INFO] [stderr]    Compiling clap v4.6.7
[INFO] [stderr]    Compiling serde v1.0.229
[INFO] [stderr]    Compiling serde_spanned v0.6.9
[INFO] [stderr]    Compiling toml_datetime v0.6.11
[INFO] [stderr]    Compiling icu_provider v2.3.1
[INFO] [stderr]    Compiling toml_edit v0.22.27
[INFO] [stderr]    Compiling icu_normalizer v2.3.0
[INFO] [stderr]    Compiling icu_properties v2.3.0
[INFO] [stderr]    Compiling idna_adapter v1.2.2
[INFO] [stderr]    Compiling idna v1.1.0
[INFO] [stderr]    Compiling url v2.5.8
[INFO] [stderr]    Compiling toml v0.8.23
[INFO] [stderr]    Compiling rustls-webpki v0.103.15
[INFO] [stderr]    Compiling ureq v2.12.1
[INFO] [stderr]    Compiling rusqlite v0.32.1
[INFO] [stderr]    Compiling tcc-host-sqlite v26.10.3
[INFO] [stderr]    Compiling trigora-local v1.0.0
[INFO] [stderr]    Compiling trigora-cli v1.0.3 (/opt/rustwide/workdir)
[INFO] [stdout] warning: function `cloud_endpoint` is never used
[INFO] [stdout]   --> src/deploy.rs:10:8
[INFO] [stdout]    |
[INFO] [stdout] 10 | pub fn cloud_endpoint() -> Result<Endpoint, CliError> {
[INFO] [stdout]    |        ^^^^^^^^^^^^^^
[INFO] [stdout]    |
[INFO] [stdout]    = note: `#[warn(dead_code)]` (part of `#[warn(unused)]`) on by default
[INFO] [stdout] 
[INFO] [stdout] 
[INFO] [stderr]     Finished `release` profile [optimized] target(s) in 3m 01s
[INFO] running `Command { std: "docker" "inspect" "f8074ddc121bf115f77a8b62a0043f73a41c82fed21cff0366adb91df7e27779", kill_on_drop: false }`
[INFO] running `Command { std: "docker" "exec" "-e" "SOURCE_DIR=/opt/rustwide/workdir" "-e" "CARGO_HOME=/opt/rustwide/cargo-home" "-e" "RUSTUP_HOME=/opt/rustwide/rustup-home" "-e" "CARGO_TARGET_DIR=/opt/rustwide/target" "-e" "CARGO_INCREMENTAL=0" "-e" "RUST_BACKTRACE=full" "-e" "RUSTFLAGS=--cap-lints=warn" "-e" "RUSTDOCFLAGS=--cap-lints=warn" "-w" "/opt/rustwide/workdir" "--user" "0:0" "f8074ddc121bf115f77a8b62a0043f73a41c82fed21cff0366adb91df7e27779" "/opt/rustwide/cargo-home/bin/cargo" "+1.100.0-beta.1" "test" "--frozen" "--no-run" "--message-format=json" "--release", kill_on_drop: false }`
[INFO] [stdout] warning: function `cloud_endpoint` is never used
[INFO] [stdout]   --> src/deploy.rs:10:8
[INFO] [stdout]    |
[INFO] [stdout] 10 | pub fn cloud_endpoint() -> Result<Endpoint, CliError> {
[INFO] [stdout]    |        ^^^^^^^^^^^^^^
[INFO] [stdout]    |
[INFO] [stdout]    = note: `#[warn(dead_code)]` (part of `#[warn(unused)]`) on by default
[INFO] [stdout] 
[INFO] [stdout] 
[INFO] [stderr]    Compiling trigora-cli v1.0.3 (/opt/rustwide/workdir)
[INFO] [stderr]     Finished `release` profile [optimized] target(s) in 14.51s
[INFO] running `Command { std: "docker" "inspect" "f8074ddc121bf115f77a8b62a0043f73a41c82fed21cff0366adb91df7e27779", kill_on_drop: false }`
[INFO] running `Command { std: "docker" "exec" "-e" "SOURCE_DIR=/opt/rustwide/workdir" "-e" "CARGO_HOME=/opt/rustwide/cargo-home" "-e" "RUSTUP_HOME=/opt/rustwide/rustup-home" "-e" "CARGO_TARGET_DIR=/opt/rustwide/target" "-e" "CARGO_INCREMENTAL=0" "-e" "RUST_BACKTRACE=full" "-e" "RUSTFLAGS=--cap-lints=warn" "-e" "RUSTDOCFLAGS=--cap-lints=warn" "-w" "/opt/rustwide/workdir" "--user" "0:0" "f8074ddc121bf115f77a8b62a0043f73a41c82fed21cff0366adb91df7e27779" "/opt/rustwide/cargo-home/bin/cargo" "+1.100.0-beta.1" "test" "--frozen" "--release", kill_on_drop: false }`
[INFO] [stderr] warning: function `cloud_endpoint` is never used
[INFO] [stderr]   --> src/deploy.rs:10:8
[INFO] [stderr]    |
[INFO] [stderr] 10 | pub fn cloud_endpoint() -> Result<Endpoint, CliError> {
[INFO] [stderr]    |        ^^^^^^^^^^^^^^
[INFO] [stderr]    |
[INFO] [stderr]    = note: `#[warn(dead_code)]` (part of `#[warn(unused)]`) on by default
[INFO] [stderr] 
[INFO] [stderr] warning: `trigora-cli` (lib) generated 1 warning
[INFO] [stderr]     Finished `release` profile [optimized] target(s) in 0.15s
[INFO] [stderr]      Running unittests src/lib.rs (/opt/rustwide/target/release/build/trigora-cli/badc1b3e1e9a7b8c/out/trigora_cli-badc1b3e1e9a7b8c)
[INFO] [stdout] 
[INFO] [stdout] running 32 tests
[INFO] [stdout] test bench::tests::nearest_rank_covers_empty_and_single_samples ... ok
[INFO] [stdout] test init::tests::scaffolds_rust_python_and_typescript ... ok
[INFO] [stdout] test rust_harness::tests::a_program_without_effects_builds_no_harness_source ... ok
[INFO] [stdout] test bench::tests::effects_without_a_source_are_refused ... ok
[INFO] [stdout] test adapter::tests::version_compare_uses_the_cli_table ... ok
[INFO] [stdout] test rust_harness::tests::string_literals_are_not_captures ... ok
[INFO] [stdout] test tests::bench_and_verify_parse_their_flags ... ok
[INFO] [stdout] test tests::cloud_commands_fail_without_a_token ... ok
[INFO] [stdout] test rust_harness::tests::lifts_an_f64_capture_into_the_harness ... ok
[INFO] [stdout] test tests::local_programs_request_has_no_authorization_header ... ok
[INFO] [stdout] test adapter::tests::only_the_matched_adapter_is_probed ... ok
[INFO] [stdout] test adapter::tests::a_fake_extension_is_selected_without_a_language_branch ... ok
[INFO] [stdout] test tests::local_target_ignores_a_set_token ... ok
[INFO] [stdout] test tests::program_slug_splits_camel_case ... ok
[INFO] [stdout] test tests::omitted_start_input_is_an_empty_argument_list ... ok
[INFO] [stdout] test tests::python_effect_worker_reads_json_text_before_field_access ... ok
[INFO] [stdout] test tests::remote_flag_has_three_executions_shapes ... ok
[INFO] [stdout] test tests::program_filter_still_puts_every_trigger ... ok
[INFO] [stdout] test tests::manifest_requires_a_project_name ... ok
[INFO] [stdout] test paths::tests::the_rust_compiler_is_found_beside_the_executable ... ok
[INFO] [stdout] test init::tests::skips_the_example_and_preserves_files_unless_forced ... ok
[INFO] [stdout] test tests::empty_trigger_list_is_put_and_program_filter_does_not_limit_it ... ok
[INFO] [stdout] test tests::failed_trigger_put_stays_incomplete ... ok
[INFO] [stdout] test paths::tests::the_local_runtime_is_found_beside_the_executable ... ok
[INFO] [stdout] test tests::remote_context_attaches_one_project_header ... ok
[INFO] [stdout] test compile::tests::a_rejected_rust_program_does_not_get_a_harness ... ok
[INFO] [stdout] test python::tests::missing_tcc_engine_names_the_install_command ... ok
[INFO] [stdout] test bench::tests::bench_boundary_count_matches_the_trace ... ok
[INFO] [stdout] test python::tests::version_mismatch_names_the_expected_frontend ... FAILED
[INFO] [stdout] test python::tests::constant_effect_value_comes_from_python ... FAILED
[INFO] [stdout] test bench::tests::live_effects_record_once_and_resume_hits_the_journal ... ok
[INFO] [stdout] test bench::tests::verify_sample_recovers_with_zero_mismatches ... ok
[INFO] [stdout] 
[INFO] [stdout] failures:
[INFO] [stdout] 
[INFO] [stdout] ---- python::tests::version_mismatch_names_the_expected_frontend stdout ----
[INFO] [stdout] 
[INFO] [stdout] thread 'python::tests::version_mismatch_names_the_expected_frontend' (2206) panicked at src/python.rs:263:38:
[INFO] [stdout] python env: PoisonError { .. }
[INFO] [stdout] stack backtrace:
[INFO] [stdout]    0:     0x5d8759075b61 - <<std[617be2ca0a6fd877]::sys::backtrace::BacktraceLock>::print::DisplayBacktrace as core[a373ad73a504971]::fmt::Display>::fmt
[INFO] [stdout]    1:     0x5d875908d5fa - core[a373ad73a504971]::fmt::write
[INFO] [stdout]    2:     0x5d875907a7bc - <alloc[2e1b2a31b91974c5]::vec::Vec<u8> as core[a373ad73a504971]::io::write::Write>::write_fmt
[INFO] [stdout]    3:     0x5d875904cfd6 - std[617be2ca0a6fd877]::panicking::default_hook::{closure#0}
[INFO] [stdout]    4:     0x5d875906c2a9 - std[617be2ca0a6fd877]::panicking::default_hook
[INFO] [stdout]    5:     0x5d8758d76fa0 - test[aada8e7e76ba119b]::test_main_inner::{closure#0}
[INFO] [stdout]    6:     0x5d875906c462 - std[617be2ca0a6fd877]::panicking::panic_with_hook
[INFO] [stdout]    7:     0x5d875904d082 - std[617be2ca0a6fd877]::panicking::panic_handler::{closure#0}
[INFO] [stdout]    8:     0x5d8759045759 - std[617be2ca0a6fd877]::sys::backtrace::__rust_end_short_backtrace::<std[617be2ca0a6fd877]::panicking::panic_handler::{closure#0}, !>
[INFO] [stdout]    9:     0x5d875904e1dd - __rustc[ea4f61d10b84890b]::rust_begin_unwind
[INFO] [stdout]   10:     0x5d875908dddc - core[a373ad73a504971]::panicking::panic_fmt
[INFO] [stdout]   11:     0x5d875908dbb2 - core[a373ad73a504971]::result::unwrap_failed
[INFO] [stdout]   12:     0x5d8758b135a3 - <trigora_cli[481d2303d78ded7]::python::tests::version_mismatch_names_the_expected_frontend::{closure#0} as core[a373ad73a504971]::ops::function::FnOnce<()>>::call_once
[INFO] [stdout]   13:     0x5d8758d6a3eb - test[aada8e7e76ba119b]::__rust_begin_short_backtrace::<core[a373ad73a504971]::result::Result<(), alloc[2e1b2a31b91974c5]::string::String>, fn() -> core[a373ad73a504971]::result::Result<(), alloc[2e1b2a31b91974c5]::string::String>>
[INFO] [stdout]   14:     0x5d8758d775c5 - test[aada8e7e76ba119b]::run_test::{closure#0}
[INFO] [stdout]   15:     0x5d8758d70eb4 - std[617be2ca0a6fd877]::sys::backtrace::__rust_begin_short_backtrace::<test[aada8e7e76ba119b]::run_test::{closure#1}, ()>
[INFO] [stdout]   16:     0x5d8758d7a652 - <std[617be2ca0a6fd877]::thread::lifecycle::spawn_unchecked<test[aada8e7e76ba119b]::run_test::{closure#1}, ()>::{closure#1} as core[a373ad73a504971]::ops::function::FnOnce<()>>::call_once::{shim:vtable#0}
[INFO] [stdout]   17:     0x5d87590743cf - <std[617be2ca0a6fd877]::sys::thread::unix::Thread>::new::thread_start
[INFO] [stdout]   18:     0x760631bf4dfa - <unknown>
[INFO] [stdout]   19:     0x760631c883d4 - clone
[INFO] [stdout]   20:                0x0 - <unknown>
[INFO] [stdout] 
[INFO] [stdout] ---- python::tests::constant_effect_value_comes_from_python stdout ----
[INFO] [stdout] 
[INFO] [stdout] thread 'python::tests::constant_effect_value_comes_from_python' (2204) panicked at src/python.rs:319:86:
[INFO] [stdout] called `Result::unwrap()` on an `Err` value: CliError { title: "Python compiler unavailable", message: Some("Python compiler support is not installed."), details: [("File", "src/program.py"), ("Install", "python3 -m pip install trigora")], hint: None, code: 1, raw: false }
[INFO] [stdout] stack backtrace:
[INFO] [stdout]    0:     0x5d8759075b61 - <<std[617be2ca0a6fd877]::sys::backtrace::BacktraceLock>::print::DisplayBacktrace as core[a373ad73a504971]::fmt::Display>::fmt
[INFO] [stdout]    1:     0x5d875908d5fa - core[a373ad73a504971]::fmt::write
[INFO] [stdout]    2:     0x5d875907a7bc - <alloc[2e1b2a31b91974c5]::vec::Vec<u8> as core[a373ad73a504971]::io::write::Write>::write_fmt
[INFO] [stdout]    3:     0x5d875904cfd6 - std[617be2ca0a6fd877]::panicking::default_hook::{closure#0}
[INFO] [stdout]    4:     0x5d875906c2a9 - std[617be2ca0a6fd877]::panicking::default_hook
[INFO] [stdout]    5:     0x5d8758d76fa0 - test[aada8e7e76ba119b]::test_main_inner::{closure#0}
[INFO] [stdout]    6:     0x5d875906c462 - std[617be2ca0a6fd877]::panicking::panic_with_hook
[INFO] [stdout]    7:     0x5d875904d082 - std[617be2ca0a6fd877]::panicking::panic_handler::{closure#0}
[INFO] [stdout]    8:     0x5d8759045759 - std[617be2ca0a6fd877]::sys::backtrace::__rust_end_short_backtrace::<std[617be2ca0a6fd877]::panicking::panic_handler::{closure#0}, !>
[INFO] [stdout]    9:     0x5d875904e1dd - __rustc[ea4f61d10b84890b]::rust_begin_unwind
[INFO] [stdout]   10:     0x5d875908dddc - core[a373ad73a504971]::panicking::panic_fmt
[INFO] [stdout]   11:     0x5d875908dbb2 - core[a373ad73a504971]::result::unwrap_failed
[INFO] [stdout]   12:     0x5d8758b123b4 - <trigora_cli[481d2303d78ded7]::python::tests::constant_effect_value_comes_from_python::{closure#0} as core[a373ad73a504971]::ops::function::FnOnce<()>>::call_once
[INFO] [stdout]   13:     0x5d8758d6a3eb - test[aada8e7e76ba119b]::__rust_begin_short_backtrace::<core[a373ad73a504971]::result::Result<(), alloc[2e1b2a31b91974c5]::string::String>, fn() -> core[a373ad73a504971]::result::Result<(), alloc[2e1b2a31b91974c5]::string::String>>
[INFO] [stdout]   14:     0x5d8758d775c5 - test[aada8e7e76ba119b]::run_test::{closure#0}
[INFO] [stdout]   15:     0x5d8758d70eb4 - std[617be2ca0a6fd877]::sys::backtrace::__rust_begin_short_backtrace::<test[aada8e7e76ba119b]::run_test::{closure#1}, ()>
[INFO] [stdout]   16:     0x5d8758d7a652 - <std[617be2ca0a6fd877]::thread::lifecycle::spawn_unchecked<test[aada8e7e76ba119b]::run_test::{closure#1}, ()>::{closure#1} as core[a373ad73a504971]::ops::function::FnOnce<()>>::call_once::{shim:vtable#0}
[INFO] [stdout]   17:     0x5d87590743cf - <std[617be2ca0a6fd877]::sys::thread::unix::Thread>::new::thread_start
[INFO] [stdout]   18:     0x760631bf4dfa - <unknown>
[INFO] [stdout]   19:     0x760631c883d4 - clone
[INFO] [stdout]   20:                0x0 - <unknown>
[INFO] [stdout] 
[INFO] [stdout] 
[INFO] [stdout] failures:
[INFO] [stdout]     python::tests::constant_effect_value_comes_from_python
[INFO] [stdout]     python::tests::version_mismatch_names_the_expected_frontend
[INFO] [stdout] 
[INFO] [stdout] test result: FAILED. 30 passed; 2 failed; 0 ignored; 0 measured; 0 filtered out; finished in 0.51s
[INFO] [stdout] 
[INFO] [stderr] error: test failed, to rerun pass `--lib`
[INFO] running `Command { std: "docker" "inspect" "f8074ddc121bf115f77a8b62a0043f73a41c82fed21cff0366adb91df7e27779", kill_on_drop: false }`
[INFO] running `Command { std: "docker" "rm" "-f" "f8074ddc121bf115f77a8b62a0043f73a41c82fed21cff0366adb91df7e27779", kill_on_drop: false }`
[INFO] [stdout] f8074ddc121bf115f77a8b62a0043f73a41c82fed21cff0366adb91df7e27779
