[INFO] fetching crate trezoa-zk-sdk-arcium-fork 3.2.2...
[INFO] testing trezoa-zk-sdk-arcium-fork-3.2.2 against 1.99.0-beta.8+cargoflags=--release for beta-release-1.100-2
[INFO] extracting crate trezoa-zk-sdk-arcium-fork 3.2.2 into /workspace/builds/worker-0-tc1/source
[INFO] started tweaking crates.io crate trezoa-zk-sdk-arcium-fork 3.2.2
[INFO] finished tweaking crates.io crate trezoa-zk-sdk-arcium-fork 3.2.2
[INFO] tweaked toml for crates.io crate trezoa-zk-sdk-arcium-fork 3.2.2 written to /workspace/builds/worker-0-tc1/source/Cargo.toml
[INFO] validating manifest of crates.io crate trezoa-zk-sdk-arcium-fork 3.2.2 on toolchain 1.99.0-beta.8
[INFO] running `Command { std: CARGO_HOME="/workspace/cargo-home" RUSTUP_HOME="/workspace/rustup-home" "/workspace/cargo-home/bin/cargo" "+1.99.0-beta.8" "metadata" "--manifest-path" "Cargo.toml" "--no-deps", kill_on_drop: false }`
[INFO] crate crates.io crate trezoa-zk-sdk-arcium-fork 3.2.2 already has a lockfile, it will not be regenerated
[INFO] running `Command { std: CARGO_HOME="/workspace/cargo-home" RUSTUP_HOME="/workspace/rustup-home" "/workspace/cargo-home/bin/cargo" "+1.99.0-beta.8" "fetch" "--manifest-path" "Cargo.toml", kill_on_drop: false }`
[INFO] [stderr]     Updating crates.io index
[INFO] [stderr]  Downloading crates ...
[INFO] [stderr]   Downloaded trezoa-signer v3.2.2
[INFO] [stderr]   Downloaded trezoa-transaction-error v3.2.2
[INFO] [stderr]   Downloaded trezoa-sanitize v3.2.2
[INFO] [stderr]   Downloaded trezoa-program-error v3.2.2
[INFO] [stderr]   Downloaded trezoa-instruction-error v3.2.2
[INFO] [stderr]   Downloaded pbkdf2 v0.4.0
[INFO] [stderr]   Downloaded base64ct v1.7.3
[INFO] [stderr]   Downloaded trezoa-pubkey v3.2.3
[INFO] [stderr]   Downloaded tiny-bip39 v0.8.2
[INFO] [stderr]   Downloaded trezoa-seed-derivable v3.2.2
[INFO] [stderr]   Downloaded trezoa-instruction v3.2.2
[INFO] [stderr]   Downloaded crypto-mac v0.8.0
[INFO] [stderr]   Downloaded trezoa-signature v3.2.2
[INFO] [stderr]   Downloaded trezoa-seed-phrase v3.2.2
[INFO] [stderr]   Downloaded trezoa-derivation-path v3.2.2
[INFO] [stderr]   Downloaded hmac v0.8.1
[INFO] [stderr]   Downloaded trezoa-define-syscall v3.2.2
[INFO] [stderr]   Downloaded trezoa-sdk-ids v3.2.2
[INFO] [stderr]   Downloaded trezoa-keypair v3.2.2
[INFO] [stderr]   Downloaded thiserror-impl v2.0.14
[INFO] [stderr]   Downloaded trezoa-address v3.2.3
[INFO] [stderr]   Downloaded bytemuck_derive v1.9.3
[INFO] [stderr]   Downloaded thiserror v2.0.14
[INFO] [stderr]   Downloaded curve25519-dalek v4.2.0
[INFO] running `Command { std: "docker" "create" "-v" "/var/lib/crater-agent-workspace/builds/worker-0-tc1/source:/opt/rustwide/workdir:ro,Z" "-v" "/var/lib/crater-agent-workspace/builds/worker-0-tc1/target:/opt/rustwide/target:rw,Z" "-v" "/var/lib/crater-agent-workspace/cargo-home:/opt/rustwide/cargo-home:ro,Z" "-v" "/var/lib/crater-agent-workspace/rustup-home:/opt/rustwide/rustup-home:ro,Z" "-m" "1610612736" "--network" "none" "ghcr.io/rust-lang/crates-build-env/linux@sha256:77db811e55d90add9212f6832c23229e3de5f1c1f9905e8cb07319ea15df73ac" "sleep" "infinity", kill_on_drop: false }`
[INFO] [stdout] d4a87aab42dab05b546d71d2642aab6e965bc4bf3815415c1fc066f7fe31d833
[INFO] running `Command { std: "docker" "start" "d4a87aab42dab05b546d71d2642aab6e965bc4bf3815415c1fc066f7fe31d833", kill_on_drop: false }`
[INFO] running `Command { std: "docker" "inspect" "d4a87aab42dab05b546d71d2642aab6e965bc4bf3815415c1fc066f7fe31d833", kill_on_drop: false }`
[INFO] running `Command { std: "docker" "exec" "-e" "SOURCE_DIR=/opt/rustwide/workdir" "-e" "CARGO_HOME=/opt/rustwide/cargo-home" "-e" "RUSTUP_HOME=/opt/rustwide/rustup-home" "-e" "CARGO_TARGET_DIR=/opt/rustwide/target" "-w" "/opt/rustwide/workdir" "--user" "0:0" "d4a87aab42dab05b546d71d2642aab6e965bc4bf3815415c1fc066f7fe31d833" "/opt/rustwide/cargo-home/bin/cargo" "+1.99.0-beta.8" "metadata" "--no-deps" "--format-version=1", kill_on_drop: false }`
[INFO] running `Command { std: "docker" "inspect" "d4a87aab42dab05b546d71d2642aab6e965bc4bf3815415c1fc066f7fe31d833", kill_on_drop: false }`
[INFO] running `Command { std: "docker" "exec" "-e" "SOURCE_DIR=/opt/rustwide/workdir" "-e" "CARGO_HOME=/opt/rustwide/cargo-home" "-e" "RUSTUP_HOME=/opt/rustwide/rustup-home" "-e" "CARGO_TARGET_DIR=/opt/rustwide/target" "-e" "CARGO_INCREMENTAL=0" "-e" "RUST_BACKTRACE=full" "-e" "RUSTFLAGS=--cap-lints=warn" "-e" "RUSTDOCFLAGS=--cap-lints=warn" "-w" "/opt/rustwide/workdir" "--user" "0:0" "d4a87aab42dab05b546d71d2642aab6e965bc4bf3815415c1fc066f7fe31d833" "/opt/rustwide/cargo-home/bin/cargo" "+1.99.0-beta.8" "build" "--frozen" "--message-format=json" "--release", kill_on_drop: false }`
[INFO] [stderr]    Compiling libc v0.2.174
[INFO] [stderr]    Compiling subtle v2.6.1
[INFO] [stderr]    Compiling five8_core v0.1.2
[INFO] [stderr]    Compiling trezoa-program-error v3.2.2
[INFO] [stderr]    Compiling trezoa-sanitize v3.2.2
[INFO] [stderr]    Compiling bytemuck v1.23.2
[INFO] [stderr]    Compiling percent-encoding v2.3.1
[INFO] [stderr]    Compiling syn v2.0.104
[INFO] [stderr]    Compiling uriparse v0.6.4
[INFO] [stderr]    Compiling derivation-path v0.2.0
[INFO] [stderr]    Compiling thiserror v2.0.14
[INFO] [stderr]    Compiling opaque-debug v0.3.1
[INFO] [stderr]    Compiling curve25519-dalek v4.2.0
[INFO] [stderr]    Compiling serde_json v1.0.142
[INFO] [stderr]    Compiling memchr v2.7.5
[INFO] [stderr]    Compiling itertools v0.12.1
[INFO] [stderr]    Compiling five8_const v1.0.0
[INFO] [stderr]    Compiling five8 v1.0.0
[INFO] [stderr]    Compiling five8 v0.2.1
[INFO] [stderr]    Compiling trezoa-instruction-error v3.2.2
[INFO] [stderr]    Compiling qstring v0.7.2
[INFO] [stderr]    Compiling trezoa-transaction-error v3.2.2
[INFO] [stderr]    Compiling trezoa-signature v3.2.2
[INFO] [stderr]    Compiling trezoa-derivation-path v3.2.2
[INFO] [stderr]    Compiling getrandom v0.2.16
[INFO] [stderr]    Compiling trezoa-seed-derivable v3.2.2
[INFO] [stderr]    Compiling rand_core v0.6.4
[INFO] [stderr]    Compiling crypto-common v0.1.6
[INFO] [stderr]    Compiling rand_chacha v0.3.1
[INFO] [stderr]    Compiling digest v0.10.7
[INFO] [stderr]    Compiling cipher v0.4.4
[INFO] [stderr]    Compiling universal-hash v0.5.1
[INFO] [stderr]    Compiling aead v0.5.2
[INFO] [stderr]    Compiling polyval v0.6.2
[INFO] [stderr]    Compiling rand v0.8.5
[INFO] [stderr]    Compiling sha2 v0.10.9
[INFO] [stderr]    Compiling hmac v0.12.1
[INFO] [stderr]    Compiling pbkdf2 v0.11.0
[INFO] [stderr]    Compiling sha3 v0.10.8
[INFO] [stderr]    Compiling ctr v0.9.2
[INFO] [stderr]    Compiling aes v0.8.4
[INFO] [stderr]    Compiling trezoa-seed-phrase v3.2.2
[INFO] [stderr]    Compiling bytemuck_derive v1.9.3
[INFO] [stderr]    Compiling zeroize_derive v1.4.2
[INFO] [stderr]    Compiling serde_derive v1.0.219
[INFO] [stderr]    Compiling curve25519-dalek-derive v0.1.1
[INFO] [stderr]    Compiling thiserror-impl v2.0.14
[INFO] [stderr]    Compiling num-derive v0.4.2
[INFO] [stderr]    Compiling zeroize v1.8.1
[INFO] [stderr]    Compiling aes-gcm-siv v0.11.1
[INFO] [stderr]    Compiling merlin v3.0.0
[INFO] [stderr]    Compiling trezoa-address v3.2.3
[INFO] [stderr]    Compiling trezoa-pubkey v3.2.3
[INFO] [stderr]    Compiling trezoa-instruction v3.2.2
[INFO] [stderr]    Compiling trezoa-signer v3.2.2
[INFO] [stderr]    Compiling trezoa-sdk-ids v3.2.2
[INFO] [stderr]    Compiling serde v1.0.219
[INFO] [stderr]    Compiling bincode v1.3.3
[INFO] [stderr]    Compiling trezoa-zk-sdk-arcium-fork v3.2.2 (/opt/rustwide/workdir)
[INFO] [stderr]     Finished `release` profile [optimized] target(s) in 31.36s
[INFO] running `Command { std: "docker" "inspect" "d4a87aab42dab05b546d71d2642aab6e965bc4bf3815415c1fc066f7fe31d833", kill_on_drop: false }`
[INFO] running `Command { std: "docker" "exec" "-e" "SOURCE_DIR=/opt/rustwide/workdir" "-e" "CARGO_HOME=/opt/rustwide/cargo-home" "-e" "RUSTUP_HOME=/opt/rustwide/rustup-home" "-e" "CARGO_TARGET_DIR=/opt/rustwide/target" "-e" "CARGO_INCREMENTAL=0" "-e" "RUST_BACKTRACE=full" "-e" "RUSTFLAGS=--cap-lints=warn" "-e" "RUSTDOCFLAGS=--cap-lints=warn" "-w" "/opt/rustwide/workdir" "--user" "0:0" "d4a87aab42dab05b546d71d2642aab6e965bc4bf3815415c1fc066f7fe31d833" "/opt/rustwide/cargo-home/bin/cargo" "+1.99.0-beta.8" "test" "--frozen" "--no-run" "--message-format=json" "--release", kill_on_drop: false }`
[INFO] [stderr]    Compiling signature v2.2.0
[INFO] [stderr]    Compiling getrandom v0.1.16
[INFO] [stderr]    Compiling crypto-mac v0.8.0
[INFO] [stderr]    Compiling digest v0.9.0
[INFO] [stderr]    Compiling tinyvec_macros v0.1.1
[INFO] [stderr]    Compiling zeroize v1.8.1
[INFO] [stderr]    Compiling thiserror-impl v1.0.69
[INFO] [stderr]    Compiling block-buffer v0.9.0
[INFO] [stderr]    Compiling rustc-hash v1.1.0
[INFO] [stderr]    Compiling tinyvec v1.9.0
[INFO] [stderr]    Compiling pbkdf2 v0.4.0
[INFO] [stderr]    Compiling hmac v0.8.1
[INFO] [stderr]    Compiling sha2 v0.9.9
[INFO] [stderr]    Compiling ed25519 v2.2.3
[INFO] [stderr]    Compiling rand_core v0.5.1
[INFO] [stderr]    Compiling curve25519-dalek v4.2.0
[INFO] [stderr]    Compiling aes-gcm-siv v0.11.1
[INFO] [stderr]    Compiling merlin v3.0.0
[INFO] [stderr]    Compiling rand_chacha v0.2.2
[INFO] [stderr]    Compiling rand v0.7.3
[INFO] [stderr]    Compiling thiserror v1.0.69
[INFO] [stderr]    Compiling unicode-normalization v0.1.24
[INFO] [stderr]    Compiling tiny-bip39 v0.8.2
[INFO] [stderr]    Compiling ed25519-dalek v2.2.0
[INFO] [stderr]    Compiling trezoa-signature v3.2.2
[INFO] [stderr]    Compiling trezoa-signer v3.2.2
[INFO] [stderr]    Compiling trezoa-keypair v3.2.2
[INFO] [stderr]    Compiling trezoa-zk-sdk-arcium-fork v3.2.2 (/opt/rustwide/workdir)
[INFO] [stderr]     Finished `release` profile [optimized] target(s) in 19.72s
[INFO] running `Command { std: "docker" "inspect" "d4a87aab42dab05b546d71d2642aab6e965bc4bf3815415c1fc066f7fe31d833", kill_on_drop: false }`
[INFO] running `Command { std: "docker" "exec" "-e" "SOURCE_DIR=/opt/rustwide/workdir" "-e" "CARGO_HOME=/opt/rustwide/cargo-home" "-e" "RUSTUP_HOME=/opt/rustwide/rustup-home" "-e" "CARGO_TARGET_DIR=/opt/rustwide/target" "-e" "CARGO_INCREMENTAL=0" "-e" "RUST_BACKTRACE=full" "-e" "RUSTFLAGS=--cap-lints=warn" "-e" "RUSTDOCFLAGS=--cap-lints=warn" "-w" "/opt/rustwide/workdir" "--user" "0:0" "d4a87aab42dab05b546d71d2642aab6e965bc4bf3815415c1fc066f7fe31d833" "/opt/rustwide/cargo-home/bin/cargo" "+1.99.0-beta.8" "test" "--frozen" "--release", kill_on_drop: false }`
[INFO] [stderr]     Finished `release` profile [optimized] target(s) in 0.12s
[INFO] [stderr]      Running unittests src/lib.rs (/opt/rustwide/target/release/deps/trezoa_zk_sdk_arcium_fork-c4b9b4cfc10e6294)
[INFO] [stdout] 
[INFO] [stdout] running 96 tests
[INFO] [stdout] test encryption::auth_encryption::tests::test_aes_key_try_from ... ok
[INFO] [stdout] test encryption::auth_encryption::tests::test_tampered_ciphertext_fails_decryption ... ok
[INFO] [stdout] test encryption::auth_encryption::tests::test_encryption_is_non_deterministic ... ok
[INFO] [stdout] test encryption::elgamal::tests::test_decrypt_handle ... ok
[INFO] [stdout] test encryption::auth_encryption::tests::test_tampered_nonce_fails_decryption ... ok
[INFO] [stdout] test encryption::elgamal::tests::test_decrypt_handle_bytes ... ok
[INFO] [stdout] test encryption::auth_encryption::tests::test_aes_encrypt_decrypt_correctness ... ok
[INFO] [stdout] test encryption::auth_encryption::tests::test_aes_new ... ok
[INFO] [stdout] test encryption::elgamal::tests::test_homomorphic_subtraction ... ok
[INFO] [stdout] test encryption::auth_encryption::tests::test_aes_key_from ... ok
[INFO] [stdout] test encryption::elgamal::tests::test_serde_ciphertext ... ok
[INFO] [stdout] test encryption::auth_encryption::tests::test_aes_key_try_from_error ... ok
[INFO] [stdout] test encryption::elgamal::tests::test_serde_decrypt_handle ... ok
[INFO] [stdout] test encryption::elgamal::tests::test_serde_secretkey ... ok
[INFO] [stdout] test encryption::elgamal::tests::test_serde_pubkey ... ok
[INFO] [stdout] test encryption::elgamal::tests::test_write_keypair_file ... FAILED
[INFO] [stdout] test encryption::elgamal::tests::test_keypair_from_seed ... ok
[INFO] [stdout] test encryption::auth_encryption::tests::test_aes_key_from_seed ... ok
[INFO] [stdout] test encryption::elgamal::tests::test_homomorphic_addition ... ok
[INFO] [stdout] test encryption::elgamal::tests::test_homomorphic_multiplication ... ok
[INFO] [stdout] test encryption::elgamal::tests::test_write_keypair_file_truncate ... FAILED
[INFO] [stdout] test encryption::elgamal::tests::test_secret_key_new_from_signer ... ok
[INFO] [stdout] test encryption::elgamal::tests::test_keypair_from_seed_phrase_and_passphrase ... ok
[INFO] [stdout] test encryption::grouped_elgamal::tests::test_malformed_bytes_deserialization ... ok
[INFO] [stdout] test encryption::grouped_elgamal::tests::test_zero_sized_group ... ok
[INFO] [stdout] test encryption::pedersen::tests::test_homomorphic_addition_with_zero ... ok
[INFO] [stdout] test encryption::elgamal::tests::test_write_keypair_file_overwrite_ok ... FAILED
[INFO] [stdout] test encryption::pedersen::tests::test_invalid_commitment_verification ... ok
[INFO] [stdout] test encryption::pedersen::tests::test_pedersen_commitment_bytes ... ok
[INFO] [stdout] test encryption::pedersen::tests::test_pedersen_commitment_from_invalid_bytes ... ok
[INFO] [stdout] test encryption::pedersen::tests::test_pedersen_homomorphic_subtraction ... ok
[INFO] [stdout] test encryption::pedersen::tests::test_pedersen_homomorphic_multiplication ... ok
[INFO] [stdout] test encryption::pedersen::tests::test_pedersen_homomorphic_addition ... ok
[INFO] [stdout] test encryption::pedersen::tests::test_pedersen_encode ... ok
[INFO] [stdout] test encryption::pedersen::tests::test_pedersen_opening_bytes ... ok
[INFO] [stdout] test encryption::pod::elgamal::tests::elgamal_pubkey_fromstr ... ok
[INFO] [stdout] test encryption::pod::grouped_elgamal::tests::test_2_handles_ciphertext_extraction ... ok
[INFO] [stdout] test encryption::pedersen::tests::test_serde_pedersen_commitment ... ok
[INFO] [stdout] test encryption::pedersen::tests::test_serde_pedersen_opening ... ok
[INFO] [stdout] test encryption::pod::elgamal::tests::elgamal_ciphertext_fromstr ... ok
[INFO] [stdout] test encryption::pod::auth_encryption::tests::ae_ciphertext_fromstr ... ok
[INFO] [stdout] test encryption::pod::grouped_elgamal::tests::test_3_handles_ciphertext_extraction ... ok
[INFO] [stdout] test sigma_proofs::batched_grouped_ciphertext_validity::handles_2::test::test_batched_grouped_ciphertext_2_handles_validity_proof ... ok
[INFO] [stdout] test sigma_proofs::batched_grouped_ciphertext_validity::handles_2::test::test_batched_grouped_ciphertext_2_handles_validity_proof_string ... ok
[INFO] [stdout] test sigma_proofs::batched_grouped_ciphertext_validity::handles_3::test::test_batched_grouped_ciphertext_3_handles_validity_proof ... ok
[INFO] [stdout] test range_proof::tests::test_single_rangeproof ... ok
[INFO] [stdout] test sigma_proofs::ciphertext_ciphertext_equality::test::test_ciphertext_ciphertext_equality_proof_correctness ... ok
[INFO] [stdout] test sigma_proofs::ciphertext_ciphertext_equality::test::test_ciphertext_ciphertext_equality_proof_string ... ok
[INFO] [stdout] test sigma_proofs::batched_grouped_ciphertext_validity::handles_3::test::test_batched_grouped_ciphertext_3_handles_validity_proof_string ... ok
[INFO] [stdout] test range_proof::inner_product::tests::test_basic_correctness ... ok
[INFO] [stdout] test sigma_proofs::ciphertext_commitment_equality::test::test_ciphertext_commitment_equality_proof_string ... ok
[INFO] [stdout] test sigma_proofs::grouped_ciphertext_validity::handles_2::test::test_grouped_ciphertext_validity_proof_correctness ... ok
[INFO] [stdout] test range_proof::tests::range_proof_bytes_roundtrip ... ok
[INFO] [stdout] test sigma_proofs::ciphertext_commitment_equality::test::test_ciphertext_commitment_equality_proof_edge_cases ... ok
[INFO] [stdout] test sigma_proofs::ciphertext_commitment_equality::test::test_ciphertext_commitment_equality_proof_correctness ... ok
[INFO] [stdout] test sigma_proofs::grouped_ciphertext_validity::handles_2::test::test_grouped_ciphertext_validity_proof_string ... ok
[INFO] [stdout] test sigma_proofs::grouped_ciphertext_validity::handles_3::test::test_grouped_ciphertext_3_handles_validity_proof_correctness ... ok
[INFO] [stdout] test range_proof::tests::test_aggregated_rangeproof ... ok
[INFO] [stdout] test sigma_proofs::grouped_ciphertext_validity::handles_3::test::test_grouped_ciphertext_3_handles_validity_proof_string ... ok
[INFO] [stdout] test sigma_proofs::grouped_ciphertext_validity::handles_3::test::test_grouped_ciphertext_3_handles_validity_proof_edge_cases ... ok
[INFO] [stdout] test sigma_proofs::percentage_with_cap::test::test_create_proof_above_max_logic ... ok
[INFO] [stdout] test sigma_proofs::percentage_with_cap::test::test_percentage_with_cap_proof_string ... ok
[INFO] [stdout] test sigma_proofs::percentage_with_cap::test::test_proof_above_max_proof ... ok
[INFO] [stdout] test sigma_proofs::percentage_with_cap::test::test_proof_delta_is_zero ... ok
[INFO] [stdout] test range_proof::tests::test_range_proof_string ... ok
[INFO] [stdout] test sigma_proofs::pubkey_validity::test::test_pubkey_proof_verify_identity ... ok
[INFO] [stdout] test sigma_proofs::pubkey_validity::test::test_pubkey_proof_str ... ok
[INFO] [stdout] test sigma_proofs::zero_ciphertext::test::test_zero_ciphertext_proof_correctness ... ok
[INFO] [stdout] test sigma_proofs::zero_ciphertext::test::test_zero_ciphertext_proof_string ... ok
[INFO] [stdout] test zk_elgamal_proof_program::proof_data::batched_grouped_ciphertext_validity::handles_2::test::test_ciphertext_validity_proof_instruction_correctness ... ok
[INFO] [stdout] test sigma_proofs::pubkey_validity::test::test_pubkey_proof_correctness ... ok
[INFO] [stdout] test zk_elgamal_proof_program::proof_data::batched_grouped_ciphertext_validity::handles_3::test::test_ciphertext_validity_proof_instruction_correctness ... ok
[INFO] [stdout] test sigma_proofs::percentage_with_cap::test::test_proof_below_max_proof ... ok
[INFO] [stdout] test sigma_proofs::percentage_with_cap::test::test_verify_proof_below_max_logic ... ok
[INFO] [stdout] test sigma_proofs::zero_ciphertext::test::test_zero_ciphertext_proof_edge_cases ... ok
[INFO] [stdout] test sigma_proofs::grouped_ciphertext_validity::handles_2::test::test_grouped_ciphertext_validity_proof_edge_cases ... ok
[INFO] [stdout] test zk_elgamal_proof_program::proof_data::ciphertext_commitment_equality::test::test_ctxt_comm_equality_proof_correctness ... ok
[INFO] [stdout] test zk_elgamal_proof_program::proof_data::ciphertext_ciphertext_equality::test::test_ciphertext_ciphertext_instruction_correctness ... ok
[INFO] [stdout] test zk_elgamal_proof_program::proof_data::percentage_with_cap::test::test_percentage_with_cap_instruction_correctness ... ok
[INFO] [stdout] test zk_elgamal_proof_program::proof_data::grouped_ciphertext_validity::handles_2::test::test_ciphertext_validity_proof_instruction_correctness ... ok
[INFO] [stdout] test zk_elgamal_proof_program::proof_data::grouped_ciphertext_validity::handles_3::test::test_ciphertext_validity_proof_instruction_correctness ... ok
[INFO] [stdout] test zk_elgamal_proof_program::proof_data::pubkey_validity::test::test_pubkey_validity_instruction_correctness ... ok
[INFO] [stdout] test zk_elgamal_proof_program::proof_data::zero_ciphertext::test::test_zero_ciphertext_proof_instruction_correctness ... ok
[INFO] [stdout] test encryption::elgamal::tests::test_encrypt_decrypt_correctness_multithreaded ... ok
[INFO] [stdout] test zk_elgamal_proof_program::proof_data::batched_range_proof::batched_range_proof_u64::test::test_batched_range_proof_u64_instruction_correctness ... ok
[INFO] [stdout] test encryption::grouped_elgamal::tests::test_decrypt_with_wrong_key_at_valid_index ... ok
[INFO] [stdout] test encryption::elgamal::tests::test_encrypt_decrypt_correctness ... ok
[INFO] [stdout] test zk_elgamal_proof_program::proof_data::batched_range_proof::batched_range_proof_u128::test::test_batched_range_proof_u128_instruction_correctness ... ok
[INFO] [stdout] test zk_elgamal_proof_program::proof_data::batched_range_proof::batched_range_proof_u256::test::test_batched_range_proof_256_instruction_correctness ... ok
[INFO] [stdout] test encryption::elgamal::tests::test_decryption_with_wrong_key ... ok
[INFO] [stdout] test encryption::discrete_log::tests::test_decode_correctness ... ok
[INFO] [stdout] test encryption::grouped_elgamal::tests::test_grouped_elgamal_encrypt_decrypt_correctness ... ok
[INFO] [stdout] test encryption::elgamal::tests::test_elgamal_encode_decryption ... ok
[INFO] [stdout] test encryption::grouped_elgamal::tests::test_grouped_ciphertext_bytes ... ok
[INFO] [stdout] test encryption::discrete_log::tests::test_serialize_decode_u32_precomputation_for_G ... ok
[INFO] [stdout] test encryption::discrete_log::tests::test_decode_correctness_threaded ... ok
[INFO] [stdout] 
[INFO] [stdout] failures:
[INFO] [stdout] 
[INFO] [stdout] ---- encryption::elgamal::tests::test_write_keypair_file stdout ----
[INFO] [stdout] 
[INFO] [stdout] thread 'encryption::elgamal::tests::test_write_keypair_file' (1445) panicked at src/encryption/elgamal.rs:1036:14:
[INFO] [stdout] called `Result::unwrap()` on an `Err` value: Os { code: 30, kind: ReadOnlyFilesystem, message: "Read-only file system" }
[INFO] [stdout] stack backtrace:
[INFO] [stdout]    0:     0x5be765556cb1 - <<std[70759c8f55707aa4]::sys::backtrace::BacktraceLock>::print::DisplayBacktrace as core[df12db4294e9bfd3]::fmt::Display>::fmt
[INFO] [stdout]    1:     0x5be76556bbfa - core[df12db4294e9bfd3]::fmt::write
[INFO] [stdout]    2:     0x5be76555b14c - <alloc[2182bb758b4b3781]::vec::Vec<u8> as core[df12db4294e9bfd3]::io::write::Write>::write_fmt
[INFO] [stdout]    3:     0x5be7655325a6 - std[70759c8f55707aa4]::panicking::default_hook::{closure#0}
[INFO] [stdout]    4:     0x5be76554f199 - std[70759c8f55707aa4]::panicking::default_hook
[INFO] [stdout]    5:     0x5be7654b85b0 - test[9d35eded1c95d3be]::test_main_inner::<test[9d35eded1c95d3be]::test_main_static::{closure#0}>::{closure#0}
[INFO] [stdout]    6:     0x5be76554f352 - std[70759c8f55707aa4]::panicking::panic_with_hook
[INFO] [stdout]    7:     0x5be765532652 - std[70759c8f55707aa4]::panicking::panic_handler::{closure#0}
[INFO] [stdout]    8:     0x5be76552b2b9 - std[70759c8f55707aa4]::sys::backtrace::__rust_end_short_backtrace::<std[70759c8f55707aa4]::panicking::panic_handler::{closure#0}, !>
[INFO] [stdout]    9:     0x5be76553324d - __rustc[8fa7c3cbc660c2b3]::rust_begin_unwind
[INFO] [stdout]   10:     0x5be76556c32c - core[df12db4294e9bfd3]::panicking::panic_fmt
[INFO] [stdout]   11:     0x5be76556c102 - core[df12db4294e9bfd3]::result::unwrap_failed
[INFO] [stdout]   12:     0x5be76546b280 - trezoa_zk_sdk_arcium_fork[8c35fc09419d3367]::encryption::elgamal::tests::test_write_keypair_file
[INFO] [stdout]   13:     0x5be7654a5c29 - <trezoa_zk_sdk_arcium_fork[8c35fc09419d3367]::encryption::elgamal::tests::test_write_keypair_file::{closure#0} as core[df12db4294e9bfd3]::ops::function::FnOnce<()>>::call_once
[INFO] [stdout]   14:     0x5be7654ab89b - test[9d35eded1c95d3be]::__rust_begin_short_backtrace::<core[df12db4294e9bfd3]::result::Result<(), alloc[2182bb758b4b3781]::string::String>, fn() -> core[df12db4294e9bfd3]::result::Result<(), alloc[2182bb758b4b3781]::string::String>>
[INFO] [stdout]   15:     0x5be7654b8f05 - test[9d35eded1c95d3be]::run_test::{closure#0}
[INFO] [stdout]   16:     0x5be7654b27c4 - std[70759c8f55707aa4]::sys::backtrace::__rust_begin_short_backtrace::<test[9d35eded1c95d3be]::run_test::{closure#1}, ()>
[INFO] [stdout]   17:     0x5be7654bc062 - <std[70759c8f55707aa4]::thread::lifecycle::spawn_unchecked<test[9d35eded1c95d3be]::run_test::{closure#1}, ()>::{closure#1} as core[df12db4294e9bfd3]::ops::function::FnOnce<()>>::call_once::{shim:vtable#0}
[INFO] [stdout]   18:     0x5be765556559 - <std[70759c8f55707aa4]::sys::thread::unix::Thread>::new::thread_start
[INFO] [stdout]   19:     0x7bbd4dbbadfa - <unknown>
[INFO] [stdout]   20:     0x7bbd4dc4e3d4 - clone
[INFO] [stdout]   21:                0x0 - <unknown>
[INFO] [stdout] 
[INFO] [stdout] ---- encryption::elgamal::tests::test_write_keypair_file_truncate stdout ----
[INFO] [stdout] 
[INFO] [stdout] thread 'encryption::elgamal::tests::test_write_keypair_file_truncate' (1447) panicked at src/encryption/elgamal.rs:1082:14:
[INFO] [stdout] called `Result::unwrap()` on an `Err` value: Os { code: 30, kind: ReadOnlyFilesystem, message: "Read-only file system" }
[INFO] [stdout] stack backtrace:
[INFO] [stdout]    0:     0x5be765556cb1 - <<std[70759c8f55707aa4]::sys::backtrace::BacktraceLock>::print::DisplayBacktrace as core[df12db4294e9bfd3]::fmt::Display>::fmt
[INFO] [stdout]    1:     0x5be76556bbfa - core[df12db4294e9bfd3]::fmt::write
[INFO] [stdout]    2:     0x5be76555b14c - <alloc[2182bb758b4b3781]::vec::Vec<u8> as core[df12db4294e9bfd3]::io::write::Write>::write_fmt
[INFO] [stdout]    3:     0x5be7655325a6 - std[70759c8f55707aa4]::panicking::default_hook::{closure#0}
[INFO] [stdout]    4:     0x5be76554f199 - std[70759c8f55707aa4]::panicking::default_hook
[INFO] [stdout]    5:     0x5be7654b85b0 - test[9d35eded1c95d3be]::test_main_inner::<test[9d35eded1c95d3be]::test_main_static::{closure#0}>::{closure#0}
[INFO] [stdout]    6:     0x5be76554f352 - std[70759c8f55707aa4]::panicking::panic_with_hook
[INFO] [stdout]    7:     0x5be765532652 - std[70759c8f55707aa4]::panicking::panic_handler::{closure#0}
[INFO] [stdout]    8:     0x5be76552b2b9 - std[70759c8f55707aa4]::sys::backtrace::__rust_end_short_backtrace::<std[70759c8f55707aa4]::panicking::panic_handler::{closure#0}, !>
[INFO] [stdout]    9:     0x5be76553324d - __rustc[8fa7c3cbc660c2b3]::rust_begin_unwind
[INFO] [stdout]   10:     0x5be76556c32c - core[df12db4294e9bfd3]::panicking::panic_fmt
[INFO] [stdout]   11:     0x5be76556c102 - core[df12db4294e9bfd3]::result::unwrap_failed
[INFO] [stdout]   12:     0x5be76546d401 - trezoa_zk_sdk_arcium_fork[8c35fc09419d3367]::encryption::elgamal::tests::test_write_keypair_file_truncate
[INFO] [stdout]   13:     0x5be7654a5d69 - <trezoa_zk_sdk_arcium_fork[8c35fc09419d3367]::encryption::elgamal::tests::test_write_keypair_file_truncate::{closure#0} as core[df12db4294e9bfd3]::ops::function::FnOnce<()>>::call_once
[INFO] [stdout]   14:     0x5be7654ab89b - test[9d35eded1c95d3be]::__rust_begin_short_backtrace::<core[df12db4294e9bfd3]::result::Result<(), alloc[2182bb758b4b3781]::string::String>, fn() -> core[df12db4294e9bfd3]::result::Result<(), alloc[2182bb758b4b3781]::string::String>>
[INFO] [stdout]   15:     0x5be7654b8f05 - test[9d35eded1c95d3be]::run_test::{closure#0}
[INFO] [stdout]   16:     0x5be7654b27c4 - std[70759c8f55707aa4]::sys::backtrace::__rust_begin_short_backtrace::<test[9d35eded1c95d3be]::run_test::{closure#1}, ()>
[INFO] [stdout]   17:     0x5be7654bc062 - <std[70759c8f55707aa4]::thread::lifecycle::spawn_unchecked<test[9d35eded1c95d3be]::run_test::{closure#1}, ()>::{closure#1} as core[df12db4294e9bfd3]::ops::function::FnOnce<()>>::call_once::{shim:vtable#0}
[INFO] [stdout]   18:     0x5be765556559 - <std[70759c8f55707aa4]::sys::thread::unix::Thread>::new::thread_start
[INFO] [stdout]   19:     0x7bbd4dbbadfa - <unknown>
[INFO] [stdout]   20:     0x7bbd4dc4e3d4 - clone
[INFO] [stdout]   21:                0x0 - <unknown>
[INFO] [stdout] 
[INFO] [stdout] ---- encryption::elgamal::tests::test_write_keypair_file_overwrite_ok stdout ----
[INFO] [stdout] 
[INFO] [stdout] thread 'encryption::elgamal::tests::test_write_keypair_file_overwrite_ok' (1446) panicked at src/encryption/elgamal.rs:1070:14:
[INFO] [stdout] called `Result::unwrap()` on an `Err` value: Os { code: 30, kind: ReadOnlyFilesystem, message: "Read-only file system" }
[INFO] [stdout] stack backtrace:
[INFO] [stdout]    0:     0x5be765556cb1 - <<std[70759c8f55707aa4]::sys::backtrace::BacktraceLock>::print::DisplayBacktrace as core[df12db4294e9bfd3]::fmt::Display>::fmt
[INFO] [stdout]    1:     0x5be76556bbfa - core[df12db4294e9bfd3]::fmt::write
[INFO] [stdout]    2:     0x5be76555b14c - <alloc[2182bb758b4b3781]::vec::Vec<u8> as core[df12db4294e9bfd3]::io::write::Write>::write_fmt
[INFO] [stdout]    3:     0x5be7655325a6 - std[70759c8f55707aa4]::panicking::default_hook::{closure#0}
[INFO] [stdout]    4:     0x5be76554f199 - std[70759c8f55707aa4]::panicking::default_hook
[INFO] [stdout]    5:     0x5be7654b85b0 - test[9d35eded1c95d3be]::test_main_inner::<test[9d35eded1c95d3be]::test_main_static::{closure#0}>::{closure#0}
[INFO] [stdout]    6:     0x5be76554f352 - std[70759c8f55707aa4]::panicking::panic_with_hook
[INFO] [stdout]    7:     0x5be765532652 - std[70759c8f55707aa4]::panicking::panic_handler::{closure#0}
[INFO] [stdout]    8:     0x5be76552b2b9 - std[70759c8f55707aa4]::sys::backtrace::__rust_end_short_backtrace::<std[70759c8f55707aa4]::panicking::panic_handler::{closure#0}, !>
[INFO] [stdout]    9:     0x5be76553324d - __rustc[8fa7c3cbc660c2b3]::rust_begin_unwind
[INFO] [stdout]   10:     0x5be76556c32c - core[df12db4294e9bfd3]::panicking::panic_fmt
[INFO] [stdout]   11:     0x5be76556c102 - core[df12db4294e9bfd3]::result::unwrap_failed
[INFO] [stdout]   12:     0x5be76546d799 - trezoa_zk_sdk_arcium_fork[8c35fc09419d3367]::encryption::elgamal::tests::test_write_keypair_file_overwrite_ok
[INFO] [stdout]   13:     0x5be7654a5d89 - <trezoa_zk_sdk_arcium_fork[8c35fc09419d3367]::encryption::elgamal::tests::test_write_keypair_file_overwrite_ok::{closure#0} as core[df12db4294e9bfd3]::ops::function::FnOnce<()>>::call_once
[INFO] [stdout]   14:     0x5be7654ab89b - test[9d35eded1c95d3be]::__rust_begin_short_backtrace::<core[df12db4294e9bfd3]::result::Result<(), alloc[2182bb758b4b3781]::string::String>, fn() -> core[df12db4294e9bfd3]::result::Result<(), alloc[2182bb758b4b3781]::string::String>>
[INFO] [stdout]   15:     0x5be7654b8f05 - test[9d35eded1c95d3be]::run_test::{closure#0}
[INFO] [stdout]   16:     0x5be7654b27c4 - std[70759c8f55707aa4]::sys::backtrace::__rust_begin_short_backtrace::<test[9d35eded1c95d3be]::run_test::{closure#1}, ()>
[INFO] [stdout]   17:     0x5be7654bc062 - <std[70759c8f55707aa4]::thread::lifecycle::spawn_unchecked<test[9d35eded1c95d3be]::run_test::{closure#1}, ()>::{closure#1} as core[df12db4294e9bfd3]::ops::function::FnOnce<()>>::call_once::{shim:vtable#0}
[INFO] [stdout]   18:     0x5be765556559 - <std[70759c8f55707aa4]::sys::thread::unix::Thread>::new::thread_start
[INFO] [stdout]   19:     0x7bbd4dbbadfa - <unknown>
[INFO] [stdout]   20:     0x7bbd4dc4e3d4 - clone
[INFO] [stdout]   21:                0x0 - <unknown>
[INFO] [stdout] 
[INFO] [stdout] 
[INFO] [stdout] failures:
[INFO] [stdout]     encryption::elgamal::tests::test_write_keypair_file
[INFO] [stdout]     encryption::elgamal::tests::test_write_keypair_file_overwrite_ok
[INFO] [stdout]     encryption::elgamal::tests::test_write_keypair_file_truncate
[INFO] [stdout] 
[INFO] [stdout] test result: FAILED. 93 passed; 3 failed; 0 ignored; 0 measured; 0 filtered out; finished in 1.77s
[INFO] [stdout] 
[INFO] [stderr] error: test failed, to rerun pass `--lib`
[INFO] running `Command { std: "docker" "inspect" "d4a87aab42dab05b546d71d2642aab6e965bc4bf3815415c1fc066f7fe31d833", kill_on_drop: false }`
[INFO] running `Command { std: "docker" "rm" "-f" "d4a87aab42dab05b546d71d2642aab6e965bc4bf3815415c1fc066f7fe31d833", kill_on_drop: false }`
[INFO] [stdout] d4a87aab42dab05b546d71d2642aab6e965bc4bf3815415c1fc066f7fe31d833
