[INFO] fetching crate trezoa-keypair 3.2.2...
[INFO] testing trezoa-keypair-3.2.2 against 1.99.0-beta.8+cargoflags=--release for beta-release-1.100-2
[INFO] extracting crate trezoa-keypair 3.2.2 into /workspace/builds/worker-5-tc1/source
[INFO] started tweaking crates.io crate trezoa-keypair 3.2.2
[INFO] finished tweaking crates.io crate trezoa-keypair 3.2.2
[INFO] tweaked toml for crates.io crate trezoa-keypair 3.2.2 written to /workspace/builds/worker-5-tc1/source/Cargo.toml
[INFO] validating manifest of crates.io crate trezoa-keypair 3.2.2 on toolchain 1.99.0-beta.8
[INFO] running `Command { std: CARGO_HOME="/workspace/cargo-home" RUSTUP_HOME="/workspace/rustup-home" "/workspace/cargo-home/bin/cargo" "+1.99.0-beta.8" "metadata" "--manifest-path" "Cargo.toml" "--no-deps", kill_on_drop: false }`
[INFO] crate crates.io crate trezoa-keypair 3.2.2 already has a lockfile, it will not be regenerated
[INFO] running `Command { std: CARGO_HOME="/workspace/cargo-home" RUSTUP_HOME="/workspace/rustup-home" "/workspace/cargo-home/bin/cargo" "+1.99.0-beta.8" "fetch" "--manifest-path" "Cargo.toml", kill_on_drop: false }`
[INFO] [stderr]     Updating crates.io index
[INFO] [stderr]     Blocking waiting for file lock on package cache
[INFO] [stderr]  Downloading crates ...
[INFO] [stderr]   Downloaded trezoa-signer v3.2.2
[INFO] [stderr]   Downloaded trezoa-signature v3.2.2
[INFO] [stderr]   Downloaded trezoa-instruction-error v3.2.2
[INFO] [stderr]   Downloaded trezoa-sanitize v3.2.2
[INFO] [stderr]   Downloaded trezoa-transaction-error v3.2.2
[INFO] [stderr]   Downloaded five8_const v0.1.3
[INFO] [stderr]   Downloaded trezoa-seed-derivable v3.2.2
[INFO] [stderr]   Downloaded five8_core v0.1.1
[INFO] [stderr]   Downloaded trezoa-derivation-path v3.2.2
[INFO] [stderr]   Downloaded trezoa-atomic-u64 v3.2.2
[INFO] [stderr]   Downloaded trezoa-seed-phrase v3.2.2
[INFO] [stderr]   Downloaded trezoa-pubkey v3.2.2
[INFO] [stderr]   Downloaded trezoa-hash v3.2.2
[INFO] [stderr]   Downloaded trezoa-address v3.2.2
[INFO] running `Command { std: "docker" "create" "-v" "/var/lib/crater-agent-workspace/builds/worker-5-tc1/source:/opt/rustwide/workdir:ro,Z" "-v" "/var/lib/crater-agent-workspace/builds/worker-5-tc1/target:/opt/rustwide/target:rw,Z" "-v" "/var/lib/crater-agent-workspace/cargo-home:/opt/rustwide/cargo-home:ro,Z" "-v" "/var/lib/crater-agent-workspace/rustup-home:/opt/rustwide/rustup-home:ro,Z" "-m" "1610612736" "--network" "none" "ghcr.io/rust-lang/crates-build-env/linux@sha256:77db811e55d90add9212f6832c23229e3de5f1c1f9905e8cb07319ea15df73ac" "sleep" "infinity", kill_on_drop: false }`
[INFO] [stdout] eddda11e28aa5dc161d34ab8d83c891c0b8b9fb488181096394d95b16f53b857
[INFO] running `Command { std: "docker" "start" "eddda11e28aa5dc161d34ab8d83c891c0b8b9fb488181096394d95b16f53b857", kill_on_drop: false }`
[INFO] running `Command { std: "docker" "inspect" "eddda11e28aa5dc161d34ab8d83c891c0b8b9fb488181096394d95b16f53b857", kill_on_drop: false }`
[INFO] running `Command { std: "docker" "exec" "-e" "SOURCE_DIR=/opt/rustwide/workdir" "-e" "CARGO_HOME=/opt/rustwide/cargo-home" "-e" "RUSTUP_HOME=/opt/rustwide/rustup-home" "-e" "CARGO_TARGET_DIR=/opt/rustwide/target" "-w" "/opt/rustwide/workdir" "--user" "0:0" "eddda11e28aa5dc161d34ab8d83c891c0b8b9fb488181096394d95b16f53b857" "/opt/rustwide/cargo-home/bin/cargo" "+1.99.0-beta.8" "metadata" "--no-deps" "--format-version=1", kill_on_drop: false }`
[INFO] running `Command { std: "docker" "inspect" "eddda11e28aa5dc161d34ab8d83c891c0b8b9fb488181096394d95b16f53b857", kill_on_drop: false }`
[INFO] running `Command { std: "docker" "exec" "-e" "SOURCE_DIR=/opt/rustwide/workdir" "-e" "CARGO_HOME=/opt/rustwide/cargo-home" "-e" "RUSTUP_HOME=/opt/rustwide/rustup-home" "-e" "CARGO_TARGET_DIR=/opt/rustwide/target" "-e" "CARGO_INCREMENTAL=0" "-e" "RUST_BACKTRACE=full" "-e" "RUSTFLAGS=--cap-lints=warn" "-e" "RUSTDOCFLAGS=--cap-lints=warn" "-w" "/opt/rustwide/workdir" "--user" "0:0" "eddda11e28aa5dc161d34ab8d83c891c0b8b9fb488181096394d95b16f53b857" "/opt/rustwide/cargo-home/bin/cargo" "+1.99.0-beta.8" "build" "--frozen" "--message-format=json" "--release", kill_on_drop: false }`
[INFO] [stderr]    Compiling unicode-ident v1.0.16
[INFO] [stderr]    Compiling libc v0.2.170
[INFO] [stderr]    Compiling semver v1.0.25
[INFO] [stderr]    Compiling five8_core v0.1.1
[INFO] [stderr]    Compiling trezoa-sanitize v3.2.2
[INFO] [stderr]    Compiling trezoa-program-error v3.2.2
[INFO] [stderr]    Compiling trezoa-atomic-u64 v3.2.2
[INFO] [stderr]    Compiling zeroize v1.8.1
[INFO] [stderr]    Compiling crypto-common v0.1.6
[INFO] [stderr]    Compiling five8 v0.2.1
[INFO] [stderr]    Compiling five8_const v0.1.3
[INFO] [stderr]    Compiling trezoa-instruction-error v3.2.2
[INFO] [stderr]    Compiling digest v0.10.7
[INFO] [stderr]    Compiling proc-macro2 v1.0.93
[INFO] [stderr]    Compiling trezoa-transaction-error v3.2.2
[INFO] [stderr]    Compiling trezoa-hash v3.2.2
[INFO] [stderr]    Compiling rustc_version v0.4.1
[INFO] [stderr]    Compiling sha2 v0.10.8
[INFO] [stderr]    Compiling pbkdf2 v0.11.0
[INFO] [stderr]    Compiling hmac v0.12.1
[INFO] [stderr]    Compiling quote v1.0.38
[INFO] [stderr]    Compiling curve25519-dalek v4.1.3
[INFO] [stderr]    Compiling syn v2.0.98
[INFO] [stderr]    Compiling getrandom v0.2.15
[INFO] [stderr]    Compiling trezoa-sha256-hasher v3.2.2
[INFO] [stderr]    Compiling trezoa-seed-phrase v3.2.2
[INFO] [stderr]    Compiling trezoa-address v3.2.2
[INFO] [stderr]    Compiling trezoa-pubkey v3.2.2
[INFO] [stderr]    Compiling rand_core v0.6.4
[INFO] [stderr]    Compiling curve25519-dalek-derive v0.1.1
[INFO] [stderr]    Compiling zerocopy-derive v0.7.35
[INFO] [stderr]    Compiling zerocopy v0.7.35
[INFO] [stderr]    Compiling ppv-lite86 v0.2.20
[INFO] [stderr]    Compiling rand_chacha v0.3.1
[INFO] [stderr]    Compiling rand v0.8.5
[INFO] [stderr]    Compiling ed25519-dalek v2.1.1
[INFO] [stderr]    Compiling trezoa-signature v3.2.2
[INFO] [stderr]    Compiling trezoa-signer v3.2.2
[INFO] [stderr]    Compiling trezoa-keypair v3.2.2 (/opt/rustwide/workdir)
[INFO] [stderr]     Finished `release` profile [optimized] target(s) in 10.90s
[INFO] running `Command { std: "docker" "inspect" "eddda11e28aa5dc161d34ab8d83c891c0b8b9fb488181096394d95b16f53b857", kill_on_drop: false }`
[INFO] running `Command { std: "docker" "exec" "-e" "SOURCE_DIR=/opt/rustwide/workdir" "-e" "CARGO_HOME=/opt/rustwide/cargo-home" "-e" "RUSTUP_HOME=/opt/rustwide/rustup-home" "-e" "CARGO_TARGET_DIR=/opt/rustwide/target" "-e" "CARGO_INCREMENTAL=0" "-e" "RUST_BACKTRACE=full" "-e" "RUSTFLAGS=--cap-lints=warn" "-e" "RUSTDOCFLAGS=--cap-lints=warn" "-w" "/opt/rustwide/workdir" "--user" "0:0" "eddda11e28aa5dc161d34ab8d83c891c0b8b9fb488181096394d95b16f53b857" "/opt/rustwide/cargo-home/bin/cargo" "+1.99.0-beta.8" "test" "--frozen" "--no-run" "--message-format=json" "--release", kill_on_drop: false }`
[INFO] [stderr]    Compiling serde v1.0.219
[INFO] [stderr]    Compiling serde_json v1.0.139
[INFO] [stderr]    Compiling ryu v1.0.19
[INFO] [stderr]    Compiling tinyvec v1.8.1
[INFO] [stderr]    Compiling syn v2.0.98
[INFO] [stderr]    Compiling pbkdf2 v0.12.2
[INFO] [stderr]    Compiling unicode-normalization v0.1.24
[INFO] [stderr]    Compiling zeroize_derive v1.4.2
[INFO] [stderr]    Compiling zerocopy-derive v0.7.35
[INFO] [stderr]    Compiling curve25519-dalek-derive v0.1.1
[INFO] [stderr]    Compiling thiserror-impl v1.0.69
[INFO] [stderr]    Compiling zeroize v1.8.1
[INFO] [stderr]    Compiling curve25519-dalek v4.1.3
[INFO] [stderr]    Compiling zerocopy v0.7.35
[INFO] [stderr]    Compiling thiserror v1.0.69
[INFO] [stderr]    Compiling ed25519-dalek v2.1.1
[INFO] [stderr]    Compiling ppv-lite86 v0.2.20
[INFO] [stderr]    Compiling trezoa-signature v3.2.2
[INFO] [stderr]    Compiling trezoa-signer v3.2.2
[INFO] [stderr]    Compiling rand_chacha v0.3.1
[INFO] [stderr]    Compiling rand v0.8.5
[INFO] [stderr]    Compiling tiny-bip39 v2.0.0
[INFO] [stderr]    Compiling trezoa-keypair v3.2.2 (/opt/rustwide/workdir)
[INFO] [stderr]     Finished `release` profile [optimized] target(s) in 13.71s
[INFO] running `Command { std: "docker" "inspect" "eddda11e28aa5dc161d34ab8d83c891c0b8b9fb488181096394d95b16f53b857", kill_on_drop: false }`
[INFO] running `Command { std: "docker" "exec" "-e" "SOURCE_DIR=/opt/rustwide/workdir" "-e" "CARGO_HOME=/opt/rustwide/cargo-home" "-e" "RUSTUP_HOME=/opt/rustwide/rustup-home" "-e" "CARGO_TARGET_DIR=/opt/rustwide/target" "-e" "CARGO_INCREMENTAL=0" "-e" "RUST_BACKTRACE=full" "-e" "RUSTFLAGS=--cap-lints=warn" "-e" "RUSTDOCFLAGS=--cap-lints=warn" "-w" "/opt/rustwide/workdir" "--user" "0:0" "eddda11e28aa5dc161d34ab8d83c891c0b8b9fb488181096394d95b16f53b857" "/opt/rustwide/cargo-home/bin/cargo" "+1.99.0-beta.8" "test" "--frozen" "--release", kill_on_drop: false }`
[INFO] [stderr]     Finished `release` profile [optimized] target(s) in 0.09s
[INFO] [stderr]      Running unittests src/lib.rs (/opt/rustwide/target/release/deps/trezoa_keypair-1b832bcf3f857c2a)
[INFO] [stdout] 
[INFO] [stdout] running 9 tests
[INFO] [stdout] test tests::test_unique_signers ... ok
[INFO] [stdout] test tests::test_base58 ... ok
[INFO] [stdout] test tests::test_keypair_from_seed ... ok
[INFO] [stdout] test tests::test_containers ... ok
[INFO] [stdout] test tests::test_write_keypair_file ... FAILED
[INFO] [stdout] test tests::test_write_keypair_file_truncate ... FAILED
[INFO] [stdout] test tests::test_write_keypair_file_overwrite_ok ... FAILED
[INFO] [stdout] test tests::test_keypair ... ok
[INFO] [stdout] test tests::test_keypair_from_seed_phrase_and_passphrase ... ok
[INFO] [stdout] 
[INFO] [stdout] failures:
[INFO] [stdout] 
[INFO] [stdout] ---- tests::test_write_keypair_file stdout ----
[INFO] [stdout] 
[INFO] [stdout] thread 'tests::test_write_keypair_file' (1047) panicked at src/lib.rs:276:80:
[INFO] [stdout] called `Result::unwrap()` on an `Err` value: Os { code: 30, kind: ReadOnlyFilesystem, message: "Read-only file system" }
[INFO] [stdout] stack backtrace:
[INFO] [stdout]    0:     0x590ab1267c71 - <<std[70759c8f55707aa4]::sys::backtrace::BacktraceLock>::print::DisplayBacktrace as core[df12db4294e9bfd3]::fmt::Display>::fmt
[INFO] [stdout]    1:     0x590ab127c88a - core[df12db4294e9bfd3]::fmt::write
[INFO] [stdout]    2:     0x590ab126c12c - <alloc[2182bb758b4b3781]::vec::Vec<u8> as core[df12db4294e9bfd3]::io::write::Write>::write_fmt
[INFO] [stdout]    3:     0x590ab1243586 - std[70759c8f55707aa4]::panicking::default_hook::{closure#0}
[INFO] [stdout]    4:     0x590ab1260179 - std[70759c8f55707aa4]::panicking::default_hook
[INFO] [stdout]    5:     0x590ab11e1030 - test[9d35eded1c95d3be]::test_main_inner::<test[9d35eded1c95d3be]::test_main_static::{closure#0}>::{closure#0}
[INFO] [stdout]    6:     0x590ab1260332 - std[70759c8f55707aa4]::panicking::panic_with_hook
[INFO] [stdout]    7:     0x590ab1243632 - std[70759c8f55707aa4]::panicking::panic_handler::{closure#0}
[INFO] [stdout]    8:     0x590ab123c299 - std[70759c8f55707aa4]::sys::backtrace::__rust_end_short_backtrace::<std[70759c8f55707aa4]::panicking::panic_handler::{closure#0}, !>
[INFO] [stdout]    9:     0x590ab124422d - __rustc[8fa7c3cbc660c2b3]::rust_begin_unwind
[INFO] [stdout]   10:     0x590ab127cfbc - core[df12db4294e9bfd3]::panicking::panic_fmt
[INFO] [stdout]   11:     0x590ab127cd92 - core[df12db4294e9bfd3]::result::unwrap_failed
[INFO] [stdout]   12:     0x590ab11c8a99 - trezoa_keypair[9e3407982de14f01]::tests::test_write_keypair_file
[INFO] [stdout]   13:     0x590ab11cd2a9 - <trezoa_keypair[9e3407982de14f01]::tests::test_write_keypair_file::{closure#0} as core[df12db4294e9bfd3]::ops::function::FnOnce<()>>::call_once
[INFO] [stdout]   14:     0x590ab11d431b - test[9d35eded1c95d3be]::__rust_begin_short_backtrace::<core[df12db4294e9bfd3]::result::Result<(), alloc[2182bb758b4b3781]::string::String>, fn() -> core[df12db4294e9bfd3]::result::Result<(), alloc[2182bb758b4b3781]::string::String>>
[INFO] [stdout]   15:     0x590ab11e1985 - test[9d35eded1c95d3be]::run_test::{closure#0}
[INFO] [stdout]   16:     0x590ab11db244 - std[70759c8f55707aa4]::sys::backtrace::__rust_begin_short_backtrace::<test[9d35eded1c95d3be]::run_test::{closure#1}, ()>
[INFO] [stdout]   17:     0x590ab11e4ae2 - <std[70759c8f55707aa4]::thread::lifecycle::spawn_unchecked<test[9d35eded1c95d3be]::run_test::{closure#1}, ()>::{closure#1} as core[df12db4294e9bfd3]::ops::function::FnOnce<()>>::call_once::{shim:vtable#0}
[INFO] [stdout]   18:     0x590ab1267519 - <std[70759c8f55707aa4]::sys::thread::unix::Thread>::new::thread_start
[INFO] [stdout]   19:     0x7dada1185dfa - <unknown>
[INFO] [stdout]   20:     0x7dada12193d4 - clone
[INFO] [stdout]   21:                0x0 - <unknown>
[INFO] [stdout] 
[INFO] [stdout] ---- tests::test_write_keypair_file_truncate stdout ----
[INFO] [stdout] 
[INFO] [stdout] thread 'tests::test_write_keypair_file_truncate' (1049) panicked at src/lib.rs:319:55:
[INFO] [stdout] called `Result::unwrap()` on an `Err` value: Os { code: 30, kind: ReadOnlyFilesystem, message: "Read-only file system" }
[INFO] [stdout] stack backtrace:
[INFO] [stdout]    0:     0x590ab1267c71 - <<std[70759c8f55707aa4]::sys::backtrace::BacktraceLock>::print::DisplayBacktrace as core[df12db4294e9bfd3]::fmt::Display>::fmt
[INFO] [stdout]    1:     0x590ab127c88a - core[df12db4294e9bfd3]::fmt::write
[INFO] [stdout]    2:     0x590ab126c12c - <alloc[2182bb758b4b3781]::vec::Vec<u8> as core[df12db4294e9bfd3]::io::write::Write>::write_fmt
[INFO] [stdout]    3:     0x590ab1243586 - std[70759c8f55707aa4]::panicking::default_hook::{closure#0}
[INFO] [stdout]    4:     0x590ab1260179 - std[70759c8f55707aa4]::panicking::default_hook
[INFO] [stdout]    5:     0x590ab11e1030 - test[9d35eded1c95d3be]::test_main_inner::<test[9d35eded1c95d3be]::test_main_static::{closure#0}>::{closure#0}
[INFO] [stdout]    6:     0x590ab1260332 - std[70759c8f55707aa4]::panicking::panic_with_hook
[INFO] [stdout]    7:     0x590ab1243632 - std[70759c8f55707aa4]::panicking::panic_handler::{closure#0}
[INFO] [stdout]    8:     0x590ab123c299 - std[70759c8f55707aa4]::sys::backtrace::__rust_end_short_backtrace::<std[70759c8f55707aa4]::panicking::panic_handler::{closure#0}, !>
[INFO] [stdout]    9:     0x590ab124422d - __rustc[8fa7c3cbc660c2b3]::rust_begin_unwind
[INFO] [stdout]   10:     0x590ab127cfbc - core[df12db4294e9bfd3]::panicking::panic_fmt
[INFO] [stdout]   11:     0x590ab127cd92 - core[df12db4294e9bfd3]::result::unwrap_failed
[INFO] [stdout]   12:     0x590ab11c9160 - trezoa_keypair[9e3407982de14f01]::tests::test_write_keypair_file_truncate
[INFO] [stdout]   13:     0x590ab11cd2c9 - <trezoa_keypair[9e3407982de14f01]::tests::test_write_keypair_file_truncate::{closure#0} as core[df12db4294e9bfd3]::ops::function::FnOnce<()>>::call_once
[INFO] [stdout]   14:     0x590ab11d431b - test[9d35eded1c95d3be]::__rust_begin_short_backtrace::<core[df12db4294e9bfd3]::result::Result<(), alloc[2182bb758b4b3781]::string::String>, fn() -> core[df12db4294e9bfd3]::result::Result<(), alloc[2182bb758b4b3781]::string::String>>
[INFO] [stdout]   15:     0x590ab11e1985 - test[9d35eded1c95d3be]::run_test::{closure#0}
[INFO] [stdout]   16:     0x590ab11db244 - std[70759c8f55707aa4]::sys::backtrace::__rust_begin_short_backtrace::<test[9d35eded1c95d3be]::run_test::{closure#1}, ()>
[INFO] [stdout]   17:     0x590ab11e4ae2 - <std[70759c8f55707aa4]::thread::lifecycle::spawn_unchecked<test[9d35eded1c95d3be]::run_test::{closure#1}, ()>::{closure#1} as core[df12db4294e9bfd3]::ops::function::FnOnce<()>>::call_once::{shim:vtable#0}
[INFO] [stdout]   18:     0x590ab1267519 - <std[70759c8f55707aa4]::sys::thread::unix::Thread>::new::thread_start
[INFO] [stdout]   19:     0x7dada1185dfa - <unknown>
[INFO] [stdout]   20:     0x7dada12193d4 - clone
[INFO] [stdout]   21:                0x0 - <unknown>
[INFO] [stdout] 
[INFO] [stdout] ---- tests::test_write_keypair_file_overwrite_ok stdout ----
[INFO] [stdout] 
[INFO] [stdout] thread 'tests::test_write_keypair_file_overwrite_ok' (1048) panicked at src/lib.rs:311:55:
[INFO] [stdout] called `Result::unwrap()` on an `Err` value: Os { code: 30, kind: ReadOnlyFilesystem, message: "Read-only file system" }
[INFO] [stdout] stack backtrace:
[INFO] [stdout]    0:     0x590ab1267c71 - <<std[70759c8f55707aa4]::sys::backtrace::BacktraceLock>::print::DisplayBacktrace as core[df12db4294e9bfd3]::fmt::Display>::fmt
[INFO] [stdout]    1:     0x590ab127c88a - core[df12db4294e9bfd3]::fmt::write
[INFO] [stdout]    2:     0x590ab126c12c - <alloc[2182bb758b4b3781]::vec::Vec<u8> as core[df12db4294e9bfd3]::io::write::Write>::write_fmt
[INFO] [stdout]    3:     0x590ab1243586 - std[70759c8f55707aa4]::panicking::default_hook::{closure#0}
[INFO] [stdout]    4:     0x590ab1260179 - std[70759c8f55707aa4]::panicking::default_hook
[INFO] [stdout]    5:     0x590ab11e1030 - test[9d35eded1c95d3be]::test_main_inner::<test[9d35eded1c95d3be]::test_main_static::{closure#0}>::{closure#0}
[INFO] [stdout]    6:     0x590ab1260332 - std[70759c8f55707aa4]::panicking::panic_with_hook
[INFO] [stdout]    7:     0x590ab1243632 - std[70759c8f55707aa4]::panicking::panic_handler::{closure#0}
[INFO] [stdout]    8:     0x590ab123c299 - std[70759c8f55707aa4]::sys::backtrace::__rust_end_short_backtrace::<std[70759c8f55707aa4]::panicking::panic_handler::{closure#0}, !>
[INFO] [stdout]    9:     0x590ab124422d - __rustc[8fa7c3cbc660c2b3]::rust_begin_unwind
[INFO] [stdout]   10:     0x590ab127cfbc - core[df12db4294e9bfd3]::panicking::panic_fmt
[INFO] [stdout]   11:     0x590ab127cd92 - core[df12db4294e9bfd3]::result::unwrap_failed
[INFO] [stdout]   12:     0x590ab11c963d - trezoa_keypair[9e3407982de14f01]::tests::test_write_keypair_file_overwrite_ok
[INFO] [stdout]   13:     0x590ab11cd2e9 - <trezoa_keypair[9e3407982de14f01]::tests::test_write_keypair_file_overwrite_ok::{closure#0} as core[df12db4294e9bfd3]::ops::function::FnOnce<()>>::call_once
[INFO] [stdout]   14:     0x590ab11d431b - test[9d35eded1c95d3be]::__rust_begin_short_backtrace::<core[df12db4294e9bfd3]::result::Result<(), alloc[2182bb758b4b3781]::string::String>, fn() -> core[df12db4294e9bfd3]::result::Result<(), alloc[2182bb758b4b3781]::string::String>>
[INFO] [stdout]   15:     0x590ab11e1985 - test[9d35eded1c95d3be]::run_test::{closure#0}
[INFO] [stdout]   16:     0x590ab11db244 - std[70759c8f55707aa4]::sys::backtrace::__rust_begin_short_backtrace::<test[9d35eded1c95d3be]::run_test::{closure#1}, ()>
[INFO] [stdout]   17:     0x590ab11e4ae2 - <std[70759c8f55707aa4]::thread::lifecycle::spawn_unchecked<test[9d35eded1c95d3be]::run_test::{closure#1}, ()>::{closure#1} as core[df12db4294e9bfd3]::ops::function::FnOnce<()>>::call_once::{shim:vtable#0}
[INFO] [stdout]   18:     0x590ab1267519 - <std[70759c8f55707aa4]::sys::thread::unix::Thread>::new::thread_start
[INFO] [stdout]   19:     0x7dada1185dfa - <unknown>
[INFO] [stdout]   20:     0x7dada12193d4 - clone
[INFO] [stdout]   21:                0x0 - <unknown>
[INFO] [stdout] 
[INFO] [stdout] 
[INFO] [stdout] failures:
[INFO] [stdout]     tests::test_write_keypair_file
[INFO] [stdout]     tests::test_write_keypair_file_overwrite_ok
[INFO] [stdout]     tests::test_write_keypair_file_truncate
[INFO] [stdout] 
[INFO] [stdout] test result: FAILED. 6 passed; 3 failed; 0 ignored; 0 measured; 0 filtered out; finished in 0.01s
[INFO] [stdout] 
[INFO] [stderr] error: test failed, to rerun pass `--lib`
[INFO] running `Command { std: "docker" "inspect" "eddda11e28aa5dc161d34ab8d83c891c0b8b9fb488181096394d95b16f53b857", kill_on_drop: false }`
[INFO] running `Command { std: "docker" "rm" "-f" "eddda11e28aa5dc161d34ab8d83c891c0b8b9fb488181096394d95b16f53b857", kill_on_drop: false }`
[INFO] [stdout] eddda11e28aa5dc161d34ab8d83c891c0b8b9fb488181096394d95b16f53b857
