[INFO] fetching crate trezoa-instruction 3.2.3...
[INFO] testing trezoa-instruction-3.2.3 against 1.99.0-beta.8+cargoflags=--release for beta-release-1.100-2
[INFO] extracting crate trezoa-instruction 3.2.3 into /workspace/builds/worker-4-tc1/source
[INFO] started tweaking crates.io crate trezoa-instruction 3.2.3
[INFO] finished tweaking crates.io crate trezoa-instruction 3.2.3
[INFO] tweaked toml for crates.io crate trezoa-instruction 3.2.3 written to /workspace/builds/worker-4-tc1/source/Cargo.toml
[INFO] validating manifest of crates.io crate trezoa-instruction 3.2.3 on toolchain 1.99.0-beta.8
[INFO] running `Command { std: CARGO_HOME="/workspace/cargo-home" RUSTUP_HOME="/workspace/rustup-home" "/workspace/cargo-home/bin/cargo" "+1.99.0-beta.8" "metadata" "--manifest-path" "Cargo.toml" "--no-deps", kill_on_drop: false }`
[INFO] crate crates.io crate trezoa-instruction 3.2.3 already has a lockfile, it will not be regenerated
[INFO] running `Command { std: CARGO_HOME="/workspace/cargo-home" RUSTUP_HOME="/workspace/rustup-home" "/workspace/cargo-home/bin/cargo" "+1.99.0-beta.8" "fetch" "--manifest-path" "Cargo.toml", kill_on_drop: false }`
[INFO] [stderr]     Updating crates.io index
[INFO] [stderr]  Downloading crates ...
[INFO] [stderr]   Downloaded trezoa-sha256-hasher v3.2.3
[INFO] [stderr]   Downloaded trezoa-hash v3.2.4
[INFO] [stderr]   Downloaded trezoa-sanitize v3.2.2
[INFO] [stderr]   Downloaded trezoa-pubkey v3.2.4
[INFO] [stderr]   Downloaded trezoa-atomic-u64 v3.2.2
[INFO] [stderr]   Downloaded trezoa-define-syscall v3.2.2
[INFO] [stderr]   Downloaded trezoa-frozen-abi v3.2.2
[INFO] [stderr]   Downloaded trezoa-decode-error v3.2.2
[INFO] [stderr]   Downloaded trezoa-frozen-abi-macro v3.2.2
[INFO] running `Command { std: "docker" "create" "-v" "/var/lib/crater-agent-workspace/builds/worker-4-tc1/source:/opt/rustwide/workdir:ro,Z" "-v" "/var/lib/crater-agent-workspace/builds/worker-4-tc1/target:/opt/rustwide/target:rw,Z" "-v" "/var/lib/crater-agent-workspace/cargo-home:/opt/rustwide/cargo-home:ro,Z" "-v" "/var/lib/crater-agent-workspace/rustup-home:/opt/rustwide/rustup-home:ro,Z" "-m" "1610612736" "--network" "none" "ghcr.io/rust-lang/crates-build-env/linux@sha256:77db811e55d90add9212f6832c23229e3de5f1c1f9905e8cb07319ea15df73ac" "sleep" "infinity", kill_on_drop: false }`
[INFO] [stdout] c0941e74230d866af2e853e80a7fe9d1f8913a8b9e3286848192ed66a916026e
[INFO] running `Command { std: "docker" "start" "c0941e74230d866af2e853e80a7fe9d1f8913a8b9e3286848192ed66a916026e", kill_on_drop: false }`
[INFO] running `Command { std: "docker" "inspect" "c0941e74230d866af2e853e80a7fe9d1f8913a8b9e3286848192ed66a916026e", kill_on_drop: false }`
[INFO] running `Command { std: "docker" "exec" "-e" "SOURCE_DIR=/opt/rustwide/workdir" "-e" "CARGO_HOME=/opt/rustwide/cargo-home" "-e" "RUSTUP_HOME=/opt/rustwide/rustup-home" "-e" "CARGO_TARGET_DIR=/opt/rustwide/target" "-w" "/opt/rustwide/workdir" "--user" "0:0" "c0941e74230d866af2e853e80a7fe9d1f8913a8b9e3286848192ed66a916026e" "/opt/rustwide/cargo-home/bin/cargo" "+1.99.0-beta.8" "metadata" "--no-deps" "--format-version=1", kill_on_drop: false }`
[INFO] running `Command { std: "docker" "inspect" "c0941e74230d866af2e853e80a7fe9d1f8913a8b9e3286848192ed66a916026e", kill_on_drop: false }`
[INFO] running `Command { std: "docker" "exec" "-e" "SOURCE_DIR=/opt/rustwide/workdir" "-e" "CARGO_HOME=/opt/rustwide/cargo-home" "-e" "RUSTUP_HOME=/opt/rustwide/rustup-home" "-e" "CARGO_TARGET_DIR=/opt/rustwide/target" "-e" "CARGO_INCREMENTAL=0" "-e" "RUST_BACKTRACE=full" "-e" "RUSTFLAGS=--cap-lints=warn" "-e" "RUSTDOCFLAGS=--cap-lints=warn" "-w" "/opt/rustwide/workdir" "--user" "0:0" "c0941e74230d866af2e853e80a7fe9d1f8913a8b9e3286848192ed66a916026e" "/opt/rustwide/cargo-home/bin/cargo" "+1.99.0-beta.8" "build" "--frozen" "--message-format=json" "--release", kill_on_drop: false }`
[INFO] [stderr]    Compiling num-traits v0.2.19
[INFO] [stderr]    Compiling trezoa-sanitize v3.2.2
[INFO] [stderr]    Compiling trezoa-atomic-u64 v3.2.2
[INFO] [stderr]    Compiling trezoa-decode-error v3.2.2
[INFO] [stderr]    Compiling trezoa-pubkey v3.2.4
[INFO] [stderr]    Compiling trezoa-instruction v3.2.3 (/opt/rustwide/workdir)
[INFO] [stderr]     Finished `release` profile [optimized] target(s) in 2.05s
[INFO] running `Command { std: "docker" "inspect" "c0941e74230d866af2e853e80a7fe9d1f8913a8b9e3286848192ed66a916026e", kill_on_drop: false }`
[INFO] running `Command { std: "docker" "exec" "-e" "SOURCE_DIR=/opt/rustwide/workdir" "-e" "CARGO_HOME=/opt/rustwide/cargo-home" "-e" "RUSTUP_HOME=/opt/rustwide/rustup-home" "-e" "CARGO_TARGET_DIR=/opt/rustwide/target" "-e" "CARGO_INCREMENTAL=0" "-e" "RUST_BACKTRACE=full" "-e" "RUSTFLAGS=--cap-lints=warn" "-e" "RUSTDOCFLAGS=--cap-lints=warn" "-w" "/opt/rustwide/workdir" "--user" "0:0" "c0941e74230d866af2e853e80a7fe9d1f8913a8b9e3286848192ed66a916026e" "/opt/rustwide/cargo-home/bin/cargo" "+1.99.0-beta.8" "test" "--frozen" "--no-run" "--message-format=json" "--release", kill_on_drop: false }`
[INFO] [stderr]    Compiling trezoa-instruction v3.2.3 (/opt/rustwide/workdir)
[INFO] [stderr]     Finished `release` profile [optimized] target(s) in 0.50s
[INFO] running `Command { std: "docker" "inspect" "c0941e74230d866af2e853e80a7fe9d1f8913a8b9e3286848192ed66a916026e", kill_on_drop: false }`
[INFO] running `Command { std: "docker" "exec" "-e" "SOURCE_DIR=/opt/rustwide/workdir" "-e" "CARGO_HOME=/opt/rustwide/cargo-home" "-e" "RUSTUP_HOME=/opt/rustwide/rustup-home" "-e" "CARGO_TARGET_DIR=/opt/rustwide/target" "-e" "CARGO_INCREMENTAL=0" "-e" "RUST_BACKTRACE=full" "-e" "RUSTFLAGS=--cap-lints=warn" "-e" "RUSTDOCFLAGS=--cap-lints=warn" "-w" "/opt/rustwide/workdir" "--user" "0:0" "c0941e74230d866af2e853e80a7fe9d1f8913a8b9e3286848192ed66a916026e" "/opt/rustwide/cargo-home/bin/cargo" "+1.99.0-beta.8" "test" "--frozen" "--release", kill_on_drop: false }`
[INFO] [stderr]     Finished `release` profile [optimized] target(s) in 0.07s
[INFO] [stderr]      Running unittests src/lib.rs (/opt/rustwide/target/release/deps/trezoa_instruction-f2456ac89b0a6f1c)
[INFO] [stderr]    Doc-tests trezoa_instruction
[INFO] [stdout] 
[INFO] [stdout] running 0 tests
[INFO] [stdout] 
[INFO] [stdout] test result: ok. 0 passed; 0 failed; 0 ignored; 0 measured; 0 filtered out; finished in 0.00s
[INFO] [stdout] 
[INFO] [stdout] 
[INFO] [stdout] running 3 tests
[INFO] [stdout] test src/account_meta.rs - account_meta::AccountMeta::new_readonly (line 73) ... FAILED
[INFO] [stdout] test src/lib.rs - Instruction::new_with_bytes (line 247) ... FAILED
[INFO] [stdout] test src/account_meta.rs - account_meta::AccountMeta::new (line 39) ... FAILED
[INFO] [stdout] 
[INFO] [stdout] failures:
[INFO] [stdout] 
[INFO] [stdout] ---- src/account_meta.rs - account_meta::AccountMeta::new_readonly (line 73) stdout ----
[INFO] [stdout] error[E0432]: unresolved import `borsh`
[INFO] [stdout]   --> src/account_meta.rs:77:5
[INFO] [stdout]    |
[INFO] [stdout] 77 | use borsh::{BorshSerialize, BorshDeserialize};
[INFO] [stdout]    |     ^^^^^ use of unresolved module or unlinked crate `borsh`
[INFO] [stdout]    |
[INFO] [stdout]    = help: if you wanted to use a crate named `borsh`, use `cargo add borsh` to add it to your `Cargo.toml`
[INFO] [stdout] 
[INFO] [stdout] error: cannot find attribute `borsh` in this scope
[INFO] [stdout]   --> src/account_meta.rs:80:3
[INFO] [stdout]    |
[INFO] [stdout] 80 | #[borsh(crate = "borsh")]
[INFO] [stdout]    |   ^^^^^
[INFO] [stdout] 
[INFO] [stdout] error[E0599]: no associated function or constant named `new_with_borsh` found for struct `Instruction` in the current scope
[INFO] [stdout]    --> src/account_meta.rs:88:26
[INFO] [stdout]     |
[INFO] [stdout]  88 | let instr = Instruction::new_with_borsh(
[INFO] [stdout]     |                          ^^^^^^^^^^^^^^ associated function or constant not found in `Instruction`
[INFO] [stdout]     |
[INFO] [stdout] note: if you're trying to build a new `Instruction`, consider using `Instruction::new_with_bytes` which returns `Instruction`
[INFO] [stdout]    --> src/lib.rs:280:5
[INFO] [stdout]     |
[INFO] [stdout] 280 |     pub fn new_with_bytes(program_id: Pubkey, data: &[u8], accounts: Vec<AccountMeta>) -> Self {
[INFO] [stdout]     |     ^^^^^^^^^^^^^^^^^^^^^^^^^^^^^^^^^^^^^^^^^^^^^^^^^^^^^^^^^^^^^^^^^^^^^^^^^^^^^^^^^^^^^^^^^^
[INFO] [stdout] help: there is an associated function `new_with_bytes` with a similar name
[INFO] [stdout]     |
[INFO] [stdout]  88 - let instr = Instruction::new_with_borsh(
[INFO] [stdout]  88 + let instr = Instruction::new_with_bytes(
[INFO] [stdout]     |
[INFO] [stdout] 
[INFO] [stdout] error: aborting due to 3 previous errors
[INFO] [stdout] 
[INFO] [stdout] Some errors have detailed explanations: E0432, E0599.
[INFO] [stdout] For more information about an error, try `rustc --explain E0432`.
[INFO] [stdout] Couldn't compile the test.
[INFO] [stdout] ---- src/lib.rs - Instruction::new_with_bytes (line 247) stdout ----
[INFO] [stdout] error[E0433]: cannot find module or crate `borsh` in this scope
[INFO] [stdout]    --> src/lib.rs:252:5
[INFO] [stdout]     |
[INFO] [stdout] 252 | use borsh::{io::Error, BorshSerialize, BorshDeserialize};
[INFO] [stdout]     |     ^^^^^ use of unresolved module or unlinked crate `borsh`
[INFO] [stdout]     |
[INFO] [stdout]     = help: if you wanted to use a crate named `borsh`, use `cargo add borsh` to add it to your `Cargo.toml`
[INFO] [stdout] 
[INFO] [stdout] error[E0432]: unresolved import `borsh`
[INFO] [stdout]    --> src/lib.rs:252:5
[INFO] [stdout]     |
[INFO] [stdout] 252 | use borsh::{io::Error, BorshSerialize, BorshDeserialize};
[INFO] [stdout]     |     ^^^^^ use of unresolved module or unlinked crate `borsh`
[INFO] [stdout]     |
[INFO] [stdout]     = help: if you wanted to use a crate named `borsh`, use `cargo add borsh` to add it to your `Cargo.toml`
[INFO] [stdout] 
[INFO] [stdout] error: cannot find attribute `borsh` in this scope
[INFO] [stdout]    --> src/lib.rs:255:3
[INFO] [stdout]     |
[INFO] [stdout] 255 | #[borsh(crate = "borsh")]
[INFO] [stdout]     |   ^^^^^
[INFO] [stdout] 
[INFO] [stdout] error[E0599]: no method named `serialize` found for struct `MyInstruction` in the current scope
[INFO] [stdout]    --> src/lib.rs:269:11
[INFO] [stdout]     |
[INFO] [stdout] 256 | pub struct MyInstruction {
[INFO] [stdout]     | ------------------------ method `serialize` not found for this struct
[INFO] [stdout] ...
[INFO] [stdout] 269 |     instr.serialize(&mut instr_in_bytes)?;
[INFO] [stdout]     |           ^^^^^^^^^ method not found in `MyInstruction`
[INFO] [stdout] 
[INFO] [stdout] error: aborting due to 4 previous errors
[INFO] [stdout] 
[INFO] [stdout] Some errors have detailed explanations: E0432, E0433, E0599.
[INFO] [stdout] For more information about an error, try `rustc --explain E0432`.
[INFO] [stdout] Couldn't compile the test.
[INFO] [stdout] ---- src/account_meta.rs - account_meta::AccountMeta::new (line 39) stdout ----
[INFO] [stdout] error[E0432]: unresolved import `borsh`
[INFO] [stdout]   --> src/account_meta.rs:43:5
[INFO] [stdout]    |
[INFO] [stdout] 43 | use borsh::{BorshSerialize, BorshDeserialize};
[INFO] [stdout]    |     ^^^^^ use of unresolved module or unlinked crate `borsh`
[INFO] [stdout]    |
[INFO] [stdout]    = help: if you wanted to use a crate named `borsh`, use `cargo add borsh` to add it to your `Cargo.toml`
[INFO] [stdout] 
[INFO] [stdout] error: cannot find attribute `borsh` in this scope
[INFO] [stdout]   --> src/account_meta.rs:46:3
[INFO] [stdout]    |
[INFO] [stdout] 46 | #[borsh(crate = "borsh")]
[INFO] [stdout]    |   ^^^^^
[INFO] [stdout] 
[INFO] [stdout] error[E0599]: no associated function or constant named `new_with_borsh` found for struct `Instruction` in the current scope
[INFO] [stdout]    --> src/account_meta.rs:53:26
[INFO] [stdout]     |
[INFO] [stdout]  53 | let instr = Instruction::new_with_borsh(
[INFO] [stdout]     |                          ^^^^^^^^^^^^^^ associated function or constant not found in `Instruction`
[INFO] [stdout]     |
[INFO] [stdout] note: if you're trying to build a new `Instruction`, consider using `Instruction::new_with_bytes` which returns `Instruction`
[INFO] [stdout]    --> src/lib.rs:280:5
[INFO] [stdout]     |
[INFO] [stdout] 280 |     pub fn new_with_bytes(program_id: Pubkey, data: &[u8], accounts: Vec<AccountMeta>) -> Self {
[INFO] [stdout]     |     ^^^^^^^^^^^^^^^^^^^^^^^^^^^^^^^^^^^^^^^^^^^^^^^^^^^^^^^^^^^^^^^^^^^^^^^^^^^^^^^^^^^^^^^^^^
[INFO] [stdout] help: there is an associated function `new_with_bytes` with a similar name
[INFO] [stdout]     |
[INFO] [stdout]  53 - let instr = Instruction::new_with_borsh(
[INFO] [stdout]  53 + let instr = Instruction::new_with_bytes(
[INFO] [stdout]     |
[INFO] [stdout] 
[INFO] [stdout] error: aborting due to 3 previous errors
[INFO] [stdout] 
[INFO] [stdout] Some errors have detailed explanations: E0432, E0599.
[INFO] [stdout] For more information about an error, try `rustc --explain E0432`.
[INFO] [stdout] Couldn't compile the test.
[INFO] [stdout] 
[INFO] [stdout] failures:
[INFO] [stdout]     src/account_meta.rs - account_meta::AccountMeta::new (line 39)
[INFO] [stdout]     src/account_meta.rs - account_meta::AccountMeta::new_readonly (line 73)
[INFO] [stdout]     src/lib.rs - Instruction::new_with_bytes (line 247)
[INFO] [stdout] 
[INFO] [stdout] test result: FAILED. 0 passed; 3 failed; 0 ignored; 0 measured; 0 filtered out; finished in 0.29s
[INFO] [stdout] 
[INFO] [stderr] error: doctest failed, to rerun pass `--doc`
[INFO] running `Command { std: "docker" "inspect" "c0941e74230d866af2e853e80a7fe9d1f8913a8b9e3286848192ed66a916026e", kill_on_drop: false }`
[INFO] running `Command { std: "docker" "rm" "-f" "c0941e74230d866af2e853e80a7fe9d1f8913a8b9e3286848192ed66a916026e", kill_on_drop: false }`
[INFO] [stdout] c0941e74230d866af2e853e80a7fe9d1f8913a8b9e3286848192ed66a916026e
