[INFO] fetching crate tremor-common 0.13.0-rc.33...
[INFO] testing tremor-common-0.13.0-rc.33 against 1.99.0-beta.8+cargoflags=--release for beta-release-1.100-2
[INFO] extracting crate tremor-common 0.13.0-rc.33 into /workspace/builds/worker-2-tc1/source
[INFO] started tweaking crates.io crate tremor-common 0.13.0-rc.33
[INFO] finished tweaking crates.io crate tremor-common 0.13.0-rc.33
[INFO] tweaked toml for crates.io crate tremor-common 0.13.0-rc.33 written to /workspace/builds/worker-2-tc1/source/Cargo.toml
[INFO] validating manifest of crates.io crate tremor-common 0.13.0-rc.33 on toolchain 1.99.0-beta.8
[INFO] running `Command { std: CARGO_HOME="/workspace/cargo-home" RUSTUP_HOME="/workspace/rustup-home" "/workspace/cargo-home/bin/cargo" "+1.99.0-beta.8" "metadata" "--manifest-path" "Cargo.toml" "--no-deps", kill_on_drop: false }`
[INFO] running `Command { std: CARGO_HOME="/workspace/cargo-home" RUSTUP_HOME="/workspace/rustup-home" "/workspace/cargo-home/bin/cargo" "+1.99.0-beta.8" "generate-lockfile" "--manifest-path" "Cargo.toml", kill_on_drop: false }`
[INFO] [stderr]     Updating crates.io index
[INFO] [stderr]      Locking 115 packages to highest compatible versions
[INFO] [stderr]       Adding base64 v0.22.1 (available: v0.23.1)
[INFO] [stderr]       Adding rand v0.8.8 (available: v0.10.3)
[INFO] [stderr]       Adding simd-json v0.13.11 (available: v0.18.1)
[INFO] [stderr]       Adding simd-json-derive v0.13.0 (available: v0.18.0)
[INFO] running `Command { std: CARGO_HOME="/workspace/cargo-home" RUSTUP_HOME="/workspace/rustup-home" "/workspace/cargo-home/bin/cargo" "+1.99.0-beta.8" "fetch" "--manifest-path" "Cargo.toml", kill_on_drop: false }`
[INFO] [stderr]  Downloading crates ...
[INFO] [stderr]   Downloaded simd-json-derive v0.13.0
[INFO] [stderr]   Downloaded test-case-macros v3.4.0
[INFO] [stderr]   Downloaded test-case v3.4.0
[INFO] [stderr]   Downloaded test-case-core v3.4.0
[INFO] [stderr]   Downloaded simd-json-derive-int v0.13.0
[INFO] [stderr]   Downloaded simd-json v0.13.11
[INFO] [stderr]   Downloaded value-trait v0.8.1
[INFO] [stderr]   Downloaded halfbrown v0.2.5
[INFO] running `Command { std: "docker" "create" "-v" "/var/lib/crater-agent-workspace/builds/worker-2-tc1/source:/opt/rustwide/workdir:ro,Z" "-v" "/var/lib/crater-agent-workspace/builds/worker-2-tc1/target:/opt/rustwide/target:rw,Z" "-v" "/var/lib/crater-agent-workspace/cargo-home:/opt/rustwide/cargo-home:ro,Z" "-v" "/var/lib/crater-agent-workspace/rustup-home:/opt/rustwide/rustup-home:ro,Z" "-m" "1610612736" "--network" "none" "ghcr.io/rust-lang/crates-build-env/linux@sha256:77db811e55d90add9212f6832c23229e3de5f1c1f9905e8cb07319ea15df73ac" "sleep" "infinity", kill_on_drop: false }`
[INFO] [stdout] 9a6d5cddf09b15658568326c8715a0b64710ea50712acc52a7085f67dfe4aa11
[INFO] running `Command { std: "docker" "start" "9a6d5cddf09b15658568326c8715a0b64710ea50712acc52a7085f67dfe4aa11", kill_on_drop: false }`
[INFO] running `Command { std: "docker" "inspect" "9a6d5cddf09b15658568326c8715a0b64710ea50712acc52a7085f67dfe4aa11", kill_on_drop: false }`
[INFO] running `Command { std: "docker" "exec" "-e" "SOURCE_DIR=/opt/rustwide/workdir" "-e" "CARGO_HOME=/opt/rustwide/cargo-home" "-e" "RUSTUP_HOME=/opt/rustwide/rustup-home" "-e" "CARGO_TARGET_DIR=/opt/rustwide/target" "-w" "/opt/rustwide/workdir" "--user" "0:0" "9a6d5cddf09b15658568326c8715a0b64710ea50712acc52a7085f67dfe4aa11" "/opt/rustwide/cargo-home/bin/cargo" "+1.99.0-beta.8" "metadata" "--no-deps" "--format-version=1", kill_on_drop: false }`
[INFO] running `Command { std: "docker" "inspect" "9a6d5cddf09b15658568326c8715a0b64710ea50712acc52a7085f67dfe4aa11", kill_on_drop: false }`
[INFO] running `Command { std: "docker" "exec" "-e" "SOURCE_DIR=/opt/rustwide/workdir" "-e" "CARGO_HOME=/opt/rustwide/cargo-home" "-e" "RUSTUP_HOME=/opt/rustwide/rustup-home" "-e" "CARGO_TARGET_DIR=/opt/rustwide/target" "-e" "CARGO_INCREMENTAL=0" "-e" "RUST_BACKTRACE=full" "-e" "RUSTFLAGS=--cap-lints=warn" "-e" "RUSTDOCFLAGS=--cap-lints=warn" "-w" "/opt/rustwide/workdir" "--user" "0:0" "9a6d5cddf09b15658568326c8715a0b64710ea50712acc52a7085f67dfe4aa11" "/opt/rustwide/cargo-home/bin/cargo" "+1.99.0-beta.8" "build" "--frozen" "--message-format=json" "--release", kill_on_drop: false }`
[INFO] [stderr]    Compiling syn v3.0.9
[INFO] [stderr]    Compiling libc v0.2.191
[INFO] [stderr]    Compiling lexical-util v1.0.7
[INFO] [stderr]    Compiling ref-cast v1.0.27
[INFO] [stderr]    Compiling ahash v0.8.12
[INFO] [stderr]    Compiling once_cell v1.21.4
[INFO] [stderr]    Compiling num-traits v0.2.19
[INFO] [stderr]    Compiling float-cmp v0.9.0
[INFO] [stderr]    Compiling serde_json v1.0.154
[INFO] [stderr]    Compiling ryu v1.0.23
[INFO] [stderr]    Compiling futures-core v0.3.34
[INFO] [stderr]    Compiling simdutf8 v0.1.5
[INFO] [stderr]    Compiling syn v2.0.119
[INFO] [stderr]    Compiling percent-encoding v2.3.2
[INFO] [stderr]    Compiling regex-syntax v0.8.11
[INFO] [stderr]    Compiling futures-task v0.3.34
[INFO] [stderr]    Compiling hashbrown v0.14.5
[INFO] [stderr]    Compiling form_urlencoded v1.2.2
[INFO] [stderr]    Compiling futures-channel v0.3.34
[INFO] [stderr]    Compiling futures-util v0.3.34
[INFO] [stderr]    Compiling futures-io v0.3.34
[INFO] [stderr]    Compiling rand_core v0.6.4
[INFO] [stderr]    Compiling tokio v1.53.3
[INFO] [stderr]    Compiling base64 v0.22.1
[INFO] [stderr]    Compiling lexical-write-integer v1.0.6
[INFO] [stderr]    Compiling lexical-parse-integer v1.0.6
[INFO] [stderr]    Compiling rand v0.8.8
[INFO] [stderr]    Compiling lexical-parse-float v1.0.6
[INFO] [stderr]    Compiling lexical-write-float v1.0.6
[INFO] [stderr]    Compiling lexical-core v1.0.6
[INFO] [stderr]    Compiling getrandom v0.3.4
[INFO] [stderr]    Compiling regex-automata v0.4.18
[INFO] [stderr]    Compiling futures v0.3.34
[INFO] [stderr]    Compiling synstructure v0.14.0
[INFO] [stderr]    Compiling serde_derive v1.0.229
[INFO] [stderr]    Compiling zerofrom-derive v0.1.8
[INFO] [stderr]    Compiling yoke-derive v0.8.4
[INFO] [stderr]    Compiling zerovec-derive v0.11.6
[INFO] [stderr]    Compiling displaydoc v0.2.7
[INFO] [stderr]    Compiling ref-cast-impl v1.0.27
[INFO] [stderr]    Compiling regex v1.13.1
[INFO] [stderr]    Compiling zerofrom v0.1.8
[INFO] [stderr]    Compiling yoke v0.8.3
[INFO] [stderr]    Compiling zerotrie v0.2.5
[INFO] [stderr]    Compiling zerovec v0.11.8
[INFO] [stderr]    Compiling tinystr v0.8.4
[INFO] [stderr]    Compiling potential_utf v0.1.6
[INFO] [stderr]    Compiling icu_collections v2.3.0
[INFO] [stderr]    Compiling icu_locale_core v2.3.0
[INFO] [stderr]    Compiling serde v1.0.229
[INFO] [stderr]    Compiling halfbrown v0.2.5
[INFO] [stderr]    Compiling icu_provider v2.3.1
[INFO] [stderr]    Compiling beef v0.5.2
[INFO] [stderr]    Compiling value-trait v0.8.1
[INFO] [stderr]    Compiling icu_normalizer v2.3.0
[INFO] [stderr]    Compiling icu_properties v2.3.0
[INFO] [stderr]    Compiling simd-json v0.13.11
[INFO] [stderr]    Compiling idna_adapter v1.2.2
[INFO] [stderr]    Compiling idna v1.1.0
[INFO] [stderr]    Compiling simd-json-derive-int v0.13.0
[INFO] [stderr]    Compiling url v2.5.8
[INFO] [stderr]    Compiling simd-json-derive v0.13.0
[INFO] [stderr]    Compiling tremor-common v0.13.0-rc.33 (/opt/rustwide/workdir)
[INFO] [stderr]     Finished `release` profile [optimized] target(s) in 23.98s
[INFO] running `Command { std: "docker" "inspect" "9a6d5cddf09b15658568326c8715a0b64710ea50712acc52a7085f67dfe4aa11", kill_on_drop: false }`
[INFO] running `Command { std: "docker" "exec" "-e" "SOURCE_DIR=/opt/rustwide/workdir" "-e" "CARGO_HOME=/opt/rustwide/cargo-home" "-e" "RUSTUP_HOME=/opt/rustwide/rustup-home" "-e" "CARGO_TARGET_DIR=/opt/rustwide/target" "-e" "CARGO_INCREMENTAL=0" "-e" "RUST_BACKTRACE=full" "-e" "RUSTFLAGS=--cap-lints=warn" "-e" "RUSTDOCFLAGS=--cap-lints=warn" "-w" "/opt/rustwide/workdir" "--user" "0:0" "9a6d5cddf09b15658568326c8715a0b64710ea50712acc52a7085f67dfe4aa11" "/opt/rustwide/cargo-home/bin/cargo" "+1.99.0-beta.8" "test" "--frozen" "--no-run" "--message-format=json" "--release", kill_on_drop: false }`
[INFO] [stderr]    Compiling syn v3.0.9
[INFO] [stderr]    Compiling getrandom v0.3.4
[INFO] [stderr]    Compiling parking_lot_core v0.9.12
[INFO] [stderr]    Compiling errno v0.3.14
[INFO] [stderr]    Compiling signal-hook-registry v1.4.8
[INFO] [stderr]    Compiling ahash v0.8.12
[INFO] [stderr]    Compiling parking_lot v0.12.5
[INFO] [stderr]    Compiling hashbrown v0.14.5
[INFO] [stderr]    Compiling synstructure v0.14.0
[INFO] [stderr]    Compiling test-case-core v3.4.0
[INFO] [stderr]    Compiling zerofrom-derive v0.1.8
[INFO] [stderr]    Compiling yoke-derive v0.8.4
[INFO] [stderr]    Compiling serde_derive v1.0.229
[INFO] [stderr]    Compiling zerovec-derive v0.11.6
[INFO] [stderr]    Compiling displaydoc v0.2.7
[INFO] [stderr]    Compiling ref-cast-impl v1.0.27
[INFO] [stderr]    Compiling tokio-macros v2.7.2
[INFO] [stderr]    Compiling test-case-macros v3.4.0
[INFO] [stderr]    Compiling test-case v3.4.0
[INFO] [stderr]    Compiling ref-cast v1.0.27
[INFO] [stderr]    Compiling tokio v1.53.3
[INFO] [stderr]    Compiling zerofrom v0.1.8
[INFO] [stderr]    Compiling yoke v0.8.3
[INFO] [stderr]    Compiling zerovec v0.11.8
[INFO] [stderr]    Compiling zerotrie v0.2.5
[INFO] [stderr]    Compiling tinystr v0.8.4
[INFO] [stderr]    Compiling potential_utf v0.1.6
[INFO] [stderr]    Compiling icu_collections v2.3.0
[INFO] [stderr]    Compiling icu_locale_core v2.3.0
[INFO] [stderr]    Compiling serde v1.0.229
[INFO] [stderr]    Compiling icu_provider v2.3.1
[INFO] [stderr]    Compiling halfbrown v0.2.5
[INFO] [stderr]    Compiling beef v0.5.2
[INFO] [stderr]    Compiling icu_properties v2.3.0
[INFO] [stderr]    Compiling icu_normalizer v2.3.0
[INFO] [stderr]    Compiling value-trait v0.8.1
[INFO] [stderr]    Compiling simd-json v0.13.11
[INFO] [stderr]    Compiling idna_adapter v1.2.2
[INFO] [stderr]    Compiling idna v1.1.0
[INFO] [stderr]    Compiling url v2.5.8
[INFO] [stderr]    Compiling simd-json-derive-int v0.13.0
[INFO] [stderr]    Compiling simd-json-derive v0.13.0
[INFO] [stderr]    Compiling tremor-common v0.13.0-rc.33 (/opt/rustwide/workdir)
[INFO] [stderr]     Finished `release` profile [optimized] target(s) in 28.57s
[INFO] running `Command { std: "docker" "inspect" "9a6d5cddf09b15658568326c8715a0b64710ea50712acc52a7085f67dfe4aa11", kill_on_drop: false }`
[INFO] running `Command { std: "docker" "exec" "-e" "SOURCE_DIR=/opt/rustwide/workdir" "-e" "CARGO_HOME=/opt/rustwide/cargo-home" "-e" "RUSTUP_HOME=/opt/rustwide/rustup-home" "-e" "CARGO_TARGET_DIR=/opt/rustwide/target" "-e" "CARGO_INCREMENTAL=0" "-e" "RUST_BACKTRACE=full" "-e" "RUSTFLAGS=--cap-lints=warn" "-e" "RUSTDOCFLAGS=--cap-lints=warn" "-w" "/opt/rustwide/workdir" "--user" "0:0" "9a6d5cddf09b15658568326c8715a0b64710ea50712acc52a7085f67dfe4aa11" "/opt/rustwide/cargo-home/bin/cargo" "+1.99.0-beta.8" "test" "--frozen" "--release", kill_on_drop: false }`
[INFO] [stderr]     Finished `release` profile [optimized] target(s) in 0.11s
[INFO] [stderr]      Running unittests src/lib.rs (/opt/rustwide/target/release/deps/tremor_common-0f3c12f2931a8daf)
[INFO] [stdout] 
[INFO] [stdout] running 29 tests
[INFO] [stdout] test file::test::canonicalize ... ok
[INFO] [stdout] test file::test::create ... FAILED
[INFO] [stdout] test file::test::open ... ok
[INFO] [stdout] test file::test::set_current_dir ... ok
[INFO] [stdout] test ids::tests::id_can_be_created_from_string ... ok
[INFO] [stdout] test alias::test::app ... ok
[INFO] [stdout] test ids::tests::id_gen ... ok
[INFO] [stdout] test alias::test::connector ... ok
[INFO] [stdout] test rand::test::test_make_prng ... ok
[INFO] [stdout] test alias::test::instance ... ok
[INFO] [stdout] test rand::test::test_octet_string ... ok
[INFO] [stdout] test string::test::test_subslice ... ok
[INFO] [stdout] test tests::it_works ... ok
[INFO] [stdout] test url::test::default ... ok
[INFO] [stdout] test url::test::host_or_local_ipv6 ... ok
[INFO] [stdout] test alias::test::pipeline ... ok
[INFO] [stdout] test url::test::invalid_host ... ok
[INFO] [stdout] test alias::test::flow ... ok
[INFO] [stdout] test url::test::try_from_str ... ok
[INFO] [stdout] test url::test::serialize_deserialize::test_case_1_ensure_scheme_without_port ... ok
[INFO] [stdout] test url::test::serialize_deserialize::test_case_2_ensure_scheme ... ok
[INFO] [stdout] test url::test::serialize_deserialize::test_case_3_all_the_url_features ... ok
[INFO] [stdout] test url::test::try_from_string ... ok
[INFO] [stdout] test blue_green_hashmap::tests::can_access_after_writing ... ok
[INFO] [stdout] test blue_green_hashmap::tests::removes_expired_entries ... ok
[INFO] [stdout] test asy::file::test::canonicalize ... ok
[INFO] [stdout] test asy::file::test::create ... FAILED
[INFO] [stdout] test asy::file::test::open ... ok
[INFO] [stdout] test asy::file::test::open_with ... ok
[INFO] [stderr] error: test failed, to rerun pass `--lib`
[INFO] [stdout] 
[INFO] [stdout] failures:
[INFO] [stdout] 
[INFO] [stdout] ---- file::test::create stdout ----
[INFO] [stdout] Error: FileCreate(Os { code: 30, kind: ReadOnlyFilesystem, message: "Read-only file system" }, "/opt/rustwide/workdir/.a.file.that.will.get.deleted")
[INFO] [stdout] 
[INFO] [stdout] ---- asy::file::test::create stdout ----
[INFO] [stdout] Error: FileCreate(Os { code: 30, kind: ReadOnlyFilesystem, message: "Read-only file system" }, "/opt/rustwide/workdir/.a.file.that.will.get.deleted")
[INFO] [stdout] 
[INFO] [stdout] 
[INFO] [stdout] failures:
[INFO] [stdout]     asy::file::test::create
[INFO] [stdout]     file::test::create
[INFO] [stdout] 
[INFO] [stdout] test result: FAILED. 27 passed; 2 failed; 0 ignored; 0 measured; 0 filtered out; finished in 0.02s
[INFO] [stdout] 
[INFO] running `Command { std: "docker" "inspect" "9a6d5cddf09b15658568326c8715a0b64710ea50712acc52a7085f67dfe4aa11", kill_on_drop: false }`
[INFO] running `Command { std: "docker" "rm" "-f" "9a6d5cddf09b15658568326c8715a0b64710ea50712acc52a7085f67dfe4aa11", kill_on_drop: false }`
[INFO] [stdout] 9a6d5cddf09b15658568326c8715a0b64710ea50712acc52a7085f67dfe4aa11
