[INFO] fetching crate trellis-protocol 0.100.0-rc.2...
[INFO] testing trellis-protocol-0.100.0-rc.2 against 1.100.0-beta.1+cargoflags=--release for beta-release-1.100-2
[INFO] extracting crate trellis-protocol 0.100.0-rc.2 into /workspace/builds/worker-5-tc2/source
[INFO] started tweaking crates.io crate trellis-protocol 0.100.0-rc.2
[INFO] removed 0 missing examples
[INFO] finished tweaking crates.io crate trellis-protocol 0.100.0-rc.2
[INFO] tweaked toml for crates.io crate trellis-protocol 0.100.0-rc.2 written to /workspace/builds/worker-5-tc2/source/Cargo.toml
[INFO] validating manifest of crates.io crate trellis-protocol 0.100.0-rc.2 on toolchain 1.100.0-beta.1
[INFO] running `Command { std: CARGO_HOME="/workspace/cargo-home" RUSTUP_HOME="/workspace/rustup-home" "/workspace/cargo-home/bin/cargo" "+1.100.0-beta.1" "metadata" "--manifest-path" "Cargo.toml" "--no-deps", kill_on_drop: false }`
[INFO] crate crates.io crate trellis-protocol 0.100.0-rc.2 already has a lockfile, it will not be regenerated
[INFO] running `Command { std: CARGO_HOME="/workspace/cargo-home" RUSTUP_HOME="/workspace/rustup-home" "/workspace/cargo-home/bin/cargo" "+1.100.0-beta.1" "fetch" "--manifest-path" "Cargo.toml", kill_on_drop: false }`
[INFO] running `Command { std: "docker" "create" "-v" "/var/lib/crater-agent-workspace/builds/worker-5-tc2/source:/opt/rustwide/workdir:ro,Z" "-v" "/var/lib/crater-agent-workspace/builds/worker-5-tc2/target:/opt/rustwide/target:rw,Z" "-v" "/var/lib/crater-agent-workspace/cargo-home:/opt/rustwide/cargo-home:ro,Z" "-v" "/var/lib/crater-agent-workspace/rustup-home:/opt/rustwide/rustup-home:ro,Z" "-m" "1610612736" "--network" "none" "ghcr.io/rust-lang/crates-build-env/linux@sha256:77db811e55d90add9212f6832c23229e3de5f1c1f9905e8cb07319ea15df73ac" "sleep" "infinity", kill_on_drop: false }`
[INFO] [stdout] 9f31e7bc0f3e9ecee70e251c1f27c8c80b46a3eb5e80d2f9d7e84478c18af0d2
[INFO] running `Command { std: "docker" "start" "9f31e7bc0f3e9ecee70e251c1f27c8c80b46a3eb5e80d2f9d7e84478c18af0d2", kill_on_drop: false }`
[INFO] running `Command { std: "docker" "inspect" "9f31e7bc0f3e9ecee70e251c1f27c8c80b46a3eb5e80d2f9d7e84478c18af0d2", kill_on_drop: false }`
[INFO] running `Command { std: "docker" "exec" "-e" "SOURCE_DIR=/opt/rustwide/workdir" "-e" "CARGO_HOME=/opt/rustwide/cargo-home" "-e" "RUSTUP_HOME=/opt/rustwide/rustup-home" "-e" "CARGO_TARGET_DIR=/opt/rustwide/target" "-w" "/opt/rustwide/workdir" "--user" "0:0" "9f31e7bc0f3e9ecee70e251c1f27c8c80b46a3eb5e80d2f9d7e84478c18af0d2" "/opt/rustwide/cargo-home/bin/cargo" "+1.100.0-beta.1" "metadata" "--no-deps" "--format-version=1", kill_on_drop: false }`
[INFO] running `Command { std: "docker" "inspect" "9f31e7bc0f3e9ecee70e251c1f27c8c80b46a3eb5e80d2f9d7e84478c18af0d2", kill_on_drop: false }`
[INFO] running `Command { std: "docker" "exec" "-e" "SOURCE_DIR=/opt/rustwide/workdir" "-e" "CARGO_HOME=/opt/rustwide/cargo-home" "-e" "RUSTUP_HOME=/opt/rustwide/rustup-home" "-e" "CARGO_TARGET_DIR=/opt/rustwide/target" "-e" "CARGO_INCREMENTAL=0" "-e" "RUST_BACKTRACE=full" "-e" "RUSTFLAGS=--cap-lints=warn" "-e" "RUSTDOCFLAGS=--cap-lints=warn" "-w" "/opt/rustwide/workdir" "--user" "0:0" "9f31e7bc0f3e9ecee70e251c1f27c8c80b46a3eb5e80d2f9d7e84478c18af0d2" "/opt/rustwide/cargo-home/bin/cargo" "+1.100.0-beta.1" "build" "--frozen" "--message-format=json" "--release", kill_on_drop: false }`
[INFO] [stderr]    Compiling libc v0.2.186
[INFO] [stderr]    Compiling zerocopy v0.8.52
[INFO] [stderr]    Compiling base64ct v1.8.3
[INFO] [stderr]    Compiling hybrid-array v0.4.12
[INFO] [stderr]    Compiling serde_json v1.0.150
[INFO] [stderr]    Compiling curve25519-dalek v4.1.3
[INFO] [stderr]    Compiling memchr v2.8.2
[INFO] [stderr]    Compiling ryu-js v1.0.3
[INFO] [stderr]    Compiling generic-array v0.14.7
[INFO] [stderr]    Compiling data-encoding v2.11.0
[INFO] [stderr]    Compiling log v0.4.33
[INFO] [stderr]    Compiling time v0.3.46
[INFO] [stderr]    Compiling jsonptr v0.7.1
[INFO] [stderr]    Compiling curve25519-dalek-derive v0.1.1
[INFO] [stderr]    Compiling thiserror-impl v2.0.18
[INFO] [stderr]    Compiling pem-rfc7468 v0.7.0
[INFO] [stderr]    Compiling der v0.7.10
[INFO] [stderr]    Compiling crypto-common v0.2.2
[INFO] [stderr]    Compiling block-buffer v0.12.1
[INFO] [stderr]    Compiling block-buffer v0.10.4
[INFO] [stderr]    Compiling crypto-common v0.1.7
[INFO] [stderr]    Compiling digest v0.10.7
[INFO] [stderr]    Compiling thiserror v2.0.18
[INFO] [stderr]    Compiling signature v2.2.0
[INFO] [stderr]    Compiling sha2 v0.10.9
[INFO] [stderr]    Compiling ed25519 v2.2.3
[INFO] [stderr]    Compiling digest v0.11.3
[INFO] [stderr]    Compiling sha2 v0.11.0
[INFO] [stderr]    Compiling getrandom v0.2.17
[INFO] [stderr]    Compiling getrandom v0.3.4
[INFO] [stderr]    Compiling rand_core v0.6.4
[INFO] [stderr]    Compiling rand_core v0.9.5
[INFO] [stderr]    Compiling spki v0.7.3
[INFO] [stderr]    Compiling serde_json_canonicalizer v0.3.2
[INFO] [stderr]    Compiling pkcs8 v0.10.2
[INFO] [stderr]    Compiling signatory v0.27.1
[INFO] [stderr]    Compiling ed25519-dalek v2.2.0
[INFO] [stderr]    Compiling ppv-lite86 v0.2.21
[INFO] [stderr]    Compiling rand_chacha v0.3.1
[INFO] [stderr]    Compiling rand_chacha v0.9.0
[INFO] [stderr]    Compiling rand v0.9.4
[INFO] [stderr]    Compiling rand v0.8.6
[INFO] [stderr]    Compiling ulid v1.2.1
[INFO] [stderr]    Compiling nkeys v0.4.5
[INFO] [stderr]    Compiling trellis-protocol v0.100.0-rc.2 (/opt/rustwide/workdir)
[INFO] [stderr] warning: unused dependency `nkeys`
[INFO] [stderr]   --> Cargo.toml:14:15
[INFO] [stderr]    |
[INFO] [stderr] 14 | [dependencies.nkeys]
[INFO] [stderr]    |               ^^^^^^
[INFO] [stderr]    |
[INFO] [stderr]    = note: `cargo::unused_dependencies` is set to `warn` by default
[INFO] [stderr] help: consider removing the dependency on `nkeys`
[INFO] [stderr] warning: `trellis-protocol` (manifest) generated 1 warning
[INFO] [stderr]     Finished `release` profile [optimized] target(s) in 36.60s
[INFO] running `Command { std: "docker" "inspect" "9f31e7bc0f3e9ecee70e251c1f27c8c80b46a3eb5e80d2f9d7e84478c18af0d2", kill_on_drop: false }`
[INFO] running `Command { std: "docker" "exec" "-e" "SOURCE_DIR=/opt/rustwide/workdir" "-e" "CARGO_HOME=/opt/rustwide/cargo-home" "-e" "RUSTUP_HOME=/opt/rustwide/rustup-home" "-e" "CARGO_TARGET_DIR=/opt/rustwide/target" "-e" "CARGO_INCREMENTAL=0" "-e" "RUST_BACKTRACE=full" "-e" "RUSTFLAGS=--cap-lints=warn" "-e" "RUSTDOCFLAGS=--cap-lints=warn" "-w" "/opt/rustwide/workdir" "--user" "0:0" "9f31e7bc0f3e9ecee70e251c1f27c8c80b46a3eb5e80d2f9d7e84478c18af0d2" "/opt/rustwide/cargo-home/bin/cargo" "+1.100.0-beta.1" "test" "--frozen" "--no-run" "--message-format=json" "--release", kill_on_drop: false }`
[INFO] [stderr]    Compiling serde_json v1.0.150
[INFO] [stderr]    Compiling serde v1.0.228
[INFO] [stderr]    Compiling serde_json_canonicalizer v0.3.2
[INFO] [stderr]    Compiling jsonptr v0.7.1
[INFO] [stderr]    Compiling trellis-protocol v0.100.0-rc.2 (/opt/rustwide/workdir)
[INFO] [stderr] warning: unused dependency `nkeys`
[INFO] [stderr]   --> Cargo.toml:14:15
[INFO] [stderr]    |
[INFO] [stderr] 14 | [dependencies.nkeys]
[INFO] [stderr]    |               ^^^^^^
[INFO] [stderr]    |
[INFO] [stderr]    = note: `cargo::unused_dependencies` is set to `warn` by default
[INFO] [stderr] help: consider removing the dependency on `nkeys`
[INFO] [stderr] warning: `trellis-protocol` (manifest) generated 1 warning
[INFO] [stderr]     Finished `release` profile [optimized] target(s) in 23.56s
[INFO] running `Command { std: "docker" "inspect" "9f31e7bc0f3e9ecee70e251c1f27c8c80b46a3eb5e80d2f9d7e84478c18af0d2", kill_on_drop: false }`
[INFO] running `Command { std: "docker" "exec" "-e" "SOURCE_DIR=/opt/rustwide/workdir" "-e" "CARGO_HOME=/opt/rustwide/cargo-home" "-e" "RUSTUP_HOME=/opt/rustwide/rustup-home" "-e" "CARGO_TARGET_DIR=/opt/rustwide/target" "-e" "CARGO_INCREMENTAL=0" "-e" "RUST_BACKTRACE=full" "-e" "RUSTFLAGS=--cap-lints=warn" "-e" "RUSTDOCFLAGS=--cap-lints=warn" "-w" "/opt/rustwide/workdir" "--user" "0:0" "9f31e7bc0f3e9ecee70e251c1f27c8c80b46a3eb5e80d2f9d7e84478c18af0d2" "/opt/rustwide/cargo-home/bin/cargo" "+1.100.0-beta.1" "test" "--frozen" "--release", kill_on_drop: false }`
[INFO] [stderr] warning: unused dependency `nkeys`
[INFO] [stderr]   --> Cargo.toml:14:15
[INFO] [stderr]    |
[INFO] [stderr] 14 | [dependencies.nkeys]
[INFO] [stderr]    |               ^^^^^^
[INFO] [stderr]    |
[INFO] [stderr]    = note: `cargo::unused_dependencies` is set to `warn` by default
[INFO] [stderr] help: consider removing the dependency on `nkeys`
[INFO] [stderr] warning: `trellis-protocol` (manifest) generated 1 warning
[INFO] [stderr]     Finished `release` profile [optimized] target(s) in 0.17s
[INFO] [stderr]      Running unittests src/lib.rs (/opt/rustwide/target/release/build/trellis-protocol/3b88342563750c87/out/trellis_protocol-3b88342563750c87)
[INFO] [stdout] 
[INFO] [stdout] running 37 tests
[INFO] [stdout] test authorization::tests::context_identity_and_platform_privileges_fail_closed_on_tampering ... ok
[INFO] [stdout] test live::tests::frame_parsing_rejects_unknown_fields_and_types ... ok
[INFO] [stdout] test live::tests::logical_control_hash_distinguishes_body_not_transport_metadata ... ok
[INFO] [stdout] test live::tests::data_frames_use_the_negotiated_limit_not_the_opening_limit ... ok
[INFO] [stdout] test live::tests::control_parsing_is_strict_and_ordered ... ok
[INFO] [stdout] test authorization::tests::retired_keys_preserve_history_but_never_live_authority ... ok
[INFO] [stdout] test live::tests::counters_reject_non_canonical_forms ... ok
[INFO] [stdout] test canonical::tests::matches_shared_canonical_json_vectors ... FAILED
[INFO] [stdout] test authorization::tests::overlapping_dotted_event_names_require_the_exact_granted_descriptor ... ok
[INFO] [stdout] test live::tests::live_subject_validation_accepts_only_canonical_routes ... ok
[INFO] [stdout] test live::tests::matches_pinned_cross_language_proof_vectors ... FAILED
[INFO] [stdout] test pagination::tests::cursor_is_bound_to_version_query_and_after_type ... ok
[INFO] [stdout] test permissions::tests::consent_metadata_is_not_part_of_grant_identity ... ok
[INFO] [stdout] test permissions::tests::grant_identity_is_independent_of_input_order ... ok
[INFO] [stdout] test permissions::tests::only_admin_is_a_platform_privilege ... ok
[INFO] [stdout] test permissions::tests::permission_and_grant_objects_ignore_extensions ... ok
[INFO] [stdout] test permissions::tests::permission_target_deserialization_validates_direct_values ... ok
[INFO] [stdout] test live::tests::negotiated_body_limit_is_bounded_by_both_peers ... ok
[INFO] [stdout] test live::tests::nonces_are_exactly_22_canonical_characters ... ok
[INFO] [stdout] test live::tests::provider_proof_binds_subject_body_and_context ... ok
[INFO] [stdout] test live::tests::offer_round_trips_with_strict_unknown_field_rejection ... ok
[INFO] [stdout] test live::tests::logical_open_hash_is_stable_and_input_sensitive ... ok
[INFO] [stdout] test authorization::tests::online_context_binds_grants_and_the_exact_request ... ok
[INFO] [stdout] test permissions::tests::permission_atom_round_trips_and_accepts_current_names ... ok
[INFO] [stdout] test permissions::tests::capability_and_consent_objects_ignore_extensions ... ok
[INFO] [stdout] test session_proof::tests::canonical_request_digest_removes_only_signature ... ok
[INFO] [stdout] test session_proof::tests::user_auth_request_needs_no_nats_key ... ok
[INFO] [stdout] test session_proof::tests::native_bootstrap_rejects_invalid_unsigned_inputs_and_stale_proofs ... ok
[INFO] [stdout] test session_proof::tests::rejects_unsafe_request_integers_and_weak_keys ... ok
[INFO] [stdout] test subjects::tests::deployment_bound_subject_and_queue_are_stable ... ok
[INFO] [stdout] test session_proof::tests::native_bootstrap_binds_the_origin_route_identity_and_complete_unsigned_request ... ok
[INFO] [stdout] test session_proof::tests::user_auth_bind_proof_is_bound_to_the_flow ... ok
[INFO] [stdout] test subjects::tests::event_patterns_overlap_by_token ... ok
[INFO] [stdout] test subjects::tests::event_subjects_are_qualified_by_api_identity ... ok
[INFO] [stdout] test subjects::tests::subject_versions_use_canonical_positive_decimals ... ok
[INFO] [stdout] test session_proof::tests::user_refresh_binds_login_connection_origin_and_complete_unsigned_request ... ok
[INFO] [stderr] error: test failed, to rerun pass `--lib`
[INFO] [stdout] test live::tests::subject_derivation_matches_the_wire_grammar ... ok
[INFO] [stdout] 
[INFO] [stdout] failures:
[INFO] [stdout] 
[INFO] [stdout] ---- canonical::tests::matches_shared_canonical_json_vectors stdout ----
[INFO] [stdout] 
[INFO] [stdout] thread 'canonical::tests::matches_shared_canonical_json_vectors' (1032) panicked at src/canonical.rs:64:60:
[INFO] [stdout] called `Result::unwrap()` on an `Err` value: Os { code: 2, kind: NotFound, message: "No such file or directory" }
[INFO] [stdout] stack backtrace:
[INFO] [stdout]    0:     0x57a174ef8bb1 - <<std[617be2ca0a6fd877]::sys::backtrace::BacktraceLock>::print::DisplayBacktrace as core[a373ad73a504971]::fmt::Display>::fmt
[INFO] [stdout]    1:     0x57a174f0dcca - core[a373ad73a504971]::fmt::write
[INFO] [stdout]    2:     0x57a174efcdcc - <alloc[2e1b2a31b91974c5]::vec::Vec<u8> as core[a373ad73a504971]::io::write::Write>::write_fmt
[INFO] [stdout]    3:     0x57a174ed4aa6 - std[617be2ca0a6fd877]::panicking::default_hook::{closure#0}
[INFO] [stdout]    4:     0x57a174ef0e69 - std[617be2ca0a6fd877]::panicking::default_hook
[INFO] [stdout]    5:     0x57a174e699e0 - test[aada8e7e76ba119b]::test_main_inner::{closure#0}
[INFO] [stdout]    6:     0x57a174ef1022 - std[617be2ca0a6fd877]::panicking::panic_with_hook
[INFO] [stdout]    7:     0x57a174ed4b52 - std[617be2ca0a6fd877]::panicking::panic_handler::{closure#0}
[INFO] [stdout]    8:     0x57a174ecd6d9 - std[617be2ca0a6fd877]::sys::backtrace::__rust_end_short_backtrace::<std[617be2ca0a6fd877]::panicking::panic_handler::{closure#0}, !>
[INFO] [stdout]    9:     0x57a174ed575d - __rustc[ea4f61d10b84890b]::rust_begin_unwind
[INFO] [stdout]   10:     0x57a174f0e3fc - core[a373ad73a504971]::panicking::panic_fmt
[INFO] [stdout]   11:     0x57a174f0e1d2 - core[a373ad73a504971]::result::unwrap_failed
[INFO] [stdout]   12:     0x57a174e31bed - <trellis_protocol[307be058314e641c]::canonical::tests::matches_shared_canonical_json_vectors::{closure#0} as core[a373ad73a504971]::ops::function::FnOnce<()>>::call_once
[INFO] [stdout]   13:     0x57a174e5ce2b - test[aada8e7e76ba119b]::__rust_begin_short_backtrace::<core[a373ad73a504971]::result::Result<(), alloc[2e1b2a31b91974c5]::string::String>, fn() -> core[a373ad73a504971]::result::Result<(), alloc[2e1b2a31b91974c5]::string::String>>
[INFO] [stdout]   14:     0x57a174e6a005 - test[aada8e7e76ba119b]::run_test::{closure#0}
[INFO] [stdout]   15:     0x57a174e638f4 - std[617be2ca0a6fd877]::sys::backtrace::__rust_begin_short_backtrace::<test[aada8e7e76ba119b]::run_test::{closure#1}, ()>
[INFO] [stdout]   16:     0x57a174e6d092 - <std[617be2ca0a6fd877]::thread::lifecycle::spawn_unchecked<test[aada8e7e76ba119b]::run_test::{closure#1}, ()>::{closure#1} as core[a373ad73a504971]::ops::function::FnOnce<()>>::call_once::{shim:vtable#0}
[INFO] [stdout]   17:     0x57a174ef80af - <std[617be2ca0a6fd877]::sys::thread::unix::Thread>::new::thread_start
[INFO] [stdout]   18:     0x7cf7f40a0dfa - <unknown>
[INFO] [stdout]   19:     0x7cf7f41343d4 - clone
[INFO] [stdout]   20:                0x0 - <unknown>
[INFO] [stdout] 
[INFO] [stdout] ---- live::tests::matches_pinned_cross_language_proof_vectors stdout ----
[INFO] [stdout] 
[INFO] [stdout] thread 'live::tests::matches_pinned_cross_language_proof_vectors' (1040) panicked at src/live.rs:1978:60:
[INFO] [stdout] called `Result::unwrap()` on an `Err` value: Os { code: 2, kind: NotFound, message: "No such file or directory" }
[INFO] [stdout] stack backtrace:
[INFO] [stdout]    0:     0x57a174ef8bb1 - <<std[617be2ca0a6fd877]::sys::backtrace::BacktraceLock>::print::DisplayBacktrace as core[a373ad73a504971]::fmt::Display>::fmt
[INFO] [stdout]    1:     0x57a174f0dcca - core[a373ad73a504971]::fmt::write
[INFO] [stdout]    2:     0x57a174efcdcc - <alloc[2e1b2a31b91974c5]::vec::Vec<u8> as core[a373ad73a504971]::io::write::Write>::write_fmt
[INFO] [stdout]    3:     0x57a174ed4aa6 - std[617be2ca0a6fd877]::panicking::default_hook::{closure#0}
[INFO] [stdout]    4:     0x57a174ef0e69 - std[617be2ca0a6fd877]::panicking::default_hook
[INFO] [stdout]    5:     0x57a174e699e0 - test[aada8e7e76ba119b]::test_main_inner::{closure#0}
[INFO] [stdout]    6:     0x57a174ef1022 - std[617be2ca0a6fd877]::panicking::panic_with_hook
[INFO] [stdout]    7:     0x57a174ed4b52 - std[617be2ca0a6fd877]::panicking::panic_handler::{closure#0}
[INFO] [stdout]    8:     0x57a174ecd6d9 - std[617be2ca0a6fd877]::sys::backtrace::__rust_end_short_backtrace::<std[617be2ca0a6fd877]::panicking::panic_handler::{closure#0}, !>
[INFO] [stdout]    9:     0x57a174ed575d - __rustc[ea4f61d10b84890b]::rust_begin_unwind
[INFO] [stdout]   10:     0x57a174f0e3fc - core[a373ad73a504971]::panicking::panic_fmt
[INFO] [stdout]   11:     0x57a174f0e1d2 - core[a373ad73a504971]::result::unwrap_failed
[INFO] [stdout]   12:     0x57a174e21d70 - <trellis_protocol[307be058314e641c]::live::tests::matches_pinned_cross_language_proof_vectors::{closure#0} as core[a373ad73a504971]::ops::function::FnOnce<()>>::call_once
[INFO] [stdout]   13:     0x57a174e5ce2b - test[aada8e7e76ba119b]::__rust_begin_short_backtrace::<core[a373ad73a504971]::result::Result<(), alloc[2e1b2a31b91974c5]::string::String>, fn() -> core[a373ad73a504971]::result::Result<(), alloc[2e1b2a31b91974c5]::string::String>>
[INFO] [stdout]   14:     0x57a174e6a005 - test[aada8e7e76ba119b]::run_test::{closure#0}
[INFO] [stdout]   15:     0x57a174e638f4 - std[617be2ca0a6fd877]::sys::backtrace::__rust_begin_short_backtrace::<test[aada8e7e76ba119b]::run_test::{closure#1}, ()>
[INFO] [stdout]   16:     0x57a174e6d092 - <std[617be2ca0a6fd877]::thread::lifecycle::spawn_unchecked<test[aada8e7e76ba119b]::run_test::{closure#1}, ()>::{closure#1} as core[a373ad73a504971]::ops::function::FnOnce<()>>::call_once::{shim:vtable#0}
[INFO] [stdout]   17:     0x57a174ef80af - <std[617be2ca0a6fd877]::sys::thread::unix::Thread>::new::thread_start
[INFO] [stdout]   18:     0x7cf7f40a0dfa - <unknown>
[INFO] [stdout]   19:     0x7cf7f41343d4 - clone
[INFO] [stdout]   20:                0x0 - <unknown>
[INFO] [stdout] 
[INFO] [stdout] 
[INFO] [stdout] failures:
[INFO] [stdout]     canonical::tests::matches_shared_canonical_json_vectors
[INFO] [stdout]     live::tests::matches_pinned_cross_language_proof_vectors
[INFO] [stdout] 
[INFO] [stdout] test result: FAILED. 35 passed; 2 failed; 0 ignored; 0 measured; 0 filtered out; finished in 0.03s
[INFO] [stdout] 
[INFO] running `Command { std: "docker" "inspect" "9f31e7bc0f3e9ecee70e251c1f27c8c80b46a3eb5e80d2f9d7e84478c18af0d2", kill_on_drop: false }`
[INFO] running `Command { std: "docker" "rm" "-f" "9f31e7bc0f3e9ecee70e251c1f27c8c80b46a3eb5e80d2f9d7e84478c18af0d2", kill_on_drop: false }`
[INFO] [stdout] 9f31e7bc0f3e9ecee70e251c1f27c8c80b46a3eb5e80d2f9d7e84478c18af0d2
