[INFO] fetching crate trellis-contracts 0.11.0-rc.11...
[INFO] testing trellis-contracts-0.11.0-rc.11 against 1.100.0-beta.1+cargoflags=--release for beta-release-1.100-2
[INFO] extracting crate trellis-contracts 0.11.0-rc.11 into /workspace/builds/worker-5-tc2/source
[INFO] started tweaking crates.io crate trellis-contracts 0.11.0-rc.11
[INFO] removed 0 missing tests
[INFO] finished tweaking crates.io crate trellis-contracts 0.11.0-rc.11
[INFO] tweaked toml for crates.io crate trellis-contracts 0.11.0-rc.11 written to /workspace/builds/worker-5-tc2/source/Cargo.toml
[INFO] validating manifest of crates.io crate trellis-contracts 0.11.0-rc.11 on toolchain 1.100.0-beta.1
[INFO] running `Command { std: CARGO_HOME="/workspace/cargo-home" RUSTUP_HOME="/workspace/rustup-home" "/workspace/cargo-home/bin/cargo" "+1.100.0-beta.1" "metadata" "--manifest-path" "Cargo.toml" "--no-deps", kill_on_drop: false }`
[INFO] crate crates.io crate trellis-contracts 0.11.0-rc.11 already has a lockfile, it will not be regenerated
[INFO] running `Command { std: CARGO_HOME="/workspace/cargo-home" RUSTUP_HOME="/workspace/rustup-home" "/workspace/cargo-home/bin/cargo" "+1.100.0-beta.1" "fetch" "--manifest-path" "Cargo.toml", kill_on_drop: false }`
[INFO] running `Command { std: "docker" "create" "-v" "/var/lib/crater-agent-workspace/builds/worker-5-tc2/source:/opt/rustwide/workdir:ro,Z" "-v" "/var/lib/crater-agent-workspace/builds/worker-5-tc2/target:/opt/rustwide/target:rw,Z" "-v" "/var/lib/crater-agent-workspace/cargo-home:/opt/rustwide/cargo-home:ro,Z" "-v" "/var/lib/crater-agent-workspace/rustup-home:/opt/rustwide/rustup-home:ro,Z" "-m" "1610612736" "--network" "none" "ghcr.io/rust-lang/crates-build-env/linux@sha256:77db811e55d90add9212f6832c23229e3de5f1c1f9905e8cb07319ea15df73ac" "sleep" "infinity", kill_on_drop: false }`
[INFO] [stdout] fa046be7da824f0e7d9ab854e0c990f18560a9e759a777990ad14259258aee38
[INFO] running `Command { std: "docker" "start" "fa046be7da824f0e7d9ab854e0c990f18560a9e759a777990ad14259258aee38", kill_on_drop: false }`
[INFO] running `Command { std: "docker" "inspect" "fa046be7da824f0e7d9ab854e0c990f18560a9e759a777990ad14259258aee38", kill_on_drop: false }`
[INFO] running `Command { std: "docker" "exec" "-e" "SOURCE_DIR=/opt/rustwide/workdir" "-e" "CARGO_HOME=/opt/rustwide/cargo-home" "-e" "RUSTUP_HOME=/opt/rustwide/rustup-home" "-e" "CARGO_TARGET_DIR=/opt/rustwide/target" "-w" "/opt/rustwide/workdir" "--user" "0:0" "fa046be7da824f0e7d9ab854e0c990f18560a9e759a777990ad14259258aee38" "/opt/rustwide/cargo-home/bin/cargo" "+1.100.0-beta.1" "metadata" "--no-deps" "--format-version=1", kill_on_drop: false }`
[INFO] running `Command { std: "docker" "inspect" "fa046be7da824f0e7d9ab854e0c990f18560a9e759a777990ad14259258aee38", kill_on_drop: false }`
[INFO] running `Command { std: "docker" "exec" "-e" "SOURCE_DIR=/opt/rustwide/workdir" "-e" "CARGO_HOME=/opt/rustwide/cargo-home" "-e" "RUSTUP_HOME=/opt/rustwide/rustup-home" "-e" "CARGO_TARGET_DIR=/opt/rustwide/target" "-e" "CARGO_INCREMENTAL=0" "-e" "RUST_BACKTRACE=full" "-e" "RUSTFLAGS=--cap-lints=warn" "-e" "RUSTDOCFLAGS=--cap-lints=warn" "-w" "/opt/rustwide/workdir" "--user" "0:0" "fa046be7da824f0e7d9ab854e0c990f18560a9e759a777990ad14259258aee38" "/opt/rustwide/cargo-home/bin/cargo" "+1.100.0-beta.1" "build" "--frozen" "--message-format=json" "--release", kill_on_drop: false }`
[INFO] [stderr]    Compiling quote v1.0.46
[INFO] [stderr]    Compiling autocfg v1.5.1
[INFO] [stderr]    Compiling serde_core v1.0.228
[INFO] [stderr]    Compiling libc v0.2.186
[INFO] [stderr]    Compiling smallvec v1.15.2
[INFO] [stderr]    Compiling serde v1.0.228
[INFO] [stderr]    Compiling zerocopy v0.8.52
[INFO] [stderr]    Compiling ref-cast v1.0.25
[INFO] [stderr]    Compiling getrandom v0.3.4
[INFO] [stderr]    Compiling aho-corasick v1.1.4
[INFO] [stderr]    Compiling ahash v0.8.12
[INFO] [stderr]    Compiling regex-syntax v0.8.11
[INFO] [stderr]    Compiling serde_json v1.0.150
[INFO] [stderr]    Compiling bit-vec v0.8.0
[INFO] [stderr]    Compiling unicode-general-category v1.1.0
[INFO] [stderr]    Compiling borrow-or-share v0.2.4
[INFO] [stderr]    Compiling foldhash v0.2.0
[INFO] [stderr]    Compiling once_cell v1.21.4
[INFO] [stderr]    Compiling bit-set v0.8.0
[INFO] [stderr]    Compiling outref v0.5.2
[INFO] [stderr]    Compiling hashbrown v0.16.1
[INFO] [stderr]    Compiling syn v2.0.118
[INFO] [stderr]    Compiling lazy_static v1.5.0
[INFO] [stderr]    Compiling micromap v0.3.0
[INFO] [stderr]    Compiling vsimd v0.8.0
[INFO] [stderr]    Compiling data-encoding v2.11.0
[INFO] [stderr]    Compiling num-cmp v0.1.0
[INFO] [stderr]    Compiling bytecount v0.6.9
[INFO] [stderr]    Compiling trellis-contracts v0.11.0-rc.11 (/opt/rustwide/workdir)
[INFO] [stderr]    Compiling num-traits v0.2.19
[INFO] [stderr]    Compiling uuid-simd v0.8.0
[INFO] [stderr]    Compiling parking_lot_core v0.9.12
[INFO] [stderr]    Compiling parking_lot v0.12.5
[INFO] [stderr]    Compiling num-integer v0.1.46
[INFO] [stderr]    Compiling num-complex v0.4.6
[INFO] [stderr]    Compiling num-bigint v0.4.6
[INFO] [stderr]    Compiling num-iter v0.1.45
[INFO] [stderr]    Compiling synstructure v0.13.2
[INFO] [stderr]    Compiling zerovec-derive v0.11.3
[INFO] [stderr]    Compiling displaydoc v0.2.6
[INFO] [stderr]    Compiling serde_derive v1.0.228
[INFO] [stderr]    Compiling ref-cast-impl v1.0.25
[INFO] [stderr]    Compiling regex-automata v0.4.14
[INFO] [stderr]    Compiling thiserror-impl v2.0.18
[INFO] [stderr]    Compiling zerofrom-derive v0.1.7
[INFO] [stderr]    Compiling yoke-derive v0.8.2
[INFO] [stderr]    Compiling zerofrom v0.1.8
[INFO] [stderr]    Compiling yoke v0.8.3
[INFO] [stderr]    Compiling zerovec v0.11.6
[INFO] [stderr]    Compiling zerotrie v0.2.4
[INFO] [stderr]    Compiling thiserror v2.0.18
[INFO] [stderr]    Compiling num-rational v0.4.2
[INFO] [stderr]    Compiling tinystr v0.8.3
[INFO] [stderr]    Compiling potential_utf v0.1.5
[INFO] [stderr]    Compiling icu_locale_core v2.2.0
[INFO] [stderr]    Compiling icu_collections v2.2.0
[INFO] [stderr]    Compiling num v0.4.3
[INFO] [stderr]    Compiling fraction v0.15.4
[INFO] [stderr]    Compiling icu_provider v2.2.0
[INFO] [stderr]    Compiling icu_properties v2.2.0
[INFO] [stderr]    Compiling icu_normalizer v2.2.0
[INFO] [stderr]    Compiling idna_adapter v1.2.2
[INFO] [stderr]    Compiling idna v1.1.0
[INFO] [stderr]    Compiling fluent-uri v0.4.1
[INFO] [stderr]    Compiling email_address v0.2.9
[INFO] [stderr]    Compiling referencing v0.46.6
[INFO] [stderr]    Compiling fancy-regex v0.18.0
[INFO] [stderr]    Compiling regex v1.12.4
[INFO] [stderr]    Compiling jsonschema v0.46.6
[INFO] [stderr]     Finished `release` profile [optimized] target(s) in 1m 23s
[INFO] running `Command { std: "docker" "inspect" "fa046be7da824f0e7d9ab854e0c990f18560a9e759a777990ad14259258aee38", kill_on_drop: false }`
[INFO] running `Command { std: "docker" "exec" "-e" "SOURCE_DIR=/opt/rustwide/workdir" "-e" "CARGO_HOME=/opt/rustwide/cargo-home" "-e" "RUSTUP_HOME=/opt/rustwide/rustup-home" "-e" "CARGO_TARGET_DIR=/opt/rustwide/target" "-e" "CARGO_INCREMENTAL=0" "-e" "RUST_BACKTRACE=full" "-e" "RUSTFLAGS=--cap-lints=warn" "-e" "RUSTDOCFLAGS=--cap-lints=warn" "-w" "/opt/rustwide/workdir" "--user" "0:0" "fa046be7da824f0e7d9ab854e0c990f18560a9e759a777990ad14259258aee38" "/opt/rustwide/cargo-home/bin/cargo" "+1.100.0-beta.1" "test" "--frozen" "--no-run" "--message-format=json" "--release", kill_on_drop: false }`
[INFO] [stderr]    Compiling trellis-contracts v0.11.0-rc.11 (/opt/rustwide/workdir)
[INFO] [stderr]     Finished `release` profile [optimized] target(s) in 25.97s
[INFO] running `Command { std: "docker" "inspect" "fa046be7da824f0e7d9ab854e0c990f18560a9e759a777990ad14259258aee38", kill_on_drop: false }`
[INFO] running `Command { std: "docker" "exec" "-e" "SOURCE_DIR=/opt/rustwide/workdir" "-e" "CARGO_HOME=/opt/rustwide/cargo-home" "-e" "RUSTUP_HOME=/opt/rustwide/rustup-home" "-e" "CARGO_TARGET_DIR=/opt/rustwide/target" "-e" "CARGO_INCREMENTAL=0" "-e" "RUST_BACKTRACE=full" "-e" "RUSTFLAGS=--cap-lints=warn" "-e" "RUSTDOCFLAGS=--cap-lints=warn" "-w" "/opt/rustwide/workdir" "--user" "0:0" "fa046be7da824f0e7d9ab854e0c990f18560a9e759a777990ad14259258aee38" "/opt/rustwide/cargo-home/bin/cargo" "+1.100.0-beta.1" "test" "--frozen" "--release", kill_on_drop: false }`
[INFO] [stderr]    Compiling trellis-contracts v0.11.0-rc.11 (/opt/rustwide/workdir)
[INFO] [stderr]     Finished `release` profile [optimized] target(s) in 27.72s
[INFO] [stderr]      Running unittests src/lib.rs (/opt/rustwide/target/release/build/trellis-contracts/b207d7ebda33963d/out/trellis_contracts-b207d7ebda33963d)
[INFO] [stdout] 
[INFO] [stdout] running 48 tests
[INFO] [stdout] test tests::canonicalize_sorts_keys_and_matches_digest_vector ... ok
[INFO] [stdout] test tests::contract_digest_does_not_project_flat_uses ... ok
[INFO] [stdout] test tests::contract_kind_serializes_and_deserializes_device ... ok
[INFO] [stdout] test tests::manifest_ignores_flat_uses_for_forward_compatibility ... ok
[INFO] [stdout] test tests::grouped_required_uses_take_precedence_over_duplicate_optional_aliases ... ok
[INFO] [stdout] test tests::live_update_schemas_are_reachable_and_affect_digest ... ok
[INFO] [stdout] test tests::manifest_parses_explicit_rpc_receive_transfer ... ok
[INFO] [stdout] test tests::manifest_operation_errors_normalize_and_affect_digest ... ok
[INFO] [stdout] test tests::manifest_parses_grouped_required_and_optional_uses ... ok
[INFO] [stdout] test tests::manifest_parses_keyed_job_concurrency_policy ... ok
[INFO] [stdout] test tests::contract_digest_changes_when_feed_schemas_change ... ok
[INFO] [stdout] test tests::builder_use_ref_is_required_and_optional_use_ref_is_grouped_optional ... ok
[INFO] [stdout] test tests::contract_digest_ignores_duplicate_optional_aliases_when_required ... ok
[INFO] [stdout] test tests::contract_digest_includes_sorted_optional_uses_and_feed_subscriptions ... ok
[INFO] [stdout] test tests::manifest_operation_errors_without_schema_normalize ... ok
[INFO] [stdout] test tests::contract_digest_keeps_grouped_aliases_named_contract ... ok
[INFO] [stdout] test tests::contract_digest_projects_grouped_required_aliases_only ... ok
[INFO] [stdout] test tests::contract_digest_matches_shared_conformance_vector ... FAILED
[INFO] [stdout] test tests::canonicalize_matches_shared_conformance_vector ... FAILED
[INFO] [stdout] test tests::manifest_parses_parallel_event_consumer_ordering ... ok
[INFO] [stdout] test tests::manifest_parses_kv_resources_with_schema ... ok
[INFO] [stdout] test tests::embedded_schemas_match_shared_source_of_truth ... FAILED
[INFO] [stdout] test tests::manifest_paths_fail_loudly_on_malformed_manifest_json ... ok
[INFO] [stdout] test tests::manifest_parses_owned_and_used_operations ... ok
[INFO] [stdout] test tests::manifest_parses_event_consumers_with_defaults_and_projects_digest ... ok
[INFO] [stdout] test tests::manifest_paths_only_select_contract_manifest_candidates ... ok
[INFO] [stdout] test tests::manifest_validation_ignores_unknown_top_level_fields ... ok
[INFO] [stdout] test tests::manifest_parses_store_resources ... ok
[INFO] [stdout] test tests::manifest_parses_used_feed_subscriptions ... ok
[INFO] [stdout] test tests::manifest_validation_rejects_event_consumer_without_subscribed_use ... ok
[INFO] [stdout] test tests::manifest_validation_rejects_legacy_resource_jobs ... ok
[INFO] [stdout] test tests::manifest_validation_rejects_stream_resources ... ok
[INFO] [stdout] test tests::manifest_parses_top_level_jobs ... ok
[INFO] [stdout] test tests::manifest_parses_top_level_feeds ... ok
[INFO] [stdout] test tests::manifest_validation_rejects_unknown_feed_schema_refs ... ok
[INFO] [stdout] test tests::manifest_validation_rejects_invalid_keyed_job_pointer_syntax ... ok
[INFO] [stdout] test tests::manifest_validation_rejects_missing_kind ... ok
[INFO] [stdout] test tests::manifest_validation_rejects_raw_subjects ... ok
[INFO] [stdout] test tests::loaded_manifest_digest_uses_contract_identity_projection ... ok
[INFO] [stdout] test tests::manifest_validation_requires_display_metadata_fields ... ok
[INFO] [stdout] test tests::manifest_validation_rejects_unknown_operation_schema_refs ... ok
[INFO] [stdout] test tests::manifest_validation_rejects_unknown_kv_schema_refs ... ok
[INFO] [stdout] test tests::manifest_validates_templated_event_subject_fields ... ok
[INFO] [stdout] test tests::manifest_rejects_non_tokenable_event_subject_fields ... ok
[INFO] [stdout] test tests::contract_docs_normalize_but_do_not_affect_digest ... ok
[INFO] [stdout] test tests::packing_catalog_includes_manifest_metadata ... ok
[INFO] [stdout] test tests::pack_trellis_owned_contracts_matches_shared_fixture ... ok
[INFO] [stderr] error: test failed, to rerun pass `--lib`
[INFO] [stdout] test tests::public_contract_digest_helpers_match_loaded_manifest_and_include_capabilities ... ok
[INFO] [stdout] 
[INFO] [stdout] failures:
[INFO] [stdout] 
[INFO] [stdout] ---- tests::contract_digest_matches_shared_conformance_vector stdout ----
[INFO] [stdout] 
[INFO] [stdout] thread 'tests::contract_digest_matches_shared_conformance_vector' (1847) panicked at src/tests.rs:60:64:
[INFO] [stdout] called `Result::unwrap()` on an `Err` value: Os { code: 2, kind: NotFound, message: "No such file or directory" }
[INFO] [stdout] stack backtrace:
[INFO] [stdout]    0:     0x61a7eeb73d41 - <<std[617be2ca0a6fd877]::sys::backtrace::BacktraceLock>::print::DisplayBacktrace as core[a373ad73a504971]::fmt::Display>::fmt
[INFO] [stdout]    1:     0x61a7eeb8b91a - core[a373ad73a504971]::fmt::write
[INFO] [stdout]    2:     0x61a7eeb782dc - <alloc[2e1b2a31b91974c5]::vec::Vec<u8> as core[a373ad73a504971]::io::write::Write>::write_fmt
[INFO] [stdout]    3:     0x61a7eeb4e0c6 - std[617be2ca0a6fd877]::panicking::default_hook::{closure#0}
[INFO] [stdout]    4:     0x61a7eeb6b589 - std[617be2ca0a6fd877]::panicking::default_hook
[INFO] [stdout]    5:     0x61a7ee870c80 - test[aada8e7e76ba119b]::test_main_inner::{closure#0}
[INFO] [stdout]    6:     0x61a7eeb6b742 - std[617be2ca0a6fd877]::panicking::panic_with_hook
[INFO] [stdout]    7:     0x61a7eeb4e172 - std[617be2ca0a6fd877]::panicking::panic_handler::{closure#0}
[INFO] [stdout]    8:     0x61a7eeb46b09 - std[617be2ca0a6fd877]::sys::backtrace::__rust_end_short_backtrace::<std[617be2ca0a6fd877]::panicking::panic_handler::{closure#0}, !>
[INFO] [stdout]    9:     0x61a7eeb4ed7d - __rustc[ea4f61d10b84890b]::rust_begin_unwind
[INFO] [stdout]   10:     0x61a7eeb8c0fc - core[a373ad73a504971]::panicking::panic_fmt
[INFO] [stdout]   11:     0x61a7eeb8bed2 - core[a373ad73a504971]::result::unwrap_failed
[INFO] [stdout]   12:     0x61a7ee797945 - <trellis_contracts[baf3efd05c9c8ec1]::tests::contract_digest_matches_shared_conformance_vector::{closure#0} as core[a373ad73a504971]::ops::function::FnOnce<()>>::call_once
[INFO] [stdout]   13:     0x61a7ee8640cb - test[aada8e7e76ba119b]::__rust_begin_short_backtrace::<core[a373ad73a504971]::result::Result<(), alloc[2e1b2a31b91974c5]::string::String>, fn() -> core[a373ad73a504971]::result::Result<(), alloc[2e1b2a31b91974c5]::string::String>>
[INFO] [stdout]   14:     0x61a7ee8712a5 - test[aada8e7e76ba119b]::run_test::{closure#0}
[INFO] [stdout]   15:     0x61a7ee86ab94 - std[617be2ca0a6fd877]::sys::backtrace::__rust_begin_short_backtrace::<test[aada8e7e76ba119b]::run_test::{closure#1}, ()>
[INFO] [stdout]   16:     0x61a7ee874332 - <std[617be2ca0a6fd877]::thread::lifecycle::spawn_unchecked<test[aada8e7e76ba119b]::run_test::{closure#1}, ()>::{closure#1} as core[a373ad73a504971]::ops::function::FnOnce<()>>::call_once::{shim:vtable#0}
[INFO] [stdout]   17:     0x61a7eeb7305f - <std[617be2ca0a6fd877]::sys::thread::unix::Thread>::new::thread_start
[INFO] [stdout]   18:     0x7f3dc296fdfa - <unknown>
[INFO] [stdout]   19:     0x7f3dc2a033d4 - clone
[INFO] [stdout]   20:                0x0 - <unknown>
[INFO] [stdout] 
[INFO] [stdout] ---- tests::canonicalize_matches_shared_conformance_vector stdout ----
[INFO] [stdout] 
[INFO] [stdout] thread 'tests::canonicalize_matches_shared_conformance_vector' (1840) panicked at src/tests.rs:43:64:
[INFO] [stdout] called `Result::unwrap()` on an `Err` value: Os { code: 2, kind: NotFound, message: "No such file or directory" }
[INFO] [stdout] stack backtrace:
[INFO] [stdout]    0:     0x61a7eeb73d41 - <<std[617be2ca0a6fd877]::sys::backtrace::BacktraceLock>::print::DisplayBacktrace as core[a373ad73a504971]::fmt::Display>::fmt
[INFO] [stdout]    1:     0x61a7eeb8b91a - core[a373ad73a504971]::fmt::write
[INFO] [stdout]    2:     0x61a7eeb782dc - <alloc[2e1b2a31b91974c5]::vec::Vec<u8> as core[a373ad73a504971]::io::write::Write>::write_fmt
[INFO] [stdout]    3:     0x61a7eeb4e0c6 - std[617be2ca0a6fd877]::panicking::default_hook::{closure#0}
[INFO] [stdout]    4:     0x61a7eeb6b589 - std[617be2ca0a6fd877]::panicking::default_hook
[INFO] [stdout]    5:     0x61a7ee870c80 - test[aada8e7e76ba119b]::test_main_inner::{closure#0}
[INFO] [stdout]    6:     0x61a7eeb6b742 - std[617be2ca0a6fd877]::panicking::panic_with_hook
[INFO] [stdout]    7:     0x61a7eeb4e172 - std[617be2ca0a6fd877]::panicking::panic_handler::{closure#0}
[INFO] [stdout]    8:     0x61a7eeb46b09 - std[617be2ca0a6fd877]::sys::backtrace::__rust_end_short_backtrace::<std[617be2ca0a6fd877]::panicking::panic_handler::{closure#0}, !>
[INFO] [stdout]    9:     0x61a7eeb4ed7d - __rustc[ea4f61d10b84890b]::rust_begin_unwind
[INFO] [stdout]   10:     0x61a7eeb8c0fc - core[a373ad73a504971]::panicking::panic_fmt
[INFO] [stdout]   11:     0x61a7eeb8bed2 - core[a373ad73a504971]::result::unwrap_failed
[INFO] [stdout]   12:     0x61a7ee7946ac - <trellis_contracts[baf3efd05c9c8ec1]::tests::canonicalize_matches_shared_conformance_vector::{closure#0} as core[a373ad73a504971]::ops::function::FnOnce<()>>::call_once
[INFO] [stdout]   13:     0x61a7ee8640cb - test[aada8e7e76ba119b]::__rust_begin_short_backtrace::<core[a373ad73a504971]::result::Result<(), alloc[2e1b2a31b91974c5]::string::String>, fn() -> core[a373ad73a504971]::result::Result<(), alloc[2e1b2a31b91974c5]::string::String>>
[INFO] [stdout]   14:     0x61a7ee8712a5 - test[aada8e7e76ba119b]::run_test::{closure#0}
[INFO] [stdout]   15:     0x61a7ee86ab94 - std[617be2ca0a6fd877]::sys::backtrace::__rust_begin_short_backtrace::<test[aada8e7e76ba119b]::run_test::{closure#1}, ()>
[INFO] [stdout]   16:     0x61a7ee874332 - <std[617be2ca0a6fd877]::thread::lifecycle::spawn_unchecked<test[aada8e7e76ba119b]::run_test::{closure#1}, ()>::{closure#1} as core[a373ad73a504971]::ops::function::FnOnce<()>>::call_once::{shim:vtable#0}
[INFO] [stdout]   17:     0x61a7eeb7305f - <std[617be2ca0a6fd877]::sys::thread::unix::Thread>::new::thread_start
[INFO] [stdout]   18:     0x7f3dc296fdfa - <unknown>
[INFO] [stdout]   19:     0x7f3dc2a033d4 - clone
[INFO] [stdout]   20:                0x0 - <unknown>
[INFO] [stdout] 
[INFO] [stdout] ---- tests::embedded_schemas_match_shared_source_of_truth stdout ----
[INFO] [stdout] 
[INFO] [stdout] thread 'tests::embedded_schemas_match_shared_source_of_truth' (1851) panicked at src/tests.rs:321:10:
[INFO] [stdout] called `Result::unwrap()` on an `Err` value: Os { code: 2, kind: NotFound, message: "No such file or directory" }
[INFO] [stdout] stack backtrace:
[INFO] [stdout]    0:     0x61a7eeb73d41 - <<std[617be2ca0a6fd877]::sys::backtrace::BacktraceLock>::print::DisplayBacktrace as core[a373ad73a504971]::fmt::Display>::fmt
[INFO] [stdout]    1:     0x61a7eeb8b91a - core[a373ad73a504971]::fmt::write
[INFO] [stdout]    2:     0x61a7eeb782dc - <alloc[2e1b2a31b91974c5]::vec::Vec<u8> as core[a373ad73a504971]::io::write::Write>::write_fmt
[INFO] [stdout]    3:     0x61a7eeb4e0c6 - std[617be2ca0a6fd877]::panicking::default_hook::{closure#0}
[INFO] [stdout]    4:     0x61a7eeb6b589 - std[617be2ca0a6fd877]::panicking::default_hook
[INFO] [stdout]    5:     0x61a7ee870c80 - test[aada8e7e76ba119b]::test_main_inner::{closure#0}
[INFO] [stdout]    6:     0x61a7eeb6b742 - std[617be2ca0a6fd877]::panicking::panic_with_hook
[INFO] [stdout]    7:     0x61a7eeb4e172 - std[617be2ca0a6fd877]::panicking::panic_handler::{closure#0}
[INFO] [stdout]    8:     0x61a7eeb46b09 - std[617be2ca0a6fd877]::sys::backtrace::__rust_end_short_backtrace::<std[617be2ca0a6fd877]::panicking::panic_handler::{closure#0}, !>
[INFO] [stdout]    9:     0x61a7eeb4ed7d - __rustc[ea4f61d10b84890b]::rust_begin_unwind
[INFO] [stdout]   10:     0x61a7eeb8c0fc - core[a373ad73a504971]::panicking::panic_fmt
[INFO] [stdout]   11:     0x61a7eeb8bed2 - core[a373ad73a504971]::result::unwrap_failed
[INFO] [stdout]   12:     0x61a7ee7927a0 - <trellis_contracts[baf3efd05c9c8ec1]::tests::embedded_schemas_match_shared_source_of_truth::{closure#0} as core[a373ad73a504971]::ops::function::FnOnce<()>>::call_once
[INFO] [stdout]   13:     0x61a7ee8640cb - test[aada8e7e76ba119b]::__rust_begin_short_backtrace::<core[a373ad73a504971]::result::Result<(), alloc[2e1b2a31b91974c5]::string::String>, fn() -> core[a373ad73a504971]::result::Result<(), alloc[2e1b2a31b91974c5]::string::String>>
[INFO] [stdout]   14:     0x61a7ee8712a5 - test[aada8e7e76ba119b]::run_test::{closure#0}
[INFO] [stdout]   15:     0x61a7ee86ab94 - std[617be2ca0a6fd877]::sys::backtrace::__rust_begin_short_backtrace::<test[aada8e7e76ba119b]::run_test::{closure#1}, ()>
[INFO] [stdout]   16:     0x61a7ee874332 - <std[617be2ca0a6fd877]::thread::lifecycle::spawn_unchecked<test[aada8e7e76ba119b]::run_test::{closure#1}, ()>::{closure#1} as core[a373ad73a504971]::ops::function::FnOnce<()>>::call_once::{shim:vtable#0}
[INFO] [stdout]   17:     0x61a7eeb7305f - <std[617be2ca0a6fd877]::sys::thread::unix::Thread>::new::thread_start
[INFO] [stdout]   18:     0x7f3dc296fdfa - <unknown>
[INFO] [stdout]   19:     0x7f3dc2a033d4 - clone
[INFO] [stdout]   20:                0x0 - <unknown>
[INFO] [stdout] 
[INFO] [stdout] 
[INFO] [stdout] failures:
[INFO] [stdout]     tests::canonicalize_matches_shared_conformance_vector
[INFO] [stdout]     tests::contract_digest_matches_shared_conformance_vector
[INFO] [stdout]     tests::embedded_schemas_match_shared_source_of_truth
[INFO] [stdout] 
[INFO] [stdout] test result: FAILED. 45 passed; 3 failed; 0 ignored; 0 measured; 0 filtered out; finished in 0.13s
[INFO] [stdout] 
[INFO] running `Command { std: "docker" "inspect" "fa046be7da824f0e7d9ab854e0c990f18560a9e759a777990ad14259258aee38", kill_on_drop: false }`
[INFO] running `Command { std: "docker" "rm" "-f" "fa046be7da824f0e7d9ab854e0c990f18560a9e759a777990ad14259258aee38", kill_on_drop: false }`
[INFO] [stdout] fa046be7da824f0e7d9ab854e0c990f18560a9e759a777990ad14259258aee38
