[INFO] fetching crate treeclip 1.6.0...
[INFO] testing treeclip-1.6.0 against 1.99.0-beta.8+cargoflags=--release for beta-release-1.100-2
[INFO] extracting crate treeclip 1.6.0 into /workspace/builds/worker-5-tc1/source
[INFO] started tweaking crates.io crate treeclip 1.6.0
[INFO] finished tweaking crates.io crate treeclip 1.6.0
[INFO] tweaked toml for crates.io crate treeclip 1.6.0 written to /workspace/builds/worker-5-tc1/source/Cargo.toml
[INFO] validating manifest of crates.io crate treeclip 1.6.0 on toolchain 1.99.0-beta.8
[INFO] running `Command { std: CARGO_HOME="/workspace/cargo-home" RUSTUP_HOME="/workspace/rustup-home" "/workspace/cargo-home/bin/cargo" "+1.99.0-beta.8" "metadata" "--manifest-path" "Cargo.toml" "--no-deps", kill_on_drop: false }`
[INFO] crate crates.io crate treeclip 1.6.0 already has a lockfile, it will not be regenerated
[INFO] running `Command { std: CARGO_HOME="/workspace/cargo-home" RUSTUP_HOME="/workspace/rustup-home" "/workspace/cargo-home/bin/cargo" "+1.99.0-beta.8" "fetch" "--manifest-path" "Cargo.toml", kill_on_drop: false }`
[INFO] [stderr]     Updating crates.io index
[INFO] [stderr]  Downloading crates ...
[INFO] [stderr]   Downloaded ignore v0.4.25
[INFO] [stderr]   Downloaded globset v0.4.18
[INFO] [stderr]   Downloaded tempfile v3.23.0
[INFO] [stderr]   Downloaded clap_lex v0.7.6
[INFO] [stderr]   Downloaded colorchoice v1.0.4
[INFO] [stderr]   Downloaded error-code v3.3.2
[INFO] [stderr]   Downloaded fax v0.2.6
[INFO] [stderr]   Downloaded gethostname v1.1.0
[INFO] [stderr]   Downloaded anstream v0.6.21
[INFO] [stderr]   Downloaded anstyle-parse v0.2.7
[INFO] [stderr]   Downloaded zune-core v0.4.12
[INFO] [stderr]   Downloaded fax_derive v0.2.0
[INFO] [stderr]   Downloaded clipboard-win v5.4.1
[INFO] [stderr]   Downloaded simd-adler32 v0.3.8
[INFO] [stderr]   Downloaded colored v3.0.0
[INFO] [stderr]   Downloaded arboard v3.6.1
[INFO] [stderr]   Downloaded dispatch2 v0.3.0
[INFO] [stderr]   Downloaded zune-jpeg v0.4.21
[INFO] [stderr]   Downloaded flate2 v1.1.5
[INFO] [stderr]   Downloaded png v0.18.0
[INFO] [stderr]   Downloaded moxcms v0.7.10
[INFO] [stderr]   Downloaded x11rb v0.13.2
[INFO] [stderr]   Downloaded objc2 v0.6.3
[INFO] [stderr]   Downloaded image v0.25.9
[INFO] [stderr]   Downloaded rustix v1.1.2
[INFO] [stderr]   Downloaded bstr v1.12.1
[INFO] [stderr]   Downloaded x11rb-protocol v0.13.2
[INFO] [stderr]   Downloaded pxfm v0.1.27
[INFO] [stderr]   Downloaded tiff v0.10.3
[INFO] [stderr]   Downloaded linux-raw-sys v0.11.0
[INFO] running `Command { std: "docker" "create" "-v" "/var/lib/crater-agent-workspace/builds/worker-5-tc1/source:/opt/rustwide/workdir:ro,Z" "-v" "/var/lib/crater-agent-workspace/builds/worker-5-tc1/target:/opt/rustwide/target:rw,Z" "-v" "/var/lib/crater-agent-workspace/cargo-home:/opt/rustwide/cargo-home:ro,Z" "-v" "/var/lib/crater-agent-workspace/rustup-home:/opt/rustwide/rustup-home:ro,Z" "-m" "1610612736" "--network" "none" "ghcr.io/rust-lang/crates-build-env/linux@sha256:77db811e55d90add9212f6832c23229e3de5f1c1f9905e8cb07319ea15df73ac" "sleep" "infinity", kill_on_drop: false }`
[INFO] [stdout] 3e787cb343436054f948569bd54f419977d2fa0120667ddc6f0e0917d4114a49
[INFO] running `Command { std: "docker" "start" "3e787cb343436054f948569bd54f419977d2fa0120667ddc6f0e0917d4114a49", kill_on_drop: false }`
[INFO] running `Command { std: "docker" "inspect" "3e787cb343436054f948569bd54f419977d2fa0120667ddc6f0e0917d4114a49", kill_on_drop: false }`
[INFO] running `Command { std: "docker" "exec" "-e" "SOURCE_DIR=/opt/rustwide/workdir" "-e" "CARGO_HOME=/opt/rustwide/cargo-home" "-e" "RUSTUP_HOME=/opt/rustwide/rustup-home" "-e" "CARGO_TARGET_DIR=/opt/rustwide/target" "-w" "/opt/rustwide/workdir" "--user" "0:0" "3e787cb343436054f948569bd54f419977d2fa0120667ddc6f0e0917d4114a49" "/opt/rustwide/cargo-home/bin/cargo" "+1.99.0-beta.8" "metadata" "--no-deps" "--format-version=1", kill_on_drop: false }`
[INFO] running `Command { std: "docker" "inspect" "3e787cb343436054f948569bd54f419977d2fa0120667ddc6f0e0917d4114a49", kill_on_drop: false }`
[INFO] running `Command { std: "docker" "exec" "-e" "SOURCE_DIR=/opt/rustwide/workdir" "-e" "CARGO_HOME=/opt/rustwide/cargo-home" "-e" "RUSTUP_HOME=/opt/rustwide/rustup-home" "-e" "CARGO_TARGET_DIR=/opt/rustwide/target" "-e" "CARGO_INCREMENTAL=0" "-e" "RUST_BACKTRACE=full" "-e" "RUSTFLAGS=--cap-lints=warn" "-e" "RUSTDOCFLAGS=--cap-lints=warn" "-w" "/opt/rustwide/workdir" "--user" "0:0" "3e787cb343436054f948569bd54f419977d2fa0120667ddc6f0e0917d4114a49" "/opt/rustwide/cargo-home/bin/cargo" "+1.99.0-beta.8" "build" "--frozen" "--message-format=json" "--release", kill_on_drop: false }`
[INFO] [stderr]    Compiling cfg-if v1.0.4
[INFO] [stderr]    Compiling libc v0.2.178
[INFO] [stderr]    Compiling proc-macro2 v1.0.103
[INFO] [stderr]    Compiling quote v1.0.42
[INFO] [stderr]    Compiling unicode-ident v1.0.22
[INFO] [stderr]    Compiling crossbeam-utils v0.8.21
[INFO] [stderr]    Compiling bitflags v2.10.0
[INFO] [stderr]    Compiling autocfg v1.5.0
[INFO] [stderr]    Compiling rustix v1.1.2
[INFO] [stderr]    Compiling crc32fast v1.5.0
[INFO] [stderr]    Compiling getrandom v0.3.4
[INFO] [stderr]    Compiling simd-adler32 v0.3.8
[INFO] [stderr]    Compiling memchr v2.7.6
[INFO] [stderr]    Compiling linux-raw-sys v0.11.0
[INFO] [stderr]    Compiling adler2 v2.0.1
[INFO] [stderr]    Compiling zerocopy v0.8.31
[INFO] [stderr]    Compiling utf8parse v0.2.2
[INFO] [stderr]    Compiling parking_lot_core v0.9.12
[INFO] [stderr]    Compiling anstyle-parse v0.2.7
[INFO] [stderr]    Compiling is_terminal_polyfill v1.70.2
[INFO] [stderr]    Compiling smallvec v1.15.1
[INFO] [stderr]    Compiling scopeguard v1.2.0
[INFO] [stderr]    Compiling miniz_oxide v0.8.9
[INFO] [stderr]    Compiling fdeflate v0.3.7
[INFO] [stderr]    Compiling rayon-core v1.13.0
[INFO] [stderr]    Compiling colorchoice v1.0.4
[INFO] [stderr]    Compiling anstyle-query v1.1.5
[INFO] [stderr]    Compiling anstyle v1.0.13
[INFO] [stderr]    Compiling log v0.4.29
[INFO] [stderr]    Compiling regex-syntax v0.8.8
[INFO] [stderr]    Compiling lock_api v0.4.14
[INFO] [stderr]    Compiling x11rb-protocol v0.13.2
[INFO] [stderr]    Compiling bytemuck v1.24.0
[INFO] [stderr]    Compiling heck v0.5.0
[INFO] [stderr]    Compiling num-traits v0.2.19
[INFO] [stderr]    Compiling anstream v0.6.21
[INFO] [stderr]    Compiling thiserror v2.0.17
[INFO] [stderr]    Compiling aho-corasick v1.1.4
[INFO] [stderr]    Compiling bstr v1.12.1
[INFO] [stderr]    Compiling flate2 v1.1.5
[INFO] [stderr]    Compiling syn v2.0.111
[INFO] [stderr]    Compiling crossbeam-epoch v0.9.18
[INFO] [stderr]    Compiling byteorder-lite v0.1.0
[INFO] [stderr]    Compiling anyhow v1.0.100
[INFO] [stderr]    Compiling unicase v2.8.1
[INFO] [stderr]    Compiling strsim v0.11.1
[INFO] [stderr]    Compiling crossbeam-deque v0.8.6
[INFO] [stderr]    Compiling clap_lex v0.7.6
[INFO] [stderr]    Compiling unicode-width v0.2.2
[INFO] [stderr]    Compiling same-file v1.0.6
[INFO] [stderr]    Compiling walkdir v2.5.0
[INFO] [stderr]    Compiling either v1.15.0
[INFO] [stderr]    Compiling clap_builder v4.5.53
[INFO] [stderr]    Compiling once_cell v1.21.3
[INFO] [stderr]    Compiling pxfm v0.1.27
[INFO] [stderr]    Compiling percent-encoding v2.3.2
[INFO] [stderr]    Compiling png v0.18.0
[INFO] [stderr]    Compiling fastrand v2.3.0
[INFO] [stderr]    Compiling colored v3.0.0
[INFO] [stderr]    Compiling rand_core v0.9.3
[INFO] [stderr]    Compiling parking_lot v0.12.5
[INFO] [stderr]    Compiling rayon v1.11.0
[INFO] [stderr]    Compiling ppv-lite86 v0.2.21
[INFO] [stderr]    Compiling rand_chacha v0.9.0
[INFO] [stderr]    Compiling regex-automata v0.4.13
[INFO] [stderr]    Compiling rand v0.9.2
[INFO] [stderr]    Compiling thiserror-impl v2.0.17
[INFO] [stderr]    Compiling clap_derive v4.5.49
[INFO] [stderr]    Compiling moxcms v0.7.10
[INFO] [stderr]    Compiling clap v4.5.53
[INFO] [stderr]    Compiling gethostname v1.1.0
[INFO] [stderr]    Compiling tempfile v3.23.0
[INFO] [stderr]    Compiling globset v0.4.18
[INFO] [stderr]    Compiling x11rb v0.13.2
[INFO] [stderr]    Compiling ignore v0.4.25
[INFO] [stderr]    Compiling image v0.25.9
[INFO] [stderr]    Compiling arboard v3.6.1
[INFO] [stderr]    Compiling treeclip v1.6.0 (/opt/rustwide/workdir)
[INFO] [stdout] warning: static `BANNERS` is never used
[INFO] [stdout]   --> src/core/ui/banner.rs:11:12
[INFO] [stdout]    |
[INFO] [stdout] 11 | pub static BANNERS: LazyLock<Vec<String>> = LazyLock::new(|| {
[INFO] [stdout]    |            ^^^^^^^
[INFO] [stdout]    |
[INFO] [stdout]    = note: `#[warn(dead_code)]` (part of `#[warn(unused)]`) on by default
[INFO] [stdout] 
[INFO] [stdout] 
[INFO] [stdout] warning: function `print_welcome` is never used
[INFO] [stdout]   --> src/core/ui/banner.rs:77:8
[INFO] [stdout]    |
[INFO] [stdout] 77 | pub fn print_welcome() {
[INFO] [stdout]    |        ^^^^^^^^^^^^^
[INFO] [stdout] 
[INFO] [stdout] 
[INFO] [stdout] warning: variant `Message` is never constructed
[INFO] [stdout]   --> src/core/ui/table.rs:49:5
[INFO] [stdout]    |
[INFO] [stdout] 47 | enum RowKind {
[INFO] [stdout]    |      ------- variant in this enum
[INFO] [stdout] 48 |     Stat { label: String, value: String },
[INFO] [stdout] 49 |     Message(String),
[INFO] [stdout]    |     ^^^^^^^
[INFO] [stdout] 
[INFO] [stdout] 
[INFO] [stdout] warning: variants `Rounded` and `Double` are never constructed
[INFO] [stdout]   --> src/core/ui/table.rs:58:5
[INFO] [stdout]    |
[INFO] [stdout] 54 | pub enum BorderStyle {
[INFO] [stdout]    |          ----------- variants in this enum
[INFO] [stdout] ...
[INFO] [stdout] 58 |     Rounded,
[INFO] [stdout]    |     ^^^^^^^
[INFO] [stdout] 59 |     /// Double lines: ╔ ╗ ╚ ╝ ═ ║
[INFO] [stdout] 60 |     Double,
[INFO] [stdout]    |     ^^^^^^
[INFO] [stdout]    |
[INFO] [stdout]    = note: `BorderStyle` has a derived impl for the trait `Clone`, but this is intentionally ignored during dead code analysis
[INFO] [stdout] 
[INFO] [stdout] 
[INFO] [stdout] warning: methods `message_line`, `border_style`, `padding`, and `align` are never used
[INFO] [stdout]    --> src/core/ui/table.rs:119:12
[INFO] [stdout]     |
[INFO] [stdout]  99 | impl FormattedBox {
[INFO] [stdout]     | ----------------- methods in this implementation
[INFO] [stdout] ...
[INFO] [stdout] 119 |     pub fn message_line<S: Into<String>>(mut self, line: S) -> Self {
[INFO] [stdout]     |            ^^^^^^^^^^^^
[INFO] [stdout] ...
[INFO] [stdout] 132 |     pub fn border_style(mut self, style: BorderStyle) -> Self {
[INFO] [stdout]     |            ^^^^^^^^^^^^
[INFO] [stdout] ...
[INFO] [stdout] 138 |     pub fn padding(mut self, pad: usize) -> Self {
[INFO] [stdout]     |            ^^^^^^^
[INFO] [stdout] ...
[INFO] [stdout] 144 |     pub fn align(mut self, align: Align) -> Self {
[INFO] [stdout]     |            ^^^^^
[INFO] [stdout] 
[INFO] [stdout] 
[INFO] [stderr]     Finished `release` profile [optimized] target(s) in 1m 18s
[INFO] running `Command { std: "docker" "inspect" "3e787cb343436054f948569bd54f419977d2fa0120667ddc6f0e0917d4114a49", kill_on_drop: false }`
[INFO] running `Command { std: "docker" "exec" "-e" "SOURCE_DIR=/opt/rustwide/workdir" "-e" "CARGO_HOME=/opt/rustwide/cargo-home" "-e" "RUSTUP_HOME=/opt/rustwide/rustup-home" "-e" "CARGO_TARGET_DIR=/opt/rustwide/target" "-e" "CARGO_INCREMENTAL=0" "-e" "RUST_BACKTRACE=full" "-e" "RUSTFLAGS=--cap-lints=warn" "-e" "RUSTDOCFLAGS=--cap-lints=warn" "-w" "/opt/rustwide/workdir" "--user" "0:0" "3e787cb343436054f948569bd54f419977d2fa0120667ddc6f0e0917d4114a49" "/opt/rustwide/cargo-home/bin/cargo" "+1.99.0-beta.8" "test" "--frozen" "--no-run" "--message-format=json" "--release", kill_on_drop: false }`
[INFO] [stderr]    Compiling treeclip v1.6.0 (/opt/rustwide/workdir)
[INFO] [stdout] warning: function `print_welcome` is never used
[INFO] [stdout]   --> src/core/ui/banner.rs:77:8
[INFO] [stdout]    |
[INFO] [stdout] 77 | pub fn print_welcome() {
[INFO] [stdout]    |        ^^^^^^^^^^^^^
[INFO] [stdout]    |
[INFO] [stdout]    = note: `#[warn(dead_code)]` (part of `#[warn(unused)]`) on by default
[INFO] [stdout] 
[INFO] [stdout] 
[INFO] [stderr]     Finished `release` profile [optimized] target(s) in 37.97s
[INFO] running `Command { std: "docker" "inspect" "3e787cb343436054f948569bd54f419977d2fa0120667ddc6f0e0917d4114a49", kill_on_drop: false }`
[INFO] running `Command { std: "docker" "exec" "-e" "SOURCE_DIR=/opt/rustwide/workdir" "-e" "CARGO_HOME=/opt/rustwide/cargo-home" "-e" "RUSTUP_HOME=/opt/rustwide/rustup-home" "-e" "CARGO_TARGET_DIR=/opt/rustwide/target" "-e" "CARGO_INCREMENTAL=0" "-e" "RUST_BACKTRACE=full" "-e" "RUSTFLAGS=--cap-lints=warn" "-e" "RUSTDOCFLAGS=--cap-lints=warn" "-w" "/opt/rustwide/workdir" "--user" "0:0" "3e787cb343436054f948569bd54f419977d2fa0120667ddc6f0e0917d4114a49" "/opt/rustwide/cargo-home/bin/cargo" "+1.99.0-beta.8" "test" "--frozen" "--release", kill_on_drop: false }`
[INFO] [stderr] warning: function `print_welcome` is never used
[INFO] [stderr]   --> src/core/ui/banner.rs:77:8
[INFO] [stderr]    |
[INFO] [stderr] 77 | pub fn print_welcome() {
[INFO] [stderr]    |        ^^^^^^^^^^^^^
[INFO] [stderr]    |
[INFO] [stderr]    = note: `#[warn(dead_code)]` (part of `#[warn(unused)]`) on by default
[INFO] [stderr] 
[INFO] [stderr] warning: `treeclip` (bin "treeclip" test) generated 1 warning
[INFO] [stderr]     Finished `release` profile [optimized] target(s) in 0.10s
[INFO] [stderr]      Running unittests src/main.rs (/opt/rustwide/target/release/deps/treeclip-0e061642e0a6b7a0)
[INFO] [stdout] 
[INFO] [stdout] running 139 tests
[INFO] [stdout] test commands::args::args_tests::test_multiple_exclude_patterns ... ok
[INFO] [stdout] test commands::args::args_tests::test_clipboard_and_stats_combination ... ok
[INFO] [stdout] test commands::args::args_tests::test_delete_with_editor_works ... ok
[INFO] [stdout] test commands::args::args_tests::test_run_args_default_values ... FAILED
[INFO] [stdout] test commands::args::args_tests::test_multiple_input_paths ... ok
[INFO] [stdout] test cli::cli_tests::test_cli_parse_multiple_input_paths ... ok
[INFO] [stdout] test cli::cli_tests::test_cli_parse_run_with_flags ... ok
[INFO] [stdout] test commands::args::args_tests::test_validate_path_valid ... ok
[INFO] [stdout] test commands::args::args_tests::test_verbose_and_fast_mode_combination ... ok
[INFO] [stdout] test commands::args::init_args_tests::test_validate_with_file_instead_of_directory ... ok
[INFO] [stdout] test commands::args::args_tests::test_validate_path_empty ... ok
[INFO] [stdout] test commands::args::init_args_tests::test_validate_with_nonexistent_directory ... ok
[INFO] [stdout] test commands::args::args_tests::test_validate_path_whitespace ... ok
[INFO] [stdout] test commands::args::init_args_tests::test_validate_with_valid_directory ... ok
[INFO] [stdout] test commands::init::init_tests::test_init_avoids_duplicates ... ok
[INFO] [stdout] test commands::init::init_tests::test_init_creates_file ... ok
[INFO] [stdout] test cli::cli_tests::test_cli_parse_run_command ... ok
[INFO] [stdout] test cli::cli_tests::test_cli_parse_run_with_exclude ... ok
[INFO] [stdout] test cli::cli_tests::test_cli_parse_with_fast_mode ... ok
[INFO] [stdout] test cli::cli_tests::test_cli_parse_glob_input_path ... ok
[INFO] [stdout] test cli::cli_tests::test_cli_help_flag ... ok
[INFO] [stdout] test commands::args::args_tests::test_fast_mode_flag ... ok
[INFO] [stdout] test cli::cli_tests::test_cli_version_flag ... ok
[INFO] [stdout] test commands::args::args_tests::test_delete_requires_editor ... ok
[INFO] [stdout] test cli::cli_tests::test_cli_requires_subcommand ... ok
[INFO] [stdout] test core::clipboard::clipboard_tests::test_clipboard_with_nonexistent_file ... FAILED
[INFO] [stdout] test core::clipboard::clipboard_tests::test_clipboard_nonexistent_file_error ... FAILED
[INFO] [stdout] test commands::run::run_tests::test_normalize_paths_current_dir ... ok
[INFO] [stdout] test core::clipboard::clipboard_tests::test_set_clipboard_with_empty_file ... FAILED
[INFO] [stdout] test core::clipboard::clipboard_tests::test_set_clipboard_with_content ... FAILED
[INFO] [stdout] test commands::run::run_tests::test_normalize_paths_glob_with_no_matches_errors ... ok
[INFO] [stdout] test commands::init::init_tests::test_read_patterns_filters_comments_and_empty_lines ... ok
[INFO] [stdout] test commands::init::init_tests::test_init_imports_multiple_files ... ok
[INFO] [stdout] test core::clipboard::clipboard_tests::test_clipboard_creation ... FAILED
[INFO] [stdout] test commands::run::run_tests::test_show_stats_with_content ... ok
[INFO] [stdout] test commands::init::init_tests::test_init_imports_gitignore ... ok
[INFO] [stdout] test commands::init_handler::init_handler_tests::test_handle_with_invalid_directory ... ok
[INFO] [stdout] test core::editor::editor_tests::test_delete_file ... ok
[INFO] [stdout] test core::editor::editor_tests::test_delete_nonexistent_file ... ok
[INFO] [stdout] test commands::init_handler::init_handler_tests::test_handle_creates_file ... ok
[INFO] [stdout] test commands::run::run_tests::test_normalize_paths_expands_glob_input ... ok
[INFO] [stdout] test commands::init_handler::init_handler_tests::test_handle_force_overwrites ... ok
[INFO] [stdout] test core::errors::errors_tests::test_traversal_error_display ... ok
[INFO] [stdout] test core::editor::editor_tests::test_get_platform_open_command ... ok
[INFO] [stdout] test core::errors::errors_tests::test_filesystem_error_display ... ok
[INFO] [stdout] test core::errors::errors_tests::test_glob_no_matches_error_display ... ok
[INFO] [stdout] test core::exclude::exclude_tests::test_ignores_comments_and_empty_lines ... ok
[INFO] [stdout] test core::exclude::exclude_tests::test_exclude_matcher_creation ... ok
[INFO] [stdout] test core::editor::editor_tests::test_open_with_nonexistent_file ... ok
[INFO] [stdout] test core::errors::errors_tests::test_clipboard_error_display ... ok
[INFO] [stdout] test core::errors::errors_tests::test_error_chain ... ok
[INFO] [stdout] test core::exclude::exclude_tests::test_cli_patterns_override ... ok
[INFO] [stdout] test core::errors::errors_tests::test_editor_error_display ... ok
[INFO] [stdout] test core::errors::errors_tests::test_glob_build_failed_error_display ... ok
[INFO] [stdout] test core::exclude::exclude_tests::test_respects_gitignore ... ok
[INFO] [stdout] test core::exclude::exclude_tests::test_respects_treeclipignore ... ok
[INFO] [stdout] test core::glob::glob_tests::test_is_glob_pattern_detects_question_and_brackets ... ok
[INFO] [stdout] test core::editor::editor_tests::test_delete_with_permission_error ... ok
[INFO] [stdout] test core::editor::editor_tests::test_delete_provides_context ... ok
[INFO] [stdout] test core::errors::errors_tests::test_pattern_error_display ... ok
[INFO] [stdout] test core::glob::glob_tests::test_resolve_base_dir_with_nested_glob ... ok
[INFO] [stdout] test core::glob::glob_tests::test_expand_inputs_mixes_literal_and_glob ... ok
[INFO] [stdout] test core::traversal::filter::filter_tests::test_is_hidden_verbose_mode ... ok
[INFO] [stdout] test core::glob::glob_tests::test_is_glob_pattern_detects_star ... ok
[INFO] [stdout] test core::glob::glob_tests::test_expand_glob_matches_extension_pattern ... ok
[INFO] [stdout] test core::glob::glob_tests::test_is_glob_pattern_rejects_literal_paths ... ok
[INFO] [stdout] test core::traversal::filter::filter_tests::test_is_hidden_with_hidden_directory ... ok
[INFO] [stdout] test core::glob::glob_tests::test_expand_glob_no_matches_errors ... ok
[INFO] [stdout] test core::glob::glob_tests::test_resolve_base_dir_with_glob_at_root ... ok
[INFO] [stdout] test core::exclude::exclude_tests::test_wildcard_cli_patterns ... ok
[INFO] [stdout] test core::glob::glob_tests::test_expand_glob_recursive_doublestar ... ok
[INFO] [stdout] test core::glob::glob_tests::test_expand_glob_prefix_pattern ... ok
[INFO] [stdout] test core::traversal::filter::filter_tests::test_is_hidden_with_regular_file ... ok
[INFO] [stdout] test core::traversal::walker::walker_tests::test_no_files_found_error ... ok
[INFO] [stdout] test core::traversal::walker::walker_tests::test_process_dir_validates_path ... ok
[INFO] [stdout] test core::ui::animations::animations_tests::test_progress_counter_emoji_rotation ... ok
[INFO] [stdout] test core::traversal::walker::walker_tests::test_walker_creation ... ok
[INFO] [stdout] test core::tree::tests::test_build_tree_map_from_set ... ok
[INFO] [stdout] test core::ui::animations::animations_tests::test_progress_counter_at_interval ... ok
[INFO] [stdout] test core::traversal::walker::walker_tests::test_traverse_writes_correct_format ... ok
[INFO] [stdout] test core::ui::formatter::formatter_tests::test_format_bool_false ... ok
[INFO] [stdout] test core::ui::animations::animations_tests::test_spinner_creation_loading ... ok
[INFO] [stdout] test core::ui::animations::animations_tests::test_spinner_creation_tree ... ok
[INFO] [stdout] test core::traversal::walker::walker_tests::test_traverse_creates_output_file ... ok
[INFO] [stdout] test core::ui::banner::banner_tests::test_banners_not_empty ... ok
[INFO] [stdout] test core::ui::banner::banner_tests::test_get_random_kaomoji_returns_valid ... ok
[INFO] [stdout] test core::traversal::filter::filter_tests::test_is_hidden_with_hidden_file ... ok
[INFO] [stdout] test core::ui::banner::banner_tests::test_goodbye_messages_not_empty ... ok
[INFO] [stdout] test core::ui::formatter::formatter_tests::test_format_config_line ... ok
[INFO] [stdout] test core::ui::formatter::formatter_tests::test_format_list_item ... ok
[INFO] [stdout] test core::ui::animations::animations_tests::test_progress_counter_not_at_interval ... ok
[INFO] [stdout] test core::ui::animations::animations_tests::test_progress_counter_zero ... ok
[INFO] [stdout] test core::ui::banner::banner_tests::test_each_banner_contains_treeclip ... ok
[INFO] [stdout] test core::ui::banner::banner_tests::test_kaomojis_not_empty ... ok
[INFO] [stdout] test core::traversal::walker::walker_tests::test_traverse_walker_ignores_wildcard ... ok
[INFO] [stdout] test core::ui::formatter::formatter_tests::test_format_bool_true ... ok
[INFO] [stdout] test core::tree::tests::test_write_tree_from_paths_excludes_untracked ... ok
[INFO] [stdout] test core::ui::banner::banner_tests::test_get_random_kaomoji_multiple_calls ... ok
[INFO] [stdout] test core::ui::messages::messages_tests::test_init_messages_not_empty ... ok
[INFO] [stdout] test core::ui::formatter::formatter_tests::test_get_size_message_medium ... ok
[INFO] [stdout] test core::ui::messages::messages_tests::test_init_importing_from_format ... ok
[INFO] [stdout] test core::ui::formatter::formatter_tests::test_get_size_message_small ... ok
[INFO] [stdout] test core::ui::formatter::formatter_tests::test_format_path_valid ... ok
[INFO] [stdout] test core::ui::messages::messages_tests::test_ignore_file_messages ... ok
[INFO] [stdout] test core::ui::formatter::formatter_tests::test_format_section_header ... ok
[INFO] [stdout] test core::ui::formatter::formatter_tests::test_get_size_message_large ... ok
[INFO] [stdout] test core::ui::formatter::formatter_tests::test_stats_box_render ... ok
[INFO] [stdout] test core::ui::table::table_tests::test_formatted_box_creation ... ok
[INFO] [stdout] test core::ui::messages::messages_tests::test_startup_messages_not_empty ... ok
[INFO] [stdout] test core::ui::table::table_tests::test_formatted_box_with_rows ... ok
[INFO] [stdout] test core::ui::table::table_tests::test_align_configuration ... ok
[INFO] [stdout] test core::ui::table::table_tests::test_message_box_with_border_styles ... ok
[INFO] [stdout] test core::ui::table::table_tests::test_padding_configuration ... ok
[INFO] [stdout] test core::ui::messages::messages_tests::test_found_ignore_file_formatting ... ok
[INFO] [stdout] test core::ui::formatter::formatter_tests::test_format_path_invalid ... ok
[INFO] [stdout] test core::ui::messages::messages_tests::test_init_import_warning_format ... ok
[INFO] [stdout] test core::ui::table::table_tests::test_renders_message_box ... ok
[INFO] [stdout] test core::ui::table::table_tests::test_renders_properly_aligned_box ... ok
[INFO] [stdout] test core::ui::messages::messages_tests::test_init_success_contains_path ... ok
[INFO] [stdout] test core::ui::messages::messages_tests::test_progress_messages_not_empty ... ok
[INFO] [stdout] test core::ui::formatter::formatter_tests::test_get_size_message_tiny ... ok
[INFO] [stdout] test core::ui::formatter::formatter_tests::test_stats_box_creation ... ok
[INFO] [stdout] test core::ui::messages::messages_tests::test_action_messages_not_empty ... ok
[INFO] [stdout] test core::ui::table::table_tests::test_unicode_width_handling ... ok
[INFO] [stdout] test core::utils::utils_tests::test_format_bytes_small ... ok
[INFO] [stdout] test core::utils::utils_tests::test_format_bytes_kilobytes ... ok
[INFO] [stdout] test core::utils::utils_tests::test_format_bytes_terabytes ... ok
[INFO] [stdout] test core::utils::utils_tests::test_validate_path_provides_context ... ok
[INFO] [stdout] test core::utils::utils_tests::test_validate_path_exists_valid ... ok
[INFO] [stdout] test core::utils::utils_tests::test_format_bytes_decimal_precision ... ok
[INFO] [stdout] test core::utils::utils_tests::test_format_bytes_gigabytes ... ok
[INFO] [stdout] test core::utils::utils_tests::test_format_number_with_separators ... ok
[INFO] [stdout] test main_tests::test_cli_parsing_does_not_panic ... ok
[INFO] [stdout] test core::utils::utils_tests::test_format_bytes_zero ... ok
[INFO] [stdout] test core::utils::utils_tests::test_format_number_negative ... ok
[INFO] [stdout] test core::utils::utils_tests::test_validate_path_exists_invalid ... ok
[INFO] [stdout] test core::utils::utils_tests::test_format_number_small ... ok
[INFO] [stdout] test core::utils::utils_tests::test_format_bytes_megabytes ... ok
[INFO] [stdout] test core::clipboard::clipboard_tests::test_clipboard_size_limit ... FAILED
[INFO] [stdout] 
[INFO] [stdout] failures:
[INFO] [stdout] 
[INFO] [stdout] ---- commands::args::args_tests::test_run_args_default_values stdout ----
[INFO] [stdout] 
[INFO] [stdout] thread 'commands::args::args_tests::test_run_args_default_values' (1214) panicked at src/commands/args.rs:308:17:
[INFO] [stdout] assertion failed: !args.skip_hidden
[INFO] [stdout] stack backtrace:
[INFO] [stdout]    0:     0x5e4b3bd1e9c5 - <unknown>
[INFO] [stdout]    1:     0x5e4b3bc4e5fa - <unknown>
[INFO] [stdout]    2:     0x5e4b3bd1e05b - <unknown>
[INFO] [stdout]    3:     0x5e4b3bd1db3f - <unknown>
[INFO] [stdout]    4:     0x5e4b3bd1d76a - <unknown>
[INFO] [stdout]    5:     0x5e4b3bd1d2a2 - <unknown>
[INFO] [stdout]    6:     0x5e4b3bd44262 - <unknown>
[INFO] [stdout]    7:     0x5e4b3bd441e9 - <unknown>
[INFO] [stdout]    8:     0x5e4b3bd446fc - <unknown>
[INFO] [stdout]    9:     0x5e4b3bc4e48b - <unknown>
[INFO] [stdout]   10:     0x5e4b3bc50481 - <unknown>
[INFO] [stdout]   11:     0x5e4b3bbc58b9 - <unknown>
[INFO] [stdout]   12:     0x5e4b3bd64a5b - <unknown>
[INFO] [stdout]   13:     0x5e4b3bd606bc - <unknown>
[INFO] [stdout]   14:     0x5e4b3bd5fdec - <unknown>
[INFO] [stdout]   15:     0x5e4b3bd7a80c - <unknown>
[INFO] [stdout]   16:     0x5e4b3bd45bd2 - <unknown>
[INFO] [stdout]   17:     0x76737f9c7dfa - <unknown>
[INFO] [stdout]   18:     0x76737fa5b3d4 - clone
[INFO] [stdout]   19:                0x0 - <unknown>
[INFO] [stdout] 
[INFO] [stdout] ---- core::clipboard::clipboard_tests::test_clipboard_with_nonexistent_file stdout ----
[INFO] [stdout] 
[INFO] [stdout] thread 'core::clipboard::clipboard_tests::test_clipboard_with_nonexistent_file' (1237) panicked at src/core/clipboard/mod.rs:141:9:
[INFO] [stdout] assertion failed: result.is_ok()
[INFO] [stdout] stack backtrace:
[INFO] [stdout]    0:     0x5e4b3bd1e9c5 - <unknown>
[INFO] [stdout]    1:     0x5e4b3bc4e5fa - <unknown>
[INFO] [stdout]    2:     0x5e4b3bd1e05b - <unknown>
[INFO] [stdout]    3:     0x5e4b3bd1db3f - <unknown>
[INFO] [stdout]    4:     0x5e4b3bd1d76a - <unknown>
[INFO] [stdout]    5:     0x5e4b3bd1d2a2 - <unknown>
[INFO] [stdout]    6:     0x5e4b3bd44262 - <unknown>
[INFO] [stdout]    7:     0x5e4b3bd441e9 - <unknown>
[INFO] [stdout]    8:     0x5e4b3bd446fc - <unknown>
[INFO] [stdout]    9:     0x5e4b3bc4e48b - <unknown>
[INFO] [stdout]   10:     0x5e4b3bc50481 - <unknown>
[INFO] [stdout]   11:     0x5e4b3bbc2308 - <unknown>
[INFO] [stdout]   12:     0x5e4b3bd64a5b - <unknown>
[INFO] [stdout]   13:     0x5e4b3bd606bc - <unknown>
[INFO] [stdout]   14:     0x5e4b3bd5fdec - <unknown>
[INFO] [stdout]   15:     0x5e4b3bd7a80c - <unknown>
[INFO] [stdout]   16:     0x5e4b3bd45bd2 - <unknown>
[INFO] [stdout]   17:     0x76737f9c7dfa - <unknown>
[INFO] [stdout]   18:     0x76737fa5b3d4 - clone
[INFO] [stdout]   19:                0x0 - <unknown>
[INFO] [stdout] 
[INFO] [stdout] ---- core::clipboard::clipboard_tests::test_clipboard_nonexistent_file_error stdout ----
[INFO] [stdout] 
[INFO] [stdout] thread 'core::clipboard::clipboard_tests::test_clipboard_nonexistent_file_error' (1235) panicked at src/core/clipboard/mod.rs:208:56:
[INFO] [stdout] called `Result::unwrap()` on an `Err` value: InitializationFailed("Failed to access system clipboard: Unknown error while interacting with the clipboard: X11 server connection timed out because it was unreachable")
[INFO] [stdout] stack backtrace:
[INFO] [stdout]    0:     0x5e4b3bd1e9c5 - <unknown>
[INFO] [stdout]    1:     0x5e4b3bc4e5fa - <unknown>
[INFO] [stdout]    2:     0x5e4b3bd1e05b - <unknown>
[INFO] [stdout]    3:     0x5e4b3bd1db3f - <unknown>
[INFO] [stdout]    4:     0x5e4b3bd1d76a - <unknown>
[INFO] [stdout]    5:     0x5e4b3bd1d2a2 - <unknown>
[INFO] [stdout]    6:     0x5e4b3bd44231 - <unknown>
[INFO] [stdout]    7:     0x5e4b3bd441e9 - <unknown>
[INFO] [stdout]    8:     0x5e4b3bd446fc - <unknown>
[INFO] [stdout]    9:     0x5e4b3bc4e48b - <unknown>
[INFO] [stdout]   10:     0x5e4b3bc52ac1 - <unknown>
[INFO] [stdout]   11:     0x5e4b3bbc24aa - <unknown>
[INFO] [stdout]   12:     0x5e4b3bd64a5b - <unknown>
[INFO] [stdout]   13:     0x5e4b3bd606bc - <unknown>
[INFO] [stdout]   14:     0x5e4b3bd5fdec - <unknown>
[INFO] [stdout]   15:     0x5e4b3bd7a80c - <unknown>
[INFO] [stdout]   16:     0x5e4b3bd45bd2 - <unknown>
[INFO] [stdout]   17:     0x76737f9c7dfa - <unknown>
[INFO] [stdout]   18:     0x76737fa5b3d4 - clone
[INFO] [stdout]   19:                0x0 - <unknown>
[INFO] [stdout] 
[INFO] [stdout] ---- core::clipboard::clipboard_tests::test_set_clipboard_with_empty_file stdout ----
[INFO] [stdout] Error: Failed to initialize clipboard: Failed to access system clipboard: Unknown error while interacting with the clipboard: X11 server connection timed out because it was unreachable
[INFO] [stdout] 
[INFO] [stdout] Stack backtrace:
[INFO] [stdout]    0: <unknown>
[INFO] [stdout]    1: <unknown>
[INFO] [stdout]    2: <unknown>
[INFO] [stdout]    3: <unknown>
[INFO] [stdout]    4: <unknown>
[INFO] [stdout]    5: <unknown>
[INFO] [stdout]    6: <unknown>
[INFO] [stdout]    7: <unknown>
[INFO] [stdout]    8: clone
[INFO] [stdout] 
[INFO] [stdout] ---- core::clipboard::clipboard_tests::test_set_clipboard_with_content stdout ----
[INFO] [stdout] Error: Failed to initialize clipboard: Failed to access system clipboard: Unknown error while interacting with the clipboard: X11 server connection timed out because it was unreachable
[INFO] [stdout] 
[INFO] [stdout] Stack backtrace:
[INFO] [stdout]    0: <unknown>
[INFO] [stdout]    1: <unknown>
[INFO] [stdout]    2: <unknown>
[INFO] [stdout]    3: <unknown>
[INFO] [stdout]    4: <unknown>
[INFO] [stdout]    5: <unknown>
[INFO] [stdout]    6: <unknown>
[INFO] [stdout]    7: <unknown>
[INFO] [stdout]    8: clone
[INFO] [stdout] 
[INFO] [stdout] ---- core::clipboard::clipboard_tests::test_clipboard_creation stdout ----
[INFO] [stdout] 
[INFO] [stdout] thread 'core::clipboard::clipboard_tests::test_clipboard_creation' (1234) panicked at src/core/clipboard/mod.rs:132:9:
[INFO] [stdout] assertion failed: clipboard.is_ok()
[INFO] [stdout] stack backtrace:
[INFO] [stdout]    0:     0x5e4b3bd1e9c5 - <unknown>
[INFO] [stdout]    1:     0x5e4b3bc4e5fa - <unknown>
[INFO] [stdout]    2:     0x5e4b3bd1e05b - <unknown>
[INFO] [stdout]    3:     0x5e4b3bd1db3f - <unknown>
[INFO] [stdout]    4:     0x5e4b3bd1d76a - <unknown>
[INFO] [stdout]    5:     0x5e4b3bd1d2a2 - <unknown>
[INFO] [stdout]    6:     0x5e4b3bd44262 - <unknown>
[INFO] [stdout]    7:     0x5e4b3bd441e9 - <unknown>
[INFO] [stdout]    8:     0x5e4b3bd446fc - <unknown>
[INFO] [stdout]    9:     0x5e4b3bc4e48b - <unknown>
[INFO] [stdout]   10:     0x5e4b3bc50481 - <unknown>
[INFO] [stdout]   11:     0x5e4b3bbc136f - <unknown>
[INFO] [stdout]   12:     0x5e4b3bd64a5b - <unknown>
[INFO] [stdout]   13:     0x5e4b3bd606bc - <unknown>
[INFO] [stdout]   14:     0x5e4b3bd5fdec - <unknown>
[INFO] [stdout]   15:     0x5e4b3bd7a80c - <unknown>
[INFO] [stdout]   16:     0x5e4b3bd45bd2 - <unknown>
[INFO] [stdout]   17:     0x76737f9c7dfa - <unknown>
[INFO] [stdout]   18:     0x76737fa5b3d4 - clone
[INFO] [stdout]   19:                0x0 - <unknown>
[INFO] [stdout] 
[INFO] [stdout] ---- core::clipboard::clipboard_tests::test_clipboard_size_limit stdout ----
[INFO] [stdout] Error: Failed to initialize clipboard: Failed to access system clipboard: Unknown error while interacting with the clipboard: X11 server connection timed out because it was unreachable
[INFO] [stdout] 
[INFO] [stdout] Stack backtrace:
[INFO] [stdout]    0: <unknown>
[INFO] [stdout]    1: <unknown>
[INFO] [stdout]    2: <unknown>
[INFO] [stdout]    3: <unknown>
[INFO] [stdout]    4: <unknown>
[INFO] [stdout]    5: <unknown>
[INFO] [stdout]    6: <unknown>
[INFO] [stdout]    7: <unknown>
[INFO] [stdout]    8: clone
[INFO] [stdout] 
[INFO] [stdout] 
[INFO] [stdout] failures:
[INFO] [stdout]     commands::args::args_tests::test_run_args_default_values
[INFO] [stdout]     core::clipboard::clipboard_tests::test_clipboard_creation
[INFO] [stdout]     core::clipboard::clipboard_tests::test_clipboard_nonexistent_file_error
[INFO] [stdout]     core::clipboard::clipboard_tests::test_clipboard_size_limit
[INFO] [stdout]     core::clipboard::clipboard_tests::test_clipboard_with_nonexistent_file
[INFO] [stdout]     core::clipboard::clipboard_tests::test_set_clipboard_with_content
[INFO] [stdout]     core::clipboard::clipboard_tests::test_set_clipboard_with_empty_file
[INFO] [stdout] 
[INFO] [stdout] test result: FAILED. 132 passed; 7 failed; 0 ignored; 0 measured; 0 filtered out; finished in 0.52s
[INFO] [stdout] 
[INFO] [stderr] error: test failed, to rerun pass `--bin treeclip`
[INFO] running `Command { std: "docker" "inspect" "3e787cb343436054f948569bd54f419977d2fa0120667ddc6f0e0917d4114a49", kill_on_drop: false }`
[INFO] running `Command { std: "docker" "rm" "-f" "3e787cb343436054f948569bd54f419977d2fa0120667ddc6f0e0917d4114a49", kill_on_drop: false }`
[INFO] [stdout] 3e787cb343436054f948569bd54f419977d2fa0120667ddc6f0e0917d4114a49
