[INFO] fetching crate tree-house-bindings 0.3.2...
[INFO] testing tree-house-bindings-0.3.2 against 1.99.0-beta.8+cargoflags=--release for beta-release-1.100-2
[INFO] extracting crate tree-house-bindings 0.3.2 into /workspace/builds/worker-4-tc1/source
[INFO] started tweaking crates.io crate tree-house-bindings 0.3.2
[INFO] finished tweaking crates.io crate tree-house-bindings 0.3.2
[INFO] tweaked toml for crates.io crate tree-house-bindings 0.3.2 written to /workspace/builds/worker-4-tc1/source/Cargo.toml
[INFO] validating manifest of crates.io crate tree-house-bindings 0.3.2 on toolchain 1.99.0-beta.8
[INFO] running `Command { std: CARGO_HOME="/workspace/cargo-home" RUSTUP_HOME="/workspace/rustup-home" "/workspace/cargo-home/bin/cargo" "+1.99.0-beta.8" "metadata" "--manifest-path" "Cargo.toml" "--no-deps", kill_on_drop: false }`
[INFO] crate crates.io crate tree-house-bindings 0.3.2 already has a lockfile, it will not be regenerated
[INFO] running `Command { std: CARGO_HOME="/workspace/cargo-home" RUSTUP_HOME="/workspace/rustup-home" "/workspace/cargo-home/bin/cargo" "+1.99.0-beta.8" "fetch" "--manifest-path" "Cargo.toml", kill_on_drop: false }`
[INFO] [stderr]     Updating crates.io index
[INFO] [stderr]  Downloading crates ...
[INFO] [stderr]   Downloaded cc v1.2.12
[INFO] [stderr]   Downloaded regex-cursor v0.1.5
[INFO] running `Command { std: "docker" "create" "-v" "/var/lib/crater-agent-workspace/builds/worker-4-tc1/source:/opt/rustwide/workdir:ro,Z" "-v" "/var/lib/crater-agent-workspace/builds/worker-4-tc1/target:/opt/rustwide/target:rw,Z" "-v" "/var/lib/crater-agent-workspace/cargo-home:/opt/rustwide/cargo-home:ro,Z" "-v" "/var/lib/crater-agent-workspace/rustup-home:/opt/rustwide/rustup-home:ro,Z" "-m" "1610612736" "--network" "none" "ghcr.io/rust-lang/crates-build-env/linux@sha256:77db811e55d90add9212f6832c23229e3de5f1c1f9905e8cb07319ea15df73ac" "sleep" "infinity", kill_on_drop: false }`
[INFO] [stdout] f477be0bfad38365a9b8f437f8cc1fc0501cbffc432b0f25d9f893f6f6b5a27d
[INFO] running `Command { std: "docker" "start" "f477be0bfad38365a9b8f437f8cc1fc0501cbffc432b0f25d9f893f6f6b5a27d", kill_on_drop: false }`
[INFO] running `Command { std: "docker" "inspect" "f477be0bfad38365a9b8f437f8cc1fc0501cbffc432b0f25d9f893f6f6b5a27d", kill_on_drop: false }`
[INFO] running `Command { std: "docker" "exec" "-e" "SOURCE_DIR=/opt/rustwide/workdir" "-e" "CARGO_HOME=/opt/rustwide/cargo-home" "-e" "RUSTUP_HOME=/opt/rustwide/rustup-home" "-e" "CARGO_TARGET_DIR=/opt/rustwide/target" "-w" "/opt/rustwide/workdir" "--user" "0:0" "f477be0bfad38365a9b8f437f8cc1fc0501cbffc432b0f25d9f893f6f6b5a27d" "/opt/rustwide/cargo-home/bin/cargo" "+1.99.0-beta.8" "metadata" "--no-deps" "--format-version=1", kill_on_drop: false }`
[INFO] running `Command { std: "docker" "inspect" "f477be0bfad38365a9b8f437f8cc1fc0501cbffc432b0f25d9f893f6f6b5a27d", kill_on_drop: false }`
[INFO] running `Command { std: "docker" "exec" "-e" "SOURCE_DIR=/opt/rustwide/workdir" "-e" "CARGO_HOME=/opt/rustwide/cargo-home" "-e" "RUSTUP_HOME=/opt/rustwide/rustup-home" "-e" "CARGO_TARGET_DIR=/opt/rustwide/target" "-e" "CARGO_INCREMENTAL=0" "-e" "RUST_BACKTRACE=full" "-e" "RUSTFLAGS=--cap-lints=warn" "-e" "RUSTDOCFLAGS=--cap-lints=warn" "-w" "/opt/rustwide/workdir" "--user" "0:0" "f477be0bfad38365a9b8f437f8cc1fc0501cbffc432b0f25d9f893f6f6b5a27d" "/opt/rustwide/cargo-home/bin/cargo" "+1.99.0-beta.8" "build" "--frozen" "--message-format=json" "--release", kill_on_drop: false }`
[INFO] [stderr]    Compiling proc-macro2 v1.0.93
[INFO] [stderr]    Compiling unicode-ident v1.0.16
[INFO] [stderr]    Compiling regex-syntax v0.8.5
[INFO] [stderr]    Compiling thiserror v2.0.11
[INFO] [stderr]    Compiling str_indices v0.4.4
[INFO] [stderr]    Compiling log v0.4.25
[INFO] [stderr]    Compiling cc v1.2.12
[INFO] [stderr]    Compiling aho-corasick v1.1.3
[INFO] [stderr]    Compiling libloading v0.8.6
[INFO] [stderr]    Compiling ropey v1.6.1
[INFO] [stderr]    Compiling quote v1.0.38
[INFO] [stderr]    Compiling syn v2.0.98
[INFO] [stderr]    Compiling tree-house-bindings v0.3.2 (/opt/rustwide/workdir)
[INFO] [stderr]    Compiling regex-automata v0.4.9
[INFO] [stderr]    Compiling thiserror-impl v2.0.11
[INFO] [stderr]    Compiling regex-cursor v0.1.5
[INFO] [stderr]     Finished `release` profile [optimized] target(s) in 29.04s
[INFO] running `Command { std: "docker" "inspect" "f477be0bfad38365a9b8f437f8cc1fc0501cbffc432b0f25d9f893f6f6b5a27d", kill_on_drop: false }`
[INFO] running `Command { std: "docker" "exec" "-e" "SOURCE_DIR=/opt/rustwide/workdir" "-e" "CARGO_HOME=/opt/rustwide/cargo-home" "-e" "RUSTUP_HOME=/opt/rustwide/rustup-home" "-e" "CARGO_TARGET_DIR=/opt/rustwide/target" "-e" "CARGO_INCREMENTAL=0" "-e" "RUST_BACKTRACE=full" "-e" "RUSTFLAGS=--cap-lints=warn" "-e" "RUSTDOCFLAGS=--cap-lints=warn" "-w" "/opt/rustwide/workdir" "--user" "0:0" "f477be0bfad38365a9b8f437f8cc1fc0501cbffc432b0f25d9f893f6f6b5a27d" "/opt/rustwide/cargo-home/bin/cargo" "+1.99.0-beta.8" "test" "--frozen" "--no-run" "--message-format=json" "--release", kill_on_drop: false }`
[INFO] [stderr]    Compiling tree-house-bindings v0.3.2 (/opt/rustwide/workdir)
[INFO] [stderr]     Finished `release` profile [optimized] target(s) in 2.54s
[INFO] running `Command { std: "docker" "inspect" "f477be0bfad38365a9b8f437f8cc1fc0501cbffc432b0f25d9f893f6f6b5a27d", kill_on_drop: false }`
[INFO] running `Command { std: "docker" "exec" "-e" "SOURCE_DIR=/opt/rustwide/workdir" "-e" "CARGO_HOME=/opt/rustwide/cargo-home" "-e" "RUSTUP_HOME=/opt/rustwide/rustup-home" "-e" "CARGO_TARGET_DIR=/opt/rustwide/target" "-e" "CARGO_INCREMENTAL=0" "-e" "RUST_BACKTRACE=full" "-e" "RUSTFLAGS=--cap-lints=warn" "-e" "RUSTDOCFLAGS=--cap-lints=warn" "-w" "/opt/rustwide/workdir" "--user" "0:0" "f477be0bfad38365a9b8f437f8cc1fc0501cbffc432b0f25d9f893f6f6b5a27d" "/opt/rustwide/cargo-home/bin/cargo" "+1.99.0-beta.8" "test" "--frozen" "--release", kill_on_drop: false }`
[INFO] [stderr]     Finished `release` profile [optimized] target(s) in 0.04s
[INFO] [stderr]      Running unittests src/lib.rs (/opt/rustwide/target/release/deps/tree_house_bindings-f71f9aa0e634c0b5)
[INFO] [stdout] 
[INFO] [stdout] running 1 test
[INFO] [stdout] test query_cursor::tests::next_match_with_all_captures_disabled ... FAILED
[INFO] [stdout] 
[INFO] [stdout] failures:
[INFO] [stdout] 
[INFO] [stdout] ---- query_cursor::tests::next_match_with_all_captures_disabled stdout ----
[INFO] [stdout] 
[INFO] [stdout] thread 'query_cursor::tests::next_match_with_all_captures_disabled' (615) panicked at src/query_cursor.rs:385:48:
[INFO] [stdout] python grammar: DlOpen { err: DlOpen { desc: "/opt/rustwide/workdir/../test-grammars/python/python.so: cannot open shared object file: No such file or directory" }, path: "/opt/rustwide/workdir/../test-grammars/python/python.so" }
[INFO] [stdout] stack backtrace:
[INFO] [stdout]    0:     0x60be2b98dee1 - <<std[70759c8f55707aa4]::sys::backtrace::BacktraceLock>::print::DisplayBacktrace as core[df12db4294e9bfd3]::fmt::Display>::fmt
[INFO] [stdout]    1:     0x60be2b9a351a - core[df12db4294e9bfd3]::fmt::write
[INFO] [stdout]    2:     0x60be2b99237c - <alloc[2182bb758b4b3781]::vec::Vec<u8> as core[df12db4294e9bfd3]::io::write::Write>::write_fmt
[INFO] [stdout]    3:     0x60be2b96a2c6 - std[70759c8f55707aa4]::panicking::default_hook::{closure#0}
[INFO] [stdout]    4:     0x60be2b986649 - std[70759c8f55707aa4]::panicking::default_hook
[INFO] [stdout]    5:     0x60be2b875c70 - test[9d35eded1c95d3be]::test_main_inner::<test[9d35eded1c95d3be]::test_main_static::{closure#0}>::{closure#0}
[INFO] [stdout]    6:     0x60be2b986802 - std[70759c8f55707aa4]::panicking::panic_with_hook
[INFO] [stdout]    7:     0x60be2b96a372 - std[70759c8f55707aa4]::panicking::panic_handler::{closure#0}
[INFO] [stdout]    8:     0x60be2b9630f9 - std[70759c8f55707aa4]::sys::backtrace::__rust_end_short_backtrace::<std[70759c8f55707aa4]::panicking::panic_handler::{closure#0}, !>
[INFO] [stdout]    9:     0x60be2b96af6d - __rustc[8fa7c3cbc660c2b3]::rust_begin_unwind
[INFO] [stdout]   10:     0x60be2b9a3cfc - core[df12db4294e9bfd3]::panicking::panic_fmt
[INFO] [stdout]   11:     0x60be2b9a3ad2 - core[df12db4294e9bfd3]::result::unwrap_failed
[INFO] [stdout]   12:     0x60be2b8433d7 - tree_house_bindings[1ed52b27a27af01a]::query_cursor::tests::next_match_with_all_captures_disabled
[INFO] [stdout]   13:     0x60be2b844a29 - <tree_house_bindings[1ed52b27a27af01a]::query_cursor::tests::next_match_with_all_captures_disabled::{closure#0} as core[df12db4294e9bfd3]::ops::function::FnOnce<()>>::call_once
[INFO] [stdout]   14:     0x60be2b868f5b - test[9d35eded1c95d3be]::__rust_begin_short_backtrace::<core[df12db4294e9bfd3]::result::Result<(), alloc[2182bb758b4b3781]::string::String>, fn() -> core[df12db4294e9bfd3]::result::Result<(), alloc[2182bb758b4b3781]::string::String>>
[INFO] [stdout]   15:     0x60be2b8765c5 - test[9d35eded1c95d3be]::run_test::{closure#0}
[INFO] [stdout]   16:     0x60be2b86fe84 - std[70759c8f55707aa4]::sys::backtrace::__rust_begin_short_backtrace::<test[9d35eded1c95d3be]::run_test::{closure#1}, ()>
[INFO] [stdout]   17:     0x60be2b879722 - <std[70759c8f55707aa4]::thread::lifecycle::spawn_unchecked<test[9d35eded1c95d3be]::run_test::{closure#1}, ()>::{closure#1} as core[df12db4294e9bfd3]::ops::function::FnOnce<()>>::call_once::{shim:vtable#0}
[INFO] [stdout]   18:     0x60be2b98d7b9 - <std[70759c8f55707aa4]::sys::thread::unix::Thread>::new::thread_start
[INFO] [stdout]   19:     0x7903582abdfa - <unknown>
[INFO] [stdout]   20:     0x79035833f3d4 - clone
[INFO] [stdout]   21:                0x0 - <unknown>
[INFO] [stdout] 
[INFO] [stdout] 
[INFO] [stdout] failures:
[INFO] [stdout]     query_cursor::tests::next_match_with_all_captures_disabled
[INFO] [stdout] 
[INFO] [stdout] test result: FAILED. 0 passed; 1 failed; 0 ignored; 0 measured; 0 filtered out; finished in 0.00s
[INFO] [stdout] 
[INFO] [stderr] error: test failed, to rerun pass `--lib`
[INFO] running `Command { std: "docker" "inspect" "f477be0bfad38365a9b8f437f8cc1fc0501cbffc432b0f25d9f893f6f6b5a27d", kill_on_drop: false }`
[INFO] running `Command { std: "docker" "rm" "-f" "f477be0bfad38365a9b8f437f8cc1fc0501cbffc432b0f25d9f893f6f6b5a27d", kill_on_drop: false }`
[INFO] [stdout] f477be0bfad38365a9b8f437f8cc1fc0501cbffc432b0f25d9f893f6f6b5a27d
