[INFO] fetching crate treats 0.0.0...
[INFO] testing treats-0.0.0 against 1.99.0-beta.8+cargoflags=--release for beta-release-1.100-2
[INFO] extracting crate treats 0.0.0 into /workspace/builds/worker-3-tc1/source
[INFO] removed /workspace/builds/worker-3-tc1/source/rust-toolchain.toml
[INFO] started tweaking crates.io crate treats 0.0.0
[INFO] finished tweaking crates.io crate treats 0.0.0
[INFO] tweaked toml for crates.io crate treats 0.0.0 written to /workspace/builds/worker-3-tc1/source/Cargo.toml
[INFO] validating manifest of crates.io crate treats 0.0.0 on toolchain 1.99.0-beta.8
[INFO] running `Command { std: CARGO_HOME="/workspace/cargo-home" RUSTUP_HOME="/workspace/rustup-home" "/workspace/cargo-home/bin/cargo" "+1.99.0-beta.8" "metadata" "--manifest-path" "Cargo.toml" "--no-deps", kill_on_drop: false }`
[INFO] crate crates.io crate treats 0.0.0 already has a lockfile, it will not be regenerated
[INFO] running `Command { std: CARGO_HOME="/workspace/cargo-home" RUSTUP_HOME="/workspace/rustup-home" "/workspace/cargo-home/bin/cargo" "+1.99.0-beta.8" "fetch" "--manifest-path" "Cargo.toml", kill_on_drop: false }`
[INFO] [stderr]     Blocking waiting for file lock on package cache
[INFO] [stderr]     Blocking waiting for file lock on package cache
[INFO] running `Command { std: "docker" "create" "-v" "/var/lib/crater-agent-workspace/builds/worker-3-tc1/source:/opt/rustwide/workdir:ro,Z" "-v" "/var/lib/crater-agent-workspace/builds/worker-3-tc1/target:/opt/rustwide/target:rw,Z" "-v" "/var/lib/crater-agent-workspace/cargo-home:/opt/rustwide/cargo-home:ro,Z" "-v" "/var/lib/crater-agent-workspace/rustup-home:/opt/rustwide/rustup-home:ro,Z" "-m" "1610612736" "--network" "none" "ghcr.io/rust-lang/crates-build-env/linux@sha256:77db811e55d90add9212f6832c23229e3de5f1c1f9905e8cb07319ea15df73ac" "sleep" "infinity", kill_on_drop: false }`
[INFO] [stdout] 6364af67f2b6f56df8f4af678aec0c0262736a4d467055ce854db9923fc7aa22
[INFO] running `Command { std: "docker" "start" "6364af67f2b6f56df8f4af678aec0c0262736a4d467055ce854db9923fc7aa22", kill_on_drop: false }`
[INFO] running `Command { std: "docker" "inspect" "6364af67f2b6f56df8f4af678aec0c0262736a4d467055ce854db9923fc7aa22", kill_on_drop: false }`
[INFO] running `Command { std: "docker" "exec" "-e" "SOURCE_DIR=/opt/rustwide/workdir" "-e" "CARGO_HOME=/opt/rustwide/cargo-home" "-e" "RUSTUP_HOME=/opt/rustwide/rustup-home" "-e" "CARGO_TARGET_DIR=/opt/rustwide/target" "-w" "/opt/rustwide/workdir" "--user" "0:0" "6364af67f2b6f56df8f4af678aec0c0262736a4d467055ce854db9923fc7aa22" "/opt/rustwide/cargo-home/bin/cargo" "+1.99.0-beta.8" "metadata" "--no-deps" "--format-version=1", kill_on_drop: false }`
[INFO] running `Command { std: "docker" "inspect" "6364af67f2b6f56df8f4af678aec0c0262736a4d467055ce854db9923fc7aa22", kill_on_drop: false }`
[INFO] running `Command { std: "docker" "exec" "-e" "SOURCE_DIR=/opt/rustwide/workdir" "-e" "CARGO_HOME=/opt/rustwide/cargo-home" "-e" "RUSTUP_HOME=/opt/rustwide/rustup-home" "-e" "CARGO_TARGET_DIR=/opt/rustwide/target" "-e" "CARGO_INCREMENTAL=0" "-e" "RUST_BACKTRACE=full" "-e" "RUSTFLAGS=--cap-lints=warn" "-e" "RUSTDOCFLAGS=--cap-lints=warn" "-w" "/opt/rustwide/workdir" "--user" "0:0" "6364af67f2b6f56df8f4af678aec0c0262736a4d467055ce854db9923fc7aa22" "/opt/rustwide/cargo-home/bin/cargo" "+1.99.0-beta.8" "build" "--frozen" "--message-format=json" "--release", kill_on_drop: false }`
[INFO] [stderr]    Compiling treats v0.0.0 (/opt/rustwide/workdir)
[INFO] [stderr]     Finished `release` profile [optimized] target(s) in 0.09s
[INFO] running `Command { std: "docker" "inspect" "6364af67f2b6f56df8f4af678aec0c0262736a4d467055ce854db9923fc7aa22", kill_on_drop: false }`
[INFO] running `Command { std: "docker" "exec" "-e" "SOURCE_DIR=/opt/rustwide/workdir" "-e" "CARGO_HOME=/opt/rustwide/cargo-home" "-e" "RUSTUP_HOME=/opt/rustwide/rustup-home" "-e" "CARGO_TARGET_DIR=/opt/rustwide/target" "-e" "CARGO_INCREMENTAL=0" "-e" "RUST_BACKTRACE=full" "-e" "RUSTFLAGS=--cap-lints=warn" "-e" "RUSTDOCFLAGS=--cap-lints=warn" "-w" "/opt/rustwide/workdir" "--user" "0:0" "6364af67f2b6f56df8f4af678aec0c0262736a4d467055ce854db9923fc7aa22" "/opt/rustwide/cargo-home/bin/cargo" "+1.99.0-beta.8" "test" "--frozen" "--no-run" "--message-format=json" "--release", kill_on_drop: false }`
[INFO] [stderr]    Compiling anyhow v1.0.100
[INFO] [stderr]    Compiling diff v0.1.13
[INFO] [stderr]    Compiling yansi v1.0.1
[INFO] [stderr]    Compiling pretty_assertions v1.4.1
[INFO] [stderr]    Compiling treats v0.0.0 (/opt/rustwide/workdir)
[INFO] [stderr]     Finished `release` profile [optimized] target(s) in 1.69s
[INFO] running `Command { std: "docker" "inspect" "6364af67f2b6f56df8f4af678aec0c0262736a4d467055ce854db9923fc7aa22", kill_on_drop: false }`
[INFO] running `Command { std: "docker" "exec" "-e" "SOURCE_DIR=/opt/rustwide/workdir" "-e" "CARGO_HOME=/opt/rustwide/cargo-home" "-e" "RUSTUP_HOME=/opt/rustwide/rustup-home" "-e" "CARGO_TARGET_DIR=/opt/rustwide/target" "-e" "CARGO_INCREMENTAL=0" "-e" "RUST_BACKTRACE=full" "-e" "RUSTFLAGS=--cap-lints=warn" "-e" "RUSTDOCFLAGS=--cap-lints=warn" "-w" "/opt/rustwide/workdir" "--user" "0:0" "6364af67f2b6f56df8f4af678aec0c0262736a4d467055ce854db9923fc7aa22" "/opt/rustwide/cargo-home/bin/cargo" "+1.99.0-beta.8" "test" "--frozen" "--release", kill_on_drop: false }`
[INFO] [stderr]     Finished `release` profile [optimized] target(s) in 0.01s
[INFO] [stderr]      Running unittests src/lib.rs (/opt/rustwide/target/release/deps/treats-8542dac4890d884c)
[INFO] [stdout] 
[INFO] [stdout] running 11 tests
[INFO] [stdout] test permit::tests::anyhow_permit_all ... ok
[INFO] [stdout] test path::tests::path_to_string ... ok
[INFO] [stdout] test inspect_none::tests::option_inspect_none ... ok
[INFO] [stdout] test permit::tests::chain_and_succeed ... ok
[INFO] [stdout] test permit::tests::anyhow_succeed_after_permitting ... ok
[INFO] [stdout] test permit::tests::permit_an_error_and_succeed ... ok
[INFO] [stdout] test permit::tests::anyhow_succeed ... ok
[INFO] [stdout] test discard::tests::discard ... ok
[INFO] [stdout] test permit::tests::anyhow_fail_after_permitting ... FAILED
[INFO] [stdout] test permit::tests::permit_an_error_and_fail ... ok
[INFO] [stdout] test permit::tests::anyhow_permit_if_false ... FAILED
[INFO] [stdout] 
[INFO] [stdout] failures:
[INFO] [stdout] 
[INFO] [stdout] ---- permit::tests::anyhow_fail_after_permitting stdout ----
[INFO] [stdout] 
[INFO] [stdout] thread 'permit::tests::anyhow_fail_after_permitting' (226) panicked at src/permit.rs:125:9:
[INFO] [stdout] assertion failed: ls("/etc/sudoers.d").permit(|e|
[INFO] [stdout]             e.to_string().contains("stuff it doesn't contain")).is_err()
[INFO] [stdout] stack backtrace:
[INFO] [stdout]    0:     0x5ff849c92dc1 - <<std[70759c8f55707aa4]::sys::backtrace::BacktraceLock>::print::DisplayBacktrace as core[df12db4294e9bfd3]::fmt::Display>::fmt
[INFO] [stdout]    1:     0x5ff849ca75aa - core[df12db4294e9bfd3]::fmt::write
[INFO] [stdout]    2:     0x5ff849c9786c - <alloc[2182bb758b4b3781]::vec::Vec<u8> as core[df12db4294e9bfd3]::io::write::Write>::write_fmt
[INFO] [stdout]    3:     0x5ff849c6e2d6 - std[70759c8f55707aa4]::panicking::default_hook::{closure#0}
[INFO] [stdout]    4:     0x5ff849c8b2f9 - std[70759c8f55707aa4]::panicking::default_hook
[INFO] [stdout]    5:     0x5ff849c21370 - test[9d35eded1c95d3be]::test_main_inner::<test[9d35eded1c95d3be]::test_main_static::{closure#0}>::{closure#0}
[INFO] [stdout]    6:     0x5ff849c8b4b2 - std[70759c8f55707aa4]::panicking::panic_with_hook
[INFO] [stdout]    7:     0x5ff849c6e3b4 - std[70759c8f55707aa4]::panicking::panic_handler::{closure#0}
[INFO] [stdout]    8:     0x5ff849c669b9 - std[70759c8f55707aa4]::sys::backtrace::__rust_end_short_backtrace::<std[70759c8f55707aa4]::panicking::panic_handler::{closure#0}, !>
[INFO] [stdout]    9:     0x5ff849c6f08d - __rustc[8fa7c3cbc660c2b3]::rust_begin_unwind
[INFO] [stdout]   10:     0x5ff849ca7cdc - core[df12db4294e9bfd3]::panicking::panic_fmt
[INFO] [stdout]   11:     0x5ff849ca7ca2 - core[df12db4294e9bfd3]::panicking::panic
[INFO] [stdout]   12:     0x5ff849c0ece4 - treats[2023c97514cb0c8f]::permit::tests::anyhow_fail_after_permitting
[INFO] [stdout]   13:     0x5ff849c12fb9 - <treats[2023c97514cb0c8f]::permit::tests::anyhow_fail_after_permitting::{closure#0} as core[df12db4294e9bfd3]::ops::function::FnOnce<()>>::call_once
[INFO] [stdout]   14:     0x5ff849c1465b - test[9d35eded1c95d3be]::__rust_begin_short_backtrace::<core[df12db4294e9bfd3]::result::Result<(), alloc[2182bb758b4b3781]::string::String>, fn() -> core[df12db4294e9bfd3]::result::Result<(), alloc[2182bb758b4b3781]::string::String>>
[INFO] [stdout]   15:     0x5ff849c21cc5 - test[9d35eded1c95d3be]::run_test::{closure#0}
[INFO] [stdout]   16:     0x5ff849c1b584 - std[70759c8f55707aa4]::sys::backtrace::__rust_begin_short_backtrace::<test[9d35eded1c95d3be]::run_test::{closure#1}, ()>
[INFO] [stdout]   17:     0x5ff849c24e22 - <std[70759c8f55707aa4]::thread::lifecycle::spawn_unchecked<test[9d35eded1c95d3be]::run_test::{closure#1}, ()>::{closure#1} as core[df12db4294e9bfd3]::ops::function::FnOnce<()>>::call_once::{shim:vtable#0}
[INFO] [stdout]   18:     0x5ff849c92699 - <std[70759c8f55707aa4]::sys::thread::unix::Thread>::new::thread_start
[INFO] [stdout]   19:     0x7cc5a9107dfa - <unknown>
[INFO] [stdout]   20:     0x7cc5a919b3d4 - clone
[INFO] [stdout]   21:                0x0 - <unknown>
[INFO] [stdout] 
[INFO] [stdout] ---- permit::tests::anyhow_permit_if_false stdout ----
[INFO] [stdout] 
[INFO] [stdout] thread 'permit::tests::anyhow_permit_if_false' (228) panicked at src/permit.rs:107:9:
[INFO] [stdout] assertion failed: ls("/etc/sudoers.d").permit_if(false).is_err()
[INFO] [stdout] stack backtrace:
[INFO] [stdout]    0:     0x5ff849c92dc1 - <<std[70759c8f55707aa4]::sys::backtrace::BacktraceLock>::print::DisplayBacktrace as core[df12db4294e9bfd3]::fmt::Display>::fmt
[INFO] [stdout]    1:     0x5ff849ca75aa - core[df12db4294e9bfd3]::fmt::write
[INFO] [stdout]    2:     0x5ff849c9786c - <alloc[2182bb758b4b3781]::vec::Vec<u8> as core[df12db4294e9bfd3]::io::write::Write>::write_fmt
[INFO] [stdout]    3:     0x5ff849c6e2d6 - std[70759c8f55707aa4]::panicking::default_hook::{closure#0}
[INFO] [stdout]    4:     0x5ff849c8b2f9 - std[70759c8f55707aa4]::panicking::default_hook
[INFO] [stdout]    5:     0x5ff849c21370 - test[9d35eded1c95d3be]::test_main_inner::<test[9d35eded1c95d3be]::test_main_static::{closure#0}>::{closure#0}
[INFO] [stdout]    6:     0x5ff849c8b4b2 - std[70759c8f55707aa4]::panicking::panic_with_hook
[INFO] [stdout]    7:     0x5ff849c6e3b4 - std[70759c8f55707aa4]::panicking::panic_handler::{closure#0}
[INFO] [stdout]    8:     0x5ff849c669b9 - std[70759c8f55707aa4]::sys::backtrace::__rust_end_short_backtrace::<std[70759c8f55707aa4]::panicking::panic_handler::{closure#0}, !>
[INFO] [stdout]    9:     0x5ff849c6f08d - __rustc[8fa7c3cbc660c2b3]::rust_begin_unwind
[INFO] [stdout]   10:     0x5ff849ca7cdc - core[df12db4294e9bfd3]::panicking::panic_fmt
[INFO] [stdout]   11:     0x5ff849ca7ca2 - core[df12db4294e9bfd3]::panicking::panic
[INFO] [stdout]   12:     0x5ff849c0e983 - treats[2023c97514cb0c8f]::permit::tests::anyhow_permit_if_false
[INFO] [stdout]   13:     0x5ff849c12f59 - <treats[2023c97514cb0c8f]::permit::tests::anyhow_permit_if_false::{closure#0} as core[df12db4294e9bfd3]::ops::function::FnOnce<()>>::call_once
[INFO] [stdout]   14:     0x5ff849c1465b - test[9d35eded1c95d3be]::__rust_begin_short_backtrace::<core[df12db4294e9bfd3]::result::Result<(), alloc[2182bb758b4b3781]::string::String>, fn() -> core[df12db4294e9bfd3]::result::Result<(), alloc[2182bb758b4b3781]::string::String>>
[INFO] [stdout]   15:     0x5ff849c21cc5 - test[9d35eded1c95d3be]::run_test::{closure#0}
[INFO] [stdout]   16:     0x5ff849c1b584 - std[70759c8f55707aa4]::sys::backtrace::__rust_begin_short_backtrace::<test[9d35eded1c95d3be]::run_test::{closure#1}, ()>
[INFO] [stdout]   17:     0x5ff849c24e22 - <std[70759c8f55707aa4]::thread::lifecycle::spawn_unchecked<test[9d35eded1c95d3be]::run_test::{closure#1}, ()>::{closure#1} as core[df12db4294e9bfd3]::ops::function::FnOnce<()>>::call_once::{shim:vtable#0}
[INFO] [stdout]   18:     0x5ff849c92699 - <std[70759c8f55707aa4]::sys::thread::unix::Thread>::new::thread_start
[INFO] [stdout]   19:     0x7cc5a9107dfa - <unknown>
[INFO] [stdout]   20:     0x7cc5a919b3d4 - clone
[INFO] [stdout]   21:                0x0 - <unknown>
[INFO] [stdout] 
[INFO] [stdout] 
[INFO] [stdout] failures:
[INFO] [stdout]     permit::tests::anyhow_fail_after_permitting
[INFO] [stdout]     permit::tests::anyhow_permit_if_false
[INFO] [stdout] 
[INFO] [stdout] test result: FAILED. 9 passed; 2 failed; 0 ignored; 0 measured; 0 filtered out; finished in 0.01s
[INFO] [stdout] 
[INFO] [stderr] error: test failed, to rerun pass `--lib`
[INFO] running `Command { std: "docker" "inspect" "6364af67f2b6f56df8f4af678aec0c0262736a4d467055ce854db9923fc7aa22", kill_on_drop: false }`
[INFO] running `Command { std: "docker" "rm" "-f" "6364af67f2b6f56df8f4af678aec0c0262736a4d467055ce854db9923fc7aa22", kill_on_drop: false }`
[INFO] [stdout] 6364af67f2b6f56df8f4af678aec0c0262736a4d467055ce854db9923fc7aa22
