[INFO] fetching crate transcoding_rs 0.1.1...
[INFO] testing transcoding_rs-0.1.1 against 1.100.0-beta.1+cargoflags=--release for beta-release-1.100-2
[INFO] extracting crate transcoding_rs 0.1.1 into /workspace/builds/worker-0-tc2/source
[INFO] started tweaking crates.io crate transcoding_rs 0.1.1
[INFO] finished tweaking crates.io crate transcoding_rs 0.1.1
[INFO] tweaked toml for crates.io crate transcoding_rs 0.1.1 written to /workspace/builds/worker-0-tc2/source/Cargo.toml
[INFO] validating manifest of crates.io crate transcoding_rs 0.1.1 on toolchain 1.100.0-beta.1
[INFO] running `Command { std: CARGO_HOME="/workspace/cargo-home" RUSTUP_HOME="/workspace/rustup-home" "/workspace/cargo-home/bin/cargo" "+1.100.0-beta.1" "metadata" "--manifest-path" "Cargo.toml" "--no-deps", kill_on_drop: false }`
[INFO] running `Command { std: CARGO_HOME="/workspace/cargo-home" RUSTUP_HOME="/workspace/rustup-home" "/workspace/cargo-home/bin/cargo" "+1.100.0-beta.1" "generate-lockfile" "--manifest-path" "Cargo.toml", kill_on_drop: false }`
[INFO] [stderr]     Updating crates.io index
[INFO] [stderr]      Locking 9 packages to highest compatible versions
[INFO] [stderr]       Adding chardetng v0.1.17 (available: v1.0.0)
[INFO] running `Command { std: CARGO_HOME="/workspace/cargo-home" RUSTUP_HOME="/workspace/rustup-home" "/workspace/cargo-home/bin/cargo" "+1.100.0-beta.1" "fetch" "--manifest-path" "Cargo.toml", kill_on_drop: false }`
[INFO] running `Command { std: "docker" "create" "-v" "/var/lib/crater-agent-workspace/builds/worker-0-tc2/source:/opt/rustwide/workdir:ro,Z" "-v" "/var/lib/crater-agent-workspace/builds/worker-0-tc2/target:/opt/rustwide/target:rw,Z" "-v" "/var/lib/crater-agent-workspace/cargo-home:/opt/rustwide/cargo-home:ro,Z" "-v" "/var/lib/crater-agent-workspace/rustup-home:/opt/rustwide/rustup-home:ro,Z" "-m" "1610612736" "--network" "none" "ghcr.io/rust-lang/crates-build-env/linux@sha256:77db811e55d90add9212f6832c23229e3de5f1c1f9905e8cb07319ea15df73ac" "sleep" "infinity", kill_on_drop: false }`
[INFO] [stdout] 4eef2be817216287b2cf2dda0ffdcbea3b4a7530b050b3424757478f618cc4ef
[INFO] running `Command { std: "docker" "start" "4eef2be817216287b2cf2dda0ffdcbea3b4a7530b050b3424757478f618cc4ef", kill_on_drop: false }`
[INFO] running `Command { std: "docker" "inspect" "4eef2be817216287b2cf2dda0ffdcbea3b4a7530b050b3424757478f618cc4ef", kill_on_drop: false }`
[INFO] running `Command { std: "docker" "exec" "-e" "SOURCE_DIR=/opt/rustwide/workdir" "-e" "CARGO_HOME=/opt/rustwide/cargo-home" "-e" "RUSTUP_HOME=/opt/rustwide/rustup-home" "-e" "CARGO_TARGET_DIR=/opt/rustwide/target" "-w" "/opt/rustwide/workdir" "--user" "0:0" "4eef2be817216287b2cf2dda0ffdcbea3b4a7530b050b3424757478f618cc4ef" "/opt/rustwide/cargo-home/bin/cargo" "+1.100.0-beta.1" "metadata" "--no-deps" "--format-version=1", kill_on_drop: false }`
[INFO] running `Command { std: "docker" "inspect" "4eef2be817216287b2cf2dda0ffdcbea3b4a7530b050b3424757478f618cc4ef", kill_on_drop: false }`
[INFO] running `Command { std: "docker" "exec" "-e" "SOURCE_DIR=/opt/rustwide/workdir" "-e" "CARGO_HOME=/opt/rustwide/cargo-home" "-e" "RUSTUP_HOME=/opt/rustwide/rustup-home" "-e" "CARGO_TARGET_DIR=/opt/rustwide/target" "-e" "CARGO_INCREMENTAL=0" "-e" "RUST_BACKTRACE=full" "-e" "RUSTFLAGS=--cap-lints=warn" "-e" "RUSTDOCFLAGS=--cap-lints=warn" "-w" "/opt/rustwide/workdir" "--user" "0:0" "4eef2be817216287b2cf2dda0ffdcbea3b4a7530b050b3424757478f618cc4ef" "/opt/rustwide/cargo-home/bin/cargo" "+1.100.0-beta.1" "build" "--frozen" "--message-format=json" "--release", kill_on_drop: false }`
[INFO] [stderr]    Compiling encoding_rs v0.8.42
[INFO] [stderr]    Compiling multiversion_no_op v1.0.0
[INFO] [stderr]    Compiling core_detect v1.0.0
[INFO] [stderr]    Compiling simdutf8 v0.1.5
[INFO] [stderr]    Compiling memchr v2.8.3
[INFO] [stderr]    Compiling chardetng v0.1.17
[INFO] [stderr]    Compiling transcoding_rs v0.1.1 (/opt/rustwide/workdir)
[INFO] [stderr]     Finished `release` profile [optimized] target(s) in 9.16s
[INFO] running `Command { std: "docker" "inspect" "4eef2be817216287b2cf2dda0ffdcbea3b4a7530b050b3424757478f618cc4ef", kill_on_drop: false }`
[INFO] running `Command { std: "docker" "exec" "-e" "SOURCE_DIR=/opt/rustwide/workdir" "-e" "CARGO_HOME=/opt/rustwide/cargo-home" "-e" "RUSTUP_HOME=/opt/rustwide/rustup-home" "-e" "CARGO_TARGET_DIR=/opt/rustwide/target" "-e" "CARGO_INCREMENTAL=0" "-e" "RUST_BACKTRACE=full" "-e" "RUSTFLAGS=--cap-lints=warn" "-e" "RUSTDOCFLAGS=--cap-lints=warn" "-w" "/opt/rustwide/workdir" "--user" "0:0" "4eef2be817216287b2cf2dda0ffdcbea3b4a7530b050b3424757478f618cc4ef" "/opt/rustwide/cargo-home/bin/cargo" "+1.100.0-beta.1" "test" "--frozen" "--no-run" "--message-format=json" "--release", kill_on_drop: false }`
[INFO] [stderr]    Compiling transcoding_rs v0.1.1 (/opt/rustwide/workdir)
[INFO] [stderr]     Finished `release` profile [optimized] target(s) in 1.37s
[INFO] running `Command { std: "docker" "inspect" "4eef2be817216287b2cf2dda0ffdcbea3b4a7530b050b3424757478f618cc4ef", kill_on_drop: false }`
[INFO] running `Command { std: "docker" "exec" "-e" "SOURCE_DIR=/opt/rustwide/workdir" "-e" "CARGO_HOME=/opt/rustwide/cargo-home" "-e" "RUSTUP_HOME=/opt/rustwide/rustup-home" "-e" "CARGO_TARGET_DIR=/opt/rustwide/target" "-e" "CARGO_INCREMENTAL=0" "-e" "RUST_BACKTRACE=full" "-e" "RUSTFLAGS=--cap-lints=warn" "-e" "RUSTDOCFLAGS=--cap-lints=warn" "-w" "/opt/rustwide/workdir" "--user" "0:0" "4eef2be817216287b2cf2dda0ffdcbea3b4a7530b050b3424757478f618cc4ef" "/opt/rustwide/cargo-home/bin/cargo" "+1.100.0-beta.1" "test" "--frozen" "--release", kill_on_drop: false }`
[INFO] [stderr]     Finished `release` profile [optimized] target(s) in 0.07s
[INFO] [stderr]      Running unittests src/lib.rs (/opt/rustwide/target/release/build/transcoding_rs/b37cc4e94f38ac83/out/transcoding_rs-b37cc4e94f38ac83)
[INFO] [stdout] 
[INFO] [stdout] running 49 tests
[INFO] [stdout] test transcoder::tests::guess_big5_utf8 ... FAILED
[INFO] [stdout] test i18n_reader::tests::reader_fail ... ok
[INFO] [stdout] test i18n_reader::tests::reader_no_guess ... ok
[INFO] [stdout] test transcoder::tests::guess_eucjp_utf8 ... FAILED
[INFO] [stdout] test i18n_reader::tests::reader_sjis_utf8 ... FAILED
[INFO] [stdout] test transcoder::tests::guess_euckr_utf8 ... FAILED
[INFO] [stdout] test transcoder::tests::guess_gbk_utf8 ... FAILED
[INFO] [stdout] test i18n_reader::tests::reader_empty ... ok
[INFO] [stdout] test i18n_reader::tests::reader_small ... ok
[INFO] [stdout] test i18n_reader::tests::reader_utf8_euckr ... FAILED
[INFO] [stdout] test transcoder::tests::guess_gb18030_utf8 ... FAILED
[INFO] [stdout] test transcoder::tests::guess_koi8r_utf8 ... FAILED
[INFO] [stdout] test transcoder::tests::guess_utf16be_utf8 ... FAILED
[INFO] [stdout] test transcoder::tests::guess_sjis_utf8 ... FAILED
[INFO] [stdout] test transcoder::tests::guess_utf8_big5 ... FAILED
[INFO] [stdout] test transcoder::tests::guess_utf16le_utf8 ... FAILED
[INFO] [stdout] test transcoder::tests::guess_utf8_sjis ... FAILED
[INFO] [stdout] test transcoder::tests::guess_utf8_euckr ... FAILED
[INFO] [stdout] test transcoder::tests::guess_utf8_gb18030 ... FAILED
[INFO] [stdout] test transcoder::tests::guess_utf8_gbk ... FAILED
[INFO] [stdout] test transcoder::tests::guess_utf8_windows1252 ... FAILED
[INFO] [stdout] test transcoder::tests::guess_utf8_iso2022jp ... FAILED
[INFO] [stdout] test transcoder::tests::test_guess_error ... FAILED
[INFO] [stdout] test transcoder::tests::trans_diff_big5_hkscs_gbk ... ok
[INFO] [stdout] test transcoder::tests::guess_windows1252_utf8 ... FAILED
[INFO] [stdout] test transcoder::tests::trans_diff_eucjp_latin1 ... ok
[INFO] [stdout] test transcoder::tests::guess_utf8_eucjp ... FAILED
[INFO] [stdout] test transcoder::tests::guess_iso2022jp_utf8 ... FAILED
[INFO] [stdout] test transcoder::tests::guess_utf8_utf16be ... FAILED
[INFO] [stdout] test transcoder::tests::guess_utf8_utf16le ... FAILED
[INFO] [stdout] test transcoder::tests::guess_utf8_koi8r ... FAILED
[INFO] [stdout] test transcoder::tests::trans_diff_chinese_korean ... ok
[INFO] [stdout] test transcoder::tests::trans_diff_gbk_sjis ... ok
[INFO] [stdout] test transcoder::tests::trans_diff_korean_big5_hkscs ... ok
[INFO] [stdout] test transcoder::tests::trans_same_eucjp ... ok
[INFO] [stdout] test transcoder::tests::trans_same_gbk ... ok
[INFO] [stdout] test transcoder::tests::trans_diff_utf8_utf16le ... ok
[INFO] [stdout] test transcoder::tests::trans_diff_sjis_eucjp ... ok
[INFO] [stdout] test transcoder::tests::trans_same_chinese ... ok
[INFO] [stdout] test transcoder::tests::trans_diff_utf16be_chinese ... ok
[INFO] [stdout] test transcoder::tests::trans_same_big5_hkscs ... ok
[INFO] [stdout] test transcoder::tests::trans_diff_utf16le_utf16be ... ok
[INFO] [stdout] test transcoder::tests::trans_same_korean ... ok
[INFO] [stdout] test transcoder::tests::trans_diff_latin1_utf8 ... ok
[INFO] [stdout] test transcoder::tests::trans_same_sjis ... ok
[INFO] [stdout] test transcoder::tests::trans_same_latin1 ... ok
[INFO] [stdout] test transcoder::tests::trans_same_utf16be ... ok
[INFO] [stdout] test transcoder::tests::trans_same_utf16le ... ok
[INFO] [stdout] test transcoder::tests::trans_same_utf8 ... ok
[INFO] [stdout] 
[INFO] [stdout] failures:
[INFO] [stdout] 
[INFO] [stdout] ---- transcoder::tests::guess_big5_utf8 stdout ----
[INFO] [stdout] 
[INFO] [stdout] thread 'transcoder::tests::guess_big5_utf8' (251) panicked at src/transcoder.rs:338:5:
[INFO] [stdout] called `Result::unwrap()` on an `Err` value: Os { code: 2, kind: NotFound, message: "No such file or directory" }
[INFO] [stdout] stack backtrace:
[INFO] [stdout]    0:     0x60c6d4e82c41 - <<std[617be2ca0a6fd877]::sys::backtrace::BacktraceLock>::print::DisplayBacktrace as core[a373ad73a504971]::fmt::Display>::fmt
[INFO] [stdout]    1:     0x60c6d4e96c1a - core[a373ad73a504971]::fmt::write
[INFO] [stdout]    2:     0x60c6d4e86f0c - <alloc[2e1b2a31b91974c5]::vec::Vec<u8> as core[a373ad73a504971]::io::write::Write>::write_fmt
[INFO] [stdout]    3:     0x60c6d4e5ef16 - std[617be2ca0a6fd877]::panicking::default_hook::{closure#0}
[INFO] [stdout]    4:     0x60c6d4e7b2d9 - std[617be2ca0a6fd877]::panicking::default_hook
[INFO] [stdout]    5:     0x60c6d4df7de0 - test[aada8e7e76ba119b]::test_main_inner::{closure#0}
[INFO] [stdout]    6:     0x60c6d4e7b492 - std[617be2ca0a6fd877]::panicking::panic_with_hook
[INFO] [stdout]    7:     0x60c6d4e5efc2 - std[617be2ca0a6fd877]::panicking::panic_handler::{closure#0}
[INFO] [stdout]    8:     0x60c6d4e57ca9 - std[617be2ca0a6fd877]::sys::backtrace::__rust_end_short_backtrace::<std[617be2ca0a6fd877]::panicking::panic_handler::{closure#0}, !>
[INFO] [stdout]    9:     0x60c6d4e5fbcd - __rustc[ea4f61d10b84890b]::rust_begin_unwind
[INFO] [stdout]   10:     0x60c6d4e9734c - core[a373ad73a504971]::panicking::panic_fmt
[INFO] [stdout]   11:     0x60c6d4e97122 - core[a373ad73a504971]::result::unwrap_failed
[INFO] [stdout]   12:     0x60c6d4ddd722 - <transcoding_rs[27fec23c671af0a9]::transcoder::tests::guess_big5_utf8::{closure#0} as core[a373ad73a504971]::ops::function::FnOnce<()>>::call_once
[INFO] [stdout]   13:     0x60c6d4deb22b - test[aada8e7e76ba119b]::__rust_begin_short_backtrace::<core[a373ad73a504971]::result::Result<(), alloc[2e1b2a31b91974c5]::string::String>, fn() -> core[a373ad73a504971]::result::Result<(), alloc[2e1b2a31b91974c5]::string::String>>
[INFO] [stdout]   14:     0x60c6d4df8405 - test[aada8e7e76ba119b]::run_test::{closure#0}
[INFO] [stdout]   15:     0x60c6d4df1cf4 - std[617be2ca0a6fd877]::sys::backtrace::__rust_begin_short_backtrace::<test[aada8e7e76ba119b]::run_test::{closure#1}, ()>
[INFO] [stdout]   16:     0x60c6d4dfb492 - <std[617be2ca0a6fd877]::thread::lifecycle::spawn_unchecked<test[aada8e7e76ba119b]::run_test::{closure#1}, ()>::{closure#1} as core[a373ad73a504971]::ops::function::FnOnce<()>>::call_once::{shim:vtable#0}
[INFO] [stdout]   17:     0x60c6d4e8249f - <std[617be2ca0a6fd877]::sys::thread::unix::Thread>::new::thread_start
[INFO] [stdout]   18:     0x7f31787a6dfa - <unknown>
[INFO] [stdout]   19:     0x7f317883a3d4 - clone
[INFO] [stdout]   20:                0x0 - <unknown>
[INFO] [stdout] 
[INFO] [stdout] ---- transcoder::tests::guess_eucjp_utf8 stdout ----
[INFO] [stdout] 
[INFO] [stdout] thread 'transcoder::tests::guess_eucjp_utf8' (252) panicked at src/transcoder.rs:336:5:
[INFO] [stdout] called `Result::unwrap()` on an `Err` value: Os { code: 2, kind: NotFound, message: "No such file or directory" }
[INFO] [stdout] stack backtrace:
[INFO] [stdout]    0:     0x60c6d4e82c41 - <<std[617be2ca0a6fd877]::sys::backtrace::BacktraceLock>::print::DisplayBacktrace as core[a373ad73a504971]::fmt::Display>::fmt
[INFO] [stdout]    1:     0x60c6d4e96c1a - core[a373ad73a504971]::fmt::write
[INFO] [stdout]    2:     0x60c6d4e86f0c - <alloc[2e1b2a31b91974c5]::vec::Vec<u8> as core[a373ad73a504971]::io::write::Write>::write_fmt
[INFO] [stdout]    3:     0x60c6d4e5ef16 - std[617be2ca0a6fd877]::panicking::default_hook::{closure#0}
[INFO] [stdout]    4:     0x60c6d4e7b2d9 - std[617be2ca0a6fd877]::panicking::default_hook
[INFO] [stdout]    5:     0x60c6d4df7de0 - test[aada8e7e76ba119b]::test_main_inner::{closure#0}
[INFO] [stdout]    6:     0x60c6d4e7b492 - std[617be2ca0a6fd877]::panicking::panic_with_hook
[INFO] [stdout]    7:     0x60c6d4e5efc2 - std[617be2ca0a6fd877]::panicking::panic_handler::{closure#0}
[INFO] [stdout]    8:     0x60c6d4e57ca9 - std[617be2ca0a6fd877]::sys::backtrace::__rust_end_short_backtrace::<std[617be2ca0a6fd877]::panicking::panic_handler::{closure#0}, !>
[INFO] [stdout]    9:     0x60c6d4e5fbcd - __rustc[ea4f61d10b84890b]::rust_begin_unwind
[INFO] [stdout]   10:     0x60c6d4e9734c - core[a373ad73a504971]::panicking::panic_fmt
[INFO] [stdout]   11:     0x60c6d4e97122 - core[a373ad73a504971]::result::unwrap_failed
[INFO] [stdout]   12:     0x60c6d4ddee42 - <transcoding_rs[27fec23c671af0a9]::transcoder::tests::guess_eucjp_utf8::{closure#0} as core[a373ad73a504971]::ops::function::FnOnce<()>>::call_once
[INFO] [stdout]   13:     0x60c6d4deb22b - test[aada8e7e76ba119b]::__rust_begin_short_backtrace::<core[a373ad73a504971]::result::Result<(), alloc[2e1b2a31b91974c5]::string::String>, fn() -> core[a373ad73a504971]::result::Result<(), alloc[2e1b2a31b91974c5]::string::String>>
[INFO] [stdout]   14:     0x60c6d4df8405 - test[aada8e7e76ba119b]::run_test::{closure#0}
[INFO] [stdout]   15:     0x60c6d4df1cf4 - std[617be2ca0a6fd877]::sys::backtrace::__rust_begin_short_backtrace::<test[aada8e7e76ba119b]::run_test::{closure#1}, ()>
[INFO] [stdout]   16:     0x60c6d4dfb492 - <std[617be2ca0a6fd877]::thread::lifecycle::spawn_unchecked<test[aada8e7e76ba119b]::run_test::{closure#1}, ()>::{closure#1} as core[a373ad73a504971]::ops::function::FnOnce<()>>::call_once::{shim:vtable#0}
[INFO] [stdout]   17:     0x60c6d4e8249f - <std[617be2ca0a6fd877]::sys::thread::unix::Thread>::new::thread_start
[INFO] [stdout]   18:     0x7f31787a6dfa - <unknown>
[INFO] [stdout]   19:     0x7f317883a3d4 - clone
[INFO] [stdout]   20:                0x0 - <unknown>
[INFO] [stdout] 
[INFO] [stdout] ---- i18n_reader::tests::reader_sjis_utf8 stdout ----
[INFO] [stdout] 
[INFO] [stdout] thread 'i18n_reader::tests::reader_sjis_utf8' (248) panicked at src/i18n_reader.rs:360:5:
[INFO] [stdout] called `Result::unwrap()` on an `Err` value: Os { code: 2, kind: NotFound, message: "No such file or directory" }
[INFO] [stdout] stack backtrace:
[INFO] [stdout]    0:     0x60c6d4e82c41 - <<std[617be2ca0a6fd877]::sys::backtrace::BacktraceLock>::print::DisplayBacktrace as core[a373ad73a504971]::fmt::Display>::fmt
[INFO] [stdout]    1:     0x60c6d4e96c1a - core[a373ad73a504971]::fmt::write
[INFO] [stdout]    2:     0x60c6d4e86f0c - <alloc[2e1b2a31b91974c5]::vec::Vec<u8> as core[a373ad73a504971]::io::write::Write>::write_fmt
[INFO] [stdout]    3:     0x60c6d4e5ef16 - std[617be2ca0a6fd877]::panicking::default_hook::{closure#0}
[INFO] [stdout]    4:     0x60c6d4e7b2d9 - std[617be2ca0a6fd877]::panicking::default_hook
[INFO] [stdout]    5:     0x60c6d4df7de0 - test[aada8e7e76ba119b]::test_main_inner::{closure#0}
[INFO] [stdout]    6:     0x60c6d4e7b492 - std[617be2ca0a6fd877]::panicking::panic_with_hook
[INFO] [stdout]    7:     0x60c6d4e5efc2 - std[617be2ca0a6fd877]::panicking::panic_handler::{closure#0}
[INFO] [stdout]    8:     0x60c6d4e57ca9 - std[617be2ca0a6fd877]::sys::backtrace::__rust_end_short_backtrace::<std[617be2ca0a6fd877]::panicking::panic_handler::{closure#0}, !>
[INFO] [stdout]    9:     0x60c6d4e5fbcd - __rustc[ea4f61d10b84890b]::rust_begin_unwind
[INFO] [stdout]   10:     0x60c6d4e9734c - core[a373ad73a504971]::panicking::panic_fmt
[INFO] [stdout]   11:     0x60c6d4e97122 - core[a373ad73a504971]::result::unwrap_failed
[INFO] [stdout]   12:     0x60c6d4de8ccd - <transcoding_rs[27fec23c671af0a9]::i18n_reader::tests::reader_sjis_utf8::{closure#0} as core[a373ad73a504971]::ops::function::FnOnce<()>>::call_once
[INFO] [stdout]   13:     0x60c6d4deb22b - test[aada8e7e76ba119b]::__rust_begin_short_backtrace::<core[a373ad73a504971]::result::Result<(), alloc[2e1b2a31b91974c5]::string::String>, fn() -> core[a373ad73a504971]::result::Result<(), alloc[2e1b2a31b91974c5]::string::String>>
[INFO] [stdout]   14:     0x60c6d4df8405 - test[aada8e7e76ba119b]::run_test::{closure#0}
[INFO] [stdout]   15:     0x60c6d4df1cf4 - std[617be2ca0a6fd877]::sys::backtrace::__rust_begin_short_backtrace::<test[aada8e7e76ba119b]::run_test::{closure#1}, ()>
[INFO] [stdout]   16:     0x60c6d4dfb492 - <std[617be2ca0a6fd877]::thread::lifecycle::spawn_unchecked<test[aada8e7e76ba119b]::run_test::{closure#1}, ()>::{closure#1} as core[a373ad73a504971]::ops::function::FnOnce<()>>::call_once::{shim:vtable#0}
[INFO] [stdout]   17:     0x60c6d4e8249f - <std[617be2ca0a6fd877]::sys::thread::unix::Thread>::new::thread_start
[INFO] [stdout]   18:     0x7f31787a6dfa - <unknown>
[INFO] [stdout]   19:     0x7f317883a3d4 - clone
[INFO] [stdout]   20:                0x0 - <unknown>
[INFO] [stdout] 
[INFO] [stdout] ---- transcoder::tests::guess_euckr_utf8 stdout ----
[INFO] [stdout] 
[INFO] [stdout] thread 'transcoder::tests::guess_euckr_utf8' (253) panicked at src/transcoder.rs:341:5:
[INFO] [stdout] called `Result::unwrap()` on an `Err` value: Os { code: 2, kind: NotFound, message: "No such file or directory" }
[INFO] [stdout] stack backtrace:
[INFO] [stdout]    0:     0x60c6d4e82c41 - <<std[617be2ca0a6fd877]::sys::backtrace::BacktraceLock>::print::DisplayBacktrace as core[a373ad73a504971]::fmt::Display>::fmt
[INFO] [stdout]    1:     0x60c6d4e96c1a - core[a373ad73a504971]::fmt::write
[INFO] [stdout]    2:     0x60c6d4e86f0c - <alloc[2e1b2a31b91974c5]::vec::Vec<u8> as core[a373ad73a504971]::io::write::Write>::write_fmt
[INFO] [stdout]    3:     0x60c6d4e5ef16 - std[617be2ca0a6fd877]::panicking::default_hook::{closure#0}
[INFO] [stdout]    4:     0x60c6d4e7b2d9 - std[617be2ca0a6fd877]::panicking::default_hook
[INFO] [stdout]    5:     0x60c6d4df7de0 - test[aada8e7e76ba119b]::test_main_inner::{closure#0}
[INFO] [stdout]    6:     0x60c6d4e7b492 - std[617be2ca0a6fd877]::panicking::panic_with_hook
[INFO] [stdout]    7:     0x60c6d4e5efc2 - std[617be2ca0a6fd877]::panicking::panic_handler::{closure#0}
[INFO] [stdout]    8:     0x60c6d4e57ca9 - std[617be2ca0a6fd877]::sys::backtrace::__rust_end_short_backtrace::<std[617be2ca0a6fd877]::panicking::panic_handler::{closure#0}, !>
[INFO] [stdout]    9:     0x60c6d4e5fbcd - __rustc[ea4f61d10b84890b]::rust_begin_unwind
[INFO] [stdout]   10:     0x60c6d4e9734c - core[a373ad73a504971]::panicking::panic_fmt
[INFO] [stdout]   11:     0x60c6d4e97122 - core[a373ad73a504971]::result::unwrap_failed
[INFO] [stdout]   12:     0x60c6d4ddf332 - <transcoding_rs[27fec23c671af0a9]::transcoder::tests::guess_euckr_utf8::{closure#0} as core[a373ad73a504971]::ops::function::FnOnce<()>>::call_once
[INFO] [stdout]   13:     0x60c6d4deb22b - test[aada8e7e76ba119b]::__rust_begin_short_backtrace::<core[a373ad73a504971]::result::Result<(), alloc[2e1b2a31b91974c5]::string::String>, fn() -> core[a373ad73a504971]::result::Result<(), alloc[2e1b2a31b91974c5]::string::String>>
[INFO] [stdout]   14:     0x60c6d4df8405 - test[aada8e7e76ba119b]::run_test::{closure#0}
[INFO] [stdout]   15:     0x60c6d4df1cf4 - std[617be2ca0a6fd877]::sys::backtrace::__rust_begin_short_backtrace::<test[aada8e7e76ba119b]::run_test::{closure#1}, ()>
[INFO] [stdout]   16:     0x60c6d4dfb492 - <std[617be2ca0a6fd877]::thread::lifecycle::spawn_unchecked<test[aada8e7e76ba119b]::run_test::{closure#1}, ()>::{closure#1} as core[a373ad73a504971]::ops::function::FnOnce<()>>::call_once::{shim:vtable#0}
[INFO] [stdout]   17:     0x60c6d4e8249f - <std[617be2ca0a6fd877]::sys::thread::unix::Thread>::new::thread_start
[INFO] [stdout]   18:     0x7f31787a6dfa - <unknown>
[INFO] [stdout]   19:     0x7f317883a3d4 - clone
[INFO] [stdout]   20:                0x0 - <unknown>
[INFO] [stdout] 
[INFO] [stdout] ---- transcoder::tests::guess_gbk_utf8 stdout ----
[INFO] [stdout] 
[INFO] [stdout] thread 'transcoder::tests::guess_gbk_utf8' (255) panicked at src/transcoder.rs:339:5:
[INFO] [stdout] called `Result::unwrap()` on an `Err` value: Os { code: 2, kind: NotFound, message: "No such file or directory" }
[INFO] [stdout] stack backtrace:
[INFO] [stdout]    0:     0x60c6d4e82c41 - <<std[617be2ca0a6fd877]::sys::backtrace::BacktraceLock>::print::DisplayBacktrace as core[a373ad73a504971]::fmt::Display>::fmt
[INFO] [stdout]    1:     0x60c6d4e96c1a - core[a373ad73a504971]::fmt::write
[INFO] [stdout]    2:     0x60c6d4e86f0c - <alloc[2e1b2a31b91974c5]::vec::Vec<u8> as core[a373ad73a504971]::io::write::Write>::write_fmt
[INFO] [stdout]    3:     0x60c6d4e5ef16 - std[617be2ca0a6fd877]::panicking::default_hook::{closure#0}
[INFO] [stdout]    4:     0x60c6d4e7b2d9 - std[617be2ca0a6fd877]::panicking::default_hook
[INFO] [stdout]    5:     0x60c6d4df7de0 - test[aada8e7e76ba119b]::test_main_inner::{closure#0}
[INFO] [stdout]    6:     0x60c6d4e7b492 - std[617be2ca0a6fd877]::panicking::panic_with_hook
[INFO] [stdout]    7:     0x60c6d4e5efc2 - std[617be2ca0a6fd877]::panicking::panic_handler::{closure#0}
[INFO] [stdout]    8:     0x60c6d4e57ca9 - std[617be2ca0a6fd877]::sys::backtrace::__rust_end_short_backtrace::<std[617be2ca0a6fd877]::panicking::panic_handler::{closure#0}, !>
[INFO] [stdout]    9:     0x60c6d4e5fbcd - __rustc[ea4f61d10b84890b]::rust_begin_unwind
[INFO] [stdout]   10:     0x60c6d4e9734c - core[a373ad73a504971]::panicking::panic_fmt
[INFO] [stdout]   11:     0x60c6d4e97122 - core[a373ad73a504971]::result::unwrap_failed
[INFO] [stdout]   12:     0x60c6d4ddcb92 - <transcoding_rs[27fec23c671af0a9]::transcoder::tests::guess_gbk_utf8::{closure#0} as core[a373ad73a504971]::ops::function::FnOnce<()>>::call_once
[INFO] [stdout]   13:     0x60c6d4deb22b - test[aada8e7e76ba119b]::__rust_begin_short_backtrace::<core[a373ad73a504971]::result::Result<(), alloc[2e1b2a31b91974c5]::string::String>, fn() -> core[a373ad73a504971]::result::Result<(), alloc[2e1b2a31b91974c5]::string::String>>
[INFO] [stdout]   14:     0x60c6d4df8405 - test[aada8e7e76ba119b]::run_test::{closure#0}
[INFO] [stdout]   15:     0x60c6d4df1cf4 - std[617be2ca0a6fd877]::sys::backtrace::__rust_begin_short_backtrace::<test[aada8e7e76ba119b]::run_test::{closure#1}, ()>
[INFO] [stdout]   16:     0x60c6d4dfb492 - <std[617be2ca0a6fd877]::thread::lifecycle::spawn_unchecked<test[aada8e7e76ba119b]::run_test::{closure#1}, ()>::{closure#1} as core[a373ad73a504971]::ops::function::FnOnce<()>>::call_once::{shim:vtable#0}
[INFO] [stdout]   17:     0x60c6d4e8249f - <std[617be2ca0a6fd877]::sys::thread::unix::Thread>::new::thread_start
[INFO] [stdout]   18:     0x7f31787a6dfa - <unknown>
[INFO] [stdout]   19:     0x7f317883a3d4 - clone
[INFO] [stdout]   20:                0x0 - <unknown>
[INFO] [stdout] 
[INFO] [stdout] ---- i18n_reader::tests::reader_utf8_euckr stdout ----
[INFO] [stdout] 
[INFO] [stdout] thread 'i18n_reader::tests::reader_utf8_euckr' (250) panicked at src/i18n_reader.rs:362:5:
[INFO] [stdout] called `Result::unwrap()` on an `Err` value: Os { code: 2, kind: NotFound, message: "No such file or directory" }
[INFO] [stdout] stack backtrace:
[INFO] [stdout]    0:     0x60c6d4e82c41 - <<std[617be2ca0a6fd877]::sys::backtrace::BacktraceLock>::print::DisplayBacktrace as core[a373ad73a504971]::fmt::Display>::fmt
[INFO] [stdout]    1:     0x60c6d4e96c1a - core[a373ad73a504971]::fmt::write
[INFO] [stdout]    2:     0x60c6d4e86f0c - <alloc[2e1b2a31b91974c5]::vec::Vec<u8> as core[a373ad73a504971]::io::write::Write>::write_fmt
[INFO] [stdout]    3:     0x60c6d4e5ef16 - std[617be2ca0a6fd877]::panicking::default_hook::{closure#0}
[INFO] [stdout]    4:     0x60c6d4e7b2d9 - std[617be2ca0a6fd877]::panicking::default_hook
[INFO] [stdout]    5:     0x60c6d4df7de0 - test[aada8e7e76ba119b]::test_main_inner::{closure#0}
[INFO] [stdout]    6:     0x60c6d4e7b492 - std[617be2ca0a6fd877]::panicking::panic_with_hook
[INFO] [stdout]    7:     0x60c6d4e5efc2 - std[617be2ca0a6fd877]::panicking::panic_handler::{closure#0}
[INFO] [stdout]    8:     0x60c6d4e57ca9 - std[617be2ca0a6fd877]::sys::backtrace::__rust_end_short_backtrace::<std[617be2ca0a6fd877]::panicking::panic_handler::{closure#0}, !>
[INFO] [stdout]    9:     0x60c6d4e5fbcd - __rustc[ea4f61d10b84890b]::rust_begin_unwind
[INFO] [stdout]   10:     0x60c6d4e9734c - core[a373ad73a504971]::panicking::panic_fmt
[INFO] [stdout]   11:     0x60c6d4e97122 - core[a373ad73a504971]::result::unwrap_failed
[INFO] [stdout]   12:     0x60c6d4de938d - <transcoding_rs[27fec23c671af0a9]::i18n_reader::tests::reader_utf8_euckr::{closure#0} as core[a373ad73a504971]::ops::function::FnOnce<()>>::call_once
[INFO] [stdout]   13:     0x60c6d4deb22b - test[aada8e7e76ba119b]::__rust_begin_short_backtrace::<core[a373ad73a504971]::result::Result<(), alloc[2e1b2a31b91974c5]::string::String>, fn() -> core[a373ad73a504971]::result::Result<(), alloc[2e1b2a31b91974c5]::string::String>>
[INFO] [stdout]   14:     0x60c6d4df8405 - test[aada8e7e76ba119b]::run_test::{closure#0}
[INFO] [stdout]   15:     0x60c6d4df1cf4 - std[617be2ca0a6fd877]::sys::backtrace::__rust_begin_short_backtrace::<test[aada8e7e76ba119b]::run_test::{closure#1}, ()>
[INFO] [stdout]   16:     0x60c6d4dfb492 - <std[617be2ca0a6fd877]::thread::lifecycle::spawn_unchecked<test[aada8e7e76ba119b]::run_test::{closure#1}, ()>::{closure#1} as core[a373ad73a504971]::ops::function::FnOnce<()>>::call_once::{shim:vtable#0}
[INFO] [stdout]   17:     0x60c6d4e8249f - <std[617be2ca0a6fd877]::sys::thread::unix::Thread>::new::thread_start
[INFO] [stdout]   18:     0x7f31787a6dfa - <unknown>
[INFO] [stdout]   19:     0x7f317883a3d4 - clone
[INFO] [stdout]   20:                0x0 - <unknown>
[INFO] [stdout] 
[INFO] [stdout] ---- transcoder::tests::guess_gb18030_utf8 stdout ----
[INFO] [stdout] 
[INFO] [stdout] thread 'transcoder::tests::guess_gb18030_utf8' (254) panicked at src/transcoder.rs:340:5:
[INFO] [stdout] called `Result::unwrap()` on an `Err` value: Os { code: 2, kind: NotFound, message: "No such file or directory" }
[INFO] [stdout] stack backtrace:
[INFO] [stdout]    0:     0x60c6d4e82c41 - <<std[617be2ca0a6fd877]::sys::backtrace::BacktraceLock>::print::DisplayBacktrace as core[a373ad73a504971]::fmt::Display>::fmt
[INFO] [stdout]    1:     0x60c6d4e96c1a - core[a373ad73a504971]::fmt::write
[INFO] [stdout]    2:     0x60c6d4e86f0c - <alloc[2e1b2a31b91974c5]::vec::Vec<u8> as core[a373ad73a504971]::io::write::Write>::write_fmt
[INFO] [stdout]    3:     0x60c6d4e5ef16 - std[617be2ca0a6fd877]::panicking::default_hook::{closure#0}
[INFO] [stdout]    4:     0x60c6d4e7b2d9 - std[617be2ca0a6fd877]::panicking::default_hook
[INFO] [stdout]    5:     0x60c6d4df7de0 - test[aada8e7e76ba119b]::test_main_inner::{closure#0}
[INFO] [stdout]    6:     0x60c6d4e7b492 - std[617be2ca0a6fd877]::panicking::panic_with_hook
[INFO] [stdout]    7:     0x60c6d4e5efc2 - std[617be2ca0a6fd877]::panicking::panic_handler::{closure#0}
[INFO] [stdout]    8:     0x60c6d4e57ca9 - std[617be2ca0a6fd877]::sys::backtrace::__rust_end_short_backtrace::<std[617be2ca0a6fd877]::panicking::panic_handler::{closure#0}, !>
[INFO] [stdout]    9:     0x60c6d4e5fbcd - __rustc[ea4f61d10b84890b]::rust_begin_unwind
[INFO] [stdout]   10:     0x60c6d4e9734c - core[a373ad73a504971]::panicking::panic_fmt
[INFO] [stdout]   11:     0x60c6d4e97122 - core[a373ad73a504971]::result::unwrap_failed
[INFO] [stdout]   12:     0x60c6d4de1352 - <transcoding_rs[27fec23c671af0a9]::transcoder::tests::guess_gb18030_utf8::{closure#0} as core[a373ad73a504971]::ops::function::FnOnce<()>>::call_once
[INFO] [stdout]   13:     0x60c6d4deb22b - test[aada8e7e76ba119b]::__rust_begin_short_backtrace::<core[a373ad73a504971]::result::Result<(), alloc[2e1b2a31b91974c5]::string::String>, fn() -> core[a373ad73a504971]::result::Result<(), alloc[2e1b2a31b91974c5]::string::String>>
[INFO] [stdout]   14:     0x60c6d4df8405 - test[aada8e7e76ba119b]::run_test::{closure#0}
[INFO] [stdout]   15:     0x60c6d4df1cf4 - std[617be2ca0a6fd877]::sys::backtrace::__rust_begin_short_backtrace::<test[aada8e7e76ba119b]::run_test::{closure#1}, ()>
[INFO] [stdout]   16:     0x60c6d4dfb492 - <std[617be2ca0a6fd877]::thread::lifecycle::spawn_unchecked<test[aada8e7e76ba119b]::run_test::{closure#1}, ()>::{closure#1} as core[a373ad73a504971]::ops::function::FnOnce<()>>::call_once::{shim:vtable#0}
[INFO] [stdout]   17:     0x60c6d4e8249f - <std[617be2ca0a6fd877]::sys::thread::unix::Thread>::new::thread_start
[INFO] [stdout]   18:     0x7f31787a6dfa - <unknown>
[INFO] [stdout]   19:     0x7f317883a3d4 - clone
[INFO] [stdout]   20:                0x0 - <unknown>
[INFO] [stdout] 
[INFO] [stdout] ---- transcoder::tests::guess_koi8r_utf8 stdout ----
[INFO] [stdout] 
[INFO] [stdout] thread 'transcoder::tests::guess_koi8r_utf8' (257) panicked at src/transcoder.rs:342:5:
[INFO] [stdout] called `Result::unwrap()` on an `Err` value: Os { code: 2, kind: NotFound, message: "No such file or directory" }
[INFO] [stdout] stack backtrace:
[INFO] [stdout]    0:     0x60c6d4e82c41 - <<std[617be2ca0a6fd877]::sys::backtrace::BacktraceLock>::print::DisplayBacktrace as core[a373ad73a504971]::fmt::Display>::fmt
[INFO] [stdout]    1:     0x60c6d4e96c1a - core[a373ad73a504971]::fmt::write
[INFO] [stdout]    2:     0x60c6d4e86f0c - <alloc[2e1b2a31b91974c5]::vec::Vec<u8> as core[a373ad73a504971]::io::write::Write>::write_fmt
[INFO] [stdout]    3:     0x60c6d4e5ef16 - std[617be2ca0a6fd877]::panicking::default_hook::{closure#0}
[INFO] [stdout]    4:     0x60c6d4e7b2d9 - std[617be2ca0a6fd877]::panicking::default_hook
[INFO] [stdout]    5:     0x60c6d4df7de0 - test[aada8e7e76ba119b]::test_main_inner::{closure#0}
[INFO] [stdout]    6:     0x60c6d4e7b492 - std[617be2ca0a6fd877]::panicking::panic_with_hook
[INFO] [stdout]    7:     0x60c6d4e5efc2 - std[617be2ca0a6fd877]::panicking::panic_handler::{closure#0}
[INFO] [stdout]    8:     0x60c6d4e57ca9 - std[617be2ca0a6fd877]::sys::backtrace::__rust_end_short_backtrace::<std[617be2ca0a6fd877]::panicking::panic_handler::{closure#0}, !>
[INFO] [stdout]    9:     0x60c6d4e5fbcd - __rustc[ea4f61d10b84890b]::rust_begin_unwind
[INFO] [stdout]   10:     0x60c6d4e9734c - core[a373ad73a504971]::panicking::panic_fmt
[INFO] [stdout]   11:     0x60c6d4e97122 - core[a373ad73a504971]::result::unwrap_failed
[INFO] [stdout]   12:     0x60c6d4ddf822 - <transcoding_rs[27fec23c671af0a9]::transcoder::tests::guess_koi8r_utf8::{closure#0} as core[a373ad73a504971]::ops::function::FnOnce<()>>::call_once
[INFO] [stdout]   13:     0x60c6d4deb22b - test[aada8e7e76ba119b]::__rust_begin_short_backtrace::<core[a373ad73a504971]::result::Result<(), alloc[2e1b2a31b91974c5]::string::String>, fn() -> core[a373ad73a504971]::result::Result<(), alloc[2e1b2a31b91974c5]::string::String>>
[INFO] [stdout]   14:     0x60c6d4df8405 - test[aada8e7e76ba119b]::run_test::{closure#0}
[INFO] [stdout]   15:     0x60c6d4df1cf4 - std[617be2ca0a6fd877]::sys::backtrace::__rust_begin_short_backtrace::<test[aada8e7e76ba119b]::run_test::{closure#1}, ()>
[INFO] [stdout]   16:     0x60c6d4dfb492 - <std[617be2ca0a6fd877]::thread::lifecycle::spawn_unchecked<test[aada8e7e76ba119b]::run_test::{closure#1}, ()>::{closure#1} as core[a373ad73a504971]::ops::function::FnOnce<()>>::call_once::{shim:vtable#0}
[INFO] [stdout]   17:     0x60c6d4e8249f - <std[617be2ca0a6fd877]::sys::thread::unix::Thread>::new::thread_start
[INFO] [stdout]   18:     0x7f31787a6dfa - <unknown>
[INFO] [stdout]   19:     0x7f317883a3d4 - clone
[INFO] [stdout]   20:                0x0 - <unknown>
[INFO] [stdout] 
[INFO] [stdout] ---- transcoder::tests::guess_utf16be_utf8 stdout ----
[INFO] [stdout] 
[INFO] [stdout] thread 'transcoder::tests::guess_utf16be_utf8' (259) panicked at src/transcoder.rs:334:5:
[INFO] [stdout] called `Result::unwrap()` on an `Err` value: Os { code: 2, kind: NotFound, message: "No such file or directory" }
[INFO] [stdout] stack backtrace:
[INFO] [stdout]    0:     0x60c6d4e82c41 - <<std[617be2ca0a6fd877]::sys::backtrace::BacktraceLock>::print::DisplayBacktrace as core[a373ad73a504971]::fmt::Display>::fmt
[INFO] [stdout]    1:     0x60c6d4e96c1a - core[a373ad73a504971]::fmt::write
[INFO] [stdout]    2:     0x60c6d4e86f0c - <alloc[2e1b2a31b91974c5]::vec::Vec<u8> as core[a373ad73a504971]::io::write::Write>::write_fmt
[INFO] [stdout]    3:     0x60c6d4e5ef16 - std[617be2ca0a6fd877]::panicking::default_hook::{closure#0}
[INFO] [stdout]    4:     0x60c6d4e7b2d9 - std[617be2ca0a6fd877]::panicking::default_hook
[INFO] [stdout]    5:     0x60c6d4df7de0 - test[aada8e7e76ba119b]::test_main_inner::{closure#0}
[INFO] [stdout]    6:     0x60c6d4e7b492 - std[617be2ca0a6fd877]::panicking::panic_with_hook
[INFO] [stdout]    7:     0x60c6d4e5efc2 - std[617be2ca0a6fd877]::panicking::panic_handler::{closure#0}
[INFO] [stdout]    8:     0x60c6d4e57ca9 - std[617be2ca0a6fd877]::sys::backtrace::__rust_end_short_backtrace::<std[617be2ca0a6fd877]::panicking::panic_handler::{closure#0}, !>
[INFO] [stdout]    9:     0x60c6d4e5fbcd - __rustc[ea4f61d10b84890b]::rust_begin_unwind
[INFO] [stdout]   10:     0x60c6d4e9734c - core[a373ad73a504971]::panicking::panic_fmt
[INFO] [stdout]   11:     0x60c6d4e97122 - core[a373ad73a504971]::result::unwrap_failed
[INFO] [stdout]   12:     0x60c6d4de1842 - <transcoding_rs[27fec23c671af0a9]::transcoder::tests::guess_utf16be_utf8::{closure#0} as core[a373ad73a504971]::ops::function::FnOnce<()>>::call_once
[INFO] [stdout]   13:     0x60c6d4deb22b - test[aada8e7e76ba119b]::__rust_begin_short_backtrace::<core[a373ad73a504971]::result::Result<(), alloc[2e1b2a31b91974c5]::string::String>, fn() -> core[a373ad73a504971]::result::Result<(), alloc[2e1b2a31b91974c5]::string::String>>
[INFO] [stdout]   14:     0x60c6d4df8405 - test[aada8e7e76ba119b]::run_test::{closure#0}
[INFO] [stdout]   15:     0x60c6d4df1cf4 - std[617be2ca0a6fd877]::sys::backtrace::__rust_begin_short_backtrace::<test[aada8e7e76ba119b]::run_test::{closure#1}, ()>
[INFO] [stdout]   16:     0x60c6d4dfb492 - <std[617be2ca0a6fd877]::thread::lifecycle::spawn_unchecked<test[aada8e7e76ba119b]::run_test::{closure#1}, ()>::{closure#1} as core[a373ad73a504971]::ops::function::FnOnce<()>>::call_once::{shim:vtable#0}
[INFO] [stdout]   17:     0x60c6d4e8249f - <std[617be2ca0a6fd877]::sys::thread::unix::Thread>::new::thread_start
[INFO] [stdout]   18:     0x7f31787a6dfa - <unknown>
[INFO] [stdout]   19:     0x7f317883a3d4 - clone
[INFO] [stdout]   20:                0x0 - <unknown>
[INFO] [stdout] 
[INFO] [stdout] ---- transcoder::tests::guess_sjis_utf8 stdout ----
[INFO] [stdout] 
[INFO] [stdout] thread 'transcoder::tests::guess_sjis_utf8' (258) panicked at src/transcoder.rs:335:5:
[INFO] [stdout] called `Result::unwrap()` on an `Err` value: Os { code: 2, kind: NotFound, message: "No such file or directory" }
[INFO] [stdout] stack backtrace:
[INFO] [stdout]    0:     0x60c6d4e82c41 - <<std[617be2ca0a6fd877]::sys::backtrace::BacktraceLock>::print::DisplayBacktrace as core[a373ad73a504971]::fmt::Display>::fmt
[INFO] [stdout]    1:     0x60c6d4e96c1a - core[a373ad73a504971]::fmt::write
[INFO] [stdout]    2:     0x60c6d4e86f0c - <alloc[2e1b2a31b91974c5]::vec::Vec<u8> as core[a373ad73a504971]::io::write::Write>::write_fmt
[INFO] [stdout]    3:     0x60c6d4e5ef16 - std[617be2ca0a6fd877]::panicking::default_hook::{closure#0}
[INFO] [stdout]    4:     0x60c6d4e7b2d9 - std[617be2ca0a6fd877]::panicking::default_hook
[INFO] [stdout]    5:     0x60c6d4df7de0 - test[aada8e7e76ba119b]::test_main_inner::{closure#0}
[INFO] [stdout]    6:     0x60c6d4e7b492 - std[617be2ca0a6fd877]::panicking::panic_with_hook
[INFO] [stdout]    7:     0x60c6d4e5efc2 - std[617be2ca0a6fd877]::panicking::panic_handler::{closure#0}
[INFO] [stdout]    8:     0x60c6d4e57ca9 - std[617be2ca0a6fd877]::sys::backtrace::__rust_end_short_backtrace::<std[617be2ca0a6fd877]::panicking::panic_handler::{closure#0}, !>
[INFO] [stdout]    9:     0x60c6d4e5fbcd - __rustc[ea4f61d10b84890b]::rust_begin_unwind
[INFO] [stdout]   10:     0x60c6d4e9734c - core[a373ad73a504971]::panicking::panic_fmt
[INFO] [stdout]   11:     0x60c6d4e97122 - core[a373ad73a504971]::result::unwrap_failed
[INFO] [stdout]   12:     0x60c6d4dddc12 - <transcoding_rs[27fec23c671af0a9]::transcoder::tests::guess_sjis_utf8::{closure#0} as core[a373ad73a504971]::ops::function::FnOnce<()>>::call_once
[INFO] [stdout]   13:     0x60c6d4deb22b - test[aada8e7e76ba119b]::__rust_begin_short_backtrace::<core[a373ad73a504971]::result::Result<(), alloc[2e1b2a31b91974c5]::string::String>, fn() -> core[a373ad73a504971]::result::Result<(), alloc[2e1b2a31b91974c5]::string::String>>
[INFO] [stdout]   14:     0x60c6d4df8405 - test[aada8e7e76ba119b]::run_test::{closure#0}
[INFO] [stdout]   15:     0x60c6d4df1cf4 - std[617be2ca0a6fd877]::sys::backtrace::__rust_begin_short_backtrace::<test[aada8e7e76ba119b]::run_test::{closure#1}, ()>
[INFO] [stdout]   16:     0x60c6d4dfb492 - <std[617be2ca0a6fd877]::thread::lifecycle::spawn_unchecked<test[aada8e7e76ba119b]::run_test::{closure#1}, ()>::{closure#1} as core[a373ad73a504971]::ops::function::FnOnce<()>>::call_once::{shim:vtable#0}
[INFO] [stdout]   17:     0x60c6d4e8249f - <std[617be2ca0a6fd877]::sys::thread::unix::Thread>::new::thread_start
[INFO] [stdout]   18:     0x7f31787a6dfa - <unknown>
[INFO] [stdout]   19:     0x7f317883a3d4 - clone
[INFO] [stdout]   20:                0x0 - <unknown>
[INFO] [stdout] 
[INFO] [stdout] ---- transcoder::tests::guess_utf8_big5 stdout ----
[INFO] [stdout] 
[INFO] [stdout] thread 'transcoder::tests::guess_utf8_big5' (261) panicked at src/transcoder.rs:350:5:
[INFO] [stdout] called `Result::unwrap()` on an `Err` value: Os { code: 2, kind: NotFound, message: "No such file or directory" }
[INFO] [stdout] stack backtrace:
[INFO] [stdout]    0:     0x60c6d4e82c41 - <<std[617be2ca0a6fd877]::sys::backtrace::BacktraceLock>::print::DisplayBacktrace as core[a373ad73a504971]::fmt::Display>::fmt
[INFO] [stdout]    1:     0x60c6d4e96c1a - core[a373ad73a504971]::fmt::write
[INFO] [stdout]    2:     0x60c6d4e86f0c - <alloc[2e1b2a31b91974c5]::vec::Vec<u8> as core[a373ad73a504971]::io::write::Write>::write_fmt
[INFO] [stdout]    3:     0x60c6d4e5ef16 - std[617be2ca0a6fd877]::panicking::default_hook::{closure#0}
[INFO] [stdout]    4:     0x60c6d4e7b2d9 - std[617be2ca0a6fd877]::panicking::default_hook
[INFO] [stdout]    5:     0x60c6d4df7de0 - test[aada8e7e76ba119b]::test_main_inner::{closure#0}
[INFO] [stdout]    6:     0x60c6d4e7b492 - std[617be2ca0a6fd877]::panicking::panic_with_hook
[INFO] [stdout]    7:     0x60c6d4e5efc2 - std[617be2ca0a6fd877]::panicking::panic_handler::{closure#0}
[INFO] [stdout]    8:     0x60c6d4e57ca9 - std[617be2ca0a6fd877]::sys::backtrace::__rust_end_short_backtrace::<std[617be2ca0a6fd877]::panicking::panic_handler::{closure#0}, !>
[INFO] [stdout]    9:     0x60c6d4e5fbcd - __rustc[ea4f61d10b84890b]::rust_begin_unwind
[INFO] [stdout]   10:     0x60c6d4e9734c - core[a373ad73a504971]::panicking::panic_fmt
[INFO] [stdout]   11:     0x60c6d4e97122 - core[a373ad73a504971]::result::unwrap_failed
[INFO] [stdout]   12:     0x60c6d4dde102 - <transcoding_rs[27fec23c671af0a9]::transcoder::tests::guess_utf8_big5::{closure#0} as core[a373ad73a504971]::ops::function::FnOnce<()>>::call_once
[INFO] [stdout]   13:     0x60c6d4deb22b - test[aada8e7e76ba119b]::__rust_begin_short_backtrace::<core[a373ad73a504971]::result::Result<(), alloc[2e1b2a31b91974c5]::string::String>, fn() -> core[a373ad73a504971]::result::Result<(), alloc[2e1b2a31b91974c5]::string::String>>
[INFO] [stdout]   14:     0x60c6d4df8405 - test[aada8e7e76ba119b]::run_test::{closure#0}
[INFO] [stdout]   15:     0x60c6d4df1cf4 - std[617be2ca0a6fd877]::sys::backtrace::__rust_begin_short_backtrace::<test[aada8e7e76ba119b]::run_test::{closure#1}, ()>
[INFO] [stdout]   16:     0x60c6d4dfb492 - <std[617be2ca0a6fd877]::thread::lifecycle::spawn_unchecked<test[aada8e7e76ba119b]::run_test::{closure#1}, ()>::{closure#1} as core[a373ad73a504971]::ops::function::FnOnce<()>>::call_once::{shim:vtable#0}
[INFO] [stdout]   17:     0x60c6d4e8249f - <std[617be2ca0a6fd877]::sys::thread::unix::Thread>::new::thread_start
[INFO] [stdout]   18:     0x7f31787a6dfa - <unknown>
[INFO] [stdout]   19:     0x7f317883a3d4 - clone
[INFO] [stdout]   20:                0x0 - <unknown>
[INFO] [stdout] 
[INFO] [stdout] ---- transcoder::tests::guess_utf16le_utf8 stdout ----
[INFO] [stdout] 
[INFO] [stdout] thread 'transcoder::tests::guess_utf16le_utf8' (260) panicked at src/transcoder.rs:333:5:
[INFO] [stdout] called `Result::unwrap()` on an `Err` value: Os { code: 2, kind: NotFound, message: "No such file or directory" }
[INFO] [stdout] stack backtrace:
[INFO] [stdout]    0:     0x60c6d4e82c41 - <<std[617be2ca0a6fd877]::sys::backtrace::BacktraceLock>::print::DisplayBacktrace as core[a373ad73a504971]::fmt::Display>::fmt
[INFO] [stdout]    1:     0x60c6d4e96c1a - core[a373ad73a504971]::fmt::write
[INFO] [stdout]    2:     0x60c6d4e86f0c - <alloc[2e1b2a31b91974c5]::vec::Vec<u8> as core[a373ad73a504971]::io::write::Write>::write_fmt
[INFO] [stdout]    3:     0x60c6d4e5ef16 - std[617be2ca0a6fd877]::panicking::default_hook::{closure#0}
[INFO] [stdout]    4:     0x60c6d4e7b2d9 - std[617be2ca0a6fd877]::panicking::default_hook
[INFO] [stdout]    5:     0x60c6d4df7de0 - test[aada8e7e76ba119b]::test_main_inner::{closure#0}
[INFO] [stdout]    6:     0x60c6d4e7b492 - std[617be2ca0a6fd877]::panicking::panic_with_hook
[INFO] [stdout]    7:     0x60c6d4e5efc2 - std[617be2ca0a6fd877]::panicking::panic_handler::{closure#0}
[INFO] [stdout]    8:     0x60c6d4e57ca9 - std[617be2ca0a6fd877]::sys::backtrace::__rust_end_short_backtrace::<std[617be2ca0a6fd877]::panicking::panic_handler::{closure#0}, !>
[INFO] [stdout]    9:     0x60c6d4e5fbcd - __rustc[ea4f61d10b84890b]::rust_begin_unwind
[INFO] [stdout]   10:     0x60c6d4e9734c - core[a373ad73a504971]::panicking::panic_fmt
[INFO] [stdout]   11:     0x60c6d4e97122 - core[a373ad73a504971]::result::unwrap_failed
[INFO] [stdout]   12:     0x60c6d4de1d32 - <transcoding_rs[27fec23c671af0a9]::transcoder::tests::guess_utf16le_utf8::{closure#0} as core[a373ad73a504971]::ops::function::FnOnce<()>>::call_once
[INFO] [stdout]   13:     0x60c6d4deb22b - test[aada8e7e76ba119b]::__rust_begin_short_backtrace::<core[a373ad73a504971]::result::Result<(), alloc[2e1b2a31b91974c5]::string::String>, fn() -> core[a373ad73a504971]::result::Result<(), alloc[2e1b2a31b91974c5]::string::String>>
[INFO] [stdout]   14:     0x60c6d4df8405 - test[aada8e7e76ba119b]::run_test::{closure#0}
[INFO] [stdout]   15:     0x60c6d4df1cf4 - std[617be2ca0a6fd877]::sys::backtrace::__rust_begin_short_backtrace::<test[aada8e7e76ba119b]::run_test::{closure#1}, ()>
[INFO] [stdout]   16:     0x60c6d4dfb492 - <std[617be2ca0a6fd877]::thread::lifecycle::spawn_unchecked<test[aada8e7e76ba119b]::run_test::{closure#1}, ()>::{closure#1} as core[a373ad73a504971]::ops::function::FnOnce<()>>::call_once::{shim:vtable#0}
[INFO] [stdout]   17:     0x60c6d4e8249f - <std[617be2ca0a6fd877]::sys::thread::unix::Thread>::new::thread_start
[INFO] [stdout]   18:     0x7f31787a6dfa - <unknown>
[INFO] [stdout]   19:     0x7f317883a3d4 - clone
[INFO] [stdout]   20:                0x0 - <unknown>
[INFO] [stdout] 
[INFO] [stdout] ---- transcoder::tests::guess_utf8_sjis stdout ----
[INFO] [stdout] 
[INFO] [stdout] thread 'transcoder::tests::guess_utf8_sjis' (268) panicked at src/transcoder.rs:347:5:
[INFO] [stdout] called `Result::unwrap()` on an `Err` value: Os { code: 2, kind: NotFound, message: "No such file or directory" }
[INFO] [stdout] stack backtrace:
[INFO] [stdout]    0:     0x60c6d4e82c41 - <<std[617be2ca0a6fd877]::sys::backtrace::BacktraceLock>::print::DisplayBacktrace as core[a373ad73a504971]::fmt::Display>::fmt
[INFO] [stdout]    1:     0x60c6d4e96c1a - core[a373ad73a504971]::fmt::write
[INFO] [stdout]    2:     0x60c6d4e86f0c - <alloc[2e1b2a31b91974c5]::vec::Vec<u8> as core[a373ad73a504971]::io::write::Write>::write_fmt
[INFO] [stdout]    3:     0x60c6d4e5ef16 - std[617be2ca0a6fd877]::panicking::default_hook::{closure#0}
[INFO] [stdout]    4:     0x60c6d4e7b2d9 - std[617be2ca0a6fd877]::panicking::default_hook
[INFO] [stdout]    5:     0x60c6d4df7de0 - test[aada8e7e76ba119b]::test_main_inner::{closure#0}
[INFO] [stdout]    6:     0x60c6d4e7b492 - std[617be2ca0a6fd877]::panicking::panic_with_hook
[INFO] [stdout]    7:     0x60c6d4e5efc2 - std[617be2ca0a6fd877]::panicking::panic_handler::{closure#0}
[INFO] [stdout]    8:     0x60c6d4e57ca9 - std[617be2ca0a6fd877]::sys::backtrace::__rust_end_short_backtrace::<std[617be2ca0a6fd877]::panicking::panic_handler::{closure#0}, !>
[INFO] [stdout]    9:     0x60c6d4e5fbcd - __rustc[ea4f61d10b84890b]::rust_begin_unwind
[INFO] [stdout]   10:     0x60c6d4e9734c - core[a373ad73a504971]::panicking::panic_fmt
[INFO] [stdout]   11:     0x60c6d4e97122 - core[a373ad73a504971]::result::unwrap_failed
[INFO] [stdout]   12:     0x60c6d4dde5f2 - <transcoding_rs[27fec23c671af0a9]::transcoder::tests::guess_utf8_sjis::{closure#0} as core[a373ad73a504971]::ops::function::FnOnce<()>>::call_once
[INFO] [stdout]   13:     0x60c6d4deb22b - test[aada8e7e76ba119b]::__rust_begin_short_backtrace::<core[a373ad73a504971]::result::Result<(), alloc[2e1b2a31b91974c5]::string::String>, fn() -> core[a373ad73a504971]::result::Result<(), alloc[2e1b2a31b91974c5]::string::String>>
[INFO] [stdout]   14:     0x60c6d4df8405 - test[aada8e7e76ba119b]::run_test::{closure#0}
[INFO] [stdout]   15:     0x60c6d4df1cf4 - std[617be2ca0a6fd877]::sys::backtrace::__rust_begin_short_backtrace::<test[aada8e7e76ba119b]::run_test::{closure#1}, ()>
[INFO] [stdout]   16:     0x60c6d4dfb492 - <std[617be2ca0a6fd877]::thread::lifecycle::spawn_unchecked<test[aada8e7e76ba119b]::run_test::{closure#1}, ()>::{closure#1} as core[a373ad73a504971]::ops::function::FnOnce<()>>::call_once::{shim:vtable#0}
[INFO] [stdout]   17:     0x60c6d4e8249f - <std[617be2ca0a6fd877]::sys::thread::unix::Thread>::new::thread_start
[INFO] [stdout]   18:     0x7f31787a6dfa - <unknown>
[INFO] [stdout]   19:     0x7f317883a3d4 - clone
[INFO] [stdout]   20:                0x0 - <unknown>
[INFO] [stdout] 
[INFO] [stdout] ---- transcoder::tests::guess_utf8_euckr stdout ----
[INFO] [stdout] 
[INFO] [stdout] thread 'transcoder::tests::guess_utf8_euckr' (263) panicked at src/transcoder.rs:353:5:
[INFO] [stdout] called `Result::unwrap()` on an `Err` value: Os { code: 2, kind: NotFound, message: "No such file or directory" }
[INFO] [stdout] stack backtrace:
[INFO] [stdout]    0:     0x60c6d4e82c41 - <<std[617be2ca0a6fd877]::sys::backtrace::BacktraceLock>::print::DisplayBacktrace as core[a373ad73a504971]::fmt::Display>::fmt
[INFO] [stdout]    1:     0x60c6d4e96c1a - core[a373ad73a504971]::fmt::write
[INFO] [stdout]    2:     0x60c6d4e86f0c - <alloc[2e1b2a31b91974c5]::vec::Vec<u8> as core[a373ad73a504971]::io::write::Write>::write_fmt
[INFO] [stdout]    3:     0x60c6d4e5ef16 - std[617be2ca0a6fd877]::panicking::default_hook::{closure#0}
[INFO] [stdout]    4:     0x60c6d4e7b2d9 - std[617be2ca0a6fd877]::panicking::default_hook
[INFO] [stdout]    5:     0x60c6d4df7de0 - test[aada8e7e76ba119b]::test_main_inner::{closure#0}
[INFO] [stdout]    6:     0x60c6d4e7b492 - std[617be2ca0a6fd877]::panicking::panic_with_hook
[INFO] [stdout]    7:     0x60c6d4e5efc2 - std[617be2ca0a6fd877]::panicking::panic_handler::{closure#0}
[INFO] [stdout]    8:     0x60c6d4e57ca9 - std[617be2ca0a6fd877]::sys::backtrace::__rust_end_short_backtrace::<std[617be2ca0a6fd877]::panicking::panic_handler::{closure#0}, !>
[INFO] [stdout]    9:     0x60c6d4e5fbcd - __rustc[ea4f61d10b84890b]::rust_begin_unwind
[INFO] [stdout]   10:     0x60c6d4e9734c - core[a373ad73a504971]::panicking::panic_fmt
[INFO] [stdout]   11:     0x60c6d4e97122 - core[a373ad73a504971]::result::unwrap_failed
[INFO] [stdout]   12:     0x60c6d4de0202 - <transcoding_rs[27fec23c671af0a9]::transcoder::tests::guess_utf8_euckr::{closure#0} as core[a373ad73a504971]::ops::function::FnOnce<()>>::call_once
[INFO] [stdout]   13:     0x60c6d4deb22b - test[aada8e7e76ba119b]::__rust_begin_short_backtrace::<core[a373ad73a504971]::result::Result<(), alloc[2e1b2a31b91974c5]::string::String>, fn() -> core[a373ad73a504971]::result::Result<(), alloc[2e1b2a31b91974c5]::string::String>>
[INFO] [stdout]   14:     0x60c6d4df8405 - test[aada8e7e76ba119b]::run_test::{closure#0}
[INFO] [stdout]   15:     0x60c6d4df1cf4 - std[617be2ca0a6fd877]::sys::backtrace::__rust_begin_short_backtrace::<test[aada8e7e76ba119b]::run_test::{closure#1}, ()>
[INFO] [stdout]   16:     0x60c6d4dfb492 - <std[617be2ca0a6fd877]::thread::lifecycle::spawn_unchecked<test[aada8e7e76ba119b]::run_test::{closure#1}, ()>::{closure#1} as core[a373ad73a504971]::ops::function::FnOnce<()>>::call_once::{shim:vtable#0}
[INFO] [stdout]   17:     0x60c6d4e8249f - <std[617be2ca0a6fd877]::sys::thread::unix::Thread>::new::thread_start
[INFO] [stdout]   18:     0x7f31787a6dfa - <unknown>
[INFO] [stdout]   19:     0x7f317883a3d4 - clone
[INFO] [stdout]   20:                0x0 - <unknown>
[INFO] [stdout] 
[INFO] [stdout] ---- transcoder::tests::guess_utf8_gb18030 stdout ----
[INFO] [stdout] 
[INFO] [stdout] thread 'transcoder::tests::guess_utf8_gb18030' (264) panicked at src/transcoder.rs:352:5:
[INFO] [stdout] called `Result::unwrap()` on an `Err` value: Os { code: 2, kind: NotFound, message: "No such file or directory" }
[INFO] [stdout] stack backtrace:
[INFO] [stdout]    0:     0x60c6d4e82c41 - <<std[617be2ca0a6fd877]::sys::backtrace::BacktraceLock>::print::DisplayBacktrace as core[a373ad73a504971]::fmt::Display>::fmt
[INFO] [stdout]    1:     0x60c6d4e96c1a - core[a373ad73a504971]::fmt::write
[INFO] [stdout]    2:     0x60c6d4e86f0c - <alloc[2e1b2a31b91974c5]::vec::Vec<u8> as core[a373ad73a504971]::io::write::Write>::write_fmt
[INFO] [stdout]    3:     0x60c6d4e5ef16 - std[617be2ca0a6fd877]::panicking::default_hook::{closure#0}
[INFO] [stdout]    4:     0x60c6d4e7b2d9 - std[617be2ca0a6fd877]::panicking::default_hook
[INFO] [stdout]    5:     0x60c6d4df7de0 - test[aada8e7e76ba119b]::test_main_inner::{closure#0}
[INFO] [stdout]    6:     0x60c6d4e7b492 - std[617be2ca0a6fd877]::panicking::panic_with_hook
[INFO] [stdout]    7:     0x60c6d4e5efc2 - std[617be2ca0a6fd877]::panicking::panic_handler::{closure#0}
[INFO] [stdout]    8:     0x60c6d4e57ca9 - std[617be2ca0a6fd877]::sys::backtrace::__rust_end_short_backtrace::<std[617be2ca0a6fd877]::panicking::panic_handler::{closure#0}, !>
[INFO] [stdout]    9:     0x60c6d4e5fbcd - __rustc[ea4f61d10b84890b]::rust_begin_unwind
[INFO] [stdout]   10:     0x60c6d4e9734c - core[a373ad73a504971]::panicking::panic_fmt
[INFO] [stdout]   11:     0x60c6d4e97122 - core[a373ad73a504971]::result::unwrap_failed
[INFO] [stdout]   12:     0x60c6d4de2222 - <transcoding_rs[27fec23c671af0a9]::transcoder::tests::guess_utf8_gb18030::{closure#0} as core[a373ad73a504971]::ops::function::FnOnce<()>>::call_once
[INFO] [stdout]   13:     0x60c6d4deb22b - test[aada8e7e76ba119b]::__rust_begin_short_backtrace::<core[a373ad73a504971]::result::Result<(), alloc[2e1b2a31b91974c5]::string::String>, fn() -> core[a373ad73a504971]::result::Result<(), alloc[2e1b2a31b91974c5]::string::String>>
[INFO] [stdout]   14:     0x60c6d4df8405 - test[aada8e7e76ba119b]::run_test::{closure#0}
[INFO] [stdout]   15:     0x60c6d4df1cf4 - std[617be2ca0a6fd877]::sys::backtrace::__rust_begin_short_backtrace::<test[aada8e7e76ba119b]::run_test::{closure#1}, ()>
[INFO] [stdout]   16:     0x60c6d4dfb492 - <std[617be2ca0a6fd877]::thread::lifecycle::spawn_unchecked<test[aada8e7e76ba119b]::run_test::{closure#1}, ()>::{closure#1} as core[a373ad73a504971]::ops::function::FnOnce<()>>::call_once::{shim:vtable#0}
[INFO] [stdout]   17:     0x60c6d4e8249f - <std[617be2ca0a6fd877]::sys::thread::unix::Thread>::new::thread_start
[INFO] [stdout]   18:     0x7f31787a6dfa - <unknown>
[INFO] [stdout]   19:     0x7f317883a3d4 - clone
[INFO] [stdout]   20:                0x0 - <unknown>
[INFO] [stdout] 
[INFO] [stdout] ---- transcoder::tests::guess_utf8_gbk stdout ----
[INFO] [stdout] 
[INFO] [stdout] thread 'transcoder::tests::guess_utf8_gbk' (265) panicked at src/transcoder.rs:351:5:
[INFO] [stdout] called `Result::unwrap()` on an `Err` value: Os { code: 2, kind: NotFound, message: "No such file or directory" }
[INFO] [stdout] stack backtrace:
[INFO] [stdout]    0:     0x60c6d4e82c41 - <<std[617be2ca0a6fd877]::sys::backtrace::BacktraceLock>::print::DisplayBacktrace as core[a373ad73a504971]::fmt::Display>::fmt
[INFO] [stdout]    1:     0x60c6d4e96c1a - core[a373ad73a504971]::fmt::write
[INFO] [stdout]    2:     0x60c6d4e86f0c - <alloc[2e1b2a31b91974c5]::vec::Vec<u8> as core[a373ad73a504971]::io::write::Write>::write_fmt
[INFO] [stdout]    3:     0x60c6d4e5ef16 - std[617be2ca0a6fd877]::panicking::default_hook::{closure#0}
[INFO] [stdout]    4:     0x60c6d4e7b2d9 - std[617be2ca0a6fd877]::panicking::default_hook
[INFO] [stdout]    5:     0x60c6d4df7de0 - test[aada8e7e76ba119b]::test_main_inner::{closure#0}
[INFO] [stdout]    6:     0x60c6d4e7b492 - std[617be2ca0a6fd877]::panicking::panic_with_hook
[INFO] [stdout]    7:     0x60c6d4e5efc2 - std[617be2ca0a6fd877]::panicking::panic_handler::{closure#0}
[INFO] [stdout]    8:     0x60c6d4e57ca9 - std[617be2ca0a6fd877]::sys::backtrace::__rust_end_short_backtrace::<std[617be2ca0a6fd877]::panicking::panic_handler::{closure#0}, !>
[INFO] [stdout]    9:     0x60c6d4e5fbcd - __rustc[ea4f61d10b84890b]::rust_begin_unwind
[INFO] [stdout]   10:     0x60c6d4e9734c - core[a373ad73a504971]::panicking::panic_fmt
[INFO] [stdout]   11:     0x60c6d4e97122 - core[a373ad73a504971]::result::unwrap_failed
[INFO] [stdout]   12:     0x60c6d4ddd082 - <transcoding_rs[27fec23c671af0a9]::transcoder::tests::guess_utf8_gbk::{closure#0} as core[a373ad73a504971]::ops::function::FnOnce<()>>::call_once
[INFO] [stdout]   13:     0x60c6d4deb22b - test[aada8e7e76ba119b]::__rust_begin_short_backtrace::<core[a373ad73a504971]::result::Result<(), alloc[2e1b2a31b91974c5]::string::String>, fn() -> core[a373ad73a504971]::result::Result<(), alloc[2e1b2a31b91974c5]::string::String>>
[INFO] [stdout]   14:     0x60c6d4df8405 - test[aada8e7e76ba119b]::run_test::{closure#0}
[INFO] [stdout]   15:     0x60c6d4df1cf4 - std[617be2ca0a6fd877]::sys::backtrace::__rust_begin_short_backtrace::<test[aada8e7e76ba119b]::run_test::{closure#1}, ()>
[INFO] [stdout]   16:     0x60c6d4dfb492 - <std[617be2ca0a6fd877]::thread::lifecycle::spawn_unchecked<test[aada8e7e76ba119b]::run_test::{closure#1}, ()>::{closure#1} as core[a373ad73a504971]::ops::function::FnOnce<()>>::call_once::{shim:vtable#0}
[INFO] [stdout]   17:     0x60c6d4e8249f - <std[617be2ca0a6fd877]::sys::thread::unix::Thread>::new::thread_start
[INFO] [stdout]   18:     0x7f31787a6dfa - <unknown>
[INFO] [stdout]   19:     0x7f317883a3d4 - clone
[INFO] [stdout]   20:                0x0 - <unknown>
[INFO] [stdout] 
[INFO] [stdout] ---- transcoder::tests::guess_utf8_windows1252 stdout ----
[INFO] [stdout] 
[INFO] [stdout] thread 'transcoder::tests::guess_utf8_windows1252' (271) panicked at src/transcoder.rs:355:5:
[INFO] [stdout] called `Result::unwrap()` on an `Err` value: Os { code: 2, kind: NotFound, message: "No such file or directory" }
[INFO] [stdout] stack backtrace:
[INFO] [stdout]    0:     0x60c6d4e82c41 - <<std[617be2ca0a6fd877]::sys::backtrace::BacktraceLock>::print::DisplayBacktrace as core[a373ad73a504971]::fmt::Display>::fmt
[INFO] [stdout]    1:     0x60c6d4e96c1a - core[a373ad73a504971]::fmt::write
[INFO] [stdout]    2:     0x60c6d4e86f0c - <alloc[2e1b2a31b91974c5]::vec::Vec<u8> as core[a373ad73a504971]::io::write::Write>::write_fmt
[INFO] [stdout]    3:     0x60c6d4e5ef16 - std[617be2ca0a6fd877]::panicking::default_hook::{closure#0}
[INFO] [stdout]    4:     0x60c6d4e7b2d9 - std[617be2ca0a6fd877]::panicking::default_hook
[INFO] [stdout]    5:     0x60c6d4df7de0 - test[aada8e7e76ba119b]::test_main_inner::{closure#0}
[INFO] [stdout]    6:     0x60c6d4e7b492 - std[617be2ca0a6fd877]::panicking::panic_with_hook
[INFO] [stdout]    7:     0x60c6d4e5efc2 - std[617be2ca0a6fd877]::panicking::panic_handler::{closure#0}
[INFO] [stdout]    8:     0x60c6d4e57ca9 - std[617be2ca0a6fd877]::sys::backtrace::__rust_end_short_backtrace::<std[617be2ca0a6fd877]::panicking::panic_handler::{closure#0}, !>
[INFO] [stdout]    9:     0x60c6d4e5fbcd - __rustc[ea4f61d10b84890b]::rust_begin_unwind
[INFO] [stdout]   10:     0x60c6d4e9734c - core[a373ad73a504971]::panicking::panic_fmt
[INFO] [stdout]   11:     0x60c6d4e97122 - core[a373ad73a504971]::result::unwrap_failed
[INFO] [stdout]   12:     0x60c6d4de44d2 - <transcoding_rs[27fec23c671af0a9]::transcoder::tests::guess_utf8_windows1252::{closure#0} as core[a373ad73a504971]::ops::function::FnOnce<()>>::call_once
[INFO] [stdout]   13:     0x60c6d4deb22b - test[aada8e7e76ba119b]::__rust_begin_short_backtrace::<core[a373ad73a504971]::result::Result<(), alloc[2e1b2a31b91974c5]::string::String>, fn() -> core[a373ad73a504971]::result::Result<(), alloc[2e1b2a31b91974c5]::string::String>>
[INFO] [stdout]   14:     0x60c6d4df8405 - test[aada8e7e76ba119b]::run_test::{closure#0}
[INFO] [stdout]   15:     0x60c6d4df1cf4 - std[617be2ca0a6fd877]::sys::backtrace::__rust_begin_short_backtrace::<test[aada8e7e76ba119b]::run_test::{closure#1}, ()>
[INFO] [stdout]   16:     0x60c6d4dfb492 - <std[617be2ca0a6fd877]::thread::lifecycle::spawn_unchecked<test[aada8e7e76ba119b]::run_test::{closure#1}, ()>::{closure#1} as core[a373ad73a504971]::ops::function::FnOnce<()>>::call_once::{shim:vtable#0}
[INFO] [stdout]   17:     0x60c6d4e8249f - <std[617be2ca0a6fd877]::sys::thread::unix::Thread>::new::thread_start
[INFO] [stdout]   18:     0x7f31787a6dfa - <unknown>
[INFO] [stdout]   19:     0x7f317883a3d4 - clone
[INFO] [stdout]   20:                0x0 - <unknown>
[INFO] [stdout] 
[INFO] [stdout] ---- transcoder::tests::guess_utf8_iso2022jp stdout ----
[INFO] [stdout] 
[INFO] [stdout] thread 'transcoder::tests::guess_utf8_iso2022jp' (266) panicked at src/transcoder.rs:349:5:
[INFO] [stdout] called `Result::unwrap()` on an `Err` value: Os { code: 2, kind: NotFound, message: "No such file or directory" }
[INFO] [stdout] stack backtrace:
[INFO] [stdout]    0:     0x60c6d4e82c41 - <<std[617be2ca0a6fd877]::sys::backtrace::BacktraceLock>::print::DisplayBacktrace as core[a373ad73a504971]::fmt::Display>::fmt
[INFO] [stdout]    1:     0x60c6d4e96c1a - core[a373ad73a504971]::fmt::write
[INFO] [stdout]    2:     0x60c6d4e86f0c - <alloc[2e1b2a31b91974c5]::vec::Vec<u8> as core[a373ad73a504971]::io::write::Write>::write_fmt
[INFO] [stdout]    3:     0x60c6d4e5ef16 - std[617be2ca0a6fd877]::panicking::default_hook::{closure#0}
[INFO] [stdout]    4:     0x60c6d4e7b2d9 - std[617be2ca0a6fd877]::panicking::default_hook
[INFO] [stdout]    5:     0x60c6d4df7de0 - test[aada8e7e76ba119b]::test_main_inner::{closure#0}
[INFO] [stdout]    6:     0x60c6d4e7b492 - std[617be2ca0a6fd877]::panicking::panic_with_hook
[INFO] [stdout]    7:     0x60c6d4e5efc2 - std[617be2ca0a6fd877]::panicking::panic_handler::{closure#0}
[INFO] [stdout]    8:     0x60c6d4e57ca9 - std[617be2ca0a6fd877]::sys::backtrace::__rust_end_short_backtrace::<std[617be2ca0a6fd877]::panicking::panic_handler::{closure#0}, !>
[INFO] [stdout]    9:     0x60c6d4e5fbcd - __rustc[ea4f61d10b84890b]::rust_begin_unwind
[INFO] [stdout]   10:     0x60c6d4e9734c - core[a373ad73a504971]::panicking::panic_fmt
[INFO] [stdout]   11:     0x60c6d4e97122 - core[a373ad73a504971]::result::unwrap_failed
[INFO] [stdout]   12:     0x60c6d4de3c92 - <transcoding_rs[27fec23c671af0a9]::transcoder::tests::guess_utf8_iso2022jp::{closure#0} as core[a373ad73a504971]::ops::function::FnOnce<()>>::call_once
[INFO] [stdout]   13:     0x60c6d4deb22b - test[aada8e7e76ba119b]::__rust_begin_short_backtrace::<core[a373ad73a504971]::result::Result<(), alloc[2e1b2a31b91974c5]::string::String>, fn() -> core[a373ad73a504971]::result::Result<(), alloc[2e1b2a31b91974c5]::string::String>>
[INFO] [stdout]   14:     0x60c6d4df8405 - test[aada8e7e76ba119b]::run_test::{closure#0}
[INFO] [stdout]   15:     0x60c6d4df1cf4 - std[617be2ca0a6fd877]::sys::backtrace::__rust_begin_short_backtrace::<test[aada8e7e76ba119b]::run_test::{closure#1}, ()>
[INFO] [stdout]   16:     0x60c6d4dfb492 - <std[617be2ca0a6fd877]::thread::lifecycle::spawn_unchecked<test[aada8e7e76ba119b]::run_test::{closure#1}, ()>::{closure#1} as core[a373ad73a504971]::ops::function::FnOnce<()>>::call_once::{shim:vtable#0}
[INFO] [stdout]   17:     0x60c6d4e8249f - <std[617be2ca0a6fd877]::sys::thread::unix::Thread>::new::thread_start
[INFO] [stdout]   18:     0x7f31787a6dfa - <unknown>
[INFO] [stdout]   19:     0x7f317883a3d4 - clone
[INFO] [stdout]   20:                0x0 - <unknown>
[INFO] [stdout] 
[INFO] [stdout] ---- transcoder::tests::test_guess_error stdout ----
[INFO] [stdout] 
[INFO] [stdout] thread 'transcoder::tests::test_guess_error' (273) panicked at src/transcoder.rs:359:80:
[INFO] [stdout] called `Result::unwrap()` on an `Err` value: Os { code: 2, kind: NotFound, message: "No such file or directory" }
[INFO] [stdout] stack backtrace:
[INFO] [stdout]    0:     0x60c6d4e82c41 - <<std[617be2ca0a6fd877]::sys::backtrace::BacktraceLock>::print::DisplayBacktrace as core[a373ad73a504971]::fmt::Display>::fmt
[INFO] [stdout]    1:     0x60c6d4e96c1a - core[a373ad73a504971]::fmt::write
[INFO] [stdout]    2:     0x60c6d4e86f0c - <alloc[2e1b2a31b91974c5]::vec::Vec<u8> as core[a373ad73a504971]::io::write::Write>::write_fmt
[INFO] [stdout]    3:     0x60c6d4e5ef16 - std[617be2ca0a6fd877]::panicking::default_hook::{closure#0}
[INFO] [stdout]    4:     0x60c6d4e7b2d9 - std[617be2ca0a6fd877]::panicking::default_hook
[INFO] [stdout]    5:     0x60c6d4df7de0 - test[aada8e7e76ba119b]::test_main_inner::{closure#0}
[INFO] [stdout]    6:     0x60c6d4e7b492 - std[617be2ca0a6fd877]::panicking::panic_with_hook
[INFO] [stdout]    7:     0x60c6d4e5efc2 - std[617be2ca0a6fd877]::panicking::panic_handler::{closure#0}
[INFO] [stdout]    8:     0x60c6d4e57ca9 - std[617be2ca0a6fd877]::sys::backtrace::__rust_end_short_backtrace::<std[617be2ca0a6fd877]::panicking::panic_handler::{closure#0}, !>
[INFO] [stdout]    9:     0x60c6d4e5fbcd - __rustc[ea4f61d10b84890b]::rust_begin_unwind
[INFO] [stdout]   10:     0x60c6d4e9734c - core[a373ad73a504971]::panicking::panic_fmt
[INFO] [stdout]   11:     0x60c6d4e97122 - core[a373ad73a504971]::result::unwrap_failed
[INFO] [stdout]   12:     0x60c6d4de0a87 - <transcoding_rs[27fec23c671af0a9]::transcoder::tests::test_guess_error::{closure#0} as core[a373ad73a504971]::ops::function::FnOnce<()>>::call_once
[INFO] [stdout]   13:     0x60c6d4deb22b - test[aada8e7e76ba119b]::__rust_begin_short_backtrace::<core[a373ad73a504971]::result::Result<(), alloc[2e1b2a31b91974c5]::string::String>, fn() -> core[a373ad73a504971]::result::Result<(), alloc[2e1b2a31b91974c5]::string::String>>
[INFO] [stdout]   14:     0x60c6d4df8405 - test[aada8e7e76ba119b]::run_test::{closure#0}
[INFO] [stdout]   15:     0x60c6d4df1cf4 - std[617be2ca0a6fd877]::sys::backtrace::__rust_begin_short_backtrace::<test[aada8e7e76ba119b]::run_test::{closure#1}, ()>
[INFO] [stdout]   16:     0x60c6d4dfb492 - <std[617be2ca0a6fd877]::thread::lifecycle::spawn_unchecked<test[aada8e7e76ba119b]::run_test::{closure#1}, ()>::{closure#1} as core[a373ad73a504971]::ops::function::FnOnce<()>>::call_once::{shim:vtable#0}
[INFO] [stdout]   17:     0x60c6d4e8249f - <std[617be2ca0a6fd877]::sys::thread::unix::Thread>::new::thread_start
[INFO] [stdout]   18:     0x7f31787a6dfa - <unknown>
[INFO] [stdout]   19:     0x7f317883a3d4 - clone
[INFO] [stdout]   20:                0x0 - <unknown>
[INFO] [stdout] 
[INFO] [stdout] ---- transcoder::tests::guess_windows1252_utf8 stdout ----
[INFO] [stdout] 
[INFO] [stdout] thread 'transcoder::tests::guess_windows1252_utf8' (272) panicked at src/transcoder.rs:343:5:
[INFO] [stdout] called `Result::unwrap()` on an `Err` value: Os { code: 2, kind: NotFound, message: "No such file or directory" }
[INFO] [stdout] stack backtrace:
[INFO] [stdout]    0:     0x60c6d4e82c41 - <<std[617be2ca0a6fd877]::sys::backtrace::BacktraceLock>::print::DisplayBacktrace as core[a373ad73a504971]::fmt::Display>::fmt
[INFO] [stdout]    1:     0x60c6d4e96c1a - core[a373ad73a504971]::fmt::write
[INFO] [stdout]    2:     0x60c6d4e86f0c - <alloc[2e1b2a31b91974c5]::vec::Vec<u8> as core[a373ad73a504971]::io::write::Write>::write_fmt
[INFO] [stdout]    3:     0x60c6d4e5ef16 - std[617be2ca0a6fd877]::panicking::default_hook::{closure#0}
[INFO] [stdout]    4:     0x60c6d4e7b2d9 - std[617be2ca0a6fd877]::panicking::default_hook
[INFO] [stdout]    5:     0x60c6d4df7de0 - test[aada8e7e76ba119b]::test_main_inner::{closure#0}
[INFO] [stdout]    6:     0x60c6d4e7b492 - std[617be2ca0a6fd877]::panicking::panic_with_hook
[INFO] [stdout]    7:     0x60c6d4e5efc2 - std[617be2ca0a6fd877]::panicking::panic_handler::{closure#0}
[INFO] [stdout]    8:     0x60c6d4e57ca9 - std[617be2ca0a6fd877]::sys::backtrace::__rust_end_short_backtrace::<std[617be2ca0a6fd877]::panicking::panic_handler::{closure#0}, !>
[INFO] [stdout]    9:     0x60c6d4e5fbcd - __rustc[ea4f61d10b84890b]::rust_begin_unwind
[INFO] [stdout]   10:     0x60c6d4e9734c - core[a373ad73a504971]::panicking::panic_fmt
[INFO] [stdout]   11:     0x60c6d4e97122 - core[a373ad73a504971]::result::unwrap_failed
[INFO] [stdout]   12:     0x60c6d4de49c2 - <transcoding_rs[27fec23c671af0a9]::transcoder::tests::guess_windows1252_utf8::{closure#0} as core[a373ad73a504971]::ops::function::FnOnce<()>>::call_once
[INFO] [stdout]   13:     0x60c6d4deb22b - test[aada8e7e76ba119b]::__rust_begin_short_backtrace::<core[a373ad73a504971]::result::Result<(), alloc[2e1b2a31b91974c5]::string::String>, fn() -> core[a373ad73a504971]::result::Result<(), alloc[2e1b2a31b91974c5]::string::String>>
[INFO] [stdout]   14:     0x60c6d4df8405 - test[aada8e7e76ba119b]::run_test::{closure#0}
[INFO] [stdout]   15:     0x60c6d4df1cf4 - std[617be2ca0a6fd877]::sys::backtrace::__rust_begin_short_backtrace::<test[aada8e7e76ba119b]::run_test::{closure#1}, ()>
[INFO] [stdout]   16:     0x60c6d4dfb492 - <std[617be2ca0a6fd877]::thread::lifecycle::spawn_unchecked<test[aada8e7e76ba119b]::run_test::{closure#1}, ()>::{closure#1} as core[a373ad73a504971]::ops::function::FnOnce<()>>::call_once::{shim:vtable#0}
[INFO] [stdout]   17:     0x60c6d4e8249f - <std[617be2ca0a6fd877]::sys::thread::unix::Thread>::new::thread_start
[INFO] [stdout]   18:     0x7f31787a6dfa - <unknown>
[INFO] [stdout]   19:     0x7f317883a3d4 - clone
[INFO] [stdout]   20:                0x0 - <unknown>
[INFO] [stdout] 
[INFO] [stdout] ---- transcoder::tests::guess_utf8_eucjp stdout ----
[INFO] [stdout] 
[INFO] [stdout] thread 'transcoder::tests::guess_utf8_eucjp' (262) panicked at src/transcoder.rs:348:5:
[INFO] [stdout] called `Result::unwrap()` on an `Err` value: Os { code: 2, kind: NotFound, message: "No such file or directory" }
[INFO] [stdout] stack backtrace:
[INFO] [stdout]    0:     0x60c6d4e82c41 - <<std[617be2ca0a6fd877]::sys::backtrace::BacktraceLock>::print::DisplayBacktrace as core[a373ad73a504971]::fmt::Display>::fmt
[INFO] [stdout]    1:     0x60c6d4e96c1a - core[a373ad73a504971]::fmt::write
[INFO] [stdout]    2:     0x60c6d4e86f0c - <alloc[2e1b2a31b91974c5]::vec::Vec<u8> as core[a373ad73a504971]::io::write::Write>::write_fmt
[INFO] [stdout]    3:     0x60c6d4e5ef16 - std[617be2ca0a6fd877]::panicking::default_hook::{closure#0}
[INFO] [stdout]    4:     0x60c6d4e7b2d9 - std[617be2ca0a6fd877]::panicking::default_hook
[INFO] [stdout]    5:     0x60c6d4df7de0 - test[aada8e7e76ba119b]::test_main_inner::{closure#0}
[INFO] [stdout]    6:     0x60c6d4e7b492 - std[617be2ca0a6fd877]::panicking::panic_with_hook
[INFO] [stdout]    7:     0x60c6d4e5efc2 - std[617be2ca0a6fd877]::panicking::panic_handler::{closure#0}
[INFO] [stdout]    8:     0x60c6d4e57ca9 - std[617be2ca0a6fd877]::sys::backtrace::__rust_end_short_backtrace::<std[617be2ca0a6fd877]::panicking::panic_handler::{closure#0}, !>
[INFO] [stdout]    9:     0x60c6d4e5fbcd - __rustc[ea4f61d10b84890b]::rust_begin_unwind
[INFO] [stdout]   10:     0x60c6d4e9734c - core[a373ad73a504971]::panicking::panic_fmt
[INFO] [stdout]   11:     0x60c6d4e97122 - core[a373ad73a504971]::result::unwrap_failed
[INFO] [stdout]   12:     0x60c6d4ddfd12 - <transcoding_rs[27fec23c671af0a9]::transcoder::tests::guess_utf8_eucjp::{closure#0} as core[a373ad73a504971]::ops::function::FnOnce<()>>::call_once
[INFO] [stdout]   13:     0x60c6d4deb22b - test[aada8e7e76ba119b]::__rust_begin_short_backtrace::<core[a373ad73a504971]::result::Result<(), alloc[2e1b2a31b91974c5]::string::String>, fn() -> core[a373ad73a504971]::result::Result<(), alloc[2e1b2a31b91974c5]::string::String>>
[INFO] [stdout]   14:     0x60c6d4df8405 - test[aada8e7e76ba119b]::run_test::{closure#0}
[INFO] [stdout]   15:     0x60c6d4df1cf4 - std[617be2ca0a6fd877]::sys::backtrace::__rust_begin_short_backtrace::<test[aada8e7e76ba119b]::run_test::{closure#1}, ()>
[INFO] [stdout]   16:     0x60c6d4dfb492 - <std[617be2ca0a6fd877]::thread::lifecycle::spawn_unchecked<test[aada8e7e76ba119b]::run_test::{closure#1}, ()>::{closure#1} as core[a373ad73a504971]::ops::function::FnOnce<()>>::call_once::{shim:vtable#0}
[INFO] [stdout]   17:     0x60c6d4e8249f - <std[617be2ca0a6fd877]::sys::thread::unix::Thread>::new::thread_start
[INFO] [stdout]   18:     0x7f31787a6dfa - <unknown>
[INFO] [stdout]   19:     0x7f317883a3d4 - clone
[INFO] [stdout]   20:                0x0 - <unknown>
[INFO] [stdout] 
[INFO] [stdout] ---- transcoder::tests::guess_iso2022jp_utf8 stdout ----
[INFO] [stdout] 
[INFO] [stdout] thread 'transcoder::tests::guess_iso2022jp_utf8' (256) panicked at src/transcoder.rs:337:5:
[INFO] [stdout] called `Result::unwrap()` on an `Err` value: Os { code: 2, kind: NotFound, message: "No such file or directory" }
[INFO] [stdout] stack backtrace:
[INFO] [stdout]    0:     0x60c6d4e82c41 - <<std[617be2ca0a6fd877]::sys::backtrace::BacktraceLock>::print::DisplayBacktrace as core[a373ad73a504971]::fmt::Display>::fmt
[INFO] [stdout]    1:     0x60c6d4e96c1a - core[a373ad73a504971]::fmt::write
[INFO] [stdout]    2:     0x60c6d4e86f0c - <alloc[2e1b2a31b91974c5]::vec::Vec<u8> as core[a373ad73a504971]::io::write::Write>::write_fmt
[INFO] [stdout]    3:     0x60c6d4e5ef16 - std[617be2ca0a6fd877]::panicking::default_hook::{closure#0}
[INFO] [stdout]    4:     0x60c6d4e7b2d9 - std[617be2ca0a6fd877]::panicking::default_hook
[INFO] [stdout]    5:     0x60c6d4df7de0 - test[aada8e7e76ba119b]::test_main_inner::{closure#0}
[INFO] [stdout]    6:     0x60c6d4e7b492 - std[617be2ca0a6fd877]::panicking::panic_with_hook
[INFO] [stdout]    7:     0x60c6d4e5efc2 - std[617be2ca0a6fd877]::panicking::panic_handler::{closure#0}
[INFO] [stdout]    8:     0x60c6d4e57ca9 - std[617be2ca0a6fd877]::sys::backtrace::__rust_end_short_backtrace::<std[617be2ca0a6fd877]::panicking::panic_handler::{closure#0}, !>
[INFO] [stdout]    9:     0x60c6d4e5fbcd - __rustc[ea4f61d10b84890b]::rust_begin_unwind
[INFO] [stdout]   10:     0x60c6d4e9734c - core[a373ad73a504971]::panicking::panic_fmt
[INFO] [stdout]   11:     0x60c6d4e97122 - core[a373ad73a504971]::result::unwrap_failed
[INFO] [stdout]   12:     0x60c6d4de37a2 - <transcoding_rs[27fec23c671af0a9]::transcoder::tests::guess_iso2022jp_utf8::{closure#0} as core[a373ad73a504971]::ops::function::FnOnce<()>>::call_once
[INFO] [stdout]   13:     0x60c6d4deb22b - test[aada8e7e76ba119b]::__rust_begin_short_backtrace::<core[a373ad73a504971]::result::Result<(), alloc[2e1b2a31b91974c5]::string::String>, fn() -> core[a373ad73a504971]::result::Result<(), alloc[2e1b2a31b91974c5]::string::String>>
[INFO] [stdout]   14:     0x60c6d4df8405 - test[aada8e7e76ba119b]::run_test::{closure#0}
[INFO] [stdout]   15:     0x60c6d4df1cf4 - std[617be2ca0a6fd877]::sys::backtrace::__rust_begin_short_backtrace::<test[aada8e7e76ba119b]::run_test::{closure#1}, ()>
[INFO] [stdout]   16:     0x60c6d4dfb492 - <std[617be2ca0a6fd877]::thread::lifecycle::spawn_unchecked<test[aada8e7e76ba119b]::run_test::{closure#1}, ()>::{closure#1} as core[a373ad73a504971]::ops::function::FnOnce<()>>::call_once::{shim:vtable#0}
[INFO] [stdout]   17:     0x60c6d4e8249f - <std[617be2ca0a6fd877]::sys::thread::unix::Thread>::new::thread_start
[INFO] [stdout]   18:     0x7f31787a6dfa - <unknown>
[INFO] [stdout]   19:     0x7f317883a3d4 - clone
[INFO] [stdout]   20:                0x0 - <unknown>
[INFO] [stdout] 
[INFO] [stdout] ---- transcoder::tests::guess_utf8_utf16be stdout ----
[INFO] [stdout] 
[INFO] [stdout] thread 'transcoder::tests::guess_utf8_utf16be' (269) panicked at src/transcoder.rs:346:5:
[INFO] [stdout] called `Result::unwrap()` on an `Err` value: Os { code: 2, kind: NotFound, message: "No such file or directory" }
[INFO] [stdout] stack backtrace:
[INFO] [stdout]    0:     0x60c6d4e82c41 - <<std[617be2ca0a6fd877]::sys::backtrace::BacktraceLock>::print::DisplayBacktrace as core[a373ad73a504971]::fmt::Display>::fmt
[INFO] [stdout]    1:     0x60c6d4e96c1a - core[a373ad73a504971]::fmt::write
[INFO] [stdout]    2:     0x60c6d4e86f0c - <alloc[2e1b2a31b91974c5]::vec::Vec<u8> as core[a373ad73a504971]::io::write::Write>::write_fmt
[INFO] [stdout]    3:     0x60c6d4e5ef16 - std[617be2ca0a6fd877]::panicking::default_hook::{closure#0}
[INFO] [stdout]    4:     0x60c6d4e7b2d9 - std[617be2ca0a6fd877]::panicking::default_hook
[INFO] [stdout]    5:     0x60c6d4df7de0 - test[aada8e7e76ba119b]::test_main_inner::{closure#0}
[INFO] [stdout]    6:     0x60c6d4e7b492 - std[617be2ca0a6fd877]::panicking::panic_with_hook
[INFO] [stdout]    7:     0x60c6d4e5efc2 - std[617be2ca0a6fd877]::panicking::panic_handler::{closure#0}
[INFO] [stdout]    8:     0x60c6d4e57ca9 - std[617be2ca0a6fd877]::sys::backtrace::__rust_end_short_backtrace::<std[617be2ca0a6fd877]::panicking::panic_handler::{closure#0}, !>
[INFO] [stdout]    9:     0x60c6d4e5fbcd - __rustc[ea4f61d10b84890b]::rust_begin_unwind
[INFO] [stdout]   10:     0x60c6d4e9734c - core[a373ad73a504971]::panicking::panic_fmt
[INFO] [stdout]   11:     0x60c6d4e97122 - core[a373ad73a504971]::result::unwrap_failed
[INFO] [stdout]   12:     0x60c6d4de2712 - <transcoding_rs[27fec23c671af0a9]::transcoder::tests::guess_utf8_utf16be::{closure#0} as core[a373ad73a504971]::ops::function::FnOnce<()>>::call_once
[INFO] [stdout]   13:     0x60c6d4deb22b - test[aada8e7e76ba119b]::__rust_begin_short_backtrace::<core[a373ad73a504971]::result::Result<(), alloc[2e1b2a31b91974c5]::string::String>, fn() -> core[a373ad73a504971]::result::Result<(), alloc[2e1b2a31b91974c5]::string::String>>
[INFO] [stdout]   14:     0x60c6d4df8405 - test[aada8e7e76ba119b]::run_test::{closure#0}
[INFO] [stdout]   15:     0x60c6d4df1cf4 - std[617be2ca0a6fd877]::sys::backtrace::__rust_begin_short_backtrace::<test[aada8e7e76ba119b]::run_test::{closure#1}, ()>
[INFO] [stdout]   16:     0x60c6d4dfb492 - <std[617be2ca0a6fd877]::thread::lifecycle::spawn_unchecked<test[aada8e7e76ba119b]::run_test::{closure#1}, ()>::{closure#1} as core[a373ad73a504971]::ops::function::FnOnce<()>>::call_once::{shim:vtable#0}
[INFO] [stdout]   17:     0x60c6d4e8249f - <std[617be2ca0a6fd877]::sys::thread::unix::Thread>::new::thread_start
[INFO] [stdout]   18:     0x7f31787a6dfa - <unknown>
[INFO] [stdout]   19:     0x7f317883a3d4 - clone
[INFO] [stdout]   20:                0x0 - <unknown>
[INFO] [stdout] 
[INFO] [stdout] ---- transcoder::tests::guess_utf8_utf16le stdout ----
[INFO] [stdout] 
[INFO] [stdout] thread 'transcoder::tests::guess_utf8_utf16le' (270) panicked at src/transcoder.rs:345:5:
[INFO] [stdout] called `Result::unwrap()` on an `Err` value: Os { code: 2, kind: NotFound, message: "No such file or directory" }
[INFO] [stdout] stack backtrace:
[INFO] [stdout]    0:     0x60c6d4e82c41 - <<std[617be2ca0a6fd877]::sys::backtrace::BacktraceLock>::print::DisplayBacktrace as core[a373ad73a504971]::fmt::Display>::fmt
[INFO] [stdout]    1:     0x60c6d4e96c1a - core[a373ad73a504971]::fmt::write
[INFO] [stdout]    2:     0x60c6d4e86f0c - <alloc[2e1b2a31b91974c5]::vec::Vec<u8> as core[a373ad73a504971]::io::write::Write>::write_fmt
[INFO] [stdout]    3:     0x60c6d4e5ef16 - std[617be2ca0a6fd877]::panicking::default_hook::{closure#0}
[INFO] [stdout]    4:     0x60c6d4e7b2d9 - std[617be2ca0a6fd877]::panicking::default_hook
[INFO] [stdout]    5:     0x60c6d4df7de0 - test[aada8e7e76ba119b]::test_main_inner::{closure#0}
[INFO] [stdout]    6:     0x60c6d4e7b492 - std[617be2ca0a6fd877]::panicking::panic_with_hook
[INFO] [stdout]    7:     0x60c6d4e5efc2 - std[617be2ca0a6fd877]::panicking::panic_handler::{closure#0}
[INFO] [stdout]    8:     0x60c6d4e57ca9 - std[617be2ca0a6fd877]::sys::backtrace::__rust_end_short_backtrace::<std[617be2ca0a6fd877]::panicking::panic_handler::{closure#0}, !>
[INFO] [stdout]    9:     0x60c6d4e5fbcd - __rustc[ea4f61d10b84890b]::rust_begin_unwind
[INFO] [stdout]   10:     0x60c6d4e9734c - core[a373ad73a504971]::panicking::panic_fmt
[INFO] [stdout]   11:     0x60c6d4e97122 - core[a373ad73a504971]::result::unwrap_failed
[INFO] [stdout]   12:     0x60c6d4de2c02 - <transcoding_rs[27fec23c671af0a9]::transcoder::tests::guess_utf8_utf16le::{closure#0} as core[a373ad73a504971]::ops::function::FnOnce<()>>::call_once
[INFO] [stdout]   13:     0x60c6d4deb22b - test[aada8e7e76ba119b]::__rust_begin_short_backtrace::<core[a373ad73a504971]::result::Result<(), alloc[2e1b2a31b91974c5]::string::String>, fn() -> core[a373ad73a504971]::result::Result<(), alloc[2e1b2a31b91974c5]::string::String>>
[INFO] [stdout]   14:     0x60c6d4df8405 - test[aada8e7e76ba119b]::run_test::{closure#0}
[INFO] [stdout]   15:     0x60c6d4df1cf4 - std[617be2ca0a6fd877]::sys::backtrace::__rust_begin_short_backtrace::<test[aada8e7e76ba119b]::run_test::{closure#1}, ()>
[INFO] [stdout]   16:     0x60c6d4dfb492 - <std[617be2ca0a6fd877]::thread::lifecycle::spawn_unchecked<test[aada8e7e76ba119b]::run_test::{closure#1}, ()>::{closure#1} as core[a373ad73a504971]::ops::function::FnOnce<()>>::call_once::{shim:vtable#0}
[INFO] [stdout]   17:     0x60c6d4e8249f - <std[617be2ca0a6fd877]::sys::thread::unix::Thread>::new::thread_start
[INFO] [stdout]   18:     0x7f31787a6dfa - <unknown>
[INFO] [stdout]   19:     0x7f317883a3d4 - clone
[INFO] [stdout]   20:                0x0 - <unknown>
[INFO] [stdout] 
[INFO] [stdout] ---- transcoder::tests::guess_utf8_koi8r stdout ----
[INFO] [stdout] 
[INFO] [stdout] thread 'transcoder::tests::guess_utf8_koi8r' (267) panicked at src/transcoder.rs:354:5:
[INFO] [stdout] called `Result::unwrap()` on an `Err` value: Os { code: 2, kind: NotFound, message: "No such file or directory" }
[INFO] [stdout] stack backtrace:
[INFO] [stdout]    0:     0x60c6d4e82c41 - <<std[617be2ca0a6fd877]::sys::backtrace::BacktraceLock>::print::DisplayBacktrace as core[a373ad73a504971]::fmt::Display>::fmt
[INFO] [stdout]    1:     0x60c6d4e96c1a - core[a373ad73a504971]::fmt::write
[INFO] [stdout]    2:     0x60c6d4e86f0c - <alloc[2e1b2a31b91974c5]::vec::Vec<u8> as core[a373ad73a504971]::io::write::Write>::write_fmt
[INFO] [stdout]    3:     0x60c6d4e5ef16 - std[617be2ca0a6fd877]::panicking::default_hook::{closure#0}
[INFO] [stdout]    4:     0x60c6d4e7b2d9 - std[617be2ca0a6fd877]::panicking::default_hook
[INFO] [stdout]    5:     0x60c6d4df7de0 - test[aada8e7e76ba119b]::test_main_inner::{closure#0}
[INFO] [stdout]    6:     0x60c6d4e7b492 - std[617be2ca0a6fd877]::panicking::panic_with_hook
[INFO] [stdout]    7:     0x60c6d4e5efc2 - std[617be2ca0a6fd877]::panicking::panic_handler::{closure#0}
[INFO] [stdout]    8:     0x60c6d4e57ca9 - std[617be2ca0a6fd877]::sys::backtrace::__rust_end_short_backtrace::<std[617be2ca0a6fd877]::panicking::panic_handler::{closure#0}, !>
[INFO] [stdout]    9:     0x60c6d4e5fbcd - __rustc[ea4f61d10b84890b]::rust_begin_unwind
[INFO] [stdout]   10:     0x60c6d4e9734c - core[a373ad73a504971]::panicking::panic_fmt
[INFO] [stdout]   11:     0x60c6d4e97122 - core[a373ad73a504971]::result::unwrap_failed
[INFO] [stdout]   12:     0x60c6d4de06f2 - <transcoding_rs[27fec23c671af0a9]::transcoder::tests::guess_utf8_koi8r::{closure#0} as core[a373ad73a504971]::ops::function::FnOnce<()>>::call_once
[INFO] [stdout]   13:     0x60c6d4deb22b - test[aada8e7e76ba119b]::__rust_begin_short_backtrace::<core[a373ad73a504971]::result::Result<(), alloc[2e1b2a31b91974c5]::string::String>, fn() -> core[a373ad73a504971]::result::Result<(), alloc[2e1b2a31b91974c5]::string::String>>
[INFO] [stdout]   14:     0x60c6d4df8405 - test[aada8e7e76ba119b]::run_test::{closure#0}
[INFO] [stdout]   15:     0x60c6d4df1cf4 - std[617be2ca0a6fd877]::sys::backtrace::__rust_begin_short_backtrace::<test[aada8e7e76ba119b]::run_test::{closure#1}, ()>
[INFO] [stdout]   16:     0x60c6d4dfb492 - <std[617be2ca0a6fd877]::thread::lifecycle::spawn_unchecked<test[aada8e7e76ba119b]::run_test::{closure#1}, ()>::{closure#1} as core[a373ad73a504971]::ops::function::FnOnce<()>>::call_once::{shim:vtable#0}
[INFO] [stdout]   17:     0x60c6d4e8249f - <std[617be2ca0a6fd877]::sys::thread::unix::Thread>::new::thread_start
[INFO] [stdout]   18:     0x7f31787a6dfa - <unknown>
[INFO] [stdout]   19:     0x7f317883a3d4 - clone
[INFO] [stdout]   20:                0x0 - <unknown>
[INFO] [stdout] 
[INFO] [stdout] 
[INFO] [stdout] failures:
[INFO] [stdout]     i18n_reader::tests::reader_sjis_utf8
[INFO] [stdout]     i18n_reader::tests::reader_utf8_euckr
[INFO] [stdout]     transcoder::tests::guess_big5_utf8
[INFO] [stdout]     transcoder::tests::guess_eucjp_utf8
[INFO] [stdout]     transcoder::tests::guess_euckr_utf8
[INFO] [stdout]     transcoder::tests::guess_gb18030_utf8
[INFO] [stdout]     transcoder::tests::guess_gbk_utf8
[INFO] [stdout]     transcoder::tests::guess_iso2022jp_utf8
[INFO] [stdout]     transcoder::tests::guess_koi8r_utf8
[INFO] [stdout]     transcoder::tests::guess_sjis_utf8
[INFO] [stdout]     transcoder::tests::guess_utf16be_utf8
[INFO] [stdout]     transcoder::tests::guess_utf16le_utf8
[INFO] [stdout]     transcoder::tests::guess_utf8_big5
[INFO] [stdout]     transcoder::tests::guess_utf8_eucjp
[INFO] [stdout]     transcoder::tests::guess_utf8_euckr
[INFO] [stdout]     transcoder::tests::guess_utf8_gb18030
[INFO] [stdout]     transcoder::tests::guess_utf8_gbk
[INFO] [stdout]     transcoder::tests::guess_utf8_iso2022jp
[INFO] [stdout]     transcoder::tests::guess_utf8_koi8r
[INFO] [stdout]     transcoder::tests::guess_utf8_sjis
[INFO] [stdout]     transcoder::tests::guess_utf8_utf16be
[INFO] [stdout]     transcoder::tests::guess_utf8_utf16le
[INFO] [stdout]     transcoder::tests::guess_utf8_windows1252
[INFO] [stdout]     transcoder::tests::guess_windows1252_utf8
[INFO] [stdout]     transcoder::tests::test_guess_error
[INFO] [stdout] 
[INFO] [stdout] test result: FAILED. 24 passed; 25 failed; 0 ignored; 0 measured; 0 filtered out; finished in 0.03s
[INFO] [stdout] 
[INFO] [stderr] error: test failed, to rerun pass `--lib`
[INFO] running `Command { std: "docker" "inspect" "4eef2be817216287b2cf2dda0ffdcbea3b4a7530b050b3424757478f618cc4ef", kill_on_drop: false }`
[INFO] running `Command { std: "docker" "rm" "-f" "4eef2be817216287b2cf2dda0ffdcbea3b4a7530b050b3424757478f618cc4ef", kill_on_drop: false }`
[INFO] [stdout] 4eef2be817216287b2cf2dda0ffdcbea3b4a7530b050b3424757478f618cc4ef
