[INFO] fetching crate tramaj-rs 0.2.0...
[INFO] testing tramaj-rs-0.2.0 against 1.100.0-beta.1+cargoflags=--release for beta-release-1.100-2
[INFO] extracting crate tramaj-rs 0.2.0 into /workspace/builds/worker-0-tc2/source
[INFO] started tweaking crates.io crate tramaj-rs 0.2.0
[INFO] removed 0 missing tests
[INFO] finished tweaking crates.io crate tramaj-rs 0.2.0
[INFO] tweaked toml for crates.io crate tramaj-rs 0.2.0 written to /workspace/builds/worker-0-tc2/source/Cargo.toml
[INFO] validating manifest of crates.io crate tramaj-rs 0.2.0 on toolchain 1.100.0-beta.1
[INFO] running `Command { std: CARGO_HOME="/workspace/cargo-home" RUSTUP_HOME="/workspace/rustup-home" "/workspace/cargo-home/bin/cargo" "+1.100.0-beta.1" "metadata" "--manifest-path" "Cargo.toml" "--no-deps", kill_on_drop: false }`
[INFO] crate crates.io crate tramaj-rs 0.2.0 already has a lockfile, it will not be regenerated
[INFO] running `Command { std: CARGO_HOME="/workspace/cargo-home" RUSTUP_HOME="/workspace/rustup-home" "/workspace/cargo-home/bin/cargo" "+1.100.0-beta.1" "fetch" "--manifest-path" "Cargo.toml", kill_on_drop: false }`
[INFO] [stderr] warning: `package.homepage` is redundant with `package.repository`
[INFO] [stderr]   --> Cargo.toml:23:12
[INFO] [stderr]    |
[INFO] [stderr] 23 | homepage = "https://github.com/lucasdicioccio/tramaj"
[INFO] [stderr]    |            ^^^^^^^^^^^^^^^^^^^^^^^^^^^^^^^^^^^^^^^^^^
[INFO] [stderr] ...
[INFO] [stderr] 28 | repository = "https://github.com/lucasdicioccio/tramaj"
[INFO] [stderr]    |              ------------------------------------------
[INFO] [stderr]    |
[INFO] [stderr]    = note: `cargo::redundant_homepage` is set to `warn` by default
[INFO] [stderr] help: consider removing `package.homepage`
[INFO] [stderr] warning: `tramaj-rs` (manifest) generated 1 warning
[INFO] running `Command { std: "docker" "create" "-v" "/var/lib/crater-agent-workspace/builds/worker-0-tc2/source:/opt/rustwide/workdir:ro,Z" "-v" "/var/lib/crater-agent-workspace/builds/worker-0-tc2/target:/opt/rustwide/target:rw,Z" "-v" "/var/lib/crater-agent-workspace/cargo-home:/opt/rustwide/cargo-home:ro,Z" "-v" "/var/lib/crater-agent-workspace/rustup-home:/opt/rustwide/rustup-home:ro,Z" "-m" "1610612736" "--network" "none" "ghcr.io/rust-lang/crates-build-env/linux@sha256:77db811e55d90add9212f6832c23229e3de5f1c1f9905e8cb07319ea15df73ac" "sleep" "infinity", kill_on_drop: false }`
[INFO] [stdout] 25e9cd0e272152ec3b33d5394b775344af059d302013126a3bd8b910a72e07f0
[INFO] running `Command { std: "docker" "start" "25e9cd0e272152ec3b33d5394b775344af059d302013126a3bd8b910a72e07f0", kill_on_drop: false }`
[INFO] running `Command { std: "docker" "inspect" "25e9cd0e272152ec3b33d5394b775344af059d302013126a3bd8b910a72e07f0", kill_on_drop: false }`
[INFO] running `Command { std: "docker" "exec" "-e" "SOURCE_DIR=/opt/rustwide/workdir" "-e" "CARGO_HOME=/opt/rustwide/cargo-home" "-e" "RUSTUP_HOME=/opt/rustwide/rustup-home" "-e" "CARGO_TARGET_DIR=/opt/rustwide/target" "-w" "/opt/rustwide/workdir" "--user" "0:0" "25e9cd0e272152ec3b33d5394b775344af059d302013126a3bd8b910a72e07f0" "/opt/rustwide/cargo-home/bin/cargo" "+1.100.0-beta.1" "metadata" "--no-deps" "--format-version=1", kill_on_drop: false }`
[INFO] running `Command { std: "docker" "inspect" "25e9cd0e272152ec3b33d5394b775344af059d302013126a3bd8b910a72e07f0", kill_on_drop: false }`
[INFO] running `Command { std: "docker" "exec" "-e" "SOURCE_DIR=/opt/rustwide/workdir" "-e" "CARGO_HOME=/opt/rustwide/cargo-home" "-e" "RUSTUP_HOME=/opt/rustwide/rustup-home" "-e" "CARGO_TARGET_DIR=/opt/rustwide/target" "-e" "CARGO_INCREMENTAL=0" "-e" "RUST_BACKTRACE=full" "-e" "RUSTFLAGS=--cap-lints=warn" "-e" "RUSTDOCFLAGS=--cap-lints=warn" "-w" "/opt/rustwide/workdir" "--user" "0:0" "25e9cd0e272152ec3b33d5394b775344af059d302013126a3bd8b910a72e07f0" "/opt/rustwide/cargo-home/bin/cargo" "+1.100.0-beta.1" "build" "--frozen" "--message-format=json" "--release", kill_on_drop: false }`
[INFO] [stderr] warning: `package.homepage` is redundant with `package.repository`
[INFO] [stderr]   --> Cargo.toml:23:12
[INFO] [stderr]    |
[INFO] [stderr] 23 | homepage = "https://github.com/lucasdicioccio/tramaj"
[INFO] [stderr]    |            ^^^^^^^^^^^^^^^^^^^^^^^^^^^^^^^^^^^^^^^^^^
[INFO] [stderr] ...
[INFO] [stderr] 28 | repository = "https://github.com/lucasdicioccio/tramaj"
[INFO] [stderr]    |              ------------------------------------------
[INFO] [stderr]    |
[INFO] [stderr]    = note: `cargo::redundant_homepage` is set to `warn` by default
[INFO] [stderr] help: consider removing `package.homepage`
[INFO] [stderr] warning: `tramaj-rs` (manifest) generated 1 warning
[INFO] [stderr]    Compiling serde_core v1.0.229
[INFO] [stderr]    Compiling serde_json v1.0.151
[INFO] [stderr]    Compiling tramaj-rs v0.2.0 (/opt/rustwide/workdir)
[INFO] [stderr]     Finished `release` profile [optimized] target(s) in 15.58s
[INFO] running `Command { std: "docker" "inspect" "25e9cd0e272152ec3b33d5394b775344af059d302013126a3bd8b910a72e07f0", kill_on_drop: false }`
[INFO] running `Command { std: "docker" "exec" "-e" "SOURCE_DIR=/opt/rustwide/workdir" "-e" "CARGO_HOME=/opt/rustwide/cargo-home" "-e" "RUSTUP_HOME=/opt/rustwide/rustup-home" "-e" "CARGO_TARGET_DIR=/opt/rustwide/target" "-e" "CARGO_INCREMENTAL=0" "-e" "RUST_BACKTRACE=full" "-e" "RUSTFLAGS=--cap-lints=warn" "-e" "RUSTDOCFLAGS=--cap-lints=warn" "-w" "/opt/rustwide/workdir" "--user" "0:0" "25e9cd0e272152ec3b33d5394b775344af059d302013126a3bd8b910a72e07f0" "/opt/rustwide/cargo-home/bin/cargo" "+1.100.0-beta.1" "test" "--frozen" "--no-run" "--message-format=json" "--release", kill_on_drop: false }`
[INFO] [stderr] warning: `package.homepage` is redundant with `package.repository`
[INFO] [stderr]   --> Cargo.toml:23:12
[INFO] [stderr]    |
[INFO] [stderr] 23 | homepage = "https://github.com/lucasdicioccio/tramaj"
[INFO] [stderr]    |            ^^^^^^^^^^^^^^^^^^^^^^^^^^^^^^^^^^^^^^^^^^
[INFO] [stderr] ...
[INFO] [stderr] 28 | repository = "https://github.com/lucasdicioccio/tramaj"
[INFO] [stderr]    |              ------------------------------------------
[INFO] [stderr]    |
[INFO] [stderr]    = note: `cargo::redundant_homepage` is set to `warn` by default
[INFO] [stderr] help: consider removing `package.homepage`
[INFO] [stderr] warning: `tramaj-rs` (manifest) generated 1 warning
[INFO] [stderr]    Compiling proc-macro2 v1.0.107
[INFO] [stderr]    Compiling tramaj-rs v0.2.0 (/opt/rustwide/workdir)
[INFO] [stderr]    Compiling quote v1.0.47
[INFO] [stderr]    Compiling syn v3.0.5
[INFO] [stderr]    Compiling serde_derive v1.0.229
[INFO] [stderr]    Compiling serde v1.0.229
[INFO] [stderr]     Finished `release` profile [optimized] target(s) in 21.82s
[INFO] running `Command { std: "docker" "inspect" "25e9cd0e272152ec3b33d5394b775344af059d302013126a3bd8b910a72e07f0", kill_on_drop: false }`
[INFO] running `Command { std: "docker" "exec" "-e" "SOURCE_DIR=/opt/rustwide/workdir" "-e" "CARGO_HOME=/opt/rustwide/cargo-home" "-e" "RUSTUP_HOME=/opt/rustwide/rustup-home" "-e" "CARGO_TARGET_DIR=/opt/rustwide/target" "-e" "CARGO_INCREMENTAL=0" "-e" "RUST_BACKTRACE=full" "-e" "RUSTFLAGS=--cap-lints=warn" "-e" "RUSTDOCFLAGS=--cap-lints=warn" "-w" "/opt/rustwide/workdir" "--user" "0:0" "25e9cd0e272152ec3b33d5394b775344af059d302013126a3bd8b910a72e07f0" "/opt/rustwide/cargo-home/bin/cargo" "+1.100.0-beta.1" "test" "--frozen" "--release", kill_on_drop: false }`
[INFO] [stderr] warning: `package.homepage` is redundant with `package.repository`
[INFO] [stderr]   --> Cargo.toml:23:12
[INFO] [stderr]    |
[INFO] [stderr] 23 | homepage = "https://github.com/lucasdicioccio/tramaj"
[INFO] [stderr]    |            ^^^^^^^^^^^^^^^^^^^^^^^^^^^^^^^^^^^^^^^^^^
[INFO] [stderr] ...
[INFO] [stderr] 28 | repository = "https://github.com/lucasdicioccio/tramaj"
[INFO] [stderr]    |              ------------------------------------------
[INFO] [stderr]    |
[INFO] [stderr]    = note: `cargo::redundant_homepage` is set to `warn` by default
[INFO] [stderr] help: consider removing `package.homepage`
[INFO] [stderr] warning: `tramaj-rs` (manifest) generated 1 warning
[INFO] [stderr]     Finished `release` profile [optimized] target(s) in 0.04s
[INFO] [stderr]      Running unittests src/lib.rs (/opt/rustwide/target/release/build/tramaj-rs/123498d6e2e6ee00/out/tramaj_rs-123498d6e2e6ee00)
[INFO] [stdout] 
[INFO] [stdout] running 7 tests
[INFO] [stdout] test json::tests::a_number_is_written_by_its_type ... ok
[INFO] [stdout] test json::tests::a_number_without_a_value_is_kept_and_then_refused ... ok
[INFO] [stdout] test json::tests::a_negative_zero_float_reads_as_zero ... ok
[INFO] [stdout] test json::tests::text_that_is_not_json_is_an_error ... ok
[INFO] [stdout] test json::tests::strings_and_structures_round_trip ... ok
[INFO] [stdout] test json::tests::a_number_is_typed_by_its_text ... ok
[INFO] [stdout] test json::tests::serde_bridge_keeps_the_two_number_types ... ok
[INFO] [stdout] 
[INFO] [stdout] test result: ok. 7 passed; 0 failed; 0 ignored; 0 measured; 0 filtered out; finished in 0.00s
[INFO] [stdout] 
[INFO] [stderr]      Running tests/arithmetic.rs (/opt/rustwide/target/release/build/tramaj-rs/8cf3dd56d3fff753/out/arithmetic-8cf3dd56d3fff753)
[INFO] [stdout] 
[INFO] [stdout] running 11 tests
[INFO] [stdout] test a_literal_outside_the_range_does_not_parse ... ok
[INFO] [stdout] test the_profile_is_off_by_default ... ok
[INFO] [stdout] test integer_arithmetic_is_exact_or_an_error_at_the_ends_of_the_range ... ok
[INFO] [stdout] test a_seeded_term_needs_symbolic_mode_and_the_profile ... ok
[INFO] [stdout] test a_library_runs_with_the_profile_of_the_evaluation ... ok
[INFO] [stdout] test a_number_keeps_its_type_from_the_context_to_the_output ... ok
[INFO] [stdout] test the_conversions_hold_the_range ... ok
[INFO] [stdout] test arithmetic_ops_is_scope_aware_and_follows_imports ... ok
[INFO] [stdout] test floats_are_one_rounded_operation_at_a_time_without_a_negative_zero ... ok
[INFO] [stdout] test a_symbol_operand_builds_a_term_with_the_operands_as_written ... ok
[INFO] [stdout] test a_context_number_that_is_not_a_value_is_refused_unread ... ok
[INFO] [stdout] 
[INFO] [stdout] test result: ok. 11 passed; 0 failed; 0 ignored; 0 measured; 0 filtered out; finished in 0.01s
[INFO] [stdout] 
[INFO] [stderr]      Running tests/corpus.rs (/opt/rustwide/target/release/build/tramaj-rs/b3df25f411a4e626/out/corpus-b3df25f411a4e626)
[INFO] [stdout] 
[INFO] [stdout] running 5 tests
[INFO] [stdout] test case_with_unprovided_profile_is_skipped ... FAILED
[INFO] [stdout] test shared_corpus_symbolic ... FAILED
[INFO] [stdout] test shared_corpus_concrete ... FAILED
[INFO] [stdout] test shared_corpus_all ... FAILED
[INFO] [stdout] test shared_corpus_analysis ... FAILED
[INFO] [stderr] error: test failed, to rerun pass `--test corpus`
[INFO] [stdout] 
[INFO] [stdout] failures:
[INFO] [stdout] 
[INFO] [stdout] ---- case_with_unprovided_profile_is_skipped stdout ----
[INFO] [stdout] 
[INFO] [stdout] thread 'case_with_unprovided_profile_is_skipped' (492) panicked at tests/corpus.rs:125:13:
[INFO] [stdout] could not locate corpus/cases above the test working directory
[INFO] [stdout] stack backtrace:
[INFO] [stdout]    0:     0x61e7294cc7d1 - <<std[617be2ca0a6fd877]::sys::backtrace::BacktraceLock>::print::DisplayBacktrace as core[a373ad73a504971]::fmt::Display>::fmt
[INFO] [stdout]    1:     0x61e7294e257a - core[a373ad73a504971]::fmt::write
[INFO] [stdout]    2:     0x61e7294d0d4c - <alloc[2e1b2a31b91974c5]::vec::Vec<u8> as core[a373ad73a504971]::io::write::Write>::write_fmt
[INFO] [stdout]    3:     0x61e7294a7d76 - std[617be2ca0a6fd877]::panicking::default_hook::{closure#0}
[INFO] [stdout]    4:     0x61e7294c4859 - std[617be2ca0a6fd877]::panicking::default_hook
[INFO] [stdout]    5:     0x61e7293bf320 - test[aada8e7e76ba119b]::test_main_inner::{closure#0}
[INFO] [stdout]    6:     0x61e7294c4a12 - std[617be2ca0a6fd877]::panicking::panic_with_hook
[INFO] [stdout]    7:     0x61e7294a7e54 - std[617be2ca0a6fd877]::panicking::panic_handler::{closure#0}
[INFO] [stdout]    8:     0x61e7294a0909 - std[617be2ca0a6fd877]::sys::backtrace::__rust_end_short_backtrace::<std[617be2ca0a6fd877]::panicking::panic_handler::{closure#0}, !>
[INFO] [stdout]    9:     0x61e7294a8a2d - __rustc[ea4f61d10b84890b]::rust_begin_unwind
[INFO] [stdout]   10:     0x61e7294e2cdc - core[a373ad73a504971]::panicking::panic_fmt
[INFO] [stdout]   11:     0x61e729399237 - corpus[2730e2b77daa285]::find_corpus_root
[INFO] [stdout]   12:     0x61e72939d64b - <corpus[2730e2b77daa285]::case_with_unprovided_profile_is_skipped::{closure#0} as core[a373ad73a504971]::ops::function::FnOnce<()>>::call_once
[INFO] [stdout]   13:     0x61e7293b276b - test[aada8e7e76ba119b]::__rust_begin_short_backtrace::<core[a373ad73a504971]::result::Result<(), alloc[2e1b2a31b91974c5]::string::String>, fn() -> core[a373ad73a504971]::result::Result<(), alloc[2e1b2a31b91974c5]::string::String>>
[INFO] [stdout]   14:     0x61e7293bf945 - test[aada8e7e76ba119b]::run_test::{closure#0}
[INFO] [stdout]   15:     0x61e7293b9234 - std[617be2ca0a6fd877]::sys::backtrace::__rust_begin_short_backtrace::<test[aada8e7e76ba119b]::run_test::{closure#1}, ()>
[INFO] [stdout]   16:     0x61e7293c29d2 - <std[617be2ca0a6fd877]::thread::lifecycle::spawn_unchecked<test[aada8e7e76ba119b]::run_test::{closure#1}, ()>::{closure#1} as core[a373ad73a504971]::ops::function::FnOnce<()>>::call_once::{shim:vtable#0}
[INFO] [stdout]   17:     0x61e7294cbccf - <std[617be2ca0a6fd877]::sys::thread::unix::Thread>::new::thread_start
[INFO] [stdout]   18:     0x7430de0dedfa - <unknown>
[INFO] [stdout]   19:     0x7430de1723d4 - clone
[INFO] [stdout]   20:                0x0 - <unknown>
[INFO] [stdout] 
[INFO] [stdout] ---- shared_corpus_symbolic stdout ----
[INFO] [stdout] 
[INFO] [stdout] thread 'shared_corpus_symbolic' (496) panicked at tests/corpus.rs:125:13:
[INFO] [stdout] could not locate corpus/cases above the test working directory
[INFO] [stdout] stack backtrace:
[INFO] [stdout]    0:     0x61e7294cc7d1 - <<std[617be2ca0a6fd877]::sys::backtrace::BacktraceLock>::print::DisplayBacktrace as core[a373ad73a504971]::fmt::Display>::fmt
[INFO] [stdout]    1:     0x61e7294e257a - core[a373ad73a504971]::fmt::write
[INFO] [stdout]    2:     0x61e7294d0d4c - <alloc[2e1b2a31b91974c5]::vec::Vec<u8> as core[a373ad73a504971]::io::write::Write>::write_fmt
[INFO] [stdout]    3:     0x61e7294a7d76 - std[617be2ca0a6fd877]::panicking::default_hook::{closure#0}
[INFO] [stdout]    4:     0x61e7294c4859 - std[617be2ca0a6fd877]::panicking::default_hook
[INFO] [stdout]    5:     0x61e7293bf320 - test[aada8e7e76ba119b]::test_main_inner::{closure#0}
[INFO] [stdout]    6:     0x61e7294c4a12 - std[617be2ca0a6fd877]::panicking::panic_with_hook
[INFO] [stdout]    7:     0x61e7294a7e54 - std[617be2ca0a6fd877]::panicking::panic_handler::{closure#0}
[INFO] [stdout]    8:     0x61e7294a0909 - std[617be2ca0a6fd877]::sys::backtrace::__rust_end_short_backtrace::<std[617be2ca0a6fd877]::panicking::panic_handler::{closure#0}, !>
[INFO] [stdout]    9:     0x61e7294a8a2d - __rustc[ea4f61d10b84890b]::rust_begin_unwind
[INFO] [stdout]   10:     0x61e7294e2cdc - core[a373ad73a504971]::panicking::panic_fmt
[INFO] [stdout]   11:     0x61e729399237 - corpus[2730e2b77daa285]::find_corpus_root
[INFO] [stdout]   12:     0x61e72939937e - corpus[2730e2b77daa285]::run_corpus_subset
[INFO] [stdout]   13:     0x61e72939d615 - <corpus[2730e2b77daa285]::shared_corpus_symbolic::{closure#0} as core[a373ad73a504971]::ops::function::FnOnce<()>>::call_once
[INFO] [stdout]   14:     0x61e7293b276b - test[aada8e7e76ba119b]::__rust_begin_short_backtrace::<core[a373ad73a504971]::result::Result<(), alloc[2e1b2a31b91974c5]::string::String>, fn() -> core[a373ad73a504971]::result::Result<(), alloc[2e1b2a31b91974c5]::string::String>>
[INFO] [stdout]   15:     0x61e7293bf945 - test[aada8e7e76ba119b]::run_test::{closure#0}
[INFO] [stdout]   16:     0x61e7293b9234 - std[617be2ca0a6fd877]::sys::backtrace::__rust_begin_short_backtrace::<test[aada8e7e76ba119b]::run_test::{closure#1}, ()>
[INFO] [stdout]   17:     0x61e7293c29d2 - <std[617be2ca0a6fd877]::thread::lifecycle::spawn_unchecked<test[aada8e7e76ba119b]::run_test::{closure#1}, ()>::{closure#1} as core[a373ad73a504971]::ops::function::FnOnce<()>>::call_once::{shim:vtable#0}
[INFO] [stdout]   18:     0x61e7294cbccf - <std[617be2ca0a6fd877]::sys::thread::unix::Thread>::new::thread_start
[INFO] [stdout]   19:     0x7430de0dedfa - <unknown>
[INFO] [stdout]   20:     0x7430de1723d4 - clone
[INFO] [stdout]   21:                0x0 - <unknown>
[INFO] [stdout] 
[INFO] [stdout] ---- shared_corpus_concrete stdout ----
[INFO] [stdout] 
[INFO] [stdout] thread 'shared_corpus_concrete' (495) panicked at tests/corpus.rs:125:13:
[INFO] [stdout] could not locate corpus/cases above the test working directory
[INFO] [stdout] stack backtrace:
[INFO] [stdout]    0:     0x61e7294cc7d1 - <<std[617be2ca0a6fd877]::sys::backtrace::BacktraceLock>::print::DisplayBacktrace as core[a373ad73a504971]::fmt::Display>::fmt
[INFO] [stdout]    1:     0x61e7294e257a - core[a373ad73a504971]::fmt::write
[INFO] [stdout]    2:     0x61e7294d0d4c - <alloc[2e1b2a31b91974c5]::vec::Vec<u8> as core[a373ad73a504971]::io::write::Write>::write_fmt
[INFO] [stdout]    3:     0x61e7294a7d76 - std[617be2ca0a6fd877]::panicking::default_hook::{closure#0}
[INFO] [stdout]    4:     0x61e7294c4859 - std[617be2ca0a6fd877]::panicking::default_hook
[INFO] [stdout]    5:     0x61e7293bf320 - test[aada8e7e76ba119b]::test_main_inner::{closure#0}
[INFO] [stdout]    6:     0x61e7294c4a12 - std[617be2ca0a6fd877]::panicking::panic_with_hook
[INFO] [stdout]    7:     0x61e7294a7e54 - std[617be2ca0a6fd877]::panicking::panic_handler::{closure#0}
[INFO] [stdout]    8:     0x61e7294a0909 - std[617be2ca0a6fd877]::sys::backtrace::__rust_end_short_backtrace::<std[617be2ca0a6fd877]::panicking::panic_handler::{closure#0}, !>
[INFO] [stdout]    9:     0x61e7294a8a2d - __rustc[ea4f61d10b84890b]::rust_begin_unwind
[INFO] [stdout]   10:     0x61e7294e2cdc - core[a373ad73a504971]::panicking::panic_fmt
[INFO] [stdout]   11:     0x61e729399237 - corpus[2730e2b77daa285]::find_corpus_root
[INFO] [stdout]   12:     0x61e72939937e - corpus[2730e2b77daa285]::run_corpus_subset
[INFO] [stdout]   13:     0x61e72939d5e5 - <corpus[2730e2b77daa285]::shared_corpus_concrete::{closure#0} as core[a373ad73a504971]::ops::function::FnOnce<()>>::call_once
[INFO] [stdout]   14:     0x61e7293b276b - test[aada8e7e76ba119b]::__rust_begin_short_backtrace::<core[a373ad73a504971]::result::Result<(), alloc[2e1b2a31b91974c5]::string::String>, fn() -> core[a373ad73a504971]::result::Result<(), alloc[2e1b2a31b91974c5]::string::String>>
[INFO] [stdout]   15:     0x61e7293bf945 - test[aada8e7e76ba119b]::run_test::{closure#0}
[INFO] [stdout]   16:     0x61e7293b9234 - std[617be2ca0a6fd877]::sys::backtrace::__rust_begin_short_backtrace::<test[aada8e7e76ba119b]::run_test::{closure#1}, ()>
[INFO] [stdout]   17:     0x61e7293c29d2 - <std[617be2ca0a6fd877]::thread::lifecycle::spawn_unchecked<test[aada8e7e76ba119b]::run_test::{closure#1}, ()>::{closure#1} as core[a373ad73a504971]::ops::function::FnOnce<()>>::call_once::{shim:vtable#0}
[INFO] [stdout]   18:     0x61e7294cbccf - <std[617be2ca0a6fd877]::sys::thread::unix::Thread>::new::thread_start
[INFO] [stdout]   19:     0x7430de0dedfa - <unknown>
[INFO] [stdout]   20:     0x7430de1723d4 - clone
[INFO] [stdout]   21:                0x0 - <unknown>
[INFO] [stdout] 
[INFO] [stdout] ---- shared_corpus_all stdout ----
[INFO] [stdout] 
[INFO] [stdout] thread 'shared_corpus_all' (493) panicked at tests/corpus.rs:125:13:
[INFO] [stdout] could not locate corpus/cases above the test working directory
[INFO] [stdout] stack backtrace:
[INFO] [stdout]    0:     0x61e7294cc7d1 - <<std[617be2ca0a6fd877]::sys::backtrace::BacktraceLock>::print::DisplayBacktrace as core[a373ad73a504971]::fmt::Display>::fmt
[INFO] [stdout]    1:     0x61e7294e257a - core[a373ad73a504971]::fmt::write
[INFO] [stdout]    2:     0x61e7294d0d4c - <alloc[2e1b2a31b91974c5]::vec::Vec<u8> as core[a373ad73a504971]::io::write::Write>::write_fmt
[INFO] [stdout]    3:     0x61e7294a7d76 - std[617be2ca0a6fd877]::panicking::default_hook::{closure#0}
[INFO] [stdout]    4:     0x61e7294c4859 - std[617be2ca0a6fd877]::panicking::default_hook
[INFO] [stdout]    5:     0x61e7293bf320 - test[aada8e7e76ba119b]::test_main_inner::{closure#0}
[INFO] [stdout]    6:     0x61e7294c4a12 - std[617be2ca0a6fd877]::panicking::panic_with_hook
[INFO] [stdout]    7:     0x61e7294a7e54 - std[617be2ca0a6fd877]::panicking::panic_handler::{closure#0}
[INFO] [stdout]    8:     0x61e7294a0909 - std[617be2ca0a6fd877]::sys::backtrace::__rust_end_short_backtrace::<std[617be2ca0a6fd877]::panicking::panic_handler::{closure#0}, !>
[INFO] [stdout]    9:     0x61e7294a8a2d - __rustc[ea4f61d10b84890b]::rust_begin_unwind
[INFO] [stdout]   10:     0x61e7294e2cdc - core[a373ad73a504971]::panicking::panic_fmt
[INFO] [stdout]   11:     0x61e729399237 - corpus[2730e2b77daa285]::find_corpus_root
[INFO] [stdout]   12:     0x61e72939937e - corpus[2730e2b77daa285]::run_corpus_subset
[INFO] [stdout]   13:     0x61e72939d585 - <corpus[2730e2b77daa285]::shared_corpus_all::{closure#0} as core[a373ad73a504971]::ops::function::FnOnce<()>>::call_once
[INFO] [stdout]   14:     0x61e7293b276b - test[aada8e7e76ba119b]::__rust_begin_short_backtrace::<core[a373ad73a504971]::result::Result<(), alloc[2e1b2a31b91974c5]::string::String>, fn() -> core[a373ad73a504971]::result::Result<(), alloc[2e1b2a31b91974c5]::string::String>>
[INFO] [stdout]   15:     0x61e7293bf945 - test[aada8e7e76ba119b]::run_test::{closure#0}
[INFO] [stdout]   16:     0x61e7293b9234 - std[617be2ca0a6fd877]::sys::backtrace::__rust_begin_short_backtrace::<test[aada8e7e76ba119b]::run_test::{closure#1}, ()>
[INFO] [stdout]   17:     0x61e7293c29d2 - <std[617be2ca0a6fd877]::thread::lifecycle::spawn_unchecked<test[aada8e7e76ba119b]::run_test::{closure#1}, ()>::{closure#1} as core[a373ad73a504971]::ops::function::FnOnce<()>>::call_once::{shim:vtable#0}
[INFO] [stdout]   18:     0x61e7294cbccf - <std[617be2ca0a6fd877]::sys::thread::unix::Thread>::new::thread_start
[INFO] [stdout]   19:     0x7430de0dedfa - <unknown>
[INFO] [stdout]   20:     0x7430de1723d4 - clone
[INFO] [stdout]   21:                0x0 - <unknown>
[INFO] [stdout] 
[INFO] [stdout] ---- shared_corpus_analysis stdout ----
[INFO] [stdout] 
[INFO] [stdout] thread 'shared_corpus_analysis' (494) panicked at tests/corpus.rs:125:13:
[INFO] [stdout] could not locate corpus/cases above the test working directory
[INFO] [stdout] stack backtrace:
[INFO] [stdout]    0:     0x61e7294cc7d1 - <<std[617be2ca0a6fd877]::sys::backtrace::BacktraceLock>::print::DisplayBacktrace as core[a373ad73a504971]::fmt::Display>::fmt
[INFO] [stdout]    1:     0x61e7294e257a - core[a373ad73a504971]::fmt::write
[INFO] [stdout]    2:     0x61e7294d0d4c - <alloc[2e1b2a31b91974c5]::vec::Vec<u8> as core[a373ad73a504971]::io::write::Write>::write_fmt
[INFO] [stdout]    3:     0x61e7294a7d76 - std[617be2ca0a6fd877]::panicking::default_hook::{closure#0}
[INFO] [stdout]    4:     0x61e7294c4859 - std[617be2ca0a6fd877]::panicking::default_hook
[INFO] [stdout]    5:     0x61e7293bf320 - test[aada8e7e76ba119b]::test_main_inner::{closure#0}
[INFO] [stdout]    6:     0x61e7294c4a12 - std[617be2ca0a6fd877]::panicking::panic_with_hook
[INFO] [stdout]    7:     0x61e7294a7e54 - std[617be2ca0a6fd877]::panicking::panic_handler::{closure#0}
[INFO] [stdout]    8:     0x61e7294a0909 - std[617be2ca0a6fd877]::sys::backtrace::__rust_end_short_backtrace::<std[617be2ca0a6fd877]::panicking::panic_handler::{closure#0}, !>
[INFO] [stdout]    9:     0x61e7294a8a2d - __rustc[ea4f61d10b84890b]::rust_begin_unwind
[INFO] [stdout]   10:     0x61e7294e2cdc - core[a373ad73a504971]::panicking::panic_fmt
[INFO] [stdout]   11:     0x61e729399237 - corpus[2730e2b77daa285]::find_corpus_root
[INFO] [stdout]   12:     0x61e72939937e - corpus[2730e2b77daa285]::run_corpus_subset
[INFO] [stdout]   13:     0x61e72939d5b5 - <corpus[2730e2b77daa285]::shared_corpus_analysis::{closure#0} as core[a373ad73a504971]::ops::function::FnOnce<()>>::call_once
[INFO] [stdout]   14:     0x61e7293b276b - test[aada8e7e76ba119b]::__rust_begin_short_backtrace::<core[a373ad73a504971]::result::Result<(), alloc[2e1b2a31b91974c5]::string::String>, fn() -> core[a373ad73a504971]::result::Result<(), alloc[2e1b2a31b91974c5]::string::String>>
[INFO] [stdout]   15:     0x61e7293bf945 - test[aada8e7e76ba119b]::run_test::{closure#0}
[INFO] [stdout]   16:     0x61e7293b9234 - std[617be2ca0a6fd877]::sys::backtrace::__rust_begin_short_backtrace::<test[aada8e7e76ba119b]::run_test::{closure#1}, ()>
[INFO] [stdout]   17:     0x61e7293c29d2 - <std[617be2ca0a6fd877]::thread::lifecycle::spawn_unchecked<test[aada8e7e76ba119b]::run_test::{closure#1}, ()>::{closure#1} as core[a373ad73a504971]::ops::function::FnOnce<()>>::call_once::{shim:vtable#0}
[INFO] [stdout]   18:     0x61e7294cbccf - <std[617be2ca0a6fd877]::sys::thread::unix::Thread>::new::thread_start
[INFO] [stdout]   19:     0x7430de0dedfa - <unknown>
[INFO] [stdout]   20:     0x7430de1723d4 - clone
[INFO] [stdout]   21:                0x0 - <unknown>
[INFO] [stdout] 
[INFO] [stdout] 
[INFO] [stdout] failures:
[INFO] [stdout]     case_with_unprovided_profile_is_skipped
[INFO] [stdout]     shared_corpus_all
[INFO] [stdout]     shared_corpus_analysis
[INFO] [stdout]     shared_corpus_concrete
[INFO] [stdout]     shared_corpus_symbolic
[INFO] [stdout] 
[INFO] [stdout] test result: FAILED. 0 passed; 5 failed; 0 ignored; 0 measured; 0 filtered out; finished in 0.00s
[INFO] [stdout] 
[INFO] running `Command { std: "docker" "inspect" "25e9cd0e272152ec3b33d5394b775344af059d302013126a3bd8b910a72e07f0", kill_on_drop: false }`
[INFO] running `Command { std: "docker" "rm" "-f" "25e9cd0e272152ec3b33d5394b775344af059d302013126a3bd8b910a72e07f0", kill_on_drop: false }`
[INFO] [stdout] 25e9cd0e272152ec3b33d5394b775344af059d302013126a3bd8b910a72e07f0
