[INFO] fetching crate traj-dist-rs 1.0.0-rc.5...
[INFO] testing traj-dist-rs-1.0.0-rc.5 against 1.100.0-beta.1+cargoflags=--release for beta-release-1.100-2
[INFO] extracting crate traj-dist-rs 1.0.0-rc.5 into /workspace/builds/worker-0-tc2/source
[INFO] started tweaking crates.io crate traj-dist-rs 1.0.0-rc.5
[INFO] removed 0 missing examples
[INFO] removed 0 missing tests
[INFO] finished tweaking crates.io crate traj-dist-rs 1.0.0-rc.5
[INFO] tweaked toml for crates.io crate traj-dist-rs 1.0.0-rc.5 written to /workspace/builds/worker-0-tc2/source/Cargo.toml
[INFO] validating manifest of crates.io crate traj-dist-rs 1.0.0-rc.5 on toolchain 1.100.0-beta.1
[INFO] running `Command { std: CARGO_HOME="/workspace/cargo-home" RUSTUP_HOME="/workspace/rustup-home" "/workspace/cargo-home/bin/cargo" "+1.100.0-beta.1" "metadata" "--manifest-path" "Cargo.toml" "--no-deps", kill_on_drop: false }`
[INFO] crate crates.io crate traj-dist-rs 1.0.0-rc.5 already has a lockfile, it will not be regenerated
[INFO] running `Command { std: CARGO_HOME="/workspace/cargo-home" RUSTUP_HOME="/workspace/rustup-home" "/workspace/cargo-home/bin/cargo" "+1.100.0-beta.1" "fetch" "--manifest-path" "Cargo.toml", kill_on_drop: false }`
[INFO] [stderr] warning: `package.homepage` is redundant with `package.repository`
[INFO] [stderr]   --> Cargo.toml:87:12
[INFO] [stderr]    |
[INFO] [stderr] 87 | homepage = "https://github.com/Davidham3/traj-dist-rs"
[INFO] [stderr]    |            ^^^^^^^^^^^^^^^^^^^^^^^^^^^^^^^^^^^^^^^^^^^
[INFO] [stderr] ...
[INFO] [stderr] 92 | repository = "https://github.com/Davidham3/traj-dist-rs"
[INFO] [stderr]    |              -------------------------------------------
[INFO] [stderr]    |
[INFO] [stderr]    = note: `cargo::redundant_homepage` is set to `warn` by default
[INFO] [stderr] help: consider removing `package.homepage`
[INFO] [stderr] warning: `traj-dist-rs` (manifest) generated 1 warning
[INFO] running `Command { std: "docker" "create" "-v" "/var/lib/crater-agent-workspace/builds/worker-0-tc2/source:/opt/rustwide/workdir:ro,Z" "-v" "/var/lib/crater-agent-workspace/builds/worker-0-tc2/target:/opt/rustwide/target:rw,Z" "-v" "/var/lib/crater-agent-workspace/cargo-home:/opt/rustwide/cargo-home:ro,Z" "-v" "/var/lib/crater-agent-workspace/rustup-home:/opt/rustwide/rustup-home:ro,Z" "-m" "1610612736" "--network" "none" "ghcr.io/rust-lang/crates-build-env/linux@sha256:77db811e55d90add9212f6832c23229e3de5f1c1f9905e8cb07319ea15df73ac" "sleep" "infinity", kill_on_drop: false }`
[INFO] [stdout] e0d0f31009ac42646ba9138188dec720fd47020e65030a46714979a5216dfeb5
[INFO] running `Command { std: "docker" "start" "e0d0f31009ac42646ba9138188dec720fd47020e65030a46714979a5216dfeb5", kill_on_drop: false }`
[INFO] running `Command { std: "docker" "inspect" "e0d0f31009ac42646ba9138188dec720fd47020e65030a46714979a5216dfeb5", kill_on_drop: false }`
[INFO] running `Command { std: "docker" "exec" "-e" "SOURCE_DIR=/opt/rustwide/workdir" "-e" "CARGO_HOME=/opt/rustwide/cargo-home" "-e" "RUSTUP_HOME=/opt/rustwide/rustup-home" "-e" "CARGO_TARGET_DIR=/opt/rustwide/target" "-w" "/opt/rustwide/workdir" "--user" "0:0" "e0d0f31009ac42646ba9138188dec720fd47020e65030a46714979a5216dfeb5" "/opt/rustwide/cargo-home/bin/cargo" "+1.100.0-beta.1" "metadata" "--no-deps" "--format-version=1", kill_on_drop: false }`
[INFO] running `Command { std: "docker" "inspect" "e0d0f31009ac42646ba9138188dec720fd47020e65030a46714979a5216dfeb5", kill_on_drop: false }`
[INFO] running `Command { std: "docker" "exec" "-e" "SOURCE_DIR=/opt/rustwide/workdir" "-e" "CARGO_HOME=/opt/rustwide/cargo-home" "-e" "RUSTUP_HOME=/opt/rustwide/rustup-home" "-e" "CARGO_TARGET_DIR=/opt/rustwide/target" "-e" "CARGO_INCREMENTAL=0" "-e" "RUST_BACKTRACE=full" "-e" "RUSTFLAGS=--cap-lints=warn" "-e" "RUSTDOCFLAGS=--cap-lints=warn" "-w" "/opt/rustwide/workdir" "--user" "0:0" "e0d0f31009ac42646ba9138188dec720fd47020e65030a46714979a5216dfeb5" "/opt/rustwide/cargo-home/bin/cargo" "+1.100.0-beta.1" "build" "--frozen" "--message-format=json" "--release", kill_on_drop: false }`
[INFO] [stderr] warning: `package.homepage` is redundant with `package.repository`
[INFO] [stderr]   --> Cargo.toml:87:12
[INFO] [stderr]    |
[INFO] [stderr] 87 | homepage = "https://github.com/Davidham3/traj-dist-rs"
[INFO] [stderr]    |            ^^^^^^^^^^^^^^^^^^^^^^^^^^^^^^^^^^^^^^^^^^^
[INFO] [stderr] ...
[INFO] [stderr] 92 | repository = "https://github.com/Davidham3/traj-dist-rs"
[INFO] [stderr]    |              -------------------------------------------
[INFO] [stderr]    |
[INFO] [stderr]    = note: `cargo::redundant_homepage` is set to `warn` by default
[INFO] [stderr] help: consider removing `package.homepage`
[INFO] [stderr] warning: `traj-dist-rs` (manifest) generated 1 warning
[INFO] [stderr]    Compiling quote v1.0.44
[INFO] [stderr]    Compiling proc-macro2 v1.0.106
[INFO] [stderr]    Compiling rustversion v1.0.22
[INFO] [stderr]    Compiling virtue v0.0.18
[INFO] [stderr]    Compiling unty v0.0.4
[INFO] [stderr]    Compiling strum v0.26.3
[INFO] [stderr]    Compiling bincode_derive v2.0.1
[INFO] [stderr]    Compiling syn v2.0.114
[INFO] [stderr]    Compiling bincode v2.0.1
[INFO] [stderr]    Compiling thiserror-impl v2.0.18
[INFO] [stderr]    Compiling strum_macros v0.26.4
[INFO] [stderr]    Compiling thiserror v2.0.18
[INFO] [stderr]    Compiling traj-dist-rs v1.0.0-rc.5 (/opt/rustwide/workdir)
[INFO] [stderr]     Finished `release` profile [optimized] target(s) in 7.87s
[INFO] running `Command { std: "docker" "inspect" "e0d0f31009ac42646ba9138188dec720fd47020e65030a46714979a5216dfeb5", kill_on_drop: false }`
[INFO] running `Command { std: "docker" "exec" "-e" "SOURCE_DIR=/opt/rustwide/workdir" "-e" "CARGO_HOME=/opt/rustwide/cargo-home" "-e" "RUSTUP_HOME=/opt/rustwide/rustup-home" "-e" "CARGO_TARGET_DIR=/opt/rustwide/target" "-e" "CARGO_INCREMENTAL=0" "-e" "RUST_BACKTRACE=full" "-e" "RUSTFLAGS=--cap-lints=warn" "-e" "RUSTDOCFLAGS=--cap-lints=warn" "-w" "/opt/rustwide/workdir" "--user" "0:0" "e0d0f31009ac42646ba9138188dec720fd47020e65030a46714979a5216dfeb5" "/opt/rustwide/cargo-home/bin/cargo" "+1.100.0-beta.1" "test" "--frozen" "--no-run" "--message-format=json" "--release", kill_on_drop: false }`
[INFO] [stderr] warning: `package.homepage` is redundant with `package.repository`
[INFO] [stderr]   --> Cargo.toml:87:12
[INFO] [stderr]    |
[INFO] [stderr] 87 | homepage = "https://github.com/Davidham3/traj-dist-rs"
[INFO] [stderr]    |            ^^^^^^^^^^^^^^^^^^^^^^^^^^^^^^^^^^^^^^^^^^^
[INFO] [stderr] ...
[INFO] [stderr] 92 | repository = "https://github.com/Davidham3/traj-dist-rs"
[INFO] [stderr]    |              -------------------------------------------
[INFO] [stderr]    |
[INFO] [stderr]    = note: `cargo::redundant_homepage` is set to `warn` by default
[INFO] [stderr] help: consider removing `package.homepage`
[INFO] [stderr] warning: `traj-dist-rs` (manifest) generated 1 warning
[INFO] [stderr]    Compiling libc v0.2.180
[INFO] [stderr]    Compiling zerocopy v0.8.33
[INFO] [stderr]    Compiling rustix v1.1.3
[INFO] [stderr]    Compiling linux-raw-sys v0.11.0
[INFO] [stderr]    Compiling bitflags v2.10.0
[INFO] [stderr]    Compiling once_cell v1.21.3
[INFO] [stderr]    Compiling getrandom v0.2.17
[INFO] [stderr]    Compiling getrandom v0.3.4
[INFO] [stderr]    Compiling rand_core v0.6.4
[INFO] [stderr]    Compiling ppv-lite86 v0.2.21
[INFO] [stderr]    Compiling tempfile v3.24.0
[INFO] [stderr]    Compiling rand_chacha v0.3.1
[INFO] [stderr]    Compiling rand v0.8.5
[INFO] [stderr]    Compiling traj-dist-rs v1.0.0-rc.5 (/opt/rustwide/workdir)
[INFO] [stderr]     Finished `release` profile [optimized] target(s) in 13.51s
[INFO] running `Command { std: "docker" "inspect" "e0d0f31009ac42646ba9138188dec720fd47020e65030a46714979a5216dfeb5", kill_on_drop: false }`
[INFO] running `Command { std: "docker" "exec" "-e" "SOURCE_DIR=/opt/rustwide/workdir" "-e" "CARGO_HOME=/opt/rustwide/cargo-home" "-e" "RUSTUP_HOME=/opt/rustwide/rustup-home" "-e" "CARGO_TARGET_DIR=/opt/rustwide/target" "-e" "CARGO_INCREMENTAL=0" "-e" "RUST_BACKTRACE=full" "-e" "RUSTFLAGS=--cap-lints=warn" "-e" "RUSTDOCFLAGS=--cap-lints=warn" "-w" "/opt/rustwide/workdir" "--user" "0:0" "e0d0f31009ac42646ba9138188dec720fd47020e65030a46714979a5216dfeb5" "/opt/rustwide/cargo-home/bin/cargo" "+1.100.0-beta.1" "test" "--frozen" "--release", kill_on_drop: false }`
[INFO] [stderr] warning: `package.homepage` is redundant with `package.repository`
[INFO] [stderr]   --> Cargo.toml:87:12
[INFO] [stderr]    |
[INFO] [stderr] 87 | homepage = "https://github.com/Davidham3/traj-dist-rs"
[INFO] [stderr]    |            ^^^^^^^^^^^^^^^^^^^^^^^^^^^^^^^^^^^^^^^^^^^
[INFO] [stderr] ...
[INFO] [stderr] 92 | repository = "https://github.com/Davidham3/traj-dist-rs"
[INFO] [stderr]    |              -------------------------------------------
[INFO] [stderr]    |
[INFO] [stderr]    = note: `cargo::redundant_homepage` is set to `warn` by default
[INFO] [stderr] help: consider removing `package.homepage`
[INFO] [stderr] warning: `traj-dist-rs` (manifest) generated 1 warning
[INFO] [stderr]     Finished `release` profile [optimized] target(s) in 0.09s
[INFO] [stderr]      Running unittests src/lib.rs (/opt/rustwide/target/release/build/traj-dist-rs/c3d4de0e38028786/out/traj_dist_rs-c3d4de0e38028786)
[INFO] [stdout] 
[INFO] [stdout] running 82 tests
[INFO] [stdout] test distance::dtw::tests::test_dtw_consistency_between_modes ... ok
[INFO] [stdout] test distance::dtw::tests::test_dtw_empty_trajectories ... ok
[INFO] [stdout] test distance::discret_frechet::tests::test_discret_frechet_consistency_between_modes ... ok
[INFO] [stdout] test distance::dtw::tests::test_dtw_euclidean_simple ... ok
[INFO] [stdout] test distance::discret_frechet::tests::test_discret_frechet_euclidean_identical ... ok
[INFO] [stdout] test distance::dtw::tests::test_dtw_precomputed_vs_trajectory_calculator ... ok
[INFO] [stdout] test distance::discret_frechet::tests::test_discret_frechet_simple ... ok
[INFO] [stdout] test distance::discret_frechet::tests::test_discret_frechet_with_precomputed_distances ... ok
[INFO] [stdout] test distance::dtw::tests::test_dtw_matrix_content ... ok
[INFO] [stdout] test distance::discret_frechet::tests::test_discret_frechet_identical ... ok
[INFO] [stdout] test distance::discret_frechet::tests::test_discret_frechet_euclidean_simple ... ok
[INFO] [stdout] test distance::dtw::tests::test_dtw_spherical_simple ... ok
[INFO] [stdout] test distance::discret_frechet::tests::test_discret_frechet_euclidean_empty ... ok
[INFO] [stdout] test distance::discret_frechet::tests::test_discret_frechet_euclidean_single_point ... ok
[INFO] [stdout] test distance::edr::tests::test_edr_euclidean_eps_effect ... ok
[INFO] [stdout] test distance::dtw::tests::test_dtw_with_both_distance_types ... ok
[INFO] [stdout] test distance::dtw::tests::test_dtw_with_precomputed_distances ... ok
[INFO] [stdout] test distance::dtw::tests::test_dtw_with_precomputed_distances_spherical ... ok
[INFO] [stdout] test distance::edr::tests::test_edr_consistency_between_modes ... ok
[INFO] [stdout] test distance::edr::tests::test_edr_spherical_eps_effect ... ok
[INFO] [stdout] test distance::edr::tests::test_edr_spherical_identical ... ok
[INFO] [stdout] test distance::edr::tests::test_edr_euclidean_empty ... ok
[INFO] [stdout] test distance::edr::tests::test_edr_with_both_distance_types ... ok
[INFO] [stdout] test distance::edr::tests::test_edr_euclidean_simple ... ok
[INFO] [stdout] test distance::edr::tests::test_edr_euclidean_identical ... ok
[INFO] [stdout] test distance::edwp::tests::test_edwp_empty ... ok
[INFO] [stdout] test distance::edr::tests::test_edr_with_precomputed_distances ... ok
[INFO] [stdout] test distance::edwp::tests::test_edwp_identical ... ok
[INFO] [stdout] test distance::edr::tests::test_edr_spherical_simple ... ok
[INFO] [stdout] test distance::edwp::tests::test_edwp_symmetry ... ok
[INFO] [stdout] test distance::erp::tests::test_erp_consistency_between_modes_compat ... ok
[INFO] [stdout] test distance::erp::tests::test_erp_difference_between_implementations ... ok
[INFO] [stdout] test distance::dtw::tests::test_dtw_euclidean_identical ... ok
[INFO] [stdout] test distance::erp::tests::test_erp_spherical_simple ... ok
[INFO] [stdout] test distance::erp::tests::test_erp_with_precomputed_distances ... ok
[INFO] [stdout] test distance::euclidean::tests::test_euclidean_distance ... ok
[INFO] [stdout] test distance::euclidean::tests::test_point_to_segment ... ok
[INFO] [stdout] test distance::frechet::tests::test_frechet_different_lengths ... ok
[INFO] [stdout] test distance::frechet::tests::test_frechet_identical ... ok
[INFO] [stdout] test distance::frechet::tests::test_frechet_leq_discret_frechet ... ok
[INFO] [stdout] test distance::erp::tests::test_erp_euclidean_identical ... ok
[INFO] [stdout] test distance::frechet::tests::test_frechet_simple ... ok
[INFO] [stdout] test distance::erp::tests::test_erp_euclidean_simple ... ok
[INFO] [stdout] test distance::frechet::tests::test_frechet_symmetry ... ok
[INFO] [stdout] test distance::frechet::tests::test_free_line_point_inside ... ok
[INFO] [stdout] test distance::frechet::tests::test_free_line_degenerate_segment ... ok
[INFO] [stdout] test distance::hausdorff::tests::test_hausdorff_spherical_identical ... ok
[INFO] [stdout] test distance::frechet::tests::test_free_line_point_outside ... ok
[INFO] [stdout] test distance::lcss::tests::test_lcss_empty_trajectory ... ok
[INFO] [stdout] test distance::hausdorff::tests::test_hausdorff_spherical_simple ... ok
[INFO] [stdout] test distance::hausdorff::tests::test_hausdorff_with_both_distance_types ... ok
[INFO] [stdout] test distance::lcss::tests::test_lcss_consistency_between_modes ... ok
[INFO] [stdout] test distance::erp::tests::test_erp_consistency_between_modes_standard ... ok
[INFO] [stdout] test distance::edwp::tests::test_edwp_simple ... ok
[INFO] [stdout] test distance::erp::tests::test_erp_euclidean_different_lengths ... ok
[INFO] [stdout] test distance::edwp::tests::test_edwp_single_point ... ok
[INFO] [stdout] test distance::frechet::tests::test_frechet_too_short ... ok
[INFO] [stdout] test distance::lcss::tests::test_lcss_euclidean_eps ... ok
[INFO] [stdout] test distance::spherical::tests::test_empty_trajectory_cache ... ok
[INFO] [stdout] test distance::spherical::tests::test_great_circle_distance ... ok
[INFO] [stdout] test distance::edwp::tests::test_edwp_matrix_consistency_diverse ... ok
[INFO] [stdout] test distance::edwp::tests::test_edwp_matrix_dimensions ... ok
[INFO] [stdout] test distance::edwp::tests::test_edwp_with_matrix_consistency ... ok
[INFO] [stdout] test distance::lcss::tests::test_lcss_spherical_simple ... ok
[INFO] [stdout] test distance::hausdorff::tests::test_hausdorff_euclidean_identical ... ok
[INFO] [stdout] test distance::lcss::tests::test_lcss_with_both_distance_types ... ok
[INFO] [stdout] test distance::hausdorff::tests::test_hausdorff_euclidean_simple ... ok
[INFO] [stdout] test distance::lcss::tests::test_lcss_with_precomputed_distances ... ok
[INFO] [stdout] test distance::spherical::tests::test_cached_vs_uncached_distance ... ok
[INFO] [stdout] test distance::lcss::tests::test_lcss_euclidean_identical ... ok
[INFO] [stdout] test distance::spherical::tests::test_point_to_path ... ok
[INFO] [stdout] test distance::sspd::tests::test_sspd_euclidean_identical ... ok
[INFO] [stdout] test distance::sspd::tests::test_sspd_spherical_simple ... ok
[INFO] [stdout] test distance::utils::tests::test_precompute_empty ... ok
[INFO] [stdout] test distance::sspd::tests::test_sspd_with_both_distance_types ... ok
[INFO] [stdout] test distance::utils::tests::test_precompute_euclidean ... ok
[INFO] [stdout] test distance::utils::tests::test_precompute_spherical ... ok
[INFO] [stdout] test distance::lcss::tests::test_lcss_euclidean_simple ... ok
[INFO] [stdout] test distance::lcss::tests::test_lcss_spherical_identical ... ok
[INFO] [stdout] test distance::sspd::tests::test_sspd_euclidean_simple ... ok
[INFO] [stdout] test distance::spherical::tests::test_spherical_cache_basic ... ok
[INFO] [stderr]      Running unittests src/bin/stub_gen.rs (/opt/rustwide/target/release/build/traj-dist-rs/c6ad91c54af81a27/out/stub_gen-c6ad91c54af81a27)
[INFO] [stdout] test distance::utils::tests::test_precompute_consistency ... ok
[INFO] [stdout] 
[INFO] [stdout] test result: ok. 82 passed; 0 failed; 0 ignored; 0 measured; 0 filtered out; finished in 0.02s
[INFO] [stdout] 
[INFO] [stdout] 
[INFO] [stdout] running 0 tests
[INFO] [stdout] 
[INFO] [stderr]      Running tests/algorithms.rs (/opt/rustwide/target/release/build/traj-dist-rs/ac0648fc12476f53/out/algorithms-ac0648fc12476f53)
[INFO] [stdout] test result: ok. 0 passed; 0 failed; 0 ignored; 0 measured; 0 filtered out; finished in 0.00s
[INFO] [stdout] 
[INFO] [stdout] 
[INFO] [stdout] running 28 tests
[INFO] [stdout] test test_algorithms_very_close_trajectories ... ok
[INFO] [stdout] test test_algorithm_monotonicity ... ok
[INFO] [stdout] test test_discret_frechet_euclidean ... ok
[INFO] [stdout] test test_algorithms_orthogonal_trajectories ... ok
[INFO] [stdout] test test_algorithms_increasing_length ... ok
[INFO] [stdout] test test_all_algorithms_same_pair ... ok
[INFO] [stdout] test test_discret_frechet_symmetry ... ok
[INFO] [stdout] test test_edr_euclidean ... ok
[INFO] [stdout] test test_edr_spherical ... ok
[INFO] [stdout] test test_erp_compat_traj_dist ... ok
[INFO] [stdout] test test_erp_standard_euclidean ... ok
[INFO] [stdout] test test_hausdorff_euclidean ... ok
[INFO] [stdout] test test_hausdorff_spherical ... ok
[INFO] [stdout] test test_lcss_spherical ... ok
[INFO] [stdout] test test_lcss_symmetry ... ok
[INFO] [stdout] test test_sspd_euclidean ... ok
[INFO] [stdout] test test_dtw_spherical ... ok
[INFO] [stdout] test test_dtw_symmetry ... ok
[INFO] [stdout] test test_edr_symmetry ... ok
[INFO] [stdout] test test_hausdorff_symmetry ... ok
[INFO] [stdout] test test_dtw_euclidean ... ok
[INFO] [stdout] test test_sspd_symmetry ... ok
[INFO] [stdout] test test_edwp_euclidean ... ok
[INFO] [stdout] test test_edwp_symmetry ... ok
[INFO] [stdout] test test_erp_standard_spherical ... ok
[INFO] [stdout] test test_lcss_euclidean ... ok
[INFO] [stdout] test test_edwp_consistency_between_modes ... ok
[INFO] [stdout] test test_sspd_spherical ... ok
[INFO] [stdout] 
[INFO] [stdout] test result: ok. 28 passed; 0 failed; 0 ignored; 0 measured; 0 filtered out; finished in 0.01s
[INFO] [stdout] 
[INFO] [stderr]      Running tests/boundary_cases.rs (/opt/rustwide/target/release/build/traj-dist-rs/9fa1d4625a114120/out/boundary_cases-9fa1d4625a114120)
[INFO] [stdout] 
[INFO] [stdout] running 13 tests
[INFO] [stdout] test test_different_length_trajectories ... ok
[INFO] [stdout] test test_identical_trajectories ... ok
[INFO] [stdout] test test_edwp_single_point ... ok
[INFO] [stdout] test test_edwp_empty_trajectories ... ok
[INFO] [stdout] test test_edwp_identical ... ok
[INFO] [stdout] test test_single_point_trajectories ... ok
[INFO] [stdout] test test_negative_coordinates ... ok
[INFO] [stdout] test test_small_coordinates ... ok
[INFO] [stdout] test test_identical_trajectories_spherical ... ok
[INFO] [stdout] test test_large_coordinates ... ok
[INFO] [stdout] test test_very_different_trajectories ... ok
[INFO] [stdout] test test_empty_trajectories ... ok
[INFO] [stdout] test test_zero_coordinates ... ok
[INFO] [stdout] 
[INFO] [stdout] test result: ok. 13 passed; 0 failed; 0 ignored; 0 measured; 0 filtered out; finished in 0.01s
[INFO] [stdout] 
[INFO] [stderr]      Running tests/error_handling.rs (/opt/rustwide/target/release/build/traj-dist-rs/e1363e21d827c91f/out/error_handling-e1363e21d827c91f)
[INFO] [stdout] 
[INFO] [stdout] running 12 tests
[INFO] [stdout] test test_mixed_valid_invalid_coordinates ... ok
[INFO] [stdout] test test_infinity_coordinates ... ok
[INFO] [stdout] test test_infinity_epsilon ... ok
[INFO] [stdout] test test_negative_epsilon ... ok
[INFO] [stdout] test test_nan_gap_point ... ok
[INFO] [stdout] test test_subnormal_values ... ok
[INFO] [stdout] test test_neg_infinity_coordinates ... ok
[INFO] [stdout] test test_nan_coordinates ... ok
[INFO] [stdout] test test_infinity_gap_point ... ok
[INFO] [stdout] test test_nan_epsilon ... ok
[INFO] [stdout] test test_large_epsilon ... ok
[INFO] [stderr]      Running tests/matrix_return.rs (/opt/rustwide/target/release/build/traj-dist-rs/751462aff261891e/out/matrix_return-751462aff261891e)
[INFO] [stdout] test test_zero_epsilon ... ok
[INFO] [stdout] 
[INFO] [stdout] test result: ok. 12 passed; 0 failed; 0 ignored; 0 measured; 0 filtered out; finished in 0.00s
[INFO] [stdout] 
[INFO] [stdout] 
[INFO] [stdout] running 16 tests
[INFO] [stdout] test test_edwp_with_matrix ... ok
[INFO] [stdout] test test_dtw_with_precomputed_matrix ... ok
[INFO] [stdout] test test_matrix_row_major_order ... ok
[INFO] [stdout] test test_discret_frechet_consistency_between_calculators ... ok
[INFO] [stdout] test test_dtw_with_matrix_larger ... ok
[INFO] [stdout] test test_discret_frechet_with_matrix ... ok
[INFO] [stdout] test test_discret_frechet_matrix_content ... ok
[INFO] [stdout] test test_lcss_with_matrix ... ok
[INFO] [stdout] test test_dtw_with_matrix ... ok
[INFO] [stdout] test test_erp_with_matrix ... ok
[INFO] [stdout] test test_dtw_consistency_between_calculators ... ok
[INFO] [stdout] test test_matrix_all_finite ... ok
[INFO] [stdout] test test_dtw_matrix_content ... ok
[INFO] [stdout] test test_spherical_with_matrix ... ok
[INFO] [stdout] test test_edwp_matrix_content ... ok
[INFO] [stdout] test test_edr_with_matrix ... ok
[INFO] [stdout] 
[INFO] [stdout] test result: ok. 16 passed; 0 failed; 0 ignored; 0 measured; 0 filtered out; finished in 0.01s
[INFO] [stdout] 
[INFO] [stderr]      Running tests/readme_examples.rs (/opt/rustwide/target/release/build/traj-dist-rs/2d6c56e457c65ccb/out/readme_examples-2d6c56e457c65ccb)
[INFO] [stdout] 
[INFO] [stdout] running 1 test
[INFO] [stderr] error: test failed, to rerun pass `--test readme_examples`
[INFO] [stdout] test test_readme_rust_examples ... FAILED
[INFO] [stdout] 
[INFO] [stdout] failures:
[INFO] [stdout] 
[INFO] [stdout] ---- test_readme_rust_examples stdout ----
[INFO] [stdout] Testing README.md Rust Code Examples
[INFO] [stdout] ====================================
[INFO] [stdout] 
[INFO] [stdout] Found 1 Rust code block(s) in README.md
[INFO] [stdout] 
[INFO] [stdout] Testing Example 1...
[INFO] [stdout] -----------------------------------
[INFO] [stdout] Code preview: use traj_dist_rs::distance::sspd::sspd;...
[INFO] [stdout] ❌ Example 1 failed
[INFO] [stdout]    Error: Compilation failed:
[INFO] [stdout] stdout:
[INFO] [stdout] 
[INFO] [stdout] 
[INFO] [stdout] stderr:
[INFO] [stdout]     Updating crates.io index
[INFO] [stdout] warning: spurious network error (3 tries remaining): [6] Could not resolve hostname (Could not resolve host: index.crates.io)
[INFO] [stdout] warning: spurious network error (2 tries remaining): [6] Could not resolve hostname (Could not resolve host: index.crates.io)
[INFO] [stdout] warning: spurious network error (1 try remaining): [6] Could not resolve hostname (Could not resolve host: index.crates.io)
[INFO] [stdout] warning: spurious network error (3 tries remaining): [6] Could not resolve hostname (Could not resolve host: index.crates.io)
[INFO] [stdout] warning: spurious network error (3 tries remaining): [6] Could not resolve hostname (Could not resolve host: index.crates.io)
[INFO] [stdout] warning: spurious network error (3 tries remaining): [6] Could not resolve hostname (Could not resolve host: index.crates.io)
[INFO] [stdout] warning: spurious network error (2 tries remaining): [6] Could not resolve hostname (Could not resolve host: index.crates.io)
[INFO] [stdout] warning: spurious network error (2 tries remaining): [6] Could not resolve hostname (Could not resolve host: index.crates.io)
[INFO] [stdout] warning: spurious network error (2 tries remaining): [6] Could not resolve hostname (Could not resolve host: index.crates.io)
[INFO] [stdout] warning: spurious network error (1 try remaining): [6] Could not resolve hostname (Could not resolve host: index.crates.io)
[INFO] [stdout] warning: spurious network error (1 try remaining): [6] Could not resolve hostname (Could not resolve host: index.crates.io)
[INFO] [stdout] warning: spurious network error (1 try remaining): [6] Could not resolve hostname (Could not resolve host: index.crates.io)
[INFO] [stdout] error: failed to get `bincode` as a dependency of package `traj-dist-rs v1.0.0-rc.5 (/opt/rustwide/workdir)`
[INFO] [stdout]     ... which satisfies path dependency `traj-dist-rs` of package `readme_test v0.1.0 (/tmp/.tmpegk4H6/readme_test)`
[INFO] [stdout] 
[INFO] [stdout] Caused by:
[INFO] [stdout]   failed to load source for dependency `bincode`
[INFO] [stdout] 
[INFO] [stdout] Caused by:
[INFO] [stdout]   unable to update registry `crates-io`
[INFO] [stdout] 
[INFO] [stdout] Caused by:
[INFO] [stdout]   download of config.json failed
[INFO] [stdout] 
[INFO] [stdout] Caused by:
[INFO] [stdout]   [6] Could not resolve hostname (Could not resolve host: index.crates.io)
[INFO] [stdout] 
[INFO] [stdout] 
[INFO] [stdout] ====================================
[INFO] [stdout] 
[INFO] [stdout] thread 'test_readme_rust_examples' (1164) panicked at tests/readme_examples.rs:205:17:
[INFO] [stdout] ❌ 1 example(s) failed to compile: [1]
[INFO] [stdout] stack backtrace:
[INFO] [stdout]    0:     0x594b1888ce01 - <<std[617be2ca0a6fd877]::sys::backtrace::BacktraceLock>::print::DisplayBacktrace as core[a373ad73a504971]::fmt::Display>::fmt
[INFO] [stdout]    1:     0x594b188a119a - core[a373ad73a504971]::fmt::write
[INFO] [stdout]    2:     0x594b1889129c - <alloc[2e1b2a31b91974c5]::vec::Vec<u8> as core[a373ad73a504971]::io::write::Write>::write_fmt
[INFO] [stdout]    3:     0x594b18867896 - std[617be2ca0a6fd877]::panicking::default_hook::{closure#0}
[INFO] [stdout]    4:     0x594b18884839 - std[617be2ca0a6fd877]::panicking::default_hook
[INFO] [stdout]    5:     0x594b1881fa30 - test[aada8e7e76ba119b]::test_main_inner::{closure#0}
[INFO] [stdout]    6:     0x594b188849f2 - std[617be2ca0a6fd877]::panicking::panic_with_hook
[INFO] [stdout]    7:     0x594b18867942 - std[617be2ca0a6fd877]::panicking::panic_handler::{closure#0}
[INFO] [stdout]    8:     0x594b188603a9 - std[617be2ca0a6fd877]::sys::backtrace::__rust_end_short_backtrace::<std[617be2ca0a6fd877]::panicking::panic_handler::{closure#0}, !>
[INFO] [stdout]    9:     0x594b1886854d - __rustc[ea4f61d10b84890b]::rust_begin_unwind
[INFO] [stdout]   10:     0x594b188a18cc - core[a373ad73a504971]::panicking::panic_fmt
[INFO] [stdout]   11:     0x594b1880f714 - <readme_examples[46aca048f3daa066]::test_readme_rust_examples::{closure#0} as core[a373ad73a504971]::ops::function::FnOnce<()>>::call_once
[INFO] [stdout]   12:     0x594b18812e7b - test[aada8e7e76ba119b]::__rust_begin_short_backtrace::<core[a373ad73a504971]::result::Result<(), alloc[2e1b2a31b91974c5]::string::String>, fn() -> core[a373ad73a504971]::result::Result<(), alloc[2e1b2a31b91974c5]::string::String>>
[INFO] [stdout]   13:     0x594b18820055 - test[aada8e7e76ba119b]::run_test::{closure#0}
[INFO] [stdout]   14:     0x594b18819944 - std[617be2ca0a6fd877]::sys::backtrace::__rust_begin_short_backtrace::<test[aada8e7e76ba119b]::run_test::{closure#1}, ()>
[INFO] [stdout]   15:     0x594b188230e2 - <std[617be2ca0a6fd877]::thread::lifecycle::spawn_unchecked<test[aada8e7e76ba119b]::run_test::{closure#1}, ()>::{closure#1} as core[a373ad73a504971]::ops::function::FnOnce<()>>::call_once::{shim:vtable#0}
[INFO] [stdout]   16:     0x594b1888c11f - <std[617be2ca0a6fd877]::sys::thread::unix::Thread>::new::thread_start
[INFO] [stdout]   17:     0x6ffe10d8adfa - <unknown>
[INFO] [stdout]   18:     0x6ffe10e1e3d4 - clone
[INFO] [stdout]   19:                0x0 - <unknown>
[INFO] [stdout] 
[INFO] [stdout] 
[INFO] [stdout] failures:
[INFO] [stdout]     test_readme_rust_examples
[INFO] [stdout] 
[INFO] [stdout] test result: FAILED. 0 passed; 1 failed; 0 ignored; 0 measured; 0 filtered out; finished in 23.04s
[INFO] [stdout] 
[INFO] running `Command { std: "docker" "inspect" "e0d0f31009ac42646ba9138188dec720fd47020e65030a46714979a5216dfeb5", kill_on_drop: false }`
[INFO] running `Command { std: "docker" "rm" "-f" "e0d0f31009ac42646ba9138188dec720fd47020e65030a46714979a5216dfeb5", kill_on_drop: false }`
[INFO] [stdout] e0d0f31009ac42646ba9138188dec720fd47020e65030a46714979a5216dfeb5
