[INFO] fetching crate trait-map-derive 0.1.2...
[INFO] testing trait-map-derive-0.1.2 against 1.100.0-beta.1+cargoflags=--release for beta-release-1.100-2
[INFO] extracting crate trait-map-derive 0.1.2 into /workspace/builds/worker-7-tc2/source
[INFO] started tweaking crates.io crate trait-map-derive 0.1.2
[INFO] finished tweaking crates.io crate trait-map-derive 0.1.2
[INFO] tweaked toml for crates.io crate trait-map-derive 0.1.2 written to /workspace/builds/worker-7-tc2/source/Cargo.toml
[INFO] validating manifest of crates.io crate trait-map-derive 0.1.2 on toolchain 1.100.0-beta.1
[INFO] running `Command { std: CARGO_HOME="/workspace/cargo-home" RUSTUP_HOME="/workspace/rustup-home" "/workspace/cargo-home/bin/cargo" "+1.100.0-beta.1" "metadata" "--manifest-path" "Cargo.toml" "--no-deps", kill_on_drop: false }`
[INFO] running `Command { std: CARGO_HOME="/workspace/cargo-home" RUSTUP_HOME="/workspace/rustup-home" "/workspace/cargo-home/bin/cargo" "+1.100.0-beta.1" "generate-lockfile" "--manifest-path" "Cargo.toml", kill_on_drop: false }`
[INFO] [stderr]     Updating crates.io index
[INFO] [stderr]      Locking 31 packages to highest compatible versions
[INFO] [stderr]       Adding rustc_version v0.2.3 (available: v0.4.1)
[INFO] [stderr]       Adding syn v1.0.109 (available: v3.0.9)
[INFO] running `Command { std: CARGO_HOME="/workspace/cargo-home" RUSTUP_HOME="/workspace/rustup-home" "/workspace/cargo-home/bin/cargo" "+1.100.0-beta.1" "fetch" "--manifest-path" "Cargo.toml", kill_on_drop: false }`
[INFO] running `Command { std: "docker" "create" "-v" "/var/lib/crater-agent-workspace/builds/worker-7-tc2/source:/opt/rustwide/workdir:ro,Z" "-v" "/var/lib/crater-agent-workspace/builds/worker-7-tc2/target:/opt/rustwide/target:rw,Z" "-v" "/var/lib/crater-agent-workspace/cargo-home:/opt/rustwide/cargo-home:ro,Z" "-v" "/var/lib/crater-agent-workspace/rustup-home:/opt/rustwide/rustup-home:ro,Z" "-m" "1610612736" "--network" "none" "ghcr.io/rust-lang/crates-build-env/linux@sha256:77db811e55d90add9212f6832c23229e3de5f1c1f9905e8cb07319ea15df73ac" "sleep" "infinity", kill_on_drop: false }`
[INFO] [stdout] 71a2a484c11535dbfcd50cc6002eb71a3cc20510174a4bb0fd1802e3809e5317
[INFO] running `Command { std: "docker" "start" "71a2a484c11535dbfcd50cc6002eb71a3cc20510174a4bb0fd1802e3809e5317", kill_on_drop: false }`
[INFO] running `Command { std: "docker" "inspect" "71a2a484c11535dbfcd50cc6002eb71a3cc20510174a4bb0fd1802e3809e5317", kill_on_drop: false }`
[INFO] running `Command { std: "docker" "exec" "-e" "SOURCE_DIR=/opt/rustwide/workdir" "-e" "CARGO_HOME=/opt/rustwide/cargo-home" "-e" "RUSTUP_HOME=/opt/rustwide/rustup-home" "-e" "CARGO_TARGET_DIR=/opt/rustwide/target" "-w" "/opt/rustwide/workdir" "--user" "0:0" "71a2a484c11535dbfcd50cc6002eb71a3cc20510174a4bb0fd1802e3809e5317" "/opt/rustwide/cargo-home/bin/cargo" "+1.100.0-beta.1" "metadata" "--no-deps" "--format-version=1", kill_on_drop: false }`
[INFO] running `Command { std: "docker" "inspect" "71a2a484c11535dbfcd50cc6002eb71a3cc20510174a4bb0fd1802e3809e5317", kill_on_drop: false }`
[INFO] running `Command { std: "docker" "exec" "-e" "SOURCE_DIR=/opt/rustwide/workdir" "-e" "CARGO_HOME=/opt/rustwide/cargo-home" "-e" "RUSTUP_HOME=/opt/rustwide/rustup-home" "-e" "CARGO_TARGET_DIR=/opt/rustwide/target" "-e" "CARGO_INCREMENTAL=0" "-e" "RUST_BACKTRACE=full" "-e" "RUSTFLAGS=--cap-lints=warn" "-e" "RUSTDOCFLAGS=--cap-lints=warn" "-w" "/opt/rustwide/workdir" "--user" "0:0" "71a2a484c11535dbfcd50cc6002eb71a3cc20510174a4bb0fd1802e3809e5317" "/opt/rustwide/cargo-home/bin/cargo" "+1.100.0-beta.1" "build" "--frozen" "--message-format=json" "--release", kill_on_drop: false }`
[INFO] [stderr]    Compiling semver-parser v0.7.0
[INFO] [stderr]    Compiling syn v1.0.109
[INFO] [stderr]    Compiling semver v0.9.0
[INFO] [stderr]    Compiling rustc_version v0.2.3
[INFO] [stderr]    Compiling trait-map-derive v0.1.2 (/opt/rustwide/workdir)
[INFO] [stdout] warning: unexpected `cfg` condition name: `nightly`
[INFO] [stdout]  --> src/lib.rs:9:13
[INFO] [stdout]   |
[INFO] [stdout] 9 | #![cfg_attr(nightly, feature(proc_macro_diagnostic))]
[INFO] [stdout]   |             ^^^^^^^
[INFO] [stdout]   |
[INFO] [stdout]   = help: expected names are: `docsrs`, `feature`, and `test` and 34 more
[INFO] [stdout]   = help: consider using a Cargo feature instead
[INFO] [stdout]   = help: or consider adding in `Cargo.toml` the `check-cfg` lint config for the lint:
[INFO] [stdout]            [lints.rust]
[INFO] [stdout]            unexpected_cfgs = { level = "warn", check-cfg = ['cfg(nightly)'] }
[INFO] [stdout]   = help: or consider adding `println!("cargo::rustc-check-cfg=cfg(nightly)");` to the top of the `build.rs`
[INFO] [stdout]   = note: see <https://doc.rust-lang.org/nightly/rustc/check-cfg/cargo-specifics.html> for more information about checking conditional configuration
[INFO] [stdout]   = note: `#[warn(unexpected_cfgs)]` on by default
[INFO] [stdout] 
[INFO] [stdout] 
[INFO] [stdout] warning: unused import: `ToTokens`
[INFO] [stdout]   --> src/lib.rs:14:35
[INFO] [stdout]    |
[INFO] [stdout] 14 | use quote::{quote, quote_spanned, ToTokens};
[INFO] [stdout]    |                                   ^^^^^^^^
[INFO] [stdout]    |
[INFO] [stdout]    = note: `#[warn(unused_imports)]` (part of `#[warn(unused)]`) on by default
[INFO] [stdout] 
[INFO] [stdout] 
[INFO] [stdout] warning: unexpected `cfg` condition name: `nightly`
[INFO] [stdout]   --> src/lib.rs:73:9
[INFO] [stdout]    |
[INFO] [stdout] 73 |   #[cfg(nightly)]
[INFO] [stdout]    |         ^^^^^^^
[INFO] [stdout]    |
[INFO] [stdout]    = help: consider using a Cargo feature instead
[INFO] [stdout]    = help: or consider adding in `Cargo.toml` the `check-cfg` lint config for the lint:
[INFO] [stdout]             [lints.rust]
[INFO] [stdout]             unexpected_cfgs = { level = "warn", check-cfg = ['cfg(nightly)'] }
[INFO] [stdout]    = help: or consider adding `println!("cargo::rustc-check-cfg=cfg(nightly)");` to the top of the `build.rs`
[INFO] [stdout]    = note: see <https://doc.rust-lang.org/nightly/rustc/check-cfg/cargo-specifics.html> for more information about checking conditional configuration
[INFO] [stdout] 
[INFO] [stdout] 
[INFO] [stderr]     Finished `release` profile [optimized] target(s) in 7.09s
[INFO] running `Command { std: "docker" "inspect" "71a2a484c11535dbfcd50cc6002eb71a3cc20510174a4bb0fd1802e3809e5317", kill_on_drop: false }`
[INFO] running `Command { std: "docker" "exec" "-e" "SOURCE_DIR=/opt/rustwide/workdir" "-e" "CARGO_HOME=/opt/rustwide/cargo-home" "-e" "RUSTUP_HOME=/opt/rustwide/rustup-home" "-e" "CARGO_TARGET_DIR=/opt/rustwide/target" "-e" "CARGO_INCREMENTAL=0" "-e" "RUST_BACKTRACE=full" "-e" "RUSTFLAGS=--cap-lints=warn" "-e" "RUSTDOCFLAGS=--cap-lints=warn" "-w" "/opt/rustwide/workdir" "--user" "0:0" "71a2a484c11535dbfcd50cc6002eb71a3cc20510174a4bb0fd1802e3809e5317" "/opt/rustwide/cargo-home/bin/cargo" "+1.100.0-beta.1" "test" "--frozen" "--no-run" "--message-format=json" "--release", kill_on_drop: false }`
[INFO] [stderr]    Compiling serde_core v1.0.229
[INFO] [stderr]    Compiling target-tuple v1.0.2
[INFO] [stderr]    Compiling serde v1.0.229
[INFO] [stderr]    Compiling zmij v1.0.23
[INFO] [stderr]    Compiling syn v3.0.9
[INFO] [stderr]    Compiling winnow v1.0.4
[INFO] [stderr]    Compiling serde_json v1.0.154
[INFO] [stderr]    Compiling memchr v2.8.3
[INFO] [stderr]    Compiling toml_writer v1.1.3+spec-1.1.0
[INFO] [stderr]    Compiling itoa v1.0.18
[INFO] [stderr]    Compiling toml_parser v1.1.5+spec-1.1.0
[INFO] [stderr]    Compiling trait-map-derive v0.1.2 (/opt/rustwide/workdir)
[INFO] [stderr]    Compiling syn v1.0.109
[INFO] [stderr]    Compiling termcolor v1.4.1
[INFO] [stderr]    Compiling glob v0.3.4
[INFO] [stdout] warning: unexpected `cfg` condition name: `nightly`
[INFO] [stdout]  --> src/lib.rs:9:13
[INFO] [stdout]   |
[INFO] [stdout] 9 | #![cfg_attr(nightly, feature(proc_macro_diagnostic))]
[INFO] [stdout]   |             ^^^^^^^
[INFO] [stdout]   |
[INFO] [stdout]   = help: expected names are: `docsrs`, `feature`, and `test` and 34 more
[INFO] [stdout]   = help: consider using a Cargo feature instead
[INFO] [stdout]   = help: or consider adding in `Cargo.toml` the `check-cfg` lint config for the lint:
[INFO] [stdout]            [lints.rust]
[INFO] [stdout]            unexpected_cfgs = { level = "warn", check-cfg = ['cfg(nightly)'] }
[INFO] [stdout]   = help: or consider adding `println!("cargo::rustc-check-cfg=cfg(nightly)");` to the top of the `build.rs`
[INFO] [stdout]   = note: see <https://doc.rust-lang.org/nightly/rustc/check-cfg/cargo-specifics.html> for more information about checking conditional configuration
[INFO] [stdout]   = note: `#[warn(unexpected_cfgs)]` on by default
[INFO] [stdout] 
[INFO] [stdout] 
[INFO] [stdout] warning: unused import: `ToTokens`
[INFO] [stdout]   --> src/lib.rs:14:35
[INFO] [stdout]    |
[INFO] [stdout] 14 | use quote::{quote, quote_spanned, ToTokens};
[INFO] [stdout]    |                                   ^^^^^^^^
[INFO] [stdout]    |
[INFO] [stdout]    = note: `#[warn(unused_imports)]` (part of `#[warn(unused)]`) on by default
[INFO] [stdout] 
[INFO] [stdout] 
[INFO] [stdout] warning: unexpected `cfg` condition name: `nightly`
[INFO] [stdout]   --> src/lib.rs:73:9
[INFO] [stdout]    |
[INFO] [stdout] 73 |   #[cfg(nightly)]
[INFO] [stdout]    |         ^^^^^^^
[INFO] [stdout]    |
[INFO] [stdout]    = help: consider using a Cargo feature instead
[INFO] [stdout]    = help: or consider adding in `Cargo.toml` the `check-cfg` lint config for the lint:
[INFO] [stdout]             [lints.rust]
[INFO] [stdout]             unexpected_cfgs = { level = "warn", check-cfg = ['cfg(nightly)'] }
[INFO] [stdout]    = help: or consider adding `println!("cargo::rustc-check-cfg=cfg(nightly)");` to the top of the `build.rs`
[INFO] [stdout]    = note: see <https://doc.rust-lang.org/nightly/rustc/check-cfg/cargo-specifics.html> for more information about checking conditional configuration
[INFO] [stdout] 
[INFO] [stdout] 
[INFO] [stderr]    Compiling serde_derive v1.0.229
[INFO] [stderr]    Compiling toml_datetime v1.1.2+spec-1.1.0
[INFO] [stderr]    Compiling serde_spanned v1.1.2
[INFO] [stderr]    Compiling toml v1.1.8+spec-1.1.0
[INFO] [stderr]    Compiling trybuild v1.0.122
[INFO] [stdout] warning: unexpected `cfg` condition name: `nightly`
[INFO] [stdout]  --> src/lib.rs:9:13
[INFO] [stdout]   |
[INFO] [stdout] 9 | #![cfg_attr(nightly, feature(proc_macro_diagnostic))]
[INFO] [stdout]   |             ^^^^^^^
[INFO] [stdout]   |
[INFO] [stdout]   = help: expected names are: `docsrs`, `feature`, and `test` and 34 more
[INFO] [stdout]   = help: consider using a Cargo feature instead
[INFO] [stdout]   = help: or consider adding in `Cargo.toml` the `check-cfg` lint config for the lint:
[INFO] [stdout]            [lints.rust]
[INFO] [stdout]            unexpected_cfgs = { level = "warn", check-cfg = ['cfg(nightly)'] }
[INFO] [stdout]   = help: or consider adding `println!("cargo::rustc-check-cfg=cfg(nightly)");` to the top of the `build.rs`
[INFO] [stdout]   = note: see <https://doc.rust-lang.org/nightly/rustc/check-cfg/cargo-specifics.html> for more information about checking conditional configuration
[INFO] [stdout]   = note: `#[warn(unexpected_cfgs)]` on by default
[INFO] [stdout] 
[INFO] [stdout] 
[INFO] [stdout] warning: unused import: `ToTokens`
[INFO] [stdout]   --> src/lib.rs:14:35
[INFO] [stdout]    |
[INFO] [stdout] 14 | use quote::{quote, quote_spanned, ToTokens};
[INFO] [stdout]    |                                   ^^^^^^^^
[INFO] [stdout]    |
[INFO] [stdout]    = note: `#[warn(unused_imports)]` (part of `#[warn(unused)]`) on by default
[INFO] [stdout] 
[INFO] [stdout] 
[INFO] [stdout] warning: unexpected `cfg` condition name: `nightly`
[INFO] [stdout]   --> src/lib.rs:73:9
[INFO] [stdout]    |
[INFO] [stdout] 73 |   #[cfg(nightly)]
[INFO] [stdout]    |         ^^^^^^^
[INFO] [stdout]    |
[INFO] [stdout]    = help: consider using a Cargo feature instead
[INFO] [stdout]    = help: or consider adding in `Cargo.toml` the `check-cfg` lint config for the lint:
[INFO] [stdout]             [lints.rust]
[INFO] [stdout]             unexpected_cfgs = { level = "warn", check-cfg = ['cfg(nightly)'] }
[INFO] [stdout]    = help: or consider adding `println!("cargo::rustc-check-cfg=cfg(nightly)");` to the top of the `build.rs`
[INFO] [stdout]    = note: see <https://doc.rust-lang.org/nightly/rustc/check-cfg/cargo-specifics.html> for more information about checking conditional configuration
[INFO] [stdout] 
[INFO] [stdout] 
[INFO] [stderr]     Finished `release` profile [optimized] target(s) in 1m 02s
[INFO] running `Command { std: "docker" "inspect" "71a2a484c11535dbfcd50cc6002eb71a3cc20510174a4bb0fd1802e3809e5317", kill_on_drop: false }`
[INFO] running `Command { std: "docker" "exec" "-e" "SOURCE_DIR=/opt/rustwide/workdir" "-e" "CARGO_HOME=/opt/rustwide/cargo-home" "-e" "RUSTUP_HOME=/opt/rustwide/rustup-home" "-e" "CARGO_TARGET_DIR=/opt/rustwide/target" "-e" "CARGO_INCREMENTAL=0" "-e" "RUST_BACKTRACE=full" "-e" "RUSTFLAGS=--cap-lints=warn" "-e" "RUSTDOCFLAGS=--cap-lints=warn" "-w" "/opt/rustwide/workdir" "--user" "0:0" "71a2a484c11535dbfcd50cc6002eb71a3cc20510174a4bb0fd1802e3809e5317" "/opt/rustwide/cargo-home/bin/cargo" "+1.100.0-beta.1" "test" "--frozen" "--release", kill_on_drop: false }`
[INFO] [stderr] warning: unexpected `cfg` condition name: `nightly`
[INFO] [stderr]  --> src/lib.rs:9:13
[INFO] [stderr]   |
[INFO] [stderr] 9 | #![cfg_attr(nightly, feature(proc_macro_diagnostic))]
[INFO] [stderr]   |             ^^^^^^^
[INFO] [stderr]   |
[INFO] [stderr]   = help: expected names are: `docsrs`, `feature`, and `test` and 34 more
[INFO] [stderr]   = help: consider using a Cargo feature instead
[INFO] [stderr]   = help: or consider adding in `Cargo.toml` the `check-cfg` lint config for the lint:
[INFO] [stderr]            [lints.rust]
[INFO] [stderr]            unexpected_cfgs = { level = "warn", check-cfg = ['cfg(nightly)'] }
[INFO] [stderr]   = help: or consider adding `println!("cargo::rustc-check-cfg=cfg(nightly)");` to the top of the `build.rs`
[INFO] [stderr]   = note: see <https://doc.rust-lang.org/nightly/rustc/check-cfg/cargo-specifics.html> for more information about checking conditional configuration
[INFO] [stderr]   = note: `#[warn(unexpected_cfgs)]` on by default
[INFO] [stderr] 
[INFO] [stderr] warning: unused import: `ToTokens`
[INFO] [stderr]   --> src/lib.rs:14:35
[INFO] [stderr]    |
[INFO] [stderr] 14 | use quote::{quote, quote_spanned, ToTokens};
[INFO] [stderr]    |                                   ^^^^^^^^
[INFO] [stderr]    |
[INFO] [stderr]    = note: `#[warn(unused_imports)]` (part of `#[warn(unused)]`) on by default
[INFO] [stderr] 
[INFO] [stderr] warning: unexpected `cfg` condition name: `nightly`
[INFO] [stderr]   --> src/lib.rs:73:9
[INFO] [stderr]    |
[INFO] [stderr] 73 |   #[cfg(nightly)]
[INFO] [stderr]    |         ^^^^^^^
[INFO] [stderr]    |
[INFO] [stderr]    = help: consider using a Cargo feature instead
[INFO] [stderr]    = help: or consider adding in `Cargo.toml` the `check-cfg` lint config for the lint:
[INFO] [stderr]             [lints.rust]
[INFO] [stderr]             unexpected_cfgs = { level = "warn", check-cfg = ['cfg(nightly)'] }
[INFO] [stderr]    = help: or consider adding `println!("cargo::rustc-check-cfg=cfg(nightly)");` to the top of the `build.rs`
[INFO] [stderr]    = note: see <https://doc.rust-lang.org/nightly/rustc/check-cfg/cargo-specifics.html> for more information about checking conditional configuration
[INFO] [stderr] 
[INFO] [stderr] warning: `trait-map-derive` (lib) generated 3 warnings (run `cargo fix --lib -p trait-map-derive` to apply 1 suggestion)
[INFO] [stderr] warning: `trait-map-derive` (lib test) generated 3 warnings (3 duplicates)
[INFO] [stderr]     Finished `release` profile [optimized] target(s) in 0.11s
[INFO] [stderr]      Running unittests src/lib.rs (/opt/rustwide/target/release/build/trait-map-derive/64e2bcac73497d6c/out/trait_map_derive-64e2bcac73497d6c)
[INFO] [stdout] 
[INFO] [stdout] running 0 tests
[INFO] [stdout] 
[INFO] [stdout] test result: ok. 0 passed; 0 failed; 0 ignored; 0 measured; 0 filtered out; finished in 0.00s
[INFO] [stdout] 
[INFO] [stderr]      Running tests/ui.rs (/opt/rustwide/target/release/build/trait-map-derive/047bc7af78bbf078/out/ui-047bc7af78bbf078)
[INFO] [stdout] 
[INFO] [stdout] running 1 test
[INFO] [stderr]    Compiling proc-macro2 v1.0.107
[INFO] [stderr]    Compiling quote v1.0.47
[INFO] [stderr]    Compiling syn v1.0.109
[INFO] [stderr]    Compiling semver-parser v0.7.0
[INFO] [stderr]    Compiling unicode-ident v1.0.27
[INFO] [stderr]    Compiling semver v0.9.0
[INFO] [stderr]    Compiling rustc_version v0.2.3
[INFO] [stderr]    Compiling trait-map-derive v0.1.2 (/opt/rustwide/workdir)
[INFO] [stderr] warning: unexpected `cfg` condition name: `nightly`
[INFO] [stderr]  --> /opt/rustwide/workdir/src/lib.rs:9:13
[INFO] [stderr]   |
[INFO] [stderr] 9 | #![cfg_attr(nightly, feature(proc_macro_diagnostic))]
[INFO] [stderr]   |             ^^^^^^^
[INFO] [stderr]   |
[INFO] [stderr]   = help: expected names are: `docsrs`, `feature`, and `test` and 34 more
[INFO] [stderr]   = help: consider using a Cargo feature instead
[INFO] [stderr]   = help: or consider adding in `Cargo.toml` the `check-cfg` lint config for the lint:
[INFO] [stderr]            [lints.rust]
[INFO] [stderr]            unexpected_cfgs = { level = "warn", check-cfg = ['cfg(nightly)'] }
[INFO] [stderr]   = help: or consider adding `println!("cargo::rustc-check-cfg=cfg(nightly)");` to the top of the `build.rs`
[INFO] [stderr]   = note: see <https://doc.rust-lang.org/nightly/rustc/check-cfg/cargo-specifics.html> for more information about checking conditional configuration
[INFO] [stderr]   = note: `#[warn(unexpected_cfgs)]` on by default
[INFO] [stderr] 
[INFO] [stderr] warning: unused import: `ToTokens`
[INFO] [stderr]   --> /opt/rustwide/workdir/src/lib.rs:14:35
[INFO] [stderr]    |
[INFO] [stderr] 14 | use quote::{quote, quote_spanned, ToTokens};
[INFO] [stderr]    |                                   ^^^^^^^^
[INFO] [stderr]    |
[INFO] [stderr]    = note: `#[warn(unused_imports)]` (part of `#[warn(unused)]`) on by default
[INFO] [stderr] 
[INFO] [stderr] warning: unexpected `cfg` condition name: `nightly`
[INFO] [stderr]   --> /opt/rustwide/workdir/src/lib.rs:73:9
[INFO] [stderr]    |
[INFO] [stderr] 73 |   #[cfg(nightly)]
[INFO] [stderr]    |         ^^^^^^^
[INFO] [stderr]    |
[INFO] [stderr]    = help: consider using a Cargo feature instead
[INFO] [stderr]    = help: or consider adding in `Cargo.toml` the `check-cfg` lint config for the lint:
[INFO] [stderr]             [lints.rust]
[INFO] [stderr]             unexpected_cfgs = { level = "warn", check-cfg = ['cfg(nightly)'] }
[INFO] [stderr]    = help: or consider adding `println!("cargo::rustc-check-cfg=cfg(nightly)");` to the top of the `build.rs`
[INFO] [stderr]    = note: see <https://doc.rust-lang.org/nightly/rustc/check-cfg/cargo-specifics.html> for more information about checking conditional configuration
[INFO] [stderr] 
[INFO] [stderr] warning: `trait-map-derive` (lib) generated 3 warnings (run `cargo fix --lib -p trait-map-derive` to apply 1 suggestion)
[INFO] [stderr]    Compiling trait-map-derive-tests v0.0.0 (/opt/rustwide/target/tests/trybuild/trait-map-derive)
[INFO] [stderr]     Finished `dev` profile [unoptimized + debuginfo] target(s) in 12.21s
[INFO] [stderr] 
[INFO] [stderr] 
[INFO] [stderr] test tests/ui/pass/allows_paths.rs [should pass] ... error
[INFO] [stderr] ┈┈┈┈┈┈┈┈┈┈┈┈┈┈┈┈┈┈┈┈┈┈┈┈┈┈┈┈┈┈┈┈┈┈┈┈┈┈┈┈┈┈┈┈┈┈┈┈┈┈┈┈┈┈┈┈┈┈┈┈
[INFO] [stderr] error[E0432]: unresolved import `trait_map`
[INFO] [stderr]  --> tests/ui/pass/allows_paths.rs:3:5
[INFO] [stderr]   |
[INFO] [stderr] 3 | use trait_map::{TraitMap, TraitMapEntry};
[INFO] [stderr]   |     ^^^^^^^^^ use of unresolved module or unlinked crate `trait_map`
[INFO] [stderr]   |
[INFO] [stderr]   = help: if you wanted to use a crate named `trait_map`, use `cargo add trait_map` to add it to your `Cargo.toml`
[INFO] [stderr] 
[INFO] [stderr] error: cannot find attribute `trait_map` in this scope
[INFO] [stderr]   --> tests/ui/pass/allows_paths.rs:12:3
[INFO] [stderr]    |
[INFO] [stderr] 12 | #[trait_map(nested_mod::MyTrait, Debug)]
[INFO] [stderr]    |   ^^^^^^^^^
[INFO] [stderr]    |
[INFO] [stderr] help: `trait_map` is an attribute that can be used by the derive macro `TraitMapEntry`, you might be missing a `derive` attribute
[INFO] [stderr]    |
[INFO] [stderr] 13 + #[derive(TraitMapEntry)]
[INFO] [stderr] 14 | struct MyStruct {
[INFO] [stderr]    |
[INFO] [stderr] ┈┈┈┈┈┈┈┈┈┈┈┈┈┈┈┈┈┈┈┈┈┈┈┈┈┈┈┈┈┈┈┈┈┈┈┈┈┈┈┈┈┈┈┈┈┈┈┈┈┈┈┈┈┈┈┈┈┈┈┈
[INFO] [stderr] 
[INFO] [stderr] test tests/ui/pass/duplicate_traits.rs [should pass] ... error
[INFO] [stderr] ┈┈┈┈┈┈┈┈┈┈┈┈┈┈┈┈┈┈┈┈┈┈┈┈┈┈┈┈┈┈┈┈┈┈┈┈┈┈┈┈┈┈┈┈┈┈┈┈┈┈┈┈┈┈┈┈┈┈┈┈
[INFO] [stderr] error[E0432]: unresolved import `trait_map`
[INFO] [stderr]  --> tests/ui/pass/duplicate_traits.rs:1:5
[INFO] [stderr]   |
[INFO] [stderr] 1 | use trait_map::{TraitMap, TraitMapEntry};
[INFO] [stderr]   |     ^^^^^^^^^ use of unresolved module or unlinked crate `trait_map`
[INFO] [stderr]   |
[INFO] [stderr]   = help: if you wanted to use a crate named `trait_map`, use `cargo add trait_map` to add it to your `Cargo.toml`
[INFO] [stderr] 
[INFO] [stderr] error: cannot find attribute `trait_map` in this scope
[INFO] [stderr]   --> tests/ui/pass/duplicate_traits.rs:9:3
[INFO] [stderr]    |
[INFO] [stderr]  9 | #[trait_map(MyTrait, MyTrait)]
[INFO] [stderr]    |   ^^^^^^^^^
[INFO] [stderr]    |
[INFO] [stderr] help: `trait_map` is an attribute that can be used by the derive macro `TraitMapEntry`, you might be missing a `derive` attribute
[INFO] [stderr]    |
[INFO] [stderr] 11 + #[derive(TraitMapEntry)]
[INFO] [stderr] 12 | struct MyStruct {
[INFO] [stderr]    |
[INFO] [stderr] 
[INFO] [stderr] error: cannot find attribute `trait_map` in this scope
[INFO] [stderr]   --> tests/ui/pass/duplicate_traits.rs:10:3
[INFO] [stderr]    |
[INFO] [stderr] 10 | #[trait_map(MyTrait)]
[INFO] [stderr]    |   ^^^^^^^^^
[INFO] [stderr]    |
[INFO] [stderr] help: `trait_map` is an attribute that can be used by the derive macro `TraitMapEntry`, you might be missing a `derive` attribute
[INFO] [stderr]    |
[INFO] [stderr] 11 + #[derive(TraitMapEntry)]
[INFO] [stderr] 12 | struct MyStruct {
[INFO] [stderr]    |
[INFO] [stderr] ┈┈┈┈┈┈┈┈┈┈┈┈┈┈┈┈┈┈┈┈┈┈┈┈┈┈┈┈┈┈┈┈┈┈┈┈┈┈┈┈┈┈┈┈┈┈┈┈┈┈┈┈┈┈┈┈┈┈┈┈
[INFO] [stderr] 
[INFO] [stderr] test tests/ui/pass/empty_traits_list.rs [should pass] ... error
[INFO] [stderr] ┈┈┈┈┈┈┈┈┈┈┈┈┈┈┈┈┈┈┈┈┈┈┈┈┈┈┈┈┈┈┈┈┈┈┈┈┈┈┈┈┈┈┈┈┈┈┈┈┈┈┈┈┈┈┈┈┈┈┈┈
[INFO] [stderr] error[E0432]: unresolved import `trait_map`
[INFO] [stderr]  --> tests/ui/pass/empty_traits_list.rs:1:5
[INFO] [stderr]   |
[INFO] [stderr] 1 | use trait_map::TraitMapEntry;
[INFO] [stderr]   |     ^^^^^^^^^ use of unresolved module or unlinked crate `trait_map`
[INFO] [stderr]   |
[INFO] [stderr]   = help: if you wanted to use a crate named `trait_map`, use `cargo add trait_map` to add it to your `Cargo.toml`
[INFO] [stderr] ┈┈┈┈┈┈┈┈┈┈┈┈┈┈┈┈┈┈┈┈┈┈┈┈┈┈┈┈┈┈┈┈┈┈┈┈┈┈┈┈┈┈┈┈┈┈┈┈┈┈┈┈┈┈┈┈┈┈┈┈
[INFO] [stderr] 
[INFO] [stderr] test tests/ui/pass/multiple_attributes.rs [should pass] ... error
[INFO] [stderr] ┈┈┈┈┈┈┈┈┈┈┈┈┈┈┈┈┈┈┈┈┈┈┈┈┈┈┈┈┈┈┈┈┈┈┈┈┈┈┈┈┈┈┈┈┈┈┈┈┈┈┈┈┈┈┈┈┈┈┈┈
[INFO] [stderr] error[E0432]: unresolved import `trait_map`
[INFO] [stderr]  --> tests/ui/pass/multiple_attributes.rs:1:5
[INFO] [stderr]   |
[INFO] [stderr] 1 | use trait_map::{TraitMap, TraitMapEntry};
[INFO] [stderr]   |     ^^^^^^^^^ use of unresolved module or unlinked crate `trait_map`
[INFO] [stderr]   |
[INFO] [stderr]   = help: if you wanted to use a crate named `trait_map`, use `cargo add trait_map` to add it to your `Cargo.toml`
[INFO] [stderr] 
[INFO] [stderr] error: cannot find attribute `trait_map` in this scope
[INFO] [stderr]   --> tests/ui/pass/multiple_attributes.rs:16:3
[INFO] [stderr]    |
[INFO] [stderr] 16 | #[trait_map(MyTraitOne)]
[INFO] [stderr]    |   ^^^^^^^^^
[INFO] [stderr]    |
[INFO] [stderr] help: `trait_map` is an attribute that can be used by the derive macro `TraitMapEntry`, you might be missing a `derive` attribute
[INFO] [stderr]    |
[INFO] [stderr] 18 + #[derive(TraitMapEntry)]
[INFO] [stderr] 19 | struct MyStruct {
[INFO] [stderr]    |
[INFO] [stderr] 
[INFO] [stderr] error: cannot find attribute `trait_map` in this scope
[INFO] [stderr]   --> tests/ui/pass/multiple_attributes.rs:17:3
[INFO] [stderr]    |
[INFO] [stderr] 17 | #[trait_map(MyTraitTwo, MyTraitThree)]
[INFO] [stderr]    |   ^^^^^^^^^
[INFO] [stderr]    |
[INFO] [stderr] help: `trait_map` is an attribute that can be used by the derive macro `TraitMapEntry`, you might be missing a `derive` attribute
[INFO] [stderr]    |
[INFO] [stderr] 18 + #[derive(TraitMapEntry)]
[INFO] [stderr] 19 | struct MyStruct {
[INFO] [stderr]    |
[INFO] [stderr] ┈┈┈┈┈┈┈┈┈┈┈┈┈┈┈┈┈┈┈┈┈┈┈┈┈┈┈┈┈┈┈┈┈┈┈┈┈┈┈┈┈┈┈┈┈┈┈┈┈┈┈┈┈┈┈┈┈┈┈┈
[INFO] [stderr] 
[INFO] [stderr] test tests/ui/pass/multiple_traits.rs [should pass] ... error
[INFO] [stderr] ┈┈┈┈┈┈┈┈┈┈┈┈┈┈┈┈┈┈┈┈┈┈┈┈┈┈┈┈┈┈┈┈┈┈┈┈┈┈┈┈┈┈┈┈┈┈┈┈┈┈┈┈┈┈┈┈┈┈┈┈
[INFO] [stderr] error[E0432]: unresolved import `trait_map`
[INFO] [stderr]  --> tests/ui/pass/multiple_traits.rs:1:5
[INFO] [stderr]   |
[INFO] [stderr] 1 | use trait_map::{TraitMap, TraitMapEntry};
[INFO] [stderr]   |     ^^^^^^^^^ use of unresolved module or unlinked crate `trait_map`
[INFO] [stderr]   |
[INFO] [stderr]   = help: if you wanted to use a crate named `trait_map`, use `cargo add trait_map` to add it to your `Cargo.toml`
[INFO] [stderr] 
[INFO] [stderr] error: cannot find attribute `trait_map` in this scope
[INFO] [stderr]   --> tests/ui/pass/multiple_traits.rs:12:3
[INFO] [stderr]    |
[INFO] [stderr] 12 | #[trait_map(MyTraitOne, MyTraitTwo)]
[INFO] [stderr]    |   ^^^^^^^^^
[INFO] [stderr]    |
[INFO] [stderr] help: `trait_map` is an attribute that can be used by the derive macro `TraitMapEntry`, you might be missing a `derive` attribute
[INFO] [stderr]    |
[INFO] [stderr] 13 + #[derive(TraitMapEntry)]
[INFO] [stderr] 14 | struct MyStruct {
[INFO] [stderr]    |
[INFO] [stderr] ┈┈┈┈┈┈┈┈┈┈┈┈┈┈┈┈┈┈┈┈┈┈┈┈┈┈┈┈┈┈┈┈┈┈┈┈┈┈┈┈┈┈┈┈┈┈┈┈┈┈┈┈┈┈┈┈┈┈┈┈
[INFO] [stderr] 
[INFO] [stderr] test tests/ui/pass/supports_generics.rs [should pass] ... error
[INFO] [stderr] ┈┈┈┈┈┈┈┈┈┈┈┈┈┈┈┈┈┈┈┈┈┈┈┈┈┈┈┈┈┈┈┈┈┈┈┈┈┈┈┈┈┈┈┈┈┈┈┈┈┈┈┈┈┈┈┈┈┈┈┈
[INFO] [stderr] error[E0432]: unresolved import `trait_map`
[INFO] [stderr]  --> tests/ui/pass/supports_generics.rs:3:5
[INFO] [stderr]   |
[INFO] [stderr] 3 | use trait_map::{TraitMap, TraitMapEntry};
[INFO] [stderr]   |     ^^^^^^^^^ use of unresolved module or unlinked crate `trait_map`
[INFO] [stderr]   |
[INFO] [stderr]   = help: if you wanted to use a crate named `trait_map`, use `cargo add trait_map` to add it to your `Cargo.toml`
[INFO] [stderr] 
[INFO] [stderr] error: cannot find attribute `trait_map` in this scope
[INFO] [stderr]   --> tests/ui/pass/supports_generics.rs:10:3
[INFO] [stderr]    |
[INFO] [stderr] 10 | #[trait_map(MyTrait)]
[INFO] [stderr]    |   ^^^^^^^^^
[INFO] [stderr]    |
[INFO] [stderr] help: `trait_map` is an attribute that can be used by the derive macro `TraitMapEntry`, you might be missing a `derive` attribute
[INFO] [stderr]    |
[INFO] [stderr] 11 + #[derive(TraitMapEntry)]
[INFO] [stderr] 12 | struct MyStruct<T: Debug>
[INFO] [stderr]    |
[INFO] [stderr] ┈┈┈┈┈┈┈┈┈┈┈┈┈┈┈┈┈┈┈┈┈┈┈┈┈┈┈┈┈┈┈┈┈┈┈┈┈┈┈┈┈┈┈┈┈┈┈┈┈┈┈┈┈┈┈┈┈┈┈┈
[INFO] [stderr] 
[INFO] [stderr] test tests/ui/pass/valid_syntax.rs [should pass] ... error
[INFO] [stderr] ┈┈┈┈┈┈┈┈┈┈┈┈┈┈┈┈┈┈┈┈┈┈┈┈┈┈┈┈┈┈┈┈┈┈┈┈┈┈┈┈┈┈┈┈┈┈┈┈┈┈┈┈┈┈┈┈┈┈┈┈
[INFO] [stderr] error[E0432]: unresolved import `trait_map`
[INFO] [stderr]  --> tests/ui/pass/valid_syntax.rs:1:5
[INFO] [stderr]   |
[INFO] [stderr] 1 | use trait_map::{TraitMap, TraitMapEntry};
[INFO] [stderr]   |     ^^^^^^^^^ use of unresolved module or unlinked crate `trait_map`
[INFO] [stderr]   |
[INFO] [stderr]   = help: if you wanted to use a crate named `trait_map`, use `cargo add trait_map` to add it to your `Cargo.toml`
[INFO] [stderr] 
[INFO] [stderr] error: cannot find attribute `trait_map` in this scope
[INFO] [stderr]   --> tests/ui/pass/valid_syntax.rs:8:3
[INFO] [stderr]    |
[INFO] [stderr]  8 | #[trait_map(MyTrait)]
[INFO] [stderr]    |   ^^^^^^^^^
[INFO] [stderr]    |
[INFO] [stderr] help: `trait_map` is an attribute that can be used by the derive macro `TraitMapEntry`, you might be missing a `derive` attribute
[INFO] [stderr]    |
[INFO] [stderr]  9 + #[derive(TraitMapEntry)]
[INFO] [stderr] 10 | struct MyStruct {
[INFO] [stderr]    |
[INFO] [stderr] ┈┈┈┈┈┈┈┈┈┈┈┈┈┈┈┈┈┈┈┈┈┈┈┈┈┈┈┈┈┈┈┈┈┈┈┈┈┈┈┈┈┈┈┈┈┈┈┈┈┈┈┈┈┈┈┈┈┈┈┈
[INFO] [stderr] 
[INFO] [stderr] test tests/ui/fail/invalid_syntax.rs [should fail to compile] ... ok
[INFO] [stderr] test tests/ui/fail/no_such_trait.rs [should fail to compile] ... mismatch
[INFO] [stderr] 
[INFO] [stderr] EXPECTED:
[INFO] [stderr] ┈┈┈┈┈┈┈┈┈┈┈┈┈┈┈┈┈┈┈┈┈┈┈┈┈┈┈┈┈┈┈┈┈┈┈┈┈┈┈┈┈┈┈┈┈┈┈┈┈┈┈┈┈┈┈┈┈┈┈┈
[INFO] [stderr] error[E0405]: cannot find trait `MyTrait` in this scope
[INFO] [stderr]  --> tests/ui/fail/no_such_trait.rs:4:13
[INFO] [stderr]   |
[INFO] [stderr] 4 | #[trait_map(MyTrait)]
[INFO] [stderr]   |             ^^^^^^^ not found in this scope
[INFO] [stderr] ┈┈┈┈┈┈┈┈┈┈┈┈┈┈┈┈┈┈┈┈┈┈┈┈┈┈┈┈┈┈┈┈┈┈┈┈┈┈┈┈┈┈┈┈┈┈┈┈┈┈┈┈┈┈┈┈┈┈┈┈
[INFO] [stderr] 
[INFO] [stderr] ACTUAL OUTPUT:
[INFO] [stderr] ┈┈┈┈┈┈┈┈┈┈┈┈┈┈┈┈┈┈┈┈┈┈┈┈┈┈┈┈┈┈┈┈┈┈┈┈┈┈┈┈┈┈┈┈┈┈┈┈┈┈┈┈┈┈┈┈┈┈┈┈
[INFO] [stderr] error[E0405]: cannot find trait `MyTrait` in this scope
[INFO] [stderr]  --> tests/ui/fail/no_such_trait.rs:4:13
[INFO] [stderr]   |
[INFO] [stderr] 4 | #[trait_map(MyTrait)]
[INFO] [stderr]   |             ^^^^^^^ not found in this scope
[INFO] [stderr] 
[INFO] [stderr] error[E0433]: cannot find module or crate `trait_map` in this scope
[INFO] [stderr]  --> tests/ui/fail/no_such_trait.rs:3:10
[INFO] [stderr]   |
[INFO] [stderr] 3 | #[derive(TraitMapEntry)]
[INFO] [stderr]   |          ^^^^^^^^^^^^^ use of unresolved module or unlinked crate `trait_map`
[INFO] [stderr]   |
[INFO] [stderr]   = help: if you wanted to use a crate named `trait_map`, use `cargo add trait_map` to add it to your `Cargo.toml`
[INFO] [stderr]   = note: this error originates in the derive macro `TraitMapEntry` (in Nightly builds, run with -Z macro-backtrace for more info)
[INFO] [stderr] ┈┈┈┈┈┈┈┈┈┈┈┈┈┈┈┈┈┈┈┈┈┈┈┈┈┈┈┈┈┈┈┈┈┈┈┈┈┈┈┈┈┈┈┈┈┈┈┈┈┈┈┈┈┈┈┈┈┈┈┈
[INFO] [stderr] note: If the actual output is the correct output you can bless it by rerunning
[INFO] [stderr]       your test with the environment variable TRYBUILD=overwrite
[INFO] [stderr] 
[INFO] [stderr] test tests/ui/fail/trait_not_implemented.rs [should fail to compile] ... mismatch
[INFO] [stdout] test ui ... FAILED
[INFO] [stderr] 
[INFO] [stdout] 
[INFO] [stderr] EXPECTED:
[INFO] [stdout] failures:
[INFO] [stderr] ┈┈┈┈┈┈┈┈┈┈┈┈┈┈┈┈┈┈┈┈┈┈┈┈┈┈┈┈┈┈┈┈┈┈┈┈┈┈┈┈┈┈┈┈┈┈┈┈┈┈┈┈┈┈┈┈┈┈┈┈
[INFO] [stdout] 
[INFO] [stderr] error[E0277]: the trait bound `MyStruct: MyTrait` is not satisfied
[INFO] [stdout] ---- ui stdout ----
[INFO] [stderr]  --> tests/ui/fail/trait_not_implemented.rs:8:13
[INFO] [stdout] 
[INFO] [stderr]   |
[INFO] [stdout] thread 'ui' (796) panicked at /opt/rustwide/cargo-home/registry/src/index.crates.io-1949cf8c6b5b557f/trybuild-1.0.122/src/run.rs:103:13:
[INFO] [stderr] 8 | #[trait_map(MyTrait)]
[INFO] [stdout] 9 of 10 tests failed
[INFO] [stderr]   |             ^^^^^^^ the trait `MyTrait` is not implemented for `MyStruct`
[INFO] [stdout] stack backtrace:
[INFO] [stderr]   |
[INFO] [stdout]    0:     0x5f6714efeca1 - <<std[617be2ca0a6fd877]::sys::backtrace::BacktraceLock>::print::DisplayBacktrace as core[a373ad73a504971]::fmt::Display>::fmt
[INFO] [stderr]   = note: required for the cast from `MyStruct` to the object type `dyn MyTrait`
[INFO] [stdout]    1:     0x5f6714f14f8a - core[a373ad73a504971]::fmt::write
[INFO] [stderr] ┈┈┈┈┈┈┈┈┈┈┈┈┈┈┈┈┈┈┈┈┈┈┈┈┈┈┈┈┈┈┈┈┈┈┈┈┈┈┈┈┈┈┈┈┈┈┈┈┈┈┈┈┈┈┈┈┈┈┈┈
[INFO] [stdout]    2:     0x5f6714f034ec - <alloc[2e1b2a31b91974c5]::vec::Vec<u8> as core[a373ad73a504971]::io::write::Write>::write_fmt
[INFO] [stderr] 
[INFO] [stdout]    3:     0x5f6714ed8106 - std[617be2ca0a6fd877]::panicking::default_hook::{closure#0}
[INFO] [stderr] ACTUAL OUTPUT:
[INFO] [stdout]    4:     0x5f6714ef6249 - std[617be2ca0a6fd877]::panicking::default_hook
[INFO] [stderr] ┈┈┈┈┈┈┈┈┈┈┈┈┈┈┈┈┈┈┈┈┈┈┈┈┈┈┈┈┈┈┈┈┈┈┈┈┈┈┈┈┈┈┈┈┈┈┈┈┈┈┈┈┈┈┈┈┈┈┈┈
[INFO] [stdout]    5:     0x5f6714e8f850 - test[aada8e7e76ba119b]::test_main_inner::{closure#0}
[INFO] [stderr] error[E0433]: cannot find module or crate `trait_map` in this scope
[INFO] [stdout]    6:     0x5f6714ef6402 - std[617be2ca0a6fd877]::panicking::panic_with_hook
[INFO] [stderr]  --> tests/ui/fail/trait_not_implemented.rs:7:10
[INFO] [stdout]    7:     0x5f6714ed81b2 - std[617be2ca0a6fd877]::panicking::panic_handler::{closure#0}
[INFO] [stderr]   |
[INFO] [stdout]    8:     0x5f6714ed0a09 - std[617be2ca0a6fd877]::sys::backtrace::__rust_end_short_backtrace::<std[617be2ca0a6fd877]::panicking::panic_handler::{closure#0}, !>
[INFO] [stderr] 7 | #[derive(TraitMapEntry)]
[INFO] [stdout]    9:     0x5f6714ed8dbd - __rustc[ea4f61d10b84890b]::rust_begin_unwind
[INFO] [stderr]   |          ^^^^^^^^^^^^^ use of unresolved module or unlinked crate `trait_map`
[INFO] [stdout]   10:     0x5f6714f156fc - core[a373ad73a504971]::panicking::panic_fmt
[INFO] [stderr]   |
[INFO] [stdout]   11:     0x5f6714de277b - <trybuild[7d9b860f17af4641]::Runner>::run
[INFO] [stderr]   = help: if you wanted to use a crate named `trait_map`, use `cargo add trait_map` to add it to your `Cargo.toml`
[INFO] [stdout]   12:     0x5f6714de59f0 - <trybuild[7d9b860f17af4641]::TestCases as core[a373ad73a504971]::ops::drop::Drop>::drop
[INFO] [stderr]   = note: this error originates in the derive macro `TraitMapEntry` (in Nightly builds, run with -Z macro-backtrace for more info)
[INFO] [stdout]   13:     0x5f6714ddbf46 - ui[78cdf9ed026adc9f]::ui
[INFO] [stderr] ┈┈┈┈┈┈┈┈┈┈┈┈┈┈┈┈┈┈┈┈┈┈┈┈┈┈┈┈┈┈┈┈┈┈┈┈┈┈┈┈┈┈┈┈┈┈┈┈┈┈┈┈┈┈┈┈┈┈┈┈
[INFO] [stdout]   14:     0x5f6714ddc179 - <ui[78cdf9ed026adc9f]::ui::{closure#0} as core[a373ad73a504971]::ops::function::FnOnce<()>>::call_once
[INFO] [stderr] note: If the actual output is the correct output you can bless it by rerunning
[INFO] [stdout]   15:     0x5f6714e82c9b - test[aada8e7e76ba119b]::__rust_begin_short_backtrace::<core[a373ad73a504971]::result::Result<(), alloc[2e1b2a31b91974c5]::string::String>, fn() -> core[a373ad73a504971]::result::Result<(), alloc[2e1b2a31b91974c5]::string::String>>
[INFO] [stderr]       your test with the environment variable TRYBUILD=overwrite
[INFO] [stdout]   16:     0x5f6714e8fe75 - test[aada8e7e76ba119b]::run_test::{closure#0}
[INFO] [stderr] 
[INFO] [stdout]   17:     0x5f6714e89764 - std[617be2ca0a6fd877]::sys::backtrace::__rust_begin_short_backtrace::<test[aada8e7e76ba119b]::run_test::{closure#1}, ()>
[INFO] [stderr] 
[INFO] [stdout]   18:     0x5f6714e92f02 - <std[617be2ca0a6fd877]::thread::lifecycle::spawn_unchecked<test[aada8e7e76ba119b]::run_test::{closure#1}, ()>::{closure#1} as core[a373ad73a504971]::ops::function::FnOnce<()>>::call_once::{shim:vtable#0}
[INFO] [stderr] 
[INFO] [stdout]   19:     0x5f6714efdeff - <std[617be2ca0a6fd877]::sys::thread::unix::Thread>::new::thread_start
[INFO] [stderr] error: test failed, to rerun pass `--test ui`
[INFO] [stdout]   20:     0x7ceeb4e58dfa - <unknown>
[INFO] [stdout]   21:     0x7ceeb4eec3d4 - clone
[INFO] [stdout]   22:                0x0 - <unknown>
[INFO] [stdout] 
[INFO] [stdout] 
[INFO] [stdout] failures:
[INFO] [stdout]     ui
[INFO] [stdout] 
[INFO] [stdout] test result: FAILED. 0 passed; 1 failed; 0 ignored; 0 measured; 0 filtered out; finished in 18.89s
[INFO] [stdout] 
[INFO] running `Command { std: "docker" "inspect" "71a2a484c11535dbfcd50cc6002eb71a3cc20510174a4bb0fd1802e3809e5317", kill_on_drop: false }`
[INFO] running `Command { std: "docker" "rm" "-f" "71a2a484c11535dbfcd50cc6002eb71a3cc20510174a4bb0fd1802e3809e5317", kill_on_drop: false }`
[INFO] [stdout] 71a2a484c11535dbfcd50cc6002eb71a3cc20510174a4bb0fd1802e3809e5317
