[INFO] fetching crate trailbase-schema 0.1.0...
[INFO] testing trailbase-schema-0.1.0 against 1.100.0-beta.1+cargoflags=--release for beta-release-1.100-2
[INFO] extracting crate trailbase-schema 0.1.0 into /workspace/builds/worker-1-tc2/source
[INFO] started tweaking crates.io crate trailbase-schema 0.1.0
[INFO] finished tweaking crates.io crate trailbase-schema 0.1.0
[INFO] tweaked toml for crates.io crate trailbase-schema 0.1.0 written to /workspace/builds/worker-1-tc2/source/Cargo.toml
[INFO] validating manifest of crates.io crate trailbase-schema 0.1.0 on toolchain 1.100.0-beta.1
[INFO] running `Command { std: CARGO_HOME="/workspace/cargo-home" RUSTUP_HOME="/workspace/rustup-home" "/workspace/cargo-home/bin/cargo" "+1.100.0-beta.1" "metadata" "--manifest-path" "Cargo.toml" "--no-deps", kill_on_drop: false }`
[INFO] crate crates.io crate trailbase-schema 0.1.0 already has a lockfile, it will not be regenerated
[INFO] running `Command { std: CARGO_HOME="/workspace/cargo-home" RUSTUP_HOME="/workspace/rustup-home" "/workspace/cargo-home/bin/cargo" "+1.100.0-beta.1" "fetch" "--manifest-path" "Cargo.toml", kill_on_drop: false }`
[INFO] running `Command { std: "docker" "create" "-v" "/var/lib/crater-agent-workspace/builds/worker-1-tc2/source:/opt/rustwide/workdir:ro,Z" "-v" "/var/lib/crater-agent-workspace/builds/worker-1-tc2/target:/opt/rustwide/target:rw,Z" "-v" "/var/lib/crater-agent-workspace/cargo-home:/opt/rustwide/cargo-home:ro,Z" "-v" "/var/lib/crater-agent-workspace/rustup-home:/opt/rustwide/rustup-home:ro,Z" "-m" "1610612736" "--network" "none" "ghcr.io/rust-lang/crates-build-env/linux@sha256:77db811e55d90add9212f6832c23229e3de5f1c1f9905e8cb07319ea15df73ac" "sleep" "infinity", kill_on_drop: false }`
[INFO] [stdout] e6c2d2a3090f7e5405bc49dc1c3b5d8b89c46a63dd53375965a8fa7f7ca720ae
[INFO] running `Command { std: "docker" "start" "e6c2d2a3090f7e5405bc49dc1c3b5d8b89c46a63dd53375965a8fa7f7ca720ae", kill_on_drop: false }`
[INFO] running `Command { std: "docker" "inspect" "e6c2d2a3090f7e5405bc49dc1c3b5d8b89c46a63dd53375965a8fa7f7ca720ae", kill_on_drop: false }`
[INFO] running `Command { std: "docker" "exec" "-e" "SOURCE_DIR=/opt/rustwide/workdir" "-e" "CARGO_HOME=/opt/rustwide/cargo-home" "-e" "RUSTUP_HOME=/opt/rustwide/rustup-home" "-e" "CARGO_TARGET_DIR=/opt/rustwide/target" "-w" "/opt/rustwide/workdir" "--user" "0:0" "e6c2d2a3090f7e5405bc49dc1c3b5d8b89c46a63dd53375965a8fa7f7ca720ae" "/opt/rustwide/cargo-home/bin/cargo" "+1.100.0-beta.1" "metadata" "--no-deps" "--format-version=1", kill_on_drop: false }`
[INFO] running `Command { std: "docker" "inspect" "e6c2d2a3090f7e5405bc49dc1c3b5d8b89c46a63dd53375965a8fa7f7ca720ae", kill_on_drop: false }`
[INFO] running `Command { std: "docker" "exec" "-e" "SOURCE_DIR=/opt/rustwide/workdir" "-e" "CARGO_HOME=/opt/rustwide/cargo-home" "-e" "RUSTUP_HOME=/opt/rustwide/rustup-home" "-e" "CARGO_TARGET_DIR=/opt/rustwide/target" "-e" "CARGO_INCREMENTAL=0" "-e" "RUST_BACKTRACE=full" "-e" "RUSTFLAGS=--cap-lints=warn" "-e" "RUSTDOCFLAGS=--cap-lints=warn" "-w" "/opt/rustwide/workdir" "--user" "0:0" "e6c2d2a3090f7e5405bc49dc1c3b5d8b89c46a63dd53375965a8fa7f7ca720ae" "/opt/rustwide/cargo-home/bin/cargo" "+1.100.0-beta.1" "build" "--frozen" "--message-format=json" "--release", kill_on_drop: false }`
[INFO] [stderr]    Compiling libc v0.2.172
[INFO] [stderr]    Compiling cfg-if v1.0.1
[INFO] [stderr]    Compiling serde v1.0.219
[INFO] [stderr]    Compiling stable_deref_trait v1.2.0
[INFO] [stderr]    Compiling cc v1.2.27
[INFO] [stderr]    Compiling prettyplease v0.2.34
[INFO] [stderr]    Compiling clang-sys v1.8.1
[INFO] [stderr]    Compiling syn v2.0.103
[INFO] [stderr]    Compiling getrandom v0.3.3
[INFO] [stderr]    Compiling memchr v2.7.5
[INFO] [stderr]    Compiling smallvec v1.15.1
[INFO] [stderr]    Compiling regex-syntax v0.8.5
[INFO] [stderr]    Compiling minimal-lexical v0.2.1
[INFO] [stderr]    Compiling nom v7.1.3
[INFO] [stderr]    Compiling libloading v0.8.8
[INFO] [stderr]    Compiling num-traits v0.2.19
[INFO] [stderr]    Compiling either v1.15.0
[INFO] [stderr]    Compiling itertools v0.13.0
[INFO] [stderr]    Compiling bitflags v2.9.1
[INFO] [stderr]    Compiling rustc-hash v2.1.1
[INFO] [stderr]    Compiling writeable v0.6.1
[INFO] [stderr]    Compiling litemap v0.8.0
[INFO] [stderr]    Compiling regex-automata v0.4.9
[INFO] [stderr]    Compiling bindgen v0.71.1
[INFO] [stderr]    Compiling typenum v1.18.0
[INFO] [stderr]    Compiling zerocopy v0.8.25
[INFO] [stderr]    Compiling icu_normalizer_data v2.0.0
[INFO] [stderr]    Compiling icu_properties_data v2.0.1
[INFO] [stderr]    Compiling lock_api v0.4.13
[INFO] [stderr]    Compiling parking_lot_core v0.9.11
[INFO] [stderr]    Compiling serde_json v1.0.140
[INFO] [stderr]    Compiling cexpr v0.6.0
[INFO] [stderr]    Compiling uncased v0.9.10
[INFO] [stderr]    Compiling ref-cast v1.0.24
[INFO] [stderr]    Compiling num-integer v0.1.46
[INFO] [stderr]    Compiling pkg-config v0.3.32
[INFO] [stderr]    Compiling generic-array v0.14.7
[INFO] [stderr]    Compiling aho-corasick v1.1.3
[INFO] [stderr]    Compiling percent-encoding v2.3.1
[INFO] [stderr]    Compiling regex v1.11.1
[INFO] [stderr]    Compiling siphasher v1.0.1
[INFO] [stderr]    Compiling bindgen v0.72.0
[INFO] [stderr]    Compiling foldhash v0.1.5
[INFO] [stderr]    Compiling rand v0.8.5
[INFO] [stderr]    Compiling hashbrown v0.15.4
[INFO] [stderr]    Compiling phf_shared v0.11.3
[INFO] [stderr]    Compiling num-bigint v0.4.6
[INFO] [stderr]    Compiling ahash v0.8.12
[INFO] [stderr]    Compiling log v0.4.27
[INFO] [stderr]    Compiling thiserror v2.0.12
[INFO] [stderr]    Compiling phf_generator v0.11.3
[INFO] [stderr]    Compiling block-buffer v0.10.4
[INFO] [stderr]    Compiling crypto-common v0.1.6
[INFO] [stderr]    Compiling num-iter v0.1.45
[INFO] [stderr]    Compiling synstructure v0.13.2
[INFO] [stderr]    Compiling num-complex v0.4.6
[INFO] [stderr]    Compiling getrandom v0.2.16
[INFO] [stderr]    Compiling bit-vec v0.8.0
[INFO] [stderr]    Compiling borrow-or-share v0.2.2
[INFO] [stderr]    Compiling rand_core v0.6.4
[INFO] [stderr]    Compiling digest v0.10.7
[INFO] [stderr]    Compiling phf_codegen v0.11.3
[INFO] [stderr]    Compiling bit-set v0.8.0
[INFO] [stderr]    Compiling ppv-lite86 v0.2.21
[INFO] [stderr]    Compiling num-rational v0.4.2
[INFO] [stderr]    Compiling zerofrom-derive v0.1.6
[INFO] [stderr]    Compiling yoke-derive v0.8.0
[INFO] [stderr]    Compiling zerofrom v0.1.6
[INFO] [stderr]    Compiling serde_derive v1.0.219
[INFO] [stderr]    Compiling yoke v0.8.0
[INFO] [stderr]    Compiling zerovec-derive v0.11.1
[INFO] [stderr]    Compiling displaydoc v0.2.5
[INFO] [stderr]    Compiling zerotrie v0.2.2
[INFO] [stderr]    Compiling zerovec v0.11.2
[INFO] [stderr]    Compiling ref-cast-impl v1.0.24
[INFO] [stderr]    Compiling thiserror-impl v2.0.12
[INFO] [stderr]    Compiling tinystr v0.8.1
[INFO] [stderr]    Compiling potential_utf v0.1.2
[INFO] [stderr]    Compiling icu_collections v2.0.0
[INFO] [stderr]    Compiling icu_locale_core v2.0.0
[INFO] [stderr]    Compiling libsqlite3-sys v0.34.0
[INFO] [stderr]    Compiling num v0.4.3
[INFO] [stderr]    Compiling parking_lot v0.12.4
[INFO] [stderr]    Compiling form_urlencoded v1.2.1
[INFO] [stderr]    Compiling icu_provider v2.0.0
[INFO] [stderr]    Compiling trailbase-sqlean v0.0.3
[INFO] [stderr]    Compiling sqlite-vec v0.1.6
[INFO] [stderr]    Compiling rand_core v0.9.3
[INFO] [stderr]    Compiling icu_properties v2.0.1
[INFO] [stderr]    Compiling icu_normalizer v2.0.0
[INFO] [stderr]    Compiling hashbrown v0.14.5
[INFO] [stderr]    Compiling base64ct v1.8.0
[INFO] [stderr]    Compiling outref v0.5.2
[INFO] [stderr]    Compiling mini-moka v0.10.3
[INFO] [stderr]    Compiling vsimd v0.8.0
[INFO] [stderr]    Compiling fraction v0.15.3
[INFO] [stderr]    Compiling idna_adapter v1.2.1
[INFO] [stderr]    Compiling idna v1.0.3
[INFO] [stderr]    Compiling dashmap v5.5.3
[INFO] [stderr]    Compiling password-hash v0.5.0
[INFO] [stderr]    Compiling uuid v1.17.0
[INFO] [stderr]    Compiling fluent-uri v0.3.2
[INFO] [stderr]    Compiling uuid-simd v0.8.0
[INFO] [stderr]    Compiling url v2.5.4
[INFO] [stderr]    Compiling email_address v0.2.9
[INFO] [stderr]    Compiling referencing v0.30.0
[INFO] [stderr]    Compiling rand_chacha v0.9.0
[INFO] [stderr]    Compiling fancy-regex v0.14.0
[INFO] [stderr]    Compiling sqlite3-parser v0.15.0
[INFO] [stderr]    Compiling crossbeam-channel v0.5.15
[INFO] [stderr]    Compiling blake2 v0.10.6
[INFO] [stderr]    Compiling hashlink v0.10.0
[INFO] [stderr]    Compiling serde_derive_internals v0.29.1
[INFO] [stderr]    Compiling termcolor v1.4.1
[INFO] [stderr]    Compiling ipnetwork v0.21.1
[INFO] [stderr]    Compiling fallible-streaming-iterator v0.1.9
[INFO] [stderr]    Compiling num-cmp v0.1.0
[INFO] [stderr]    Compiling bytecount v0.6.9
[INFO] [stderr]    Compiling tagptr v0.2.0
[INFO] [stderr]    Compiling triomphe v0.1.14
[INFO] [stderr]    Compiling argon2 v0.5.3
[INFO] [stderr]    Compiling jsonschema v0.30.0
[INFO] [stderr]    Compiling schemars_derive v0.9.0
[INFO] [stderr]    Compiling cfb v0.7.3
[INFO] [stderr]    Compiling ts-rs-macros v11.0.1
[INFO] [stderr]    Compiling maxminddb v0.26.0
[INFO] [stderr]    Compiling indexmap v2.9.0
[INFO] [stderr]    Compiling rand v0.9.1
[INFO] [stderr]    Compiling phf v0.11.3
[INFO] [stderr]    Compiling validator v0.20.0
[INFO] [stderr]    Compiling tokio-macros v2.5.0
[INFO] [stderr]    Compiling signal-hook-registry v1.4.5
[INFO] [stderr]    Compiling mio v1.0.4
[INFO] [stderr]    Compiling arc-swap v1.7.1
[INFO] [stderr]    Compiling dyn-clone v1.0.19
[INFO] [stderr]    Compiling schemars v0.9.0
[INFO] [stderr]    Compiling tokio v1.45.1
[INFO] [stderr]    Compiling ts-rs v11.0.1
[INFO] [stderr]    Compiling infer v0.19.0
[INFO] [stderr]    Compiling rusqlite v0.36.0
[INFO] [stderr]    Compiling trailbase-extension v0.3.0
[INFO] [stderr]    Compiling trailbase-schema v0.1.0 (/opt/rustwide/workdir)
[INFO] [stderr] warning: unused dependency `tokio`
[INFO] [stderr]   --> Cargo.toml:47:15
[INFO] [stderr]    |
[INFO] [stderr] 47 | [dependencies.tokio]
[INFO] [stderr]    |               ^^^^^^
[INFO] [stderr]    |
[INFO] [stderr]    = note: `cargo::unused_dependencies` is set to `warn` by default
[INFO] [stderr] help: consider removing the dependency on `tokio`
[INFO] [stderr] warning: `trailbase-schema` (manifest) generated 1 warning
[INFO] [stderr]     Finished `release` profile [optimized] target(s) in 5m 20s
[INFO] running `Command { std: "docker" "inspect" "e6c2d2a3090f7e5405bc49dc1c3b5d8b89c46a63dd53375965a8fa7f7ca720ae", kill_on_drop: false }`
[INFO] running `Command { std: "docker" "exec" "-e" "SOURCE_DIR=/opt/rustwide/workdir" "-e" "CARGO_HOME=/opt/rustwide/cargo-home" "-e" "RUSTUP_HOME=/opt/rustwide/rustup-home" "-e" "CARGO_TARGET_DIR=/opt/rustwide/target" "-e" "CARGO_INCREMENTAL=0" "-e" "RUST_BACKTRACE=full" "-e" "RUSTFLAGS=--cap-lints=warn" "-e" "RUSTDOCFLAGS=--cap-lints=warn" "-w" "/opt/rustwide/workdir" "--user" "0:0" "e6c2d2a3090f7e5405bc49dc1c3b5d8b89c46a63dd53375965a8fa7f7ca720ae" "/opt/rustwide/cargo-home/bin/cargo" "+1.100.0-beta.1" "test" "--frozen" "--no-run" "--message-format=json" "--release", kill_on_drop: false }`
[INFO] [stderr]    Compiling anyhow v1.0.98
[INFO] [stderr]    Compiling indoc v2.0.6
[INFO] [stderr]    Compiling trailbase-schema v0.1.0 (/opt/rustwide/workdir)
[INFO] [stderr] warning: unused dependency `tokio`
[INFO] [stderr]   --> Cargo.toml:47:15
[INFO] [stderr]    |
[INFO] [stderr] 47 | [dependencies.tokio]
[INFO] [stderr]    |               ^^^^^^
[INFO] [stderr]    |
[INFO] [stderr]    = note: `cargo::unused_dependencies` is set to `warn` by default
[INFO] [stderr] help: consider removing the dependency on `tokio`
[INFO] [stderr] help: to still use for development builds, move to `dev-dependencies`
[INFO] [stderr] warning: `trailbase-schema` (manifest) generated 1 warning
[INFO] [stderr]     Finished `release` profile [optimized] target(s) in 24.03s
[INFO] running `Command { std: "docker" "inspect" "e6c2d2a3090f7e5405bc49dc1c3b5d8b89c46a63dd53375965a8fa7f7ca720ae", kill_on_drop: false }`
[INFO] running `Command { std: "docker" "exec" "-e" "SOURCE_DIR=/opt/rustwide/workdir" "-e" "CARGO_HOME=/opt/rustwide/cargo-home" "-e" "RUSTUP_HOME=/opt/rustwide/rustup-home" "-e" "CARGO_TARGET_DIR=/opt/rustwide/target" "-e" "CARGO_INCREMENTAL=0" "-e" "RUST_BACKTRACE=full" "-e" "RUSTFLAGS=--cap-lints=warn" "-e" "RUSTDOCFLAGS=--cap-lints=warn" "-w" "/opt/rustwide/workdir" "--user" "0:0" "e6c2d2a3090f7e5405bc49dc1c3b5d8b89c46a63dd53375965a8fa7f7ca720ae" "/opt/rustwide/cargo-home/bin/cargo" "+1.100.0-beta.1" "test" "--frozen" "--release", kill_on_drop: false }`
[INFO] [stderr] warning: unused dependency `tokio`
[INFO] [stderr]   --> Cargo.toml:47:15
[INFO] [stderr]    |
[INFO] [stderr] 47 | [dependencies.tokio]
[INFO] [stderr]    |               ^^^^^^
[INFO] [stderr]    |
[INFO] [stderr]    = note: `cargo::unused_dependencies` is set to `warn` by default
[INFO] [stderr] help: consider removing the dependency on `tokio`
[INFO] [stderr] help: to still use for development builds, move to `dev-dependencies`
[INFO] [stderr] warning: `trailbase-schema` (manifest) generated 1 warning
[INFO] [stderr]     Finished `release` profile [optimized] target(s) in 0.25s
[INFO] [stderr]      Running unittests src/lib.rs (/opt/rustwide/target/release/build/trailbase-schema/a287371066e295e2/out/trailbase_schema-a287371066e295e2)
[INFO] [stdout] 
[INFO] [stdout] running 14 tests
[INFO] [stdout] test metadata::tests::test_parse_create_view ... ok
[INFO] [stdout] test sqlite::tests::test_parse_create_trigger ... ok
[INFO] [stdout] test sqlite::tests::test_quote ... ok
[INFO] [stdout] test metadata::tests::test_metadata_hash_set_by_name ... ok
[INFO] [stdout] test sqlite::tests::test_unquote ... ok
[INFO] [stdout] test sqlite::tests::test_view_column_extraction ... ok
[INFO] [stdout] test tests::test_qualified_name ... ok
[INFO] [stdout] test sqlite::tests::test_statement_to_table_schema_and_back ... ok
[INFO] [stdout] test sqlite::tests::test_create_table_statement_quoting ... ok
[INFO] [stdout] test sqlite::export_bindings_table ... FAILED
[INFO] [stdout] test sqlite::tests::test_parse_create_index ... ok
[INFO] [stdout] test sqlite::tests::test_statement_to_table_index_and_back ... ok
[INFO] [stdout] test registry::tests::test_builtin_schemas ... ok
[INFO] [stdout] test json_schema::tests::test_parse_table_schema ... ok
[INFO] [stdout] 
[INFO] [stdout] failures:
[INFO] [stdout] 
[INFO] [stdout] ---- sqlite::export_bindings_table stdout ----
[INFO] [stdout] 
[INFO] [stdout] thread 'sqlite::export_bindings_table' (3037) panicked at src/sqlite.rs:579:48:
[INFO] [stderr] error: test failed, to rerun pass `--lib`
[INFO] [stdout] could not export type: Io(Os { code: 30, kind: ReadOnlyFilesystem, message: "Read-only file system" })
[INFO] [stdout] stack backtrace:
[INFO] [stdout]    0:     0x5c9958b97421 - <<std[617be2ca0a6fd877]::sys::backtrace::BacktraceLock>::print::DisplayBacktrace as core[a373ad73a504971]::fmt::Display>::fmt
[INFO] [stdout]    1:     0x5c9958bae9fa - core[a373ad73a504971]::fmt::write
[INFO] [stdout]    2:     0x5c9958b9bd6c - <alloc[2e1b2a31b91974c5]::vec::Vec<u8> as core[a373ad73a504971]::io::write::Write>::write_fmt
[INFO] [stdout]    3:     0x5c9958b71f76 - std[617be2ca0a6fd877]::panicking::default_hook::{closure#0}
[INFO] [stdout]    4:     0x5c9958b8f859 - std[617be2ca0a6fd877]::panicking::default_hook
[INFO] [stdout]    5:     0x5c995869f280 - test[aada8e7e76ba119b]::test_main_inner::{closure#0}
[INFO] [stdout]    6:     0x5c9958b8fa12 - std[617be2ca0a6fd877]::panicking::panic_with_hook
[INFO] [stdout]    7:     0x5c9958b72022 - std[617be2ca0a6fd877]::panicking::panic_handler::{closure#0}
[INFO] [stdout]    8:     0x5c9958b6a659 - std[617be2ca0a6fd877]::sys::backtrace::__rust_end_short_backtrace::<std[617be2ca0a6fd877]::panicking::panic_handler::{closure#0}, !>
[INFO] [stdout]    9:     0x5c9958b72d3d - __rustc[ea4f61d10b84890b]::rust_begin_unwind
[INFO] [stdout]   10:     0x5c9958baf1dc - core[a373ad73a504971]::panicking::panic_fmt
[INFO] [stdout]   11:     0x5c9958baefb2 - core[a373ad73a504971]::result::unwrap_failed
[INFO] [stdout]   12:     0x5c9958600b10 - <trailbase_schema[a170c7c1ec82ebf6]::sqlite::export_bindings_table::{closure#0} as core[a373ad73a504971]::ops::function::FnOnce<()>>::call_once
[INFO] [stdout]   13:     0x5c99586926cb - test[aada8e7e76ba119b]::__rust_begin_short_backtrace::<core[a373ad73a504971]::result::Result<(), alloc[2e1b2a31b91974c5]::string::String>, fn() -> core[a373ad73a504971]::result::Result<(), alloc[2e1b2a31b91974c5]::string::String>>
[INFO] [stdout]   14:     0x5c995869f8a5 - test[aada8e7e76ba119b]::run_test::{closure#0}
[INFO] [stdout]   15:     0x5c9958699194 - std[617be2ca0a6fd877]::sys::backtrace::__rust_begin_short_backtrace::<test[aada8e7e76ba119b]::run_test::{closure#1}, ()>
[INFO] [stdout]   16:     0x5c99586a2932 - <std[617be2ca0a6fd877]::thread::lifecycle::spawn_unchecked<test[aada8e7e76ba119b]::run_test::{closure#1}, ()>::{closure#1} as core[a373ad73a504971]::ops::function::FnOnce<()>>::call_once::{shim:vtable#0}
[INFO] [stdout]   17:     0x5c9958b96c4f - <std[617be2ca0a6fd877]::sys::thread::unix::Thread>::new::thread_start
[INFO] [stdout]   18:     0x7792d44e9dfa - <unknown>
[INFO] [stdout]   19:     0x7792d457d3d4 - clone
[INFO] [stdout]   20:                0x0 - <unknown>
[INFO] [stdout] 
[INFO] [stdout] 
[INFO] [stdout] failures:
[INFO] [stdout]     sqlite::export_bindings_table
[INFO] [stdout] 
[INFO] [stdout] test result: FAILED. 13 passed; 1 failed; 0 ignored; 0 measured; 0 filtered out; finished in 0.09s
[INFO] [stdout] 
[INFO] running `Command { std: "docker" "inspect" "e6c2d2a3090f7e5405bc49dc1c3b5d8b89c46a63dd53375965a8fa7f7ca720ae", kill_on_drop: false }`
[INFO] running `Command { std: "docker" "rm" "-f" "e6c2d2a3090f7e5405bc49dc1c3b5d8b89c46a63dd53375965a8fa7f7ca720ae", kill_on_drop: false }`
[INFO] [stdout] e6c2d2a3090f7e5405bc49dc1c3b5d8b89c46a63dd53375965a8fa7f7ca720ae
