[INFO] fetching crate tracktorial 0.0.3...
[INFO] testing tracktorial-0.0.3 against 1.99.0-beta.8+cargoflags=--release for beta-release-1.100-2
[INFO] extracting crate tracktorial 0.0.3 into /workspace/builds/worker-4-tc1/source
[INFO] started tweaking crates.io crate tracktorial 0.0.3
[INFO] finished tweaking crates.io crate tracktorial 0.0.3
[INFO] tweaked toml for crates.io crate tracktorial 0.0.3 written to /workspace/builds/worker-4-tc1/source/Cargo.toml
[INFO] validating manifest of crates.io crate tracktorial 0.0.3 on toolchain 1.99.0-beta.8
[INFO] running `Command { std: CARGO_HOME="/workspace/cargo-home" RUSTUP_HOME="/workspace/rustup-home" "/workspace/cargo-home/bin/cargo" "+1.99.0-beta.8" "metadata" "--manifest-path" "Cargo.toml" "--no-deps", kill_on_drop: false }`
[INFO] crate crates.io crate tracktorial 0.0.3 already has a lockfile, it will not be regenerated
[INFO] running `Command { std: CARGO_HOME="/workspace/cargo-home" RUSTUP_HOME="/workspace/rustup-home" "/workspace/cargo-home/bin/cargo" "+1.99.0-beta.8" "fetch" "--manifest-path" "Cargo.toml", kill_on_drop: false }`
[INFO] [stderr]     Updating crates.io index
[INFO] [stderr]  Downloading crates ...
[INFO] [stderr]   Downloaded serial_test v3.1.1
[INFO] [stderr]   Downloaded serial_test_derive v3.1.1
[INFO] [stderr]   Downloaded proc-macro2 v1.0.82
[INFO] [stderr]   Downloaded servo_arc v0.3.0
[INFO] [stderr]   Downloaded ego-tree v0.6.2
[INFO] [stderr]   Downloaded futures-macro v0.3.30
[INFO] [stderr]   Downloaded futures-io v0.3.30
[INFO] [stderr]   Downloaded phf_shared v0.11.2
[INFO] [stderr]   Downloaded rpassword v7.3.1
[INFO] [stderr]   Downloaded rtoolbox v0.0.2
[INFO] [stderr]   Downloaded phf_macros v0.11.2
[INFO] [stderr]   Downloaded string_cache_codegen v0.5.2
[INFO] [stderr]   Downloaded dtoa-short v0.3.4
[INFO] [stderr]   Downloaded selectors v0.25.0
[INFO] [stderr]   Downloaded cssparser v0.31.2
[INFO] [stderr]   Downloaded phf v0.11.2
[INFO] [stderr]   Downloaded phf_generator v0.11.2
[INFO] [stderr]   Downloaded sdd v0.2.0
[INFO] [stderr]   Downloaded scraper v0.19.0
[INFO] [stderr]   Downloaded dtoa v1.0.9
[INFO] [stderr]   Downloaded string_cache v0.8.7
[INFO] [stderr]   Downloaded scc v2.1.1
[INFO] [stderr]   Downloaded zerocopy-derive v0.7.34
[INFO] [stderr]   Downloaded parking_lot v0.12.2
[INFO] [stderr]   Downloaded serde_derive v1.0.201
[INFO] [stderr]   Downloaded rustls-pki-types v1.7.0
[INFO] [stderr]   Downloaded pin-project v1.1.5
[INFO] [stderr]   Downloaded serde v1.0.201
[INFO] [stderr]   Downloaded fastrand v2.1.0
[INFO] [stderr]   Downloaded security-framework-sys v2.11.0
[INFO] [stderr]   Downloaded rustls-pemfile v2.1.2
[INFO] [stderr]   Downloaded tempfile v3.10.1
[INFO] [stderr]   Downloaded http-body-util v0.1.1
[INFO] [stderr]   Downloaded pin-project-internal v1.1.5
[INFO] [stderr]   Downloaded openssl-sys v0.9.102
[INFO] [stderr]   Downloaded tokio-util v0.7.11
[INFO] [stderr]   Downloaded cc v1.0.97
[INFO] [stderr]   Downloaded security-framework v2.11.0
[INFO] [stderr]   Downloaded zbus_macros v3.15.2
[INFO] [stderr]   Downloaded syn v2.0.63
[INFO] [stderr]   Downloaded cookie_store v0.20.0
[INFO] [stderr]   Downloaded zerocopy v0.7.34
[INFO] [stderr]   Downloaded reqwest v0.12.4
[INFO] [stderr]   Downloaded zvariant_derive v3.15.2
[INFO] [stderr]   Downloaded enumflags2 v0.7.9
[INFO] [stderr]   Downloaded h2 v0.4.4
[INFO] [stderr]   Downloaded async-compression v0.4.10
[INFO] [stderr]   Downloaded hyper v1.3.1
[INFO] [stderr]   Downloaded cookie v0.17.0
[INFO] [stderr]   Downloaded flate2 v1.0.30
[INFO] [stderr]   Downloaded crc32fast v1.4.0
[INFO] [stderr]   Downloaded keyring v2.3.3
[INFO] [stderr]   Downloaded zvariant v3.15.2
[INFO] [stderr]   Downloaded enumflags2_derive v0.7.9
[INFO] [stderr]   Downloaded zbus_names v2.6.1
[INFO] [stderr]   Downloaded xdg-home v1.1.0
[INFO] [stderr]   Downloaded openssl v0.10.64
[INFO] [stderr]   Downloaded publicsuffix v2.2.3
[INFO] [stderr]   Downloaded serde_repr v0.1.19
[INFO] [stderr]   Downloaded secret-service v3.0.1
[INFO] [stderr]   Downloaded zbus v3.15.2
[INFO] [stderr]   Downloaded uds_windows v1.1.0
[INFO] [stderr]   Downloaded async-trait v0.1.80
[INFO] [stderr]   Downloaded async-process v1.8.1
[INFO] [stderr]   Downloaded libc v0.2.154
[INFO] [stderr]   Downloaded tokio v1.37.0
[INFO] [stderr]   Downloaded cpufeatures v0.2.12
[INFO] [stderr]   Downloaded blocking v1.6.0
[INFO] [stderr]   Downloaded piper v0.2.2
[INFO] [stderr]   Downloaded futures-lite v2.3.0
[INFO] [stderr]   Downloaded parking v2.2.0
[INFO] [stderr]   Downloaded async-lock v3.3.0
[INFO] [stderr]   Downloaded event-listener-strategy v0.4.0
[INFO] [stderr]   Downloaded event-listener v4.0.3
[INFO] [stderr]   Downloaded async-channel v2.3.0
[INFO] [stderr]   Downloaded event-listener-strategy v0.5.2
[INFO] [stderr]   Downloaded event-listener v5.3.0
[INFO] [stderr]   Downloaded event-listener v3.1.0
[INFO] [stderr]   Downloaded async-signal v0.2.6
[INFO] [stderr]   Downloaded async-io v2.3.2
[INFO] [stderr]   Downloaded async-executor v1.11.0
[INFO] [stderr]   Downloaded rustix v0.37.27
[INFO] [stderr]   Downloaded directories v5.0.1
[INFO] [stderr]   Downloaded num-bigint v0.4.5
[INFO] [stderr]   Downloaded block-modes v0.8.1
[INFO] [stderr]   Downloaded linux-keyutils v0.2.4
[INFO] [stderr]   Downloaded thiserror v1.0.60
[INFO] [stderr]   Downloaded redox_users v0.4.5
[INFO] [stderr]   Downloaded thiserror-impl v1.0.60
[INFO] [stderr]   Downloaded anyhow v1.0.83
[INFO] running `Command { std: "docker" "create" "-v" "/var/lib/crater-agent-workspace/builds/worker-4-tc1/source:/opt/rustwide/workdir:ro,Z" "-v" "/var/lib/crater-agent-workspace/builds/worker-4-tc1/target:/opt/rustwide/target:rw,Z" "-v" "/var/lib/crater-agent-workspace/cargo-home:/opt/rustwide/cargo-home:ro,Z" "-v" "/var/lib/crater-agent-workspace/rustup-home:/opt/rustwide/rustup-home:ro,Z" "-m" "1610612736" "--network" "none" "ghcr.io/rust-lang/crates-build-env/linux@sha256:77db811e55d90add9212f6832c23229e3de5f1c1f9905e8cb07319ea15df73ac" "sleep" "infinity", kill_on_drop: false }`
[INFO] [stdout] fd8ca848d4e3aa3c41adc7ac15f7b9bd6cec0ecc1720d1d25131dc4dba1af1cd
[INFO] running `Command { std: "docker" "start" "fd8ca848d4e3aa3c41adc7ac15f7b9bd6cec0ecc1720d1d25131dc4dba1af1cd", kill_on_drop: false }`
[INFO] running `Command { std: "docker" "inspect" "fd8ca848d4e3aa3c41adc7ac15f7b9bd6cec0ecc1720d1d25131dc4dba1af1cd", kill_on_drop: false }`
[INFO] running `Command { std: "docker" "exec" "-e" "SOURCE_DIR=/opt/rustwide/workdir" "-e" "CARGO_HOME=/opt/rustwide/cargo-home" "-e" "RUSTUP_HOME=/opt/rustwide/rustup-home" "-e" "CARGO_TARGET_DIR=/opt/rustwide/target" "-w" "/opt/rustwide/workdir" "--user" "0:0" "fd8ca848d4e3aa3c41adc7ac15f7b9bd6cec0ecc1720d1d25131dc4dba1af1cd" "/opt/rustwide/cargo-home/bin/cargo" "+1.99.0-beta.8" "metadata" "--no-deps" "--format-version=1", kill_on_drop: false }`
[INFO] running `Command { std: "docker" "inspect" "fd8ca848d4e3aa3c41adc7ac15f7b9bd6cec0ecc1720d1d25131dc4dba1af1cd", kill_on_drop: false }`
[INFO] running `Command { std: "docker" "exec" "-e" "SOURCE_DIR=/opt/rustwide/workdir" "-e" "CARGO_HOME=/opt/rustwide/cargo-home" "-e" "RUSTUP_HOME=/opt/rustwide/rustup-home" "-e" "CARGO_TARGET_DIR=/opt/rustwide/target" "-e" "CARGO_INCREMENTAL=0" "-e" "RUST_BACKTRACE=full" "-e" "RUSTFLAGS=--cap-lints=warn" "-e" "RUSTDOCFLAGS=--cap-lints=warn" "-w" "/opt/rustwide/workdir" "--user" "0:0" "fd8ca848d4e3aa3c41adc7ac15f7b9bd6cec0ecc1720d1d25131dc4dba1af1cd" "/opt/rustwide/cargo-home/bin/cargo" "+1.99.0-beta.8" "build" "--frozen" "--message-format=json" "--release", kill_on_drop: false }`
[INFO] [stderr]    Compiling proc-macro2 v1.0.82
[INFO] [stderr]    Compiling libc v0.2.154
[INFO] [stderr]    Compiling futures-core v0.3.30
[INFO] [stderr]    Compiling log v0.4.21
[INFO] [stderr]    Compiling cfg-if v1.0.0
[INFO] [stderr]    Compiling once_cell v1.19.0
[INFO] [stderr]    Compiling ppv-lite86 v0.2.17
[INFO] [stderr]    Compiling syn v1.0.109
[INFO] [stderr]    Compiling typenum v1.17.0
[INFO] [stderr]    Compiling crossbeam-utils v0.8.19
[INFO] [stderr]    Compiling serde v1.0.201
[INFO] [stderr]    Compiling itoa v1.0.11
[INFO] [stderr]    Compiling futures-io v0.3.30
[INFO] [stderr]    Compiling memchr v2.7.2
[INFO] [stderr]    Compiling parking v2.2.0
[INFO] [stderr]    Compiling bytes v1.6.0
[INFO] [stderr]    Compiling futures-sink v0.3.30
[INFO] [stderr]    Compiling smallvec v1.13.2
[INFO] [stderr]    Compiling quote v1.0.36
[INFO] [stderr]    Compiling getrandom v0.2.15
[INFO] [stderr]    Compiling concurrent-queue v2.5.0
[INFO] [stderr]    Compiling num-traits v0.2.19
[INFO] [stderr]    Compiling rand_core v0.6.4
[INFO] [stderr]    Compiling syn v2.0.63
[INFO] [stderr]    Compiling tracing-core v0.1.32
[INFO] [stderr]    Compiling rand_chacha v0.3.1
[INFO] [stderr]    Compiling generic-array v0.14.7
[INFO] [stderr]    Compiling futures-task v0.3.30
[INFO] [stderr]    Compiling rand v0.8.5
[INFO] [stderr]    Compiling mio v0.8.11
[INFO] [stderr]    Compiling num_cpus v1.16.0
[INFO] [stderr]    Compiling phf_generator v0.10.0
[INFO] [stderr]    Compiling socket2 v0.5.7
[INFO] [stderr]    Compiling pkg-config v0.3.30
[INFO] [stderr]    Compiling hashbrown v0.14.5
[INFO] [stderr]    Compiling cc v1.0.97
[INFO] [stderr]    Compiling tokio v1.37.0
[INFO] [stderr]    Compiling indexmap v2.2.6
[INFO] [stderr]    Compiling bitflags v2.5.0
[INFO] [stderr]    Compiling toml_datetime v0.6.5
[INFO] [stderr]    Compiling phf_codegen v0.10.0
[INFO] [stderr]    Compiling block-buffer v0.10.4
[INFO] [stderr]    Compiling crypto-common v0.1.6
[INFO] [stderr]    Compiling toml_edit v0.19.15
[INFO] [stderr]    Compiling http v1.1.0
[INFO] [stderr]    Compiling digest v0.10.7
[INFO] [stderr]    Compiling event-listener v5.3.0
[INFO] [stderr]    Compiling openssl-sys v0.9.102
[INFO] [stderr]    Compiling event-listener v4.0.3
[INFO] [stderr]    Compiling fastrand v2.1.0
[INFO] [stderr]    Compiling event-listener-strategy v0.4.0
[INFO] [stderr]    Compiling event-listener-strategy v0.5.2
[INFO] [stderr]    Compiling unicode-normalization v0.1.23
[INFO] [stderr]    Compiling num-integer v0.1.46
[INFO] [stderr]    Compiling aho-corasick v1.1.3
[INFO] [stderr]    Compiling phf_shared v0.10.0
[INFO] [stderr]    Compiling futures-lite v2.3.0
[INFO] [stderr]    Compiling phf_shared v0.11.2
[INFO] [stderr]    Compiling polling v2.8.0
[INFO] [stderr]    Compiling memoffset v0.7.1
[INFO] [stderr]    Compiling proc-macro-crate v1.3.1
[INFO] [stderr]    Compiling httparse v1.8.0
[INFO] [stderr]    Compiling regex-syntax v0.8.3
[INFO] [stderr]    Compiling zvariant_utils v1.0.1
[INFO] [stderr]    Compiling unicode-bidi v0.3.15
[INFO] [stderr]    Compiling rustix v0.37.27
[INFO] [stderr]    Compiling cpufeatures v0.2.12
[INFO] [stderr]    Compiling waker-fn v1.2.0
[INFO] [stderr]    Compiling openssl v0.10.64
[INFO] [stderr]    Compiling async-task v4.7.1
[INFO] [stderr]    Compiling futures-lite v1.13.0
[INFO] [stderr]    Compiling piper v0.2.2
[INFO] [stderr]    Compiling phf_generator v0.11.2
[INFO] [stderr]    Compiling http-body v1.0.0
[INFO] [stderr]    Compiling async-channel v2.3.0
[INFO] [stderr]    Compiling async-lock v3.3.0
[INFO] [stderr]    Compiling serde_derive v1.0.201
[INFO] [stderr]    Compiling tracing-attributes v0.1.27
[INFO] [stderr]    Compiling futures-macro v0.3.30
[INFO] [stderr]    Compiling enumflags2_derive v0.7.9
[INFO] [stderr]    Compiling tokio-util v0.7.11
[INFO] [stderr]    Compiling regex-automata v0.4.6
[INFO] [stderr]    Compiling zvariant_derive v3.15.2
[INFO] [stderr]    Compiling futures-util v0.3.30
[INFO] [stderr]    Compiling openssl-macros v0.1.1
[INFO] [stderr]    Compiling pin-project-internal v1.1.5
[INFO] [stderr]    Compiling parking_lot_core v0.9.10
[INFO] [stderr]    Compiling tracing v0.1.40
[INFO] [stderr]    Compiling io-lifetimes v1.0.11
[INFO] [stderr]    Compiling string_cache_codegen v0.5.2
[INFO] [stderr]    Compiling async-fs v1.6.0
[INFO] [stderr]    Compiling async-io v1.13.0
[INFO] [stderr]    Compiling crc32fast v1.4.0
[INFO] [stderr]    Compiling static_assertions v1.1.0
[INFO] [stderr]    Compiling time-core v0.1.2
[INFO] [stderr]    Compiling native-tls v0.2.11
[INFO] [stderr]    Compiling time-macros v0.2.18
[INFO] [stderr]    Compiling pin-project v1.1.5
[INFO] [stderr]    Compiling markup5ever v0.11.0
[INFO] [stderr]    Compiling regex v1.10.4
[INFO] [stderr]    Compiling parking_lot v0.12.2
[INFO] [stderr]    Compiling blocking v1.6.0
[INFO] [stderr]    Compiling phf_macros v0.11.2
[INFO] [stderr]    Compiling phf v0.10.1
[INFO] [stderr]    Compiling num-bigint v0.4.5
[INFO] [stderr]    Compiling h2 v0.4.4
[INFO] [stderr]    Compiling cipher v0.3.0
[INFO] [stderr]    Compiling socket2 v0.4.10
[INFO] [stderr]    Compiling futures-channel v0.3.30
[INFO] [stderr]    Compiling cookie v0.17.0
[INFO] [stderr]    Compiling tower-layer v0.3.2
[INFO] [stderr]    Compiling serde_json v1.0.117
[INFO] [stderr]    Compiling adler v1.0.2
[INFO] [stderr]    Compiling tower-service v0.3.2
[INFO] [stderr]    Compiling dtoa v1.0.9
[INFO] [stderr]    Compiling dtoa-short v0.3.4
[INFO] [stderr]    Compiling anstyle-parse v0.2.4
[INFO] [stderr]    Compiling tower v0.4.13
[INFO] [stderr]    Compiling time v0.3.36
[INFO] [stderr]    Compiling miniz_oxide v0.7.2
[INFO] [stderr]    Compiling num-rational v0.4.2
[INFO] [stderr]    Compiling enumflags2 v0.7.9
[INFO] [stderr]    Compiling string_cache v0.8.7
[INFO] [stderr]    Compiling zvariant v3.15.2
[INFO] [stderr]    Compiling phf v0.11.2
[INFO] [stderr]    Compiling nix v0.26.4
[INFO] [stderr]    Compiling zbus_macros v3.15.2
[INFO] [stderr]    Compiling html5ever v0.26.0
[INFO] [stderr]    Compiling derivative v2.2.0
[INFO] [stderr]    Compiling zbus_names v2.6.1
[INFO] [stderr]    Compiling hyper v1.3.1
[INFO] [stderr]    Compiling serde_repr v0.1.19
[INFO] [stderr]    Compiling cssparser-macros v0.6.1
[INFO] [stderr]    Compiling async-recursion v1.1.1
[INFO] [stderr]    Compiling async-trait v0.1.80
[INFO] [stderr]    Compiling async-executor v1.11.0
[INFO] [stderr]    Compiling idna v0.5.0
[INFO] [stderr]    Compiling idna v0.3.0
[INFO] [stderr]    Compiling sha1 v0.10.6
[INFO] [stderr]    Compiling num-iter v0.1.45
[INFO] [stderr]    Compiling async-broadcast v0.5.1
[INFO] [stderr]    Compiling hmac v0.12.1
[INFO] [stderr]    Compiling selectors v0.25.0
[INFO] [stderr]    Compiling num-complex v0.4.6
[INFO] [stderr]    Compiling xdg-home v1.1.0
[INFO] [stderr]    Compiling ordered-stream v0.2.0
[INFO] [stderr]    Compiling ahash v0.8.11
[INFO] [stderr]    Compiling anstyle-query v1.0.3
[INFO] [stderr]    Compiling block-padding v0.2.1
[INFO] [stderr]    Compiling is_terminal_polyfill v1.70.0
[INFO] [stderr]    Compiling colorchoice v1.0.1
[INFO] [stderr]    Compiling anstyle v1.0.7
[INFO] [stderr]    Compiling block-modes v0.8.1
[INFO] [stderr]    Compiling anstream v0.6.14
[INFO] [stderr]    Compiling num v0.4.3
[INFO] [stderr]    Compiling zbus v3.15.2
[INFO] [stderr]    Compiling servo_arc v0.3.0
[INFO] [stderr]    Compiling publicsuffix v2.2.3
[INFO] [stderr]    Compiling aes v0.7.5
[INFO] [stderr]    Compiling hkdf v0.12.4
[INFO] [stderr]    Compiling url v2.5.0
[INFO] [stderr]    Compiling hyper-util v0.1.3
[INFO] [stderr]    Compiling cssparser v0.31.2
[INFO] [stderr]    Compiling flate2 v1.0.30
[INFO] [stderr]    Compiling tokio-native-tls v0.3.1
[INFO] [stderr]    Compiling derive_more v0.99.17
[INFO] [stderr]    Compiling http-body-util v0.1.1
[INFO] [stderr]    Compiling sha2 v0.10.8
[INFO] [stderr]    Compiling fxhash v0.2.1
[INFO] [stderr]    Compiling rustls-pki-types v1.7.0
[INFO] [stderr]    Compiling clap_lex v0.7.0
[INFO] [stderr]    Compiling option-ext v0.2.0
[INFO] [stderr]    Compiling anyhow v1.0.83
[INFO] [stderr]    Compiling unicode-width v0.1.12
[INFO] [stderr]    Compiling zerocopy v0.7.34
[INFO] [stderr]    Compiling rustls-pemfile v2.1.2
[INFO] [stderr]    Compiling clap_builder v4.5.2
[INFO] [stderr]    Compiling getopts v0.2.21
[INFO] [stderr]    Compiling clap_derive v4.5.4
[INFO] [stderr]    Compiling dirs-sys v0.4.1
[INFO] [stderr]    Compiling hyper-tls v0.6.0
[INFO] [stderr]    Compiling cookie_store v0.20.0
[INFO] [stderr]    Compiling async-compression v0.4.10
[INFO] [stderr]    Compiling serde_urlencoded v0.7.1
[INFO] [stderr]    Compiling linux-keyutils v0.2.4
[INFO] [stderr]    Compiling rtoolbox v0.0.2
[INFO] [stderr]    Compiling encoding_rs v0.8.34
[INFO] [stderr]    Compiling sync_wrapper v0.1.2
[INFO] [stderr]    Compiling ipnet v2.9.0
[INFO] [stderr]    Compiling iana-time-zone v0.1.60
[INFO] [stderr]    Compiling ego-tree v0.6.2
[INFO] [stderr]    Compiling chrono v0.4.38
[INFO] [stderr]    Compiling scraper v0.19.0
[INFO] [stderr]    Compiling rpassword v7.3.1
[INFO] [stderr]    Compiling directories v5.0.1
[INFO] [stderr]    Compiling clap v4.5.4
[INFO] [stderr]    Compiling reqwest v0.12.4
[INFO] [stderr]    Compiling secret-service v3.0.1
[INFO] [stderr]    Compiling keyring v2.3.3
[INFO] [stderr]    Compiling tracktorial v0.0.3 (/opt/rustwide/workdir)
[INFO] [stdout] warning: use of deprecated module `std::u16`: all constants in this module replaced by associated constants on the type
[INFO] [stdout]  --> src/cli.rs:4:26
[INFO] [stdout]   |
[INFO] [stdout] 4 | use std::{process::exit, u16};
[INFO] [stdout]   |                          ^^^
[INFO] [stdout]   |
[INFO] [stdout]   = note: `#[warn(deprecated)]` on by default
[INFO] [stdout] 
[INFO] [stdout] 
[INFO] [stderr]     Finished `release` profile [optimized] target(s) in 5m 17s
[INFO] running `Command { std: "docker" "inspect" "fd8ca848d4e3aa3c41adc7ac15f7b9bd6cec0ecc1720d1d25131dc4dba1af1cd", kill_on_drop: false }`
[INFO] running `Command { std: "docker" "exec" "-e" "SOURCE_DIR=/opt/rustwide/workdir" "-e" "CARGO_HOME=/opt/rustwide/cargo-home" "-e" "RUSTUP_HOME=/opt/rustwide/rustup-home" "-e" "CARGO_TARGET_DIR=/opt/rustwide/target" "-e" "CARGO_INCREMENTAL=0" "-e" "RUST_BACKTRACE=full" "-e" "RUSTFLAGS=--cap-lints=warn" "-e" "RUSTDOCFLAGS=--cap-lints=warn" "-w" "/opt/rustwide/workdir" "--user" "0:0" "fd8ca848d4e3aa3c41adc7ac15f7b9bd6cec0ecc1720d1d25131dc4dba1af1cd" "/opt/rustwide/cargo-home/bin/cargo" "+1.99.0-beta.8" "test" "--frozen" "--no-run" "--message-format=json" "--release", kill_on_drop: false }`
[INFO] [stderr]    Compiling futures-util v0.3.30
[INFO] [stderr]    Compiling sdd v0.2.0
[INFO] [stderr]    Compiling serial_test_derive v3.1.1
[INFO] [stderr]    Compiling scc v2.1.1
[INFO] [stderr]    Compiling h2 v0.4.4
[INFO] [stderr]    Compiling tower v0.4.13
[INFO] [stderr]    Compiling zbus v3.15.2
[INFO] [stderr]    Compiling futures-executor v0.3.30
[INFO] [stderr]    Compiling futures v0.3.30
[INFO] [stderr]    Compiling serial_test v3.1.1
[INFO] [stderr]    Compiling hyper v1.3.1
[INFO] [stderr]    Compiling hyper-util v0.1.3
[INFO] [stderr]    Compiling secret-service v3.0.1
[INFO] [stderr]    Compiling hyper-tls v0.6.0
[INFO] [stderr]    Compiling reqwest v0.12.4
[INFO] [stderr]    Compiling keyring v2.3.3
[INFO] [stderr]    Compiling tracktorial v0.0.3 (/opt/rustwide/workdir)
[INFO] [stdout] warning: use of deprecated module `std::u16`: all constants in this module replaced by associated constants on the type
[INFO] [stdout]  --> src/cli.rs:4:26
[INFO] [stdout]   |
[INFO] [stdout] 4 | use std::{process::exit, u16};
[INFO] [stdout]   |                          ^^^
[INFO] [stdout]   |
[INFO] [stdout]   = note: `#[warn(deprecated)]` on by default
[INFO] [stdout] 
[INFO] [stdout] 
[INFO] [stdout] warning: use of deprecated module `std::u16`: all constants in this module replaced by associated constants on the type
[INFO] [stdout]  --> src/cli.rs:4:26
[INFO] [stdout]   |
[INFO] [stdout] 4 | use std::{process::exit, u16};
[INFO] [stdout]   |                          ^^^
[INFO] [stdout]   |
[INFO] [stdout]   = note: `#[warn(deprecated)]` on by default
[INFO] [stdout] 
[INFO] [stdout] 
[INFO] [stderr]     Finished `release` profile [optimized] target(s) in 2m 08s
[INFO] running `Command { std: "docker" "inspect" "fd8ca848d4e3aa3c41adc7ac15f7b9bd6cec0ecc1720d1d25131dc4dba1af1cd", kill_on_drop: false }`
[INFO] running `Command { std: "docker" "exec" "-e" "SOURCE_DIR=/opt/rustwide/workdir" "-e" "CARGO_HOME=/opt/rustwide/cargo-home" "-e" "RUSTUP_HOME=/opt/rustwide/rustup-home" "-e" "CARGO_TARGET_DIR=/opt/rustwide/target" "-e" "CARGO_INCREMENTAL=0" "-e" "RUST_BACKTRACE=full" "-e" "RUSTFLAGS=--cap-lints=warn" "-e" "RUSTDOCFLAGS=--cap-lints=warn" "-w" "/opt/rustwide/workdir" "--user" "0:0" "fd8ca848d4e3aa3c41adc7ac15f7b9bd6cec0ecc1720d1d25131dc4dba1af1cd" "/opt/rustwide/cargo-home/bin/cargo" "+1.99.0-beta.8" "test" "--frozen" "--release", kill_on_drop: false }`
[INFO] [stderr] warning: use of deprecated module `std::u16`: all constants in this module replaced by associated constants on the type
[INFO] [stderr]  --> src/cli.rs:4:26
[INFO] [stderr]   |
[INFO] [stderr] 4 | use std::{process::exit, u16};
[INFO] [stderr]   |                          ^^^
[INFO] [stderr]   |
[INFO] [stderr]   = note: `#[warn(deprecated)]` on by default
[INFO] [stderr] 
[INFO] [stderr] warning: `tracktorial` (lib) generated 1 warning
[INFO] [stderr] warning: `tracktorial` (lib test) generated 1 warning (1 duplicate)
[INFO] [stderr]     Finished `release` profile [optimized] target(s) in 0.32s
[INFO] [stderr]      Running unittests src/lib.rs (/opt/rustwide/target/release/deps/tracktorial-0332431e7d8a372b)
[INFO] [stderr]      Running unittests src/main.rs (/opt/rustwide/target/release/deps/tracktorial-ed772c7201e206cf)
[INFO] [stdout] 
[INFO] [stdout] running 0 tests
[INFO] [stdout] 
[INFO] [stdout] test result: ok. 0 passed; 0 failed; 0 ignored; 0 measured; 0 filtered out; finished in 0.00s
[INFO] [stdout] 
[INFO] [stdout] 
[INFO] [stdout] running 0 tests
[INFO] [stdout] 
[INFO] [stdout] test result: ok. 0 passed; 0 failed; 0 ignored; 0 measured; 0 filtered out; finished in 0.00s
[INFO] [stdout] 
[INFO] [stderr]      Running tests/api_test.rs (/opt/rustwide/target/release/deps/api_test-12fc406382120036)
[INFO] [stdout] 
[INFO] [stdout] running 12 tests
[INFO] [stdout] test client_authentication_with_valid_cred ... FAILED
[INFO] [stdout] test cannot_start_break_if_not_clocked_in ... FAILED
[INFO] [stdout] test ending_break ... FAILED
[INFO] [stdout] test ending_shift ... FAILED
[INFO] [stdout] test cannot_end_break_if_not_on_break ... FAILED
[INFO] [stdout] test create_shift ... FAILED
[INFO] [stdout] test cannot_start_break_if_already_on_break ... FAILED
[INFO] [stdout] test starting_break ... FAILED
[INFO] [stdout] test cannot_clock_in_if_already_clocked_in ... FAILED
[INFO] [stdout] test create_break ... FAILED
[INFO] [stdout] test starting_shift ... FAILED
[INFO] [stdout] test client_authentication_with_invalid_cred ... ok
[INFO] [stdout] 
[INFO] [stdout] failures:
[INFO] [stdout] 
[INFO] [stdout] ---- client_authentication_with_valid_cred stdout ----
[INFO] [stdout] Enter E-Mail address: 
[INFO] [stdout] 
[INFO] [stdout] thread 'client_authentication_with_valid_cred' (3936) panicked at tests/api_test.rs:30:39:
[INFO] [stdout] called `Result::unwrap()` on an `Err` value: No such device or address (os error 6)
[INFO] [stdout] 
[INFO] [stdout] Stack backtrace:
[INFO] [stdout]    0: <anyhow::Error as core::convert::From<core::io::error::Error>>::from
[INFO] [stdout]    1: <tracktorial::login::Credential>::ask_for_password
[INFO] [stdout]    2: <api_test::client_authentication_with_valid_cred::{closure#0} as core::ops::function::FnOnce<()>>::call_once
[INFO] [stdout]    3: test::__rust_begin_short_backtrace::<core::result::Result<(), alloc::string::String>, fn() -> core::result::Result<(), alloc::string::String>>
[INFO] [stdout]    4: test::run_test::{closure#0}
[INFO] [stdout]    5: std::sys::backtrace::__rust_begin_short_backtrace::<test::run_test::{closure#1}, ()>
[INFO] [stdout]    6: <std::thread::lifecycle::spawn_unchecked<test::run_test::{closure#1}, ()>::{closure#1} as core::ops::function::FnOnce<()>>::call_once::{shim:vtable#0}
[INFO] [stdout]    7: <std::sys::thread::unix::Thread>::new::thread_start
[INFO] [stdout]    8: <unknown>
[INFO] [stdout]    9: clone
[INFO] [stdout] stack backtrace:
[INFO] [stdout]    0:     0x571ef13a3801 - <<std[70759c8f55707aa4]::sys::backtrace::BacktraceLock>::print::DisplayBacktrace as core[df12db4294e9bfd3]::fmt::Display>::fmt
[INFO] [stdout]    1:     0x571ef13bcdba - core[df12db4294e9bfd3]::fmt::write
[INFO] [stdout]    2:     0x571ef13a8b9c - <alloc[2182bb758b4b3781]::vec::Vec<u8> as core[df12db4294e9bfd3]::io::write::Write>::write_fmt
[INFO] [stdout]    3:     0x571ef137c7e6 - std[70759c8f55707aa4]::panicking::default_hook::{closure#0}
[INFO] [stdout]    4:     0x571ef139a899 - std[70759c8f55707aa4]::panicking::default_hook
[INFO] [stdout]    5:     0x571ef0ee1640 - test[9d35eded1c95d3be]::test_main_inner::<test[9d35eded1c95d3be]::test_main_static::{closure#0}>::{closure#0}
[INFO] [stdout]    6:     0x571ef139abc2 - std[70759c8f55707aa4]::panicking::panic_with_hook
[INFO] [stdout]    7:     0x571ef137c892 - std[70759c8f55707aa4]::panicking::panic_handler::{closure#0}
[INFO] [stdout]    8:     0x571ef1374ae9 - std[70759c8f55707aa4]::sys::backtrace::__rust_end_short_backtrace::<std[70759c8f55707aa4]::panicking::panic_handler::{closure#0}, !>
[INFO] [stdout]    9:     0x571ef137d8ad - __rustc[8fa7c3cbc660c2b3]::rust_begin_unwind
[INFO] [stdout]   10:     0x571ef13bd51c - core[df12db4294e9bfd3]::panicking::panic_fmt
[INFO] [stdout]   11:     0x571ef13bd2f2 - core[df12db4294e9bfd3]::result::unwrap_failed
[INFO] [stdout]   12:     0x571ef0ed25d1 - <api_test[1f3b97467cd58661]::client_authentication_with_valid_cred::{closure#0} as core[df12db4294e9bfd3]::ops::function::FnOnce<()>>::call_once
[INFO] [stdout]   13:     0x571ef0ed492b - test[9d35eded1c95d3be]::__rust_begin_short_backtrace::<core[df12db4294e9bfd3]::result::Result<(), alloc[2182bb758b4b3781]::string::String>, fn() -> core[df12db4294e9bfd3]::result::Result<(), alloc[2182bb758b4b3781]::string::String>>
[INFO] [stdout]   14:     0x571ef0ee1f95 - test[9d35eded1c95d3be]::run_test::{closure#0}
[INFO] [stdout]   15:     0x571ef0edb854 - std[70759c8f55707aa4]::sys::backtrace::__rust_begin_short_backtrace::<test[9d35eded1c95d3be]::run_test::{closure#1}, ()>
[INFO] [stdout]   16:     0x571ef0ee50f2 - <std[70759c8f55707aa4]::thread::lifecycle::spawn_unchecked<test[9d35eded1c95d3be]::run_test::{closure#1}, ()>::{closure#1} as core[df12db4294e9bfd3]::ops::function::FnOnce<()>>::call_once::{shim:vtable#0}
[INFO] [stdout]   17:     0x571ef13a2269 - <std[70759c8f55707aa4]::sys::thread::unix::Thread>::new::thread_start
[INFO] [stdout]   18:     0x7ab7d2f85dfa - <unknown>
[INFO] [stdout]   19:     0x7ab7d30193d4 - clone
[INFO] [stdout]   20:                0x0 - <unknown>
[INFO] [stdout] 
[INFO] [stdout] ---- cannot_start_break_if_not_clocked_in stdout ----
[INFO] [stdout] Enter E-Mail address: 
[INFO] [stdout] 
[INFO] [stdout] thread 'cannot_start_break_if_not_clocked_in' (3934) panicked at src/api.rs:150:41:
[INFO] [stdout] Could not access keyring.: No such device or address (os error 6)
[INFO] [stdout] 
[INFO] [stdout] Stack backtrace:
[INFO] [stdout]    0: <anyhow::Error as core::convert::From<core::io::error::Error>>::from
[INFO] [stdout]    1: <tracktorial::login::Credential>::ask_for_password
[INFO] [stdout]    2: <tracktorial::api::FactorialApi>::get_api
[INFO] [stdout]    3: <api_test::API_MUTEX::{closure#0} as core::ops::function::FnOnce<()>>::call_once
[INFO] [stdout]    4: <once_cell::imp::OnceCell<std::sync::poison::mutex::Mutex<tracktorial::api::FactorialApi>>>::initialize::<<once_cell::sync::OnceCell<std::sync::poison::mutex::Mutex<tracktorial::api::FactorialApi>>>::get_or_init<<once_cell::sync::Lazy<std::sync::poison::mutex::Mutex<tracktorial::api::FactorialApi>>>::force::{closure#0}>::{closure#0}, <once_cell::sync::OnceCell<_>>::get_or_init::Void>::{closure#0}
[INFO] [stdout]    5: once_cell::imp::initialize_or_wait
[INFO] [stdout]    6: <once_cell::imp::OnceCell<std::sync::poison::mutex::Mutex<tracktorial::api::FactorialApi>>>::initialize::<<once_cell::sync::OnceCell<std::sync::poison::mutex::Mutex<tracktorial::api::FactorialApi>>>::get_or_init<<once_cell::sync::Lazy<std::sync::poison::mutex::Mutex<tracktorial::api::FactorialApi>>>::force::{closure#0}>::{closure#0}, <once_cell::sync::OnceCell<_>>::get_or_init::Void>
[INFO] [stdout]    7: <api_test::cannot_start_break_if_not_clocked_in::{closure#0} as core::ops::function::FnOnce<()>>::call_once
[INFO] [stdout]    8: serial_test::serial_code_lock::local_serial_core
[INFO] [stdout]    9: <api_test::cannot_start_break_if_not_clocked_in::{closure#0} as core::ops::function::FnOnce<()>>::call_once
[INFO] [stdout]   10: test::__rust_begin_short_backtrace::<core::result::Result<(), alloc::string::String>, fn() -> core::result::Result<(), alloc::string::String>>
[INFO] [stdout]   11: test::run_test::{closure#0}
[INFO] [stdout]   12: std::sys::backtrace::__rust_begin_short_backtrace::<test::run_test::{closure#1}, ()>
[INFO] [stdout]   13: <std::thread::lifecycle::spawn_unchecked<test::run_test::{closure#1}, ()>::{closure#1} as core::ops::function::FnOnce<()>>::call_once::{shim:vtable#0}
[INFO] [stdout]   14: <std::sys::thread::unix::Thread>::new::thread_start
[INFO] [stdout]   15: <unknown>
[INFO] [stdout]   16: clone
[INFO] [stdout] stack backtrace:
[INFO] [stdout]    0:     0x571ef13a3801 - <<std[70759c8f55707aa4]::sys::backtrace::BacktraceLock>::print::DisplayBacktrace as core[df12db4294e9bfd3]::fmt::Display>::fmt
[INFO] [stdout]    1:     0x571ef13bcdba - core[df12db4294e9bfd3]::fmt::write
[INFO] [stdout]    2:     0x571ef13a8b9c - <alloc[2182bb758b4b3781]::vec::Vec<u8> as core[df12db4294e9bfd3]::io::write::Write>::write_fmt
[INFO] [stdout]    3:     0x571ef137c7e6 - std[70759c8f55707aa4]::panicking::default_hook::{closure#0}
[INFO] [stdout]    4:     0x571ef139a899 - std[70759c8f55707aa4]::panicking::default_hook
[INFO] [stdout]    5:     0x571ef0ee1640 - test[9d35eded1c95d3be]::test_main_inner::<test[9d35eded1c95d3be]::test_main_static::{closure#0}>::{closure#0}
[INFO] [stdout]    6:     0x571ef139abc2 - std[70759c8f55707aa4]::panicking::panic_with_hook
[INFO] [stdout]    7:     0x571ef137c892 - std[70759c8f55707aa4]::panicking::panic_handler::{closure#0}
[INFO] [stdout]    8:     0x571ef1374ae9 - std[70759c8f55707aa4]::sys::backtrace::__rust_end_short_backtrace::<std[70759c8f55707aa4]::panicking::panic_handler::{closure#0}, !>
[INFO] [stdout]    9:     0x571ef137d8ad - __rustc[8fa7c3cbc660c2b3]::rust_begin_unwind
[INFO] [stdout]   10:     0x571ef13bd51c - core[df12db4294e9bfd3]::panicking::panic_fmt
[INFO] [stdout]   11:     0x571ef13bd2f2 - core[df12db4294e9bfd3]::result::unwrap_failed
[INFO] [stdout]   12:     0x571ef0f1bb3c - <tracktorial[4a42ce71a43f73eb]::api::FactorialApi>::get_api
[INFO] [stderr] error: test failed, to rerun pass `--test api_test`
[INFO] [stdout]   13:     0x571ef0ed2966 - <api_test[1f3b97467cd58661]::API_MUTEX::{closure#0} as core[df12db4294e9bfd3]::ops::function::FnOnce<()>>::call_once
[INFO] [stdout]   14:     0x571ef0ed1908 - <once_cell[72242d87888cc56f]::imp::OnceCell<std[70759c8f55707aa4]::sync::poison::mutex::Mutex<tracktorial[4a42ce71a43f73eb]::api::FactorialApi>>>::initialize::<<once_cell[72242d87888cc56f]::sync::OnceCell<std[70759c8f55707aa4]::sync::poison::mutex::Mutex<tracktorial[4a42ce71a43f73eb]::api::FactorialApi>>>::get_or_init<<once_cell[72242d87888cc56f]::sync::Lazy<std[70759c8f55707aa4]::sync::poison::mutex::Mutex<tracktorial[4a42ce71a43f73eb]::api::FactorialApi>>>::force::{closure#0}>::{closure#0}, <once_cell[72242d87888cc56f]::sync::OnceCell<_>>::get_or_init::Void>::{closure#0}
[INFO] [stdout]   15:     0x571ef135df0f - once_cell[72242d87888cc56f]::imp::initialize_or_wait
[INFO] [stdout]   16:     0x571ef0ed14cc - <once_cell[72242d87888cc56f]::imp::OnceCell<std[70759c8f55707aa4]::sync::poison::mutex::Mutex<tracktorial[4a42ce71a43f73eb]::api::FactorialApi>>>::initialize::<<once_cell[72242d87888cc56f]::sync::OnceCell<std[70759c8f55707aa4]::sync::poison::mutex::Mutex<tracktorial[4a42ce71a43f73eb]::api::FactorialApi>>>::get_or_init<<once_cell[72242d87888cc56f]::sync::Lazy<std[70759c8f55707aa4]::sync::poison::mutex::Mutex<tracktorial[4a42ce71a43f73eb]::api::FactorialApi>>>::force::{closure#0}>::{closure#0}, <once_cell[72242d87888cc56f]::sync::OnceCell<_>>::get_or_init::Void>
[INFO] [stdout]   17:     0x571ef0ed4116 - <api_test[1f3b97467cd58661]::cannot_start_break_if_not_clocked_in::{closure#0} as core[df12db4294e9bfd3]::ops::function::FnOnce<()>>::call_once
[INFO] [stdout]   18:     0x571ef134d0f2 - serial_test[9dfdbdccc5838c14]::serial_code_lock::local_serial_core
[INFO] [stdout]   19:     0x571ef0ed22bd - <api_test[1f3b97467cd58661]::cannot_start_break_if_not_clocked_in::{closure#0} as core[df12db4294e9bfd3]::ops::function::FnOnce<()>>::call_once
[INFO] [stdout]   20:     0x571ef0ed492b - test[9d35eded1c95d3be]::__rust_begin_short_backtrace::<core[df12db4294e9bfd3]::result::Result<(), alloc[2182bb758b4b3781]::string::String>, fn() -> core[df12db4294e9bfd3]::result::Result<(), alloc[2182bb758b4b3781]::string::String>>
[INFO] [stdout]   21:     0x571ef0ee1f95 - test[9d35eded1c95d3be]::run_test::{closure#0}
[INFO] [stdout]   22:     0x571ef0edb854 - std[70759c8f55707aa4]::sys::backtrace::__rust_begin_short_backtrace::<test[9d35eded1c95d3be]::run_test::{closure#1}, ()>
[INFO] [stdout]   23:     0x571ef0ee50f2 - <std[70759c8f55707aa4]::thread::lifecycle::spawn_unchecked<test[9d35eded1c95d3be]::run_test::{closure#1}, ()>::{closure#1} as core[df12db4294e9bfd3]::ops::function::FnOnce<()>>::call_once::{shim:vtable#0}
[INFO] [stdout]   24:     0x571ef13a2269 - <std[70759c8f55707aa4]::sys::thread::unix::Thread>::new::thread_start
[INFO] [stdout]   25:     0x7ab7d2f85dfa - <unknown>
[INFO] [stdout]   26:     0x7ab7d30193d4 - clone
[INFO] [stdout]   27:                0x0 - <unknown>
[INFO] [stdout] 
[INFO] [stdout] ---- ending_break stdout ----
[INFO] [stdout] 
[INFO] [stdout] thread 'ending_break' (3941) panicked at /opt/rustwide/cargo-home/registry/src/index.crates.io-1949cf8c6b5b557f/once_cell-1.19.0/src/lib.rs:1311:25:
[INFO] [stdout] Lazy instance has previously been poisoned
[INFO] [stdout] stack backtrace:
[INFO] [stdout]    0:     0x571ef13a3801 - <<std[70759c8f55707aa4]::sys::backtrace::BacktraceLock>::print::DisplayBacktrace as core[df12db4294e9bfd3]::fmt::Display>::fmt
[INFO] [stdout]    1:     0x571ef13bcdba - core[df12db4294e9bfd3]::fmt::write
[INFO] [stdout]    2:     0x571ef13a8b9c - <alloc[2182bb758b4b3781]::vec::Vec<u8> as core[df12db4294e9bfd3]::io::write::Write>::write_fmt
[INFO] [stdout]    3:     0x571ef137c7e6 - std[70759c8f55707aa4]::panicking::default_hook::{closure#0}
[INFO] [stdout]    4:     0x571ef139a899 - std[70759c8f55707aa4]::panicking::default_hook
[INFO] [stdout]    5:     0x571ef0ee1640 - test[9d35eded1c95d3be]::test_main_inner::<test[9d35eded1c95d3be]::test_main_static::{closure#0}>::{closure#0}
[INFO] [stdout]    6:     0x571ef139abc2 - std[70759c8f55707aa4]::panicking::panic_with_hook
[INFO] [stdout]    7:     0x571ef137c8c4 - std[70759c8f55707aa4]::panicking::panic_handler::{closure#0}
[INFO] [stdout]    8:     0x571ef1374ae9 - std[70759c8f55707aa4]::sys::backtrace::__rust_end_short_backtrace::<std[70759c8f55707aa4]::panicking::panic_handler::{closure#0}, !>
[INFO] [stdout]    9:     0x571ef137d8ad - __rustc[8fa7c3cbc660c2b3]::rust_begin_unwind
[INFO] [stdout]   10:     0x571ef13bd51c - core[df12db4294e9bfd3]::panicking::panic_fmt
[INFO] [stdout]   11:     0x571ef0ed197c - <once_cell[72242d87888cc56f]::imp::OnceCell<std[70759c8f55707aa4]::sync::poison::mutex::Mutex<tracktorial[4a42ce71a43f73eb]::api::FactorialApi>>>::initialize::<<once_cell[72242d87888cc56f]::sync::OnceCell<std[70759c8f55707aa4]::sync::poison::mutex::Mutex<tracktorial[4a42ce71a43f73eb]::api::FactorialApi>>>::get_or_init<<once_cell[72242d87888cc56f]::sync::Lazy<std[70759c8f55707aa4]::sync::poison::mutex::Mutex<tracktorial[4a42ce71a43f73eb]::api::FactorialApi>>>::force::{closure#0}>::{closure#0}, <once_cell[72242d87888cc56f]::sync::OnceCell<_>>::get_or_init::Void>::{closure#0}
[INFO] [stdout]   12:     0x571ef135df0f - once_cell[72242d87888cc56f]::imp::initialize_or_wait
[INFO] [stdout]   13:     0x571ef0ed14cc - <once_cell[72242d87888cc56f]::imp::OnceCell<std[70759c8f55707aa4]::sync::poison::mutex::Mutex<tracktorial[4a42ce71a43f73eb]::api::FactorialApi>>>::initialize::<<once_cell[72242d87888cc56f]::sync::OnceCell<std[70759c8f55707aa4]::sync::poison::mutex::Mutex<tracktorial[4a42ce71a43f73eb]::api::FactorialApi>>>::get_or_init<<once_cell[72242d87888cc56f]::sync::Lazy<std[70759c8f55707aa4]::sync::poison::mutex::Mutex<tracktorial[4a42ce71a43f73eb]::api::FactorialApi>>>::force::{closure#0}>::{closure#0}, <once_cell[72242d87888cc56f]::sync::OnceCell<_>>::get_or_init::Void>
[INFO] [stdout]   14:     0x571ef0ed314e - <api_test[1f3b97467cd58661]::ending_break::{closure#0} as core[df12db4294e9bfd3]::ops::function::FnOnce<()>>::call_once
[INFO] [stdout]   15:     0x571ef134d0f2 - serial_test[9dfdbdccc5838c14]::serial_code_lock::local_serial_core
[INFO] [stdout]   16:     0x571ef0ed203d - <api_test[1f3b97467cd58661]::ending_break::{closure#0} as core[df12db4294e9bfd3]::ops::function::FnOnce<()>>::call_once
[INFO] [stdout]   17:     0x571ef0ed492b - test[9d35eded1c95d3be]::__rust_begin_short_backtrace::<core[df12db4294e9bfd3]::result::Result<(), alloc[2182bb758b4b3781]::string::String>, fn() -> core[df12db4294e9bfd3]::result::Result<(), alloc[2182bb758b4b3781]::string::String>>
[INFO] [stdout]   18:     0x571ef0ee1f95 - test[9d35eded1c95d3be]::run_test::{closure#0}
[INFO] [stdout]   19:     0x571ef0edb854 - std[70759c8f55707aa4]::sys::backtrace::__rust_begin_short_backtrace::<test[9d35eded1c95d3be]::run_test::{closure#1}, ()>
[INFO] [stdout]   20:     0x571ef0ee50f2 - <std[70759c8f55707aa4]::thread::lifecycle::spawn_unchecked<test[9d35eded1c95d3be]::run_test::{closure#1}, ()>::{closure#1} as core[df12db4294e9bfd3]::ops::function::FnOnce<()>>::call_once::{shim:vtable#0}
[INFO] [stdout]   21:     0x571ef13a2269 - <std[70759c8f55707aa4]::sys::thread::unix::Thread>::new::thread_start
[INFO] [stdout]   22:     0x7ab7d2f85dfa - <unknown>
[INFO] [stdout]   23:     0x7ab7d30193d4 - clone
[INFO] [stdout]   24:                0x0 - <unknown>
[INFO] [stdout] 
[INFO] [stdout] ---- ending_shift stdout ----
[INFO] [stdout] 
[INFO] [stdout] thread 'ending_shift' (3942) panicked at /opt/rustwide/cargo-home/registry/src/index.crates.io-1949cf8c6b5b557f/once_cell-1.19.0/src/lib.rs:1311:25:
[INFO] [stdout] Lazy instance has previously been poisoned
[INFO] [stdout] stack backtrace:
[INFO] [stdout]    0:     0x571ef13a3801 - <<std[70759c8f55707aa4]::sys::backtrace::BacktraceLock>::print::DisplayBacktrace as core[df12db4294e9bfd3]::fmt::Display>::fmt
[INFO] [stdout]    1:     0x571ef13bcdba - core[df12db4294e9bfd3]::fmt::write
[INFO] [stdout]    2:     0x571ef13a8b9c - <alloc[2182bb758b4b3781]::vec::Vec<u8> as core[df12db4294e9bfd3]::io::write::Write>::write_fmt
[INFO] [stdout]    3:     0x571ef137c7e6 - std[70759c8f55707aa4]::panicking::default_hook::{closure#0}
[INFO] [stdout]    4:     0x571ef139a899 - std[70759c8f55707aa4]::panicking::default_hook
[INFO] [stdout]    5:     0x571ef0ee1640 - test[9d35eded1c95d3be]::test_main_inner::<test[9d35eded1c95d3be]::test_main_static::{closure#0}>::{closure#0}
[INFO] [stdout]    6:     0x571ef139abc2 - std[70759c8f55707aa4]::panicking::panic_with_hook
[INFO] [stdout]    7:     0x571ef137c8c4 - std[70759c8f55707aa4]::panicking::panic_handler::{closure#0}
[INFO] [stdout]    8:     0x571ef1374ae9 - std[70759c8f55707aa4]::sys::backtrace::__rust_end_short_backtrace::<std[70759c8f55707aa4]::panicking::panic_handler::{closure#0}, !>
[INFO] [stdout]    9:     0x571ef137d8ad - __rustc[8fa7c3cbc660c2b3]::rust_begin_unwind
[INFO] [stdout]   10:     0x571ef13bd51c - core[df12db4294e9bfd3]::panicking::panic_fmt
[INFO] [stdout]   11:     0x571ef0ed197c - <once_cell[72242d87888cc56f]::imp::OnceCell<std[70759c8f55707aa4]::sync::poison::mutex::Mutex<tracktorial[4a42ce71a43f73eb]::api::FactorialApi>>>::initialize::<<once_cell[72242d87888cc56f]::sync::OnceCell<std[70759c8f55707aa4]::sync::poison::mutex::Mutex<tracktorial[4a42ce71a43f73eb]::api::FactorialApi>>>::get_or_init<<once_cell[72242d87888cc56f]::sync::Lazy<std[70759c8f55707aa4]::sync::poison::mutex::Mutex<tracktorial[4a42ce71a43f73eb]::api::FactorialApi>>>::force::{closure#0}>::{closure#0}, <once_cell[72242d87888cc56f]::sync::OnceCell<_>>::get_or_init::Void>::{closure#0}
[INFO] [stdout]   12:     0x571ef135df0f - once_cell[72242d87888cc56f]::imp::initialize_or_wait
[INFO] [stdout]   13:     0x571ef0ed14cc - <once_cell[72242d87888cc56f]::imp::OnceCell<std[70759c8f55707aa4]::sync::poison::mutex::Mutex<tracktorial[4a42ce71a43f73eb]::api::FactorialApi>>>::initialize::<<once_cell[72242d87888cc56f]::sync::OnceCell<std[70759c8f55707aa4]::sync::poison::mutex::Mutex<tracktorial[4a42ce71a43f73eb]::api::FactorialApi>>>::get_or_init<<once_cell[72242d87888cc56f]::sync::Lazy<std[70759c8f55707aa4]::sync::poison::mutex::Mutex<tracktorial[4a42ce71a43f73eb]::api::FactorialApi>>>::force::{closure#0}>::{closure#0}, <once_cell[72242d87888cc56f]::sync::OnceCell<_>>::get_or_init::Void>
[INFO] [stdout]   14:     0x571ef0ed3519 - <api_test[1f3b97467cd58661]::ending_shift::{closure#0} as core[df12db4294e9bfd3]::ops::function::FnOnce<()>>::call_once
[INFO] [stdout]   15:     0x571ef134d0f2 - serial_test[9dfdbdccc5838c14]::serial_code_lock::local_serial_core
[INFO] [stdout]   16:     0x571ef0ed20bd - <api_test[1f3b97467cd58661]::ending_shift::{closure#0} as core[df12db4294e9bfd3]::ops::function::FnOnce<()>>::call_once
[INFO] [stdout]   17:     0x571ef0ed492b - test[9d35eded1c95d3be]::__rust_begin_short_backtrace::<core[df12db4294e9bfd3]::result::Result<(), alloc[2182bb758b4b3781]::string::String>, fn() -> core[df12db4294e9bfd3]::result::Result<(), alloc[2182bb758b4b3781]::string::String>>
[INFO] [stdout]   18:     0x571ef0ee1f95 - test[9d35eded1c95d3be]::run_test::{closure#0}
[INFO] [stdout]   19:     0x571ef0edb854 - std[70759c8f55707aa4]::sys::backtrace::__rust_begin_short_backtrace::<test[9d35eded1c95d3be]::run_test::{closure#1}, ()>
[INFO] [stdout]   20:     0x571ef0ee50f2 - <std[70759c8f55707aa4]::thread::lifecycle::spawn_unchecked<test[9d35eded1c95d3be]::run_test::{closure#1}, ()>::{closure#1} as core[df12db4294e9bfd3]::ops::function::FnOnce<()>>::call_once::{shim:vtable#0}
[INFO] [stdout]   21:     0x571ef13a2269 - <std[70759c8f55707aa4]::sys::thread::unix::Thread>::new::thread_start
[INFO] [stdout]   22:     0x7ab7d2f85dfa - <unknown>
[INFO] [stdout]   23:     0x7ab7d30193d4 - clone
[INFO] [stdout]   24:                0x0 - <unknown>
[INFO] [stdout] 
[INFO] [stdout] ---- cannot_end_break_if_not_on_break stdout ----
[INFO] [stdout] 
[INFO] [stdout] thread 'cannot_end_break_if_not_on_break' (3932) panicked at /opt/rustwide/cargo-home/registry/src/index.crates.io-1949cf8c6b5b557f/once_cell-1.19.0/src/lib.rs:1311:25:
[INFO] [stdout] Lazy instance has previously been poisoned
[INFO] [stdout] stack backtrace:
[INFO] [stdout]    0:     0x571ef13a3801 - <<std[70759c8f55707aa4]::sys::backtrace::BacktraceLock>::print::DisplayBacktrace as core[df12db4294e9bfd3]::fmt::Display>::fmt
[INFO] [stdout]    1:     0x571ef13bcdba - core[df12db4294e9bfd3]::fmt::write
[INFO] [stdout]    2:     0x571ef13a8b9c - <alloc[2182bb758b4b3781]::vec::Vec<u8> as core[df12db4294e9bfd3]::io::write::Write>::write_fmt
[INFO] [stdout]    3:     0x571ef137c7e6 - std[70759c8f55707aa4]::panicking::default_hook::{closure#0}
[INFO] [stdout]    4:     0x571ef139a899 - std[70759c8f55707aa4]::panicking::default_hook
[INFO] [stdout]    5:     0x571ef0ee1640 - test[9d35eded1c95d3be]::test_main_inner::<test[9d35eded1c95d3be]::test_main_static::{closure#0}>::{closure#0}
[INFO] [stdout]    6:     0x571ef139abc2 - std[70759c8f55707aa4]::panicking::panic_with_hook
[INFO] [stdout]    7:     0x571ef137c8c4 - std[70759c8f55707aa4]::panicking::panic_handler::{closure#0}
[INFO] [stdout]    8:     0x571ef1374ae9 - std[70759c8f55707aa4]::sys::backtrace::__rust_end_short_backtrace::<std[70759c8f55707aa4]::panicking::panic_handler::{closure#0}, !>
[INFO] [stdout]    9:     0x571ef137d8ad - __rustc[8fa7c3cbc660c2b3]::rust_begin_unwind
[INFO] [stdout]   10:     0x571ef13bd51c - core[df12db4294e9bfd3]::panicking::panic_fmt
[INFO] [stdout]   11:     0x571ef0ed197c - <once_cell[72242d87888cc56f]::imp::OnceCell<std[70759c8f55707aa4]::sync::poison::mutex::Mutex<tracktorial[4a42ce71a43f73eb]::api::FactorialApi>>>::initialize::<<once_cell[72242d87888cc56f]::sync::OnceCell<std[70759c8f55707aa4]::sync::poison::mutex::Mutex<tracktorial[4a42ce71a43f73eb]::api::FactorialApi>>>::get_or_init<<once_cell[72242d87888cc56f]::sync::Lazy<std[70759c8f55707aa4]::sync::poison::mutex::Mutex<tracktorial[4a42ce71a43f73eb]::api::FactorialApi>>>::force::{closure#0}>::{closure#0}, <once_cell[72242d87888cc56f]::sync::OnceCell<_>>::get_or_init::Void>::{closure#0}
[INFO] [stdout]   12:     0x571ef135df0f - once_cell[72242d87888cc56f]::imp::initialize_or_wait
[INFO] [stdout]   13:     0x571ef0ed14cc - <once_cell[72242d87888cc56f]::imp::OnceCell<std[70759c8f55707aa4]::sync::poison::mutex::Mutex<tracktorial[4a42ce71a43f73eb]::api::FactorialApi>>>::initialize::<<once_cell[72242d87888cc56f]::sync::OnceCell<std[70759c8f55707aa4]::sync::poison::mutex::Mutex<tracktorial[4a42ce71a43f73eb]::api::FactorialApi>>>::get_or_init<<once_cell[72242d87888cc56f]::sync::Lazy<std[70759c8f55707aa4]::sync::poison::mutex::Mutex<tracktorial[4a42ce71a43f73eb]::api::FactorialApi>>>::force::{closure#0}>::{closure#0}, <once_cell[72242d87888cc56f]::sync::OnceCell<_>>::get_or_init::Void>
[INFO] [stdout]   14:     0x571ef0ed3ee0 - <api_test[1f3b97467cd58661]::cannot_end_break_if_not_on_break::{closure#0} as core[df12db4294e9bfd3]::ops::function::FnOnce<()>>::call_once
[INFO] [stdout]   15:     0x571ef134d0f2 - serial_test[9dfdbdccc5838c14]::serial_code_lock::local_serial_core
[INFO] [stdout]   16:     0x571ef0ed223d - <api_test[1f3b97467cd58661]::cannot_end_break_if_not_on_break::{closure#0} as core[df12db4294e9bfd3]::ops::function::FnOnce<()>>::call_once
[INFO] [stdout]   17:     0x571ef0ed492b - test[9d35eded1c95d3be]::__rust_begin_short_backtrace::<core[df12db4294e9bfd3]::result::Result<(), alloc[2182bb758b4b3781]::string::String>, fn() -> core[df12db4294e9bfd3]::result::Result<(), alloc[2182bb758b4b3781]::string::String>>
[INFO] [stdout]   18:     0x571ef0ee1f95 - test[9d35eded1c95d3be]::run_test::{closure#0}
[INFO] [stdout]   19:     0x571ef0edb854 - std[70759c8f55707aa4]::sys::backtrace::__rust_begin_short_backtrace::<test[9d35eded1c95d3be]::run_test::{closure#1}, ()>
[INFO] [stdout]   20:     0x571ef0ee50f2 - <std[70759c8f55707aa4]::thread::lifecycle::spawn_unchecked<test[9d35eded1c95d3be]::run_test::{closure#1}, ()>::{closure#1} as core[df12db4294e9bfd3]::ops::function::FnOnce<()>>::call_once::{shim:vtable#0}
[INFO] [stdout]   21:     0x571ef13a2269 - <std[70759c8f55707aa4]::sys::thread::unix::Thread>::new::thread_start
[INFO] [stdout]   22:     0x7ab7d2f85dfa - <unknown>
[INFO] [stdout]   23:     0x7ab7d30193d4 - clone
[INFO] [stdout]   24:                0x0 - <unknown>
[INFO] [stdout] 
[INFO] [stdout] ---- create_shift stdout ----
[INFO] [stdout] 
[INFO] [stdout] thread 'create_shift' (3938) panicked at /opt/rustwide/cargo-home/registry/src/index.crates.io-1949cf8c6b5b557f/once_cell-1.19.0/src/lib.rs:1311:25:
[INFO] [stdout] Lazy instance has previously been poisoned
[INFO] [stdout] stack backtrace:
[INFO] [stdout]    0:     0x571ef13a3801 - <<std[70759c8f55707aa4]::sys::backtrace::BacktraceLock>::print::DisplayBacktrace as core[df12db4294e9bfd3]::fmt::Display>::fmt
[INFO] [stdout]    1:     0x571ef13bcdba - core[df12db4294e9bfd3]::fmt::write
[INFO] [stdout]    2:     0x571ef13a8b9c - <alloc[2182bb758b4b3781]::vec::Vec<u8> as core[df12db4294e9bfd3]::io::write::Write>::write_fmt
[INFO] [stdout]    3:     0x571ef137c7e6 - std[70759c8f55707aa4]::panicking::default_hook::{closure#0}
[INFO] [stdout]    4:     0x571ef139a899 - std[70759c8f55707aa4]::panicking::default_hook
[INFO] [stdout]    5:     0x571ef0ee1640 - test[9d35eded1c95d3be]::test_main_inner::<test[9d35eded1c95d3be]::test_main_static::{closure#0}>::{closure#0}
[INFO] [stdout]    6:     0x571ef139abc2 - std[70759c8f55707aa4]::panicking::panic_with_hook
[INFO] [stdout]    7:     0x571ef137c8c4 - std[70759c8f55707aa4]::panicking::panic_handler::{closure#0}
[INFO] [stdout]    8:     0x571ef1374ae9 - std[70759c8f55707aa4]::sys::backtrace::__rust_end_short_backtrace::<std[70759c8f55707aa4]::panicking::panic_handler::{closure#0}, !>
[INFO] [stdout]    9:     0x571ef137d8ad - __rustc[8fa7c3cbc660c2b3]::rust_begin_unwind
[INFO] [stdout]   10:     0x571ef13bd51c - core[df12db4294e9bfd3]::panicking::panic_fmt
[INFO] [stdout]   11:     0x571ef0ed197c - <once_cell[72242d87888cc56f]::imp::OnceCell<std[70759c8f55707aa4]::sync::poison::mutex::Mutex<tracktorial[4a42ce71a43f73eb]::api::FactorialApi>>>::initialize::<<once_cell[72242d87888cc56f]::sync::OnceCell<std[70759c8f55707aa4]::sync::poison::mutex::Mutex<tracktorial[4a42ce71a43f73eb]::api::FactorialApi>>>::get_or_init<<once_cell[72242d87888cc56f]::sync::Lazy<std[70759c8f55707aa4]::sync::poison::mutex::Mutex<tracktorial[4a42ce71a43f73eb]::api::FactorialApi>>>::force::{closure#0}>::{closure#0}, <once_cell[72242d87888cc56f]::sync::OnceCell<_>>::get_or_init::Void>::{closure#0}
[INFO] [stdout]   12:     0x571ef135df0f - once_cell[72242d87888cc56f]::imp::initialize_or_wait
[INFO] [stdout]   13:     0x571ef0ed14cc - <once_cell[72242d87888cc56f]::imp::OnceCell<std[70759c8f55707aa4]::sync::poison::mutex::Mutex<tracktorial[4a42ce71a43f73eb]::api::FactorialApi>>>::initialize::<<once_cell[72242d87888cc56f]::sync::OnceCell<std[70759c8f55707aa4]::sync::poison::mutex::Mutex<tracktorial[4a42ce71a43f73eb]::api::FactorialApi>>>::get_or_init<<once_cell[72242d87888cc56f]::sync::Lazy<std[70759c8f55707aa4]::sync::poison::mutex::Mutex<tracktorial[4a42ce71a43f73eb]::api::FactorialApi>>>::force::{closure#0}>::{closure#0}, <once_cell[72242d87888cc56f]::sync::OnceCell<_>>::get_or_init::Void>
[INFO] [stdout]   14:     0x571ef0ed2e2b - <api_test[1f3b97467cd58661]::create_shift::{closure#0} as core[df12db4294e9bfd3]::ops::function::FnOnce<()>>::call_once
[INFO] [stdout]   15:     0x571ef134d0f2 - serial_test[9dfdbdccc5838c14]::serial_code_lock::local_serial_core
[INFO] [stdout]   16:     0x571ef0ed1fbd - <api_test[1f3b97467cd58661]::create_shift::{closure#0} as core[df12db4294e9bfd3]::ops::function::FnOnce<()>>::call_once
[INFO] [stdout]   17:     0x571ef0ed492b - test[9d35eded1c95d3be]::__rust_begin_short_backtrace::<core[df12db4294e9bfd3]::result::Result<(), alloc[2182bb758b4b3781]::string::String>, fn() -> core[df12db4294e9bfd3]::result::Result<(), alloc[2182bb758b4b3781]::string::String>>
[INFO] [stdout]   18:     0x571ef0ee1f95 - test[9d35eded1c95d3be]::run_test::{closure#0}
[INFO] [stdout]   19:     0x571ef0edb854 - std[70759c8f55707aa4]::sys::backtrace::__rust_begin_short_backtrace::<test[9d35eded1c95d3be]::run_test::{closure#1}, ()>
[INFO] [stdout]   20:     0x571ef0ee50f2 - <std[70759c8f55707aa4]::thread::lifecycle::spawn_unchecked<test[9d35eded1c95d3be]::run_test::{closure#1}, ()>::{closure#1} as core[df12db4294e9bfd3]::ops::function::FnOnce<()>>::call_once::{shim:vtable#0}
[INFO] [stdout]   21:     0x571ef13a2269 - <std[70759c8f55707aa4]::sys::thread::unix::Thread>::new::thread_start
[INFO] [stdout]   22:     0x7ab7d2f85dfa - <unknown>
[INFO] [stdout]   23:     0x7ab7d30193d4 - clone
[INFO] [stdout]   24:                0x0 - <unknown>
[INFO] [stdout] 
[INFO] [stdout] ---- cannot_start_break_if_already_on_break stdout ----
[INFO] [stdout] 
[INFO] [stdout] thread 'cannot_start_break_if_already_on_break' (3933) panicked at /opt/rustwide/cargo-home/registry/src/index.crates.io-1949cf8c6b5b557f/once_cell-1.19.0/src/lib.rs:1311:25:
[INFO] [stdout] Lazy instance has previously been poisoned
[INFO] [stdout] stack backtrace:
[INFO] [stdout]    0:     0x571ef13a3801 - <<std[70759c8f55707aa4]::sys::backtrace::BacktraceLock>::print::DisplayBacktrace as core[df12db4294e9bfd3]::fmt::Display>::fmt
[INFO] [stdout]    1:     0x571ef13bcdba - core[df12db4294e9bfd3]::fmt::write
[INFO] [stdout]    2:     0x571ef13a8b9c - <alloc[2182bb758b4b3781]::vec::Vec<u8> as core[df12db4294e9bfd3]::io::write::Write>::write_fmt
[INFO] [stdout]    3:     0x571ef137c7e6 - std[70759c8f55707aa4]::panicking::default_hook::{closure#0}
[INFO] [stdout]    4:     0x571ef139a899 - std[70759c8f55707aa4]::panicking::default_hook
[INFO] [stdout]    5:     0x571ef0ee1640 - test[9d35eded1c95d3be]::test_main_inner::<test[9d35eded1c95d3be]::test_main_static::{closure#0}>::{closure#0}
[INFO] [stdout]    6:     0x571ef139abc2 - std[70759c8f55707aa4]::panicking::panic_with_hook
[INFO] [stdout]    7:     0x571ef137c8c4 - std[70759c8f55707aa4]::panicking::panic_handler::{closure#0}
[INFO] [stdout]    8:     0x571ef1374ae9 - std[70759c8f55707aa4]::sys::backtrace::__rust_end_short_backtrace::<std[70759c8f55707aa4]::panicking::panic_handler::{closure#0}, !>
[INFO] [stdout]    9:     0x571ef137d8ad - __rustc[8fa7c3cbc660c2b3]::rust_begin_unwind
[INFO] [stdout]   10:     0x571ef13bd51c - core[df12db4294e9bfd3]::panicking::panic_fmt
[INFO] [stdout]   11:     0x571ef0ed197c - <once_cell[72242d87888cc56f]::imp::OnceCell<std[70759c8f55707aa4]::sync::poison::mutex::Mutex<tracktorial[4a42ce71a43f73eb]::api::FactorialApi>>>::initialize::<<once_cell[72242d87888cc56f]::sync::OnceCell<std[70759c8f55707aa4]::sync::poison::mutex::Mutex<tracktorial[4a42ce71a43f73eb]::api::FactorialApi>>>::get_or_init<<once_cell[72242d87888cc56f]::sync::Lazy<std[70759c8f55707aa4]::sync::poison::mutex::Mutex<tracktorial[4a42ce71a43f73eb]::api::FactorialApi>>>::force::{closure#0}>::{closure#0}, <once_cell[72242d87888cc56f]::sync::OnceCell<_>>::get_or_init::Void>::{closure#0}
[INFO] [stdout]   12:     0x571ef135df0f - once_cell[72242d87888cc56f]::imp::initialize_or_wait
[INFO] [stdout]   13:     0x571ef0ed14cc - <once_cell[72242d87888cc56f]::imp::OnceCell<std[70759c8f55707aa4]::sync::poison::mutex::Mutex<tracktorial[4a42ce71a43f73eb]::api::FactorialApi>>>::initialize::<<once_cell[72242d87888cc56f]::sync::OnceCell<std[70759c8f55707aa4]::sync::poison::mutex::Mutex<tracktorial[4a42ce71a43f73eb]::api::FactorialApi>>>::get_or_init<<once_cell[72242d87888cc56f]::sync::Lazy<std[70759c8f55707aa4]::sync::poison::mutex::Mutex<tracktorial[4a42ce71a43f73eb]::api::FactorialApi>>>::force::{closure#0}>::{closure#0}, <once_cell[72242d87888cc56f]::sync::OnceCell<_>>::get_or_init::Void>
[INFO] [stdout]   14:     0x571ef0ed45d2 - <api_test[1f3b97467cd58661]::cannot_start_break_if_already_on_break::{closure#0} as core[df12db4294e9bfd3]::ops::function::FnOnce<()>>::call_once
[INFO] [stdout]   15:     0x571ef134d0f2 - serial_test[9dfdbdccc5838c14]::serial_code_lock::local_serial_core
[INFO] [stdout]   16:     0x571ef0ed274d - <api_test[1f3b97467cd58661]::cannot_start_break_if_already_on_break::{closure#0} as core[df12db4294e9bfd3]::ops::function::FnOnce<()>>::call_once
[INFO] [stdout]   17:     0x571ef0ed492b - test[9d35eded1c95d3be]::__rust_begin_short_backtrace::<core[df12db4294e9bfd3]::result::Result<(), alloc[2182bb758b4b3781]::string::String>, fn() -> core[df12db4294e9bfd3]::result::Result<(), alloc[2182bb758b4b3781]::string::String>>
[INFO] [stdout]   18:     0x571ef0ee1f95 - test[9d35eded1c95d3be]::run_test::{closure#0}
[INFO] [stdout]   19:     0x571ef0edb854 - std[70759c8f55707aa4]::sys::backtrace::__rust_begin_short_backtrace::<test[9d35eded1c95d3be]::run_test::{closure#1}, ()>
[INFO] [stdout]   20:     0x571ef0ee50f2 - <std[70759c8f55707aa4]::thread::lifecycle::spawn_unchecked<test[9d35eded1c95d3be]::run_test::{closure#1}, ()>::{closure#1} as core[df12db4294e9bfd3]::ops::function::FnOnce<()>>::call_once::{shim:vtable#0}
[INFO] [stdout]   21:     0x571ef13a2269 - <std[70759c8f55707aa4]::sys::thread::unix::Thread>::new::thread_start
[INFO] [stdout]   22:     0x7ab7d2f85dfa - <unknown>
[INFO] [stdout]   23:     0x7ab7d30193d4 - clone
[INFO] [stdout]   24:                0x0 - <unknown>
[INFO] [stdout] 
[INFO] [stdout] ---- starting_break stdout ----
[INFO] [stdout] 
[INFO] [stdout] thread 'starting_break' (3943) panicked at /opt/rustwide/cargo-home/registry/src/index.crates.io-1949cf8c6b5b557f/once_cell-1.19.0/src/lib.rs:1311:25:
[INFO] [stdout] Lazy instance has previously been poisoned
[INFO] [stdout] stack backtrace:
[INFO] [stdout]    0:     0x571ef13a3801 - <<std[70759c8f55707aa4]::sys::backtrace::BacktraceLock>::print::DisplayBacktrace as core[df12db4294e9bfd3]::fmt::Display>::fmt
[INFO] [stdout]    1:     0x571ef13bcdba - core[df12db4294e9bfd3]::fmt::write
[INFO] [stdout]    2:     0x571ef13a8b9c - <alloc[2182bb758b4b3781]::vec::Vec<u8> as core[df12db4294e9bfd3]::io::write::Write>::write_fmt
[INFO] [stdout]    3:     0x571ef137c7e6 - std[70759c8f55707aa4]::panicking::default_hook::{closure#0}
[INFO] [stdout]    4:     0x571ef139a899 - std[70759c8f55707aa4]::panicking::default_hook
[INFO] [stdout]    5:     0x571ef0ee1640 - test[9d35eded1c95d3be]::test_main_inner::<test[9d35eded1c95d3be]::test_main_static::{closure#0}>::{closure#0}
[INFO] [stdout]    6:     0x571ef139abc2 - std[70759c8f55707aa4]::panicking::panic_with_hook
[INFO] [stdout]    7:     0x571ef137c8c4 - std[70759c8f55707aa4]::panicking::panic_handler::{closure#0}
[INFO] [stdout]    8:     0x571ef1374ae9 - std[70759c8f55707aa4]::sys::backtrace::__rust_end_short_backtrace::<std[70759c8f55707aa4]::panicking::panic_handler::{closure#0}, !>
[INFO] [stdout]    9:     0x571ef137d8ad - __rustc[8fa7c3cbc660c2b3]::rust_begin_unwind
[INFO] [stdout]   10:     0x571ef13bd51c - core[df12db4294e9bfd3]::panicking::panic_fmt
[INFO] [stdout]   11:     0x571ef0ed197c - <once_cell[72242d87888cc56f]::imp::OnceCell<std[70759c8f55707aa4]::sync::poison::mutex::Mutex<tracktorial[4a42ce71a43f73eb]::api::FactorialApi>>>::initialize::<<once_cell[72242d87888cc56f]::sync::OnceCell<std[70759c8f55707aa4]::sync::poison::mutex::Mutex<tracktorial[4a42ce71a43f73eb]::api::FactorialApi>>>::get_or_init<<once_cell[72242d87888cc56f]::sync::Lazy<std[70759c8f55707aa4]::sync::poison::mutex::Mutex<tracktorial[4a42ce71a43f73eb]::api::FactorialApi>>>::force::{closure#0}>::{closure#0}, <once_cell[72242d87888cc56f]::sync::OnceCell<_>>::get_or_init::Void>::{closure#0}
[INFO] [stdout]   12:     0x571ef135df0f - once_cell[72242d87888cc56f]::imp::initialize_or_wait
[INFO] [stdout]   13:     0x571ef0ed14cc - <once_cell[72242d87888cc56f]::imp::OnceCell<std[70759c8f55707aa4]::sync::poison::mutex::Mutex<tracktorial[4a42ce71a43f73eb]::api::FactorialApi>>>::initialize::<<once_cell[72242d87888cc56f]::sync::OnceCell<std[70759c8f55707aa4]::sync::poison::mutex::Mutex<tracktorial[4a42ce71a43f73eb]::api::FactorialApi>>>::get_or_init<<once_cell[72242d87888cc56f]::sync::Lazy<std[70759c8f55707aa4]::sync::poison::mutex::Mutex<tracktorial[4a42ce71a43f73eb]::api::FactorialApi>>>::force::{closure#0}>::{closure#0}, <once_cell[72242d87888cc56f]::sync::OnceCell<_>>::get_or_init::Void>
[INFO] [stdout]   14:     0x571ef0ed38b9 - <api_test[1f3b97467cd58661]::starting_break::{closure#0} as core[df12db4294e9bfd3]::ops::function::FnOnce<()>>::call_once
[INFO] [stdout]   15:     0x571ef134d0f2 - serial_test[9dfdbdccc5838c14]::serial_code_lock::local_serial_core
[INFO] [stdout]   16:     0x571ef0ed213d - <api_test[1f3b97467cd58661]::starting_break::{closure#0} as core[df12db4294e9bfd3]::ops::function::FnOnce<()>>::call_once
[INFO] [stdout]   17:     0x571ef0ed492b - test[9d35eded1c95d3be]::__rust_begin_short_backtrace::<core[df12db4294e9bfd3]::result::Result<(), alloc[2182bb758b4b3781]::string::String>, fn() -> core[df12db4294e9bfd3]::result::Result<(), alloc[2182bb758b4b3781]::string::String>>
[INFO] [stdout]   18:     0x571ef0ee1f95 - test[9d35eded1c95d3be]::run_test::{closure#0}
[INFO] [stdout]   19:     0x571ef0edb854 - std[70759c8f55707aa4]::sys::backtrace::__rust_begin_short_backtrace::<test[9d35eded1c95d3be]::run_test::{closure#1}, ()>
[INFO] [stdout]   20:     0x571ef0ee50f2 - <std[70759c8f55707aa4]::thread::lifecycle::spawn_unchecked<test[9d35eded1c95d3be]::run_test::{closure#1}, ()>::{closure#1} as core[df12db4294e9bfd3]::ops::function::FnOnce<()>>::call_once::{shim:vtable#0}
[INFO] [stdout]   21:     0x571ef13a2269 - <std[70759c8f55707aa4]::sys::thread::unix::Thread>::new::thread_start
[INFO] [stdout]   22:     0x7ab7d2f85dfa - <unknown>
[INFO] [stdout]   23:     0x7ab7d30193d4 - clone
[INFO] [stdout]   24:                0x0 - <unknown>
[INFO] [stdout] 
[INFO] [stdout] ---- cannot_clock_in_if_already_clocked_in stdout ----
[INFO] [stdout] 
[INFO] [stdout] thread 'cannot_clock_in_if_already_clocked_in' (3931) panicked at /opt/rustwide/cargo-home/registry/src/index.crates.io-1949cf8c6b5b557f/once_cell-1.19.0/src/lib.rs:1311:25:
[INFO] [stdout] Lazy instance has previously been poisoned
[INFO] [stdout] stack backtrace:
[INFO] [stdout]    0:     0x571ef13a3801 - <<std[70759c8f55707aa4]::sys::backtrace::BacktraceLock>::print::DisplayBacktrace as core[df12db4294e9bfd3]::fmt::Display>::fmt
[INFO] [stdout]    1:     0x571ef13bcdba - core[df12db4294e9bfd3]::fmt::write
[INFO] [stdout]    2:     0x571ef13a8b9c - <alloc[2182bb758b4b3781]::vec::Vec<u8> as core[df12db4294e9bfd3]::io::write::Write>::write_fmt
[INFO] [stdout]    3:     0x571ef137c7e6 - std[70759c8f55707aa4]::panicking::default_hook::{closure#0}
[INFO] [stdout]    4:     0x571ef139a899 - std[70759c8f55707aa4]::panicking::default_hook
[INFO] [stdout]    5:     0x571ef0ee1640 - test[9d35eded1c95d3be]::test_main_inner::<test[9d35eded1c95d3be]::test_main_static::{closure#0}>::{closure#0}
[INFO] [stdout]    6:     0x571ef139abc2 - std[70759c8f55707aa4]::panicking::panic_with_hook
[INFO] [stdout]    7:     0x571ef137c8c4 - std[70759c8f55707aa4]::panicking::panic_handler::{closure#0}
[INFO] [stdout]    8:     0x571ef1374ae9 - std[70759c8f55707aa4]::sys::backtrace::__rust_end_short_backtrace::<std[70759c8f55707aa4]::panicking::panic_handler::{closure#0}, !>
[INFO] [stdout]    9:     0x571ef137d8ad - __rustc[8fa7c3cbc660c2b3]::rust_begin_unwind
[INFO] [stdout]   10:     0x571ef13bd51c - core[df12db4294e9bfd3]::panicking::panic_fmt
[INFO] [stdout]   11:     0x571ef0ed197c - <once_cell[72242d87888cc56f]::imp::OnceCell<std[70759c8f55707aa4]::sync::poison::mutex::Mutex<tracktorial[4a42ce71a43f73eb]::api::FactorialApi>>>::initialize::<<once_cell[72242d87888cc56f]::sync::OnceCell<std[70759c8f55707aa4]::sync::poison::mutex::Mutex<tracktorial[4a42ce71a43f73eb]::api::FactorialApi>>>::get_or_init<<once_cell[72242d87888cc56f]::sync::Lazy<std[70759c8f55707aa4]::sync::poison::mutex::Mutex<tracktorial[4a42ce71a43f73eb]::api::FactorialApi>>>::force::{closure#0}>::{closure#0}, <once_cell[72242d87888cc56f]::sync::OnceCell<_>>::get_or_init::Void>::{closure#0}
[INFO] [stdout]   12:     0x571ef135df0f - once_cell[72242d87888cc56f]::imp::initialize_or_wait
[INFO] [stdout]   13:     0x571ef0ed14cc - <once_cell[72242d87888cc56f]::imp::OnceCell<std[70759c8f55707aa4]::sync::poison::mutex::Mutex<tracktorial[4a42ce71a43f73eb]::api::FactorialApi>>>::initialize::<<once_cell[72242d87888cc56f]::sync::OnceCell<std[70759c8f55707aa4]::sync::poison::mutex::Mutex<tracktorial[4a42ce71a43f73eb]::api::FactorialApi>>>::get_or_init<<once_cell[72242d87888cc56f]::sync::Lazy<std[70759c8f55707aa4]::sync::poison::mutex::Mutex<tracktorial[4a42ce71a43f73eb]::api::FactorialApi>>>::force::{closure#0}>::{closure#0}, <once_cell[72242d87888cc56f]::sync::OnceCell<_>>::get_or_init::Void>
[INFO] [stdout]   14:     0x571ef0ed4330 - <api_test[1f3b97467cd58661]::cannot_clock_in_if_already_clocked_in::{closure#0} as core[df12db4294e9bfd3]::ops::function::FnOnce<()>>::call_once
[INFO] [stdout]   15:     0x571ef134d0f2 - serial_test[9dfdbdccc5838c14]::serial_code_lock::local_serial_core
[INFO] [stdout]   16:     0x571ef0ed233d - <api_test[1f3b97467cd58661]::cannot_clock_in_if_already_clocked_in::{closure#0} as core[df12db4294e9bfd3]::ops::function::FnOnce<()>>::call_once
[INFO] [stdout]   17:     0x571ef0ed492b - test[9d35eded1c95d3be]::__rust_begin_short_backtrace::<core[df12db4294e9bfd3]::result::Result<(), alloc[2182bb758b4b3781]::string::String>, fn() -> core[df12db4294e9bfd3]::result::Result<(), alloc[2182bb758b4b3781]::string::String>>
[INFO] [stdout]   18:     0x571ef0ee1f95 - test[9d35eded1c95d3be]::run_test::{closure#0}
[INFO] [stdout]   19:     0x571ef0edb854 - std[70759c8f55707aa4]::sys::backtrace::__rust_begin_short_backtrace::<test[9d35eded1c95d3be]::run_test::{closure#1}, ()>
[INFO] [stdout]   20:     0x571ef0ee50f2 - <std[70759c8f55707aa4]::thread::lifecycle::spawn_unchecked<test[9d35eded1c95d3be]::run_test::{closure#1}, ()>::{closure#1} as core[df12db4294e9bfd3]::ops::function::FnOnce<()>>::call_once::{shim:vtable#0}
[INFO] [stdout]   21:     0x571ef13a2269 - <std[70759c8f55707aa4]::sys::thread::unix::Thread>::new::thread_start
[INFO] [stdout]   22:     0x7ab7d2f85dfa - <unknown>
[INFO] [stdout]   23:     0x7ab7d30193d4 - clone
[INFO] [stdout]   24:                0x0 - <unknown>
[INFO] [stdout] 
[INFO] [stdout] ---- create_break stdout ----
[INFO] [stdout] 
[INFO] [stdout] thread 'create_break' (3937) panicked at /opt/rustwide/cargo-home/registry/src/index.crates.io-1949cf8c6b5b557f/once_cell-1.19.0/src/lib.rs:1311:25:
[INFO] [stdout] Lazy instance has previously been poisoned
[INFO] [stdout] stack backtrace:
[INFO] [stdout]    0:     0x571ef13a3801 - <<std[70759c8f55707aa4]::sys::backtrace::BacktraceLock>::print::DisplayBacktrace as core[df12db4294e9bfd3]::fmt::Display>::fmt
[INFO] [stdout]    1:     0x571ef13bcdba - core[df12db4294e9bfd3]::fmt::write
[INFO] [stdout]    2:     0x571ef13a8b9c - <alloc[2182bb758b4b3781]::vec::Vec<u8> as core[df12db4294e9bfd3]::io::write::Write>::write_fmt
[INFO] [stdout]    3:     0x571ef137c7e6 - std[70759c8f55707aa4]::panicking::default_hook::{closure#0}
[INFO] [stdout]    4:     0x571ef139a899 - std[70759c8f55707aa4]::panicking::default_hook
[INFO] [stdout]    5:     0x571ef0ee1640 - test[9d35eded1c95d3be]::test_main_inner::<test[9d35eded1c95d3be]::test_main_static::{closure#0}>::{closure#0}
[INFO] [stdout]    6:     0x571ef139abc2 - std[70759c8f55707aa4]::panicking::panic_with_hook
[INFO] [stdout]    7:     0x571ef137c8c4 - std[70759c8f55707aa4]::panicking::panic_handler::{closure#0}
[INFO] [stdout]    8:     0x571ef1374ae9 - std[70759c8f55707aa4]::sys::backtrace::__rust_end_short_backtrace::<std[70759c8f55707aa4]::panicking::panic_handler::{closure#0}, !>
[INFO] [stdout]    9:     0x571ef137d8ad - __rustc[8fa7c3cbc660c2b3]::rust_begin_unwind
[INFO] [stdout]   10:     0x571ef13bd51c - core[df12db4294e9bfd3]::panicking::panic_fmt
[INFO] [stdout]   11:     0x571ef0ed197c - <once_cell[72242d87888cc56f]::imp::OnceCell<std[70759c8f55707aa4]::sync::poison::mutex::Mutex<tracktorial[4a42ce71a43f73eb]::api::FactorialApi>>>::initialize::<<once_cell[72242d87888cc56f]::sync::OnceCell<std[70759c8f55707aa4]::sync::poison::mutex::Mutex<tracktorial[4a42ce71a43f73eb]::api::FactorialApi>>>::get_or_init<<once_cell[72242d87888cc56f]::sync::Lazy<std[70759c8f55707aa4]::sync::poison::mutex::Mutex<tracktorial[4a42ce71a43f73eb]::api::FactorialApi>>>::force::{closure#0}>::{closure#0}, <once_cell[72242d87888cc56f]::sync::OnceCell<_>>::get_or_init::Void>::{closure#0}
[INFO] [stdout]   12:     0x571ef135df0f - once_cell[72242d87888cc56f]::imp::initialize_or_wait
[INFO] [stdout]   13:     0x571ef0ed14cc - <once_cell[72242d87888cc56f]::imp::OnceCell<std[70759c8f55707aa4]::sync::poison::mutex::Mutex<tracktorial[4a42ce71a43f73eb]::api::FactorialApi>>>::initialize::<<once_cell[72242d87888cc56f]::sync::OnceCell<std[70759c8f55707aa4]::sync::poison::mutex::Mutex<tracktorial[4a42ce71a43f73eb]::api::FactorialApi>>>::get_or_init<<once_cell[72242d87888cc56f]::sync::Lazy<std[70759c8f55707aa4]::sync::poison::mutex::Mutex<tracktorial[4a42ce71a43f73eb]::api::FactorialApi>>>::force::{closure#0}>::{closure#0}, <once_cell[72242d87888cc56f]::sync::OnceCell<_>>::get_or_init::Void>
[INFO] [stdout]   14:     0x571ef0ed2b5b - <api_test[1f3b97467cd58661]::create_break::{closure#0} as core[df12db4294e9bfd3]::ops::function::FnOnce<()>>::call_once
[INFO] [stdout]   15:     0x571ef134d0f2 - serial_test[9dfdbdccc5838c14]::serial_code_lock::local_serial_core
[INFO] [stdout]   16:     0x571ef0ed1f3d - <api_test[1f3b97467cd58661]::create_break::{closure#0} as core[df12db4294e9bfd3]::ops::function::FnOnce<()>>::call_once
[INFO] [stdout]   17:     0x571ef0ed492b - test[9d35eded1c95d3be]::__rust_begin_short_backtrace::<core[df12db4294e9bfd3]::result::Result<(), alloc[2182bb758b4b3781]::string::String>, fn() -> core[df12db4294e9bfd3]::result::Result<(), alloc[2182bb758b4b3781]::string::String>>
[INFO] [stdout]   18:     0x571ef0ee1f95 - test[9d35eded1c95d3be]::run_test::{closure#0}
[INFO] [stdout]   19:     0x571ef0edb854 - std[70759c8f55707aa4]::sys::backtrace::__rust_begin_short_backtrace::<test[9d35eded1c95d3be]::run_test::{closure#1}, ()>
[INFO] [stdout]   20:     0x571ef0ee50f2 - <std[70759c8f55707aa4]::thread::lifecycle::spawn_unchecked<test[9d35eded1c95d3be]::run_test::{closure#1}, ()>::{closure#1} as core[df12db4294e9bfd3]::ops::function::FnOnce<()>>::call_once::{shim:vtable#0}
[INFO] [stdout]   21:     0x571ef13a2269 - <std[70759c8f55707aa4]::sys::thread::unix::Thread>::new::thread_start
[INFO] [stdout]   22:     0x7ab7d2f85dfa - <unknown>
[INFO] [stdout]   23:     0x7ab7d30193d4 - clone
[INFO] [stdout]   24:                0x0 - <unknown>
[INFO] [stdout] 
[INFO] [stdout] ---- starting_shift stdout ----
[INFO] [stdout] 
[INFO] [stdout] thread 'starting_shift' (3944) panicked at /opt/rustwide/cargo-home/registry/src/index.crates.io-1949cf8c6b5b557f/once_cell-1.19.0/src/lib.rs:1311:25:
[INFO] [stdout] Lazy instance has previously been poisoned
[INFO] [stdout] stack backtrace:
[INFO] [stdout]    0:     0x571ef13a3801 - <<std[70759c8f55707aa4]::sys::backtrace::BacktraceLock>::print::DisplayBacktrace as core[df12db4294e9bfd3]::fmt::Display>::fmt
[INFO] [stdout]    1:     0x571ef13bcdba - core[df12db4294e9bfd3]::fmt::write
[INFO] [stdout]    2:     0x571ef13a8b9c - <alloc[2182bb758b4b3781]::vec::Vec<u8> as core[df12db4294e9bfd3]::io::write::Write>::write_fmt
[INFO] [stdout]    3:     0x571ef137c7e6 - std[70759c8f55707aa4]::panicking::default_hook::{closure#0}
[INFO] [stdout]    4:     0x571ef139a899 - std[70759c8f55707aa4]::panicking::default_hook
[INFO] [stdout]    5:     0x571ef0ee1640 - test[9d35eded1c95d3be]::test_main_inner::<test[9d35eded1c95d3be]::test_main_static::{closure#0}>::{closure#0}
[INFO] [stdout]    6:     0x571ef139abc2 - std[70759c8f55707aa4]::panicking::panic_with_hook
[INFO] [stdout]    7:     0x571ef137c8c4 - std[70759c8f55707aa4]::panicking::panic_handler::{closure#0}
[INFO] [stdout]    8:     0x571ef1374ae9 - std[70759c8f55707aa4]::sys::backtrace::__rust_end_short_backtrace::<std[70759c8f55707aa4]::panicking::panic_handler::{closure#0}, !>
[INFO] [stdout]    9:     0x571ef137d8ad - __rustc[8fa7c3cbc660c2b3]::rust_begin_unwind
[INFO] [stdout]   10:     0x571ef13bd51c - core[df12db4294e9bfd3]::panicking::panic_fmt
[INFO] [stdout]   11:     0x571ef0ed197c - <once_cell[72242d87888cc56f]::imp::OnceCell<std[70759c8f55707aa4]::sync::poison::mutex::Mutex<tracktorial[4a42ce71a43f73eb]::api::FactorialApi>>>::initialize::<<once_cell[72242d87888cc56f]::sync::OnceCell<std[70759c8f55707aa4]::sync::poison::mutex::Mutex<tracktorial[4a42ce71a43f73eb]::api::FactorialApi>>>::get_or_init<<once_cell[72242d87888cc56f]::sync::Lazy<std[70759c8f55707aa4]::sync::poison::mutex::Mutex<tracktorial[4a42ce71a43f73eb]::api::FactorialApi>>>::force::{closure#0}>::{closure#0}, <once_cell[72242d87888cc56f]::sync::OnceCell<_>>::get_or_init::Void>::{closure#0}
[INFO] [stdout]   12:     0x571ef135df0f - once_cell[72242d87888cc56f]::imp::initialize_or_wait
[INFO] [stdout]   13:     0x571ef0ed14cc - <once_cell[72242d87888cc56f]::imp::OnceCell<std[70759c8f55707aa4]::sync::poison::mutex::Mutex<tracktorial[4a42ce71a43f73eb]::api::FactorialApi>>>::initialize::<<once_cell[72242d87888cc56f]::sync::OnceCell<std[70759c8f55707aa4]::sync::poison::mutex::Mutex<tracktorial[4a42ce71a43f73eb]::api::FactorialApi>>>::get_or_init<<once_cell[72242d87888cc56f]::sync::Lazy<std[70759c8f55707aa4]::sync::poison::mutex::Mutex<tracktorial[4a42ce71a43f73eb]::api::FactorialApi>>>::force::{closure#0}>::{closure#0}, <once_cell[72242d87888cc56f]::sync::OnceCell<_>>::get_or_init::Void>
[INFO] [stdout]   14:     0x571ef0ed3c34 - <api_test[1f3b97467cd58661]::starting_shift::{closure#0} as core[df12db4294e9bfd3]::ops::function::FnOnce<()>>::call_once
[INFO] [stdout]   15:     0x571ef134d0f2 - serial_test[9dfdbdccc5838c14]::serial_code_lock::local_serial_core
[INFO] [stdout]   16:     0x571ef0ed21bd - <api_test[1f3b97467cd58661]::starting_shift::{closure#0} as core[df12db4294e9bfd3]::ops::function::FnOnce<()>>::call_once
[INFO] [stdout]   17:     0x571ef0ed492b - test[9d35eded1c95d3be]::__rust_begin_short_backtrace::<core[df12db4294e9bfd3]::result::Result<(), alloc[2182bb758b4b3781]::string::String>, fn() -> core[df12db4294e9bfd3]::result::Result<(), alloc[2182bb758b4b3781]::string::String>>
[INFO] [stdout]   18:     0x571ef0ee1f95 - test[9d35eded1c95d3be]::run_test::{closure#0}
[INFO] [stdout]   19:     0x571ef0edb854 - std[70759c8f55707aa4]::sys::backtrace::__rust_begin_short_backtrace::<test[9d35eded1c95d3be]::run_test::{closure#1}, ()>
[INFO] [stdout]   20:     0x571ef0ee50f2 - <std[70759c8f55707aa4]::thread::lifecycle::spawn_unchecked<test[9d35eded1c95d3be]::run_test::{closure#1}, ()>::{closure#1} as core[df12db4294e9bfd3]::ops::function::FnOnce<()>>::call_once::{shim:vtable#0}
[INFO] [stdout]   21:     0x571ef13a2269 - <std[70759c8f55707aa4]::sys::thread::unix::Thread>::new::thread_start
[INFO] [stdout]   22:     0x7ab7d2f85dfa - <unknown>
[INFO] [stdout]   23:     0x7ab7d30193d4 - clone
[INFO] [stdout]   24:                0x0 - <unknown>
[INFO] [stdout] 
[INFO] [stdout] 
[INFO] [stdout] failures:
[INFO] [stdout]     cannot_clock_in_if_already_clocked_in
[INFO] [stdout]     cannot_end_break_if_not_on_break
[INFO] [stdout]     cannot_start_break_if_already_on_break
[INFO] [stdout]     cannot_start_break_if_not_clocked_in
[INFO] [stdout]     client_authentication_with_valid_cred
[INFO] [stdout]     create_break
[INFO] [stdout]     create_shift
[INFO] [stdout]     ending_break
[INFO] [stdout]     ending_shift
[INFO] [stdout]     starting_break
[INFO] [stdout]     starting_shift
[INFO] [stdout] 
[INFO] [stdout] test result: FAILED. 1 passed; 11 failed; 0 ignored; 0 measured; 0 filtered out; finished in 0.10s
[INFO] [stdout] 
[INFO] running `Command { std: "docker" "inspect" "fd8ca848d4e3aa3c41adc7ac15f7b9bd6cec0ecc1720d1d25131dc4dba1af1cd", kill_on_drop: false }`
[INFO] running `Command { std: "docker" "rm" "-f" "fd8ca848d4e3aa3c41adc7ac15f7b9bd6cec0ecc1720d1d25131dc4dba1af1cd", kill_on_drop: false }`
[INFO] [stdout] fd8ca848d4e3aa3c41adc7ac15f7b9bd6cec0ecc1720d1d25131dc4dba1af1cd
