[INFO] fetching crate trackpresence 1.0.1...
[INFO] testing trackpresence-1.0.1 against 1.100.0-beta.1+cargoflags=--release for beta-release-1.100-2
[INFO] extracting crate trackpresence 1.0.1 into /workspace/builds/worker-2-tc2/source
[INFO] started tweaking crates.io crate trackpresence 1.0.1
[INFO] finished tweaking crates.io crate trackpresence 1.0.1
[INFO] tweaked toml for crates.io crate trackpresence 1.0.1 written to /workspace/builds/worker-2-tc2/source/Cargo.toml
[INFO] validating manifest of crates.io crate trackpresence 1.0.1 on toolchain 1.100.0-beta.1
[INFO] running `Command { std: CARGO_HOME="/workspace/cargo-home" RUSTUP_HOME="/workspace/rustup-home" "/workspace/cargo-home/bin/cargo" "+1.100.0-beta.1" "metadata" "--manifest-path" "Cargo.toml" "--no-deps", kill_on_drop: false }`
[INFO] crate crates.io crate trackpresence 1.0.1 already has a lockfile, it will not be regenerated
[INFO] running `Command { std: CARGO_HOME="/workspace/cargo-home" RUSTUP_HOME="/workspace/rustup-home" "/workspace/cargo-home/bin/cargo" "+1.100.0-beta.1" "fetch" "--manifest-path" "Cargo.toml", kill_on_drop: false }`
[INFO] running `Command { std: "docker" "create" "-v" "/var/lib/crater-agent-workspace/builds/worker-2-tc2/source:/opt/rustwide/workdir:ro,Z" "-v" "/var/lib/crater-agent-workspace/builds/worker-2-tc2/target:/opt/rustwide/target:rw,Z" "-v" "/var/lib/crater-agent-workspace/cargo-home:/opt/rustwide/cargo-home:ro,Z" "-v" "/var/lib/crater-agent-workspace/rustup-home:/opt/rustwide/rustup-home:ro,Z" "-m" "1610612736" "--network" "none" "ghcr.io/rust-lang/crates-build-env/linux@sha256:77db811e55d90add9212f6832c23229e3de5f1c1f9905e8cb07319ea15df73ac" "sleep" "infinity", kill_on_drop: false }`
[INFO] [stdout] 86bf0ffcfbbc26efc4a984faea8c6b165126f12f5c829486e649ae62dc54a51e
[INFO] running `Command { std: "docker" "start" "86bf0ffcfbbc26efc4a984faea8c6b165126f12f5c829486e649ae62dc54a51e", kill_on_drop: false }`
[INFO] running `Command { std: "docker" "inspect" "86bf0ffcfbbc26efc4a984faea8c6b165126f12f5c829486e649ae62dc54a51e", kill_on_drop: false }`
[INFO] running `Command { std: "docker" "exec" "-e" "SOURCE_DIR=/opt/rustwide/workdir" "-e" "CARGO_HOME=/opt/rustwide/cargo-home" "-e" "RUSTUP_HOME=/opt/rustwide/rustup-home" "-e" "CARGO_TARGET_DIR=/opt/rustwide/target" "-w" "/opt/rustwide/workdir" "--user" "0:0" "86bf0ffcfbbc26efc4a984faea8c6b165126f12f5c829486e649ae62dc54a51e" "/opt/rustwide/cargo-home/bin/cargo" "+1.100.0-beta.1" "metadata" "--no-deps" "--format-version=1", kill_on_drop: false }`
[INFO] running `Command { std: "docker" "inspect" "86bf0ffcfbbc26efc4a984faea8c6b165126f12f5c829486e649ae62dc54a51e", kill_on_drop: false }`
[INFO] running `Command { std: "docker" "exec" "-e" "SOURCE_DIR=/opt/rustwide/workdir" "-e" "CARGO_HOME=/opt/rustwide/cargo-home" "-e" "RUSTUP_HOME=/opt/rustwide/rustup-home" "-e" "CARGO_TARGET_DIR=/opt/rustwide/target" "-e" "CARGO_INCREMENTAL=0" "-e" "RUST_BACKTRACE=full" "-e" "RUSTFLAGS=--cap-lints=warn" "-e" "RUSTDOCFLAGS=--cap-lints=warn" "-w" "/opt/rustwide/workdir" "--user" "0:0" "86bf0ffcfbbc26efc4a984faea8c6b165126f12f5c829486e649ae62dc54a51e" "/opt/rustwide/cargo-home/bin/cargo" "+1.100.0-beta.1" "build" "--frozen" "--message-format=json" "--release", kill_on_drop: false }`
[INFO] [stderr]    Compiling proc-macro2 v1.0.106
[INFO] [stderr]    Compiling unicode-ident v1.0.22
[INFO] [stderr]    Compiling libc v0.2.179
[INFO] [stderr]    Compiling quote v1.0.45
[INFO] [stderr]    Compiling find-msvc-tools v0.1.8
[INFO] [stderr]    Compiling shlex v1.3.0
[INFO] [stderr]    Compiling stable_deref_trait v1.2.1
[INFO] [stderr]    Compiling bytes v1.11.0
[INFO] [stderr]    Compiling pin-project-lite v0.2.16
[INFO] [stderr]    Compiling futures-core v0.3.31
[INFO] [stderr]    Compiling fs_extra v1.3.0
[INFO] [stderr]    Compiling dunce v1.0.5
[INFO] [stderr]    Compiling itoa v1.0.17
[INFO] [stderr]    Compiling futures-sink v0.3.31
[INFO] [stderr]    Compiling once_cell v1.21.3
[INFO] [stderr]    Compiling zeroize v1.8.2
[INFO] [stderr]    Compiling aws-lc-rs v1.15.3
[INFO] [stderr]    Compiling smallvec v1.15.1
[INFO] [stderr]    Compiling slab v0.4.11
[INFO] [stderr]    Compiling litemap v0.8.1
[INFO] [stderr]    Compiling writeable v0.6.2
[INFO] [stderr]    Compiling memchr v2.7.6
[INFO] [stderr]    Compiling rustls-pki-types v1.14.0
[INFO] [stderr]    Compiling pin-utils v0.1.0
[INFO] [stderr]    Compiling icu_normalizer_data v2.1.1
[INFO] [stderr]    Compiling icu_properties_data v2.1.2
[INFO] [stderr]    Compiling untrusted v0.9.0
[INFO] [stderr]    Compiling futures-task v0.3.31
[INFO] [stderr]    Compiling httparse v1.10.1
[INFO] [stderr]    Compiling tracing-core v0.1.36
[INFO] [stderr]    Compiling equivalent v1.0.2
[INFO] [stderr]    Compiling futures-io v0.3.31
[INFO] [stderr]    Compiling hashbrown v0.16.1
[INFO] [stderr]    Compiling rustls v0.23.36
[INFO] [stderr]    Compiling fnv v1.0.7
[INFO] [stderr]    Compiling atomic-waker v1.1.2
[INFO] [stderr]    Compiling tower-service v0.3.3
[INFO] [stderr]    Compiling subtle v2.6.1
[INFO] [stderr]    Compiling serde_core v1.0.228
[INFO] [stderr]    Compiling cfg-if v1.0.4
[INFO] [stderr]    Compiling try-lock v0.2.5
[INFO] [stderr]    Compiling percent-encoding v2.3.2
[INFO] [stderr]    Compiling futures-channel v0.3.31
[INFO] [stderr]    Compiling zmij v1.0.10
[INFO] [stderr]    Compiling want v0.3.1
[INFO] [stderr]    Compiling utf8parse v0.2.2
[INFO] [stderr]    Compiling anstyle-parse v1.0.0
[INFO] [stderr]    Compiling sync_wrapper v1.0.2
[INFO] [stderr]    Compiling anstyle v1.0.13
[INFO] [stderr]    Compiling colorchoice v1.0.4
[INFO] [stderr]    Compiling serde v1.0.228
[INFO] [stderr]    Compiling openssl-probe v0.2.0
[INFO] [stderr]    Compiling utf8_iter v1.0.4
[INFO] [stderr]    Compiling http v1.4.0
[INFO] [stderr]    Compiling ipnet v2.11.0
[INFO] [stderr]    Compiling log v0.4.29
[INFO] [stderr]    Compiling base64 v0.22.1
[INFO] [stderr]    Compiling anstyle-query v1.1.5
[INFO] [stderr]    Compiling tower-layer v0.3.3
[INFO] [stderr]    Compiling serde_json v1.0.148
[INFO] [stderr]    Compiling futures-util v0.3.31
[INFO] [stderr]    Compiling thiserror v2.0.20
[INFO] [stderr]    Compiling is_terminal_polyfill v1.70.2
[INFO] [stderr]    Compiling anstream v1.0.0
[INFO] [stderr]    Compiling rustls-native-certs v0.8.3
[INFO] [stderr]    Compiling form_urlencoded v1.2.2
[INFO] [stderr]    Compiling strsim v0.11.1
[INFO] [stderr]    Compiling tracing v0.1.44
[INFO] [stderr]    Compiling heck v0.5.0
[INFO] [stderr]    Compiling bitflags v2.10.0
[INFO] [stderr]    Compiling iri-string v0.7.10
[INFO] [stderr]    Compiling clap_lex v1.1.0
[INFO] [stderr]    Compiling encoding_rs v0.8.35
[INFO] [stderr]    Compiling clap_builder v4.6.0
[INFO] [stderr]    Compiling mime v0.3.17
[INFO] [stderr]    Compiling http-body v1.0.1
[INFO] [stderr]    Compiling http-body-util v0.1.3
[INFO] [stderr]    Compiling indexmap v2.13.0
[INFO] [stderr]    Compiling syn v2.0.117
[INFO] [stderr]    Compiling syn v3.0.5
[INFO] [stderr]    Compiling jobserver v0.1.34
[INFO] [stderr]    Compiling mio v1.1.1
[INFO] [stderr]    Compiling socket2 v0.6.1
[INFO] [stderr]    Compiling getrandom v0.2.16
[INFO] [stderr]    Compiling cc v1.2.53
[INFO] [stderr]    Compiling uuid v0.8.2
[INFO] [stderr]    Compiling tokio v1.49.0
[INFO] [stderr]    Compiling cmake v0.1.57
[INFO] [stderr]    Compiling aws-lc-sys v0.36.0
[INFO] [stderr]    Compiling thiserror-impl v2.0.20
[INFO] [stderr]    Compiling synstructure v0.13.2
[INFO] [stderr]    Compiling tokio-util v0.7.18
[INFO] [stderr]    Compiling tower v0.5.3
[INFO] [stderr]    Compiling tower-http v0.6.8
[INFO] [stderr]    Compiling zerofrom-derive v0.1.6
[INFO] [stderr]    Compiling yoke-derive v0.8.1
[INFO] [stderr]    Compiling zerovec-derive v0.11.2
[INFO] [stderr]    Compiling displaydoc v0.2.5
[INFO] [stderr]    Compiling clap_derive v4.6.1
[INFO] [stderr]    Compiling serde_repr v0.1.20
[INFO] [stderr]    Compiling serde_derive v1.0.228
[INFO] [stderr]    Compiling h2 v0.4.13
[INFO] [stderr]    Compiling zerofrom v0.1.6
[INFO] [stderr]    Compiling yoke v0.8.1
[INFO] [stderr]    Compiling zerovec v0.11.5
[INFO] [stderr]    Compiling zerotrie v0.2.3
[INFO] [stderr]    Compiling clap v4.6.1
[INFO] [stderr]    Compiling tinystr v0.8.2
[INFO] [stderr]    Compiling potential_utf v0.1.4
[INFO] [stderr]    Compiling icu_locale_core v2.1.1
[INFO] [stderr]    Compiling icu_collections v2.1.1
[INFO] [stderr]    Compiling discord-rich-presence v1.1.0
[INFO] [stderr]    Compiling icu_provider v2.1.1
[INFO] [stderr]    Compiling icu_properties v2.1.2
[INFO] [stderr]    Compiling icu_normalizer v2.1.1
[INFO] [stderr]    Compiling idna_adapter v1.2.1
[INFO] [stderr]    Compiling idna v1.1.0
[INFO] [stderr]    Compiling url v2.5.8
[INFO] [stderr]    Compiling hyper v1.8.1
[INFO] [stderr]    Compiling hyper-util v0.1.19
[INFO] [stderr]    Compiling rustls-webpki v0.103.9
[INFO] [stderr]    Compiling tokio-rustls v0.26.4
[INFO] [stderr]    Compiling rustls-platform-verifier v0.6.2
[INFO] [stderr]    Compiling hyper-rustls v0.27.7
[INFO] [stderr]    Compiling reqwest v0.13.2
[INFO] [stderr]    Compiling trackpresence v1.0.1 (/opt/rustwide/workdir)
[INFO] [stderr]     Finished `release` profile [optimized] target(s) in 1m 18s
[INFO] running `Command { std: "docker" "inspect" "86bf0ffcfbbc26efc4a984faea8c6b165126f12f5c829486e649ae62dc54a51e", kill_on_drop: false }`
[INFO] running `Command { std: "docker" "exec" "-e" "SOURCE_DIR=/opt/rustwide/workdir" "-e" "CARGO_HOME=/opt/rustwide/cargo-home" "-e" "RUSTUP_HOME=/opt/rustwide/rustup-home" "-e" "CARGO_TARGET_DIR=/opt/rustwide/target" "-e" "CARGO_INCREMENTAL=0" "-e" "RUST_BACKTRACE=full" "-e" "RUSTFLAGS=--cap-lints=warn" "-e" "RUSTDOCFLAGS=--cap-lints=warn" "-w" "/opt/rustwide/workdir" "--user" "0:0" "86bf0ffcfbbc26efc4a984faea8c6b165126f12f5c829486e649ae62dc54a51e" "/opt/rustwide/cargo-home/bin/cargo" "+1.100.0-beta.1" "test" "--frozen" "--no-run" "--message-format=json" "--release", kill_on_drop: false }`
[INFO] [stderr]    Compiling libc v0.2.179
[INFO] [stderr]    Compiling stable_deref_trait v1.2.1
[INFO] [stderr]    Compiling bytes v1.11.0
[INFO] [stderr]    Compiling pin-project-lite v0.2.16
[INFO] [stderr]    Compiling futures-core v0.3.31
[INFO] [stderr]    Compiling itoa v1.0.17
[INFO] [stderr]    Compiling once_cell v1.21.3
[INFO] [stderr]    Compiling zerofrom v0.1.6
[INFO] [stderr]    Compiling futures-sink v0.3.31
[INFO] [stderr]    Compiling zeroize v1.8.2
[INFO] [stderr]    Compiling memchr v2.7.6
[INFO] [stderr]    Compiling smallvec v1.15.1
[INFO] [stderr]    Compiling litemap v0.8.1
[INFO] [stderr]    Compiling slab v0.4.11
[INFO] [stderr]    Compiling writeable v0.6.2
[INFO] [stderr]    Compiling aws-lc-sys v0.36.0
[INFO] [stderr]    Compiling pin-utils v0.1.0
[INFO] [stderr]    Compiling tracing-core v0.1.36
[INFO] [stderr]    Compiling hashbrown v0.16.1
[INFO] [stderr]    Compiling untrusted v0.9.0
[INFO] [stderr]    Compiling futures-task v0.3.31
[INFO] [stderr]    Compiling yoke v0.8.1
[INFO] [stderr]    Compiling equivalent v1.0.2
[INFO] [stderr]    Compiling futures-io v0.3.31
[INFO] [stderr]    Compiling icu_normalizer_data v2.1.1
[INFO] [stderr]    Compiling icu_properties_data v2.1.2
[INFO] [stderr]    Compiling rustls-pki-types v1.14.0
[INFO] [stderr]    Compiling cfg-if v1.0.4
[INFO] [stderr]    Compiling try-lock v0.2.5
[INFO] [stderr]    Compiling percent-encoding v2.3.2
[INFO] [stderr]    Compiling subtle v2.6.1
[INFO] [stderr]    Compiling fnv v1.0.7
[INFO] [stderr]    Compiling atomic-waker v1.1.2
[INFO] [stderr]    Compiling tower-service v0.3.3
[INFO] [stderr]    Compiling want v0.3.1
[INFO] [stderr]    Compiling httparse v1.10.1
[INFO] [stderr]    Compiling zerovec v0.11.5
[INFO] [stderr]    Compiling zerotrie v0.2.3
[INFO] [stderr]    Compiling futures-channel v0.3.31
[INFO] [stderr]    Compiling utf8parse v0.2.2
[INFO] [stderr]    Compiling serde_core v1.0.228
[INFO] [stderr]    Compiling anstyle-parse v1.0.0
[INFO] [stderr]    Compiling sync_wrapper v1.0.2
[INFO] [stderr]    Compiling futures-util v0.3.31
[INFO] [stderr]    Compiling anstyle v1.0.13
[INFO] [stderr]    Compiling colorchoice v1.0.4
[INFO] [stderr]    Compiling utf8_iter v1.0.4
[INFO] [stderr]    Compiling tracing v0.1.44
[INFO] [stderr]    Compiling aws-lc-rs v1.15.3
[INFO] [stderr]    Compiling is_terminal_polyfill v1.70.2
[INFO] [stderr]    Compiling log v0.4.29
[INFO] [stderr]    Compiling anstyle-query v1.1.5
[INFO] [stderr]    Compiling openssl-probe v0.2.0
[INFO] [stderr]    Compiling ipnet v2.11.0
[INFO] [stderr]    Compiling tower-layer v0.3.3
[INFO] [stderr]    Compiling base64 v0.22.1
[INFO] [stderr]    Compiling rustls-native-certs v0.8.3
[INFO] [stderr]    Compiling anstream v1.0.0
[INFO] [stderr]    Compiling form_urlencoded v1.2.2
[INFO] [stderr]    Compiling http v1.4.0
[INFO] [stderr]    Compiling indexmap v2.13.0
[INFO] [stderr]    Compiling zmij v1.0.10
[INFO] [stderr]    Compiling clap_lex v1.1.0
[INFO] [stderr]    Compiling strsim v0.11.1
[INFO] [stderr]    Compiling bitflags v2.10.0
[INFO] [stderr]    Compiling iri-string v0.7.10
[INFO] [stderr]    Compiling thiserror v2.0.20
[INFO] [stderr]    Compiling encoding_rs v0.8.35
[INFO] [stderr]    Compiling clap_builder v4.6.0
[INFO] [stderr]    Compiling mime v0.3.17
[INFO] [stderr]    Compiling tinystr v0.8.2
[INFO] [stderr]    Compiling mio v1.1.1
[INFO] [stderr]    Compiling socket2 v0.6.1
[INFO] [stderr]    Compiling potential_utf v0.1.4
[INFO] [stderr]    Compiling icu_locale_core v2.1.1
[INFO] [stderr]    Compiling icu_collections v2.1.1
[INFO] [stderr]    Compiling getrandom v0.2.16
[INFO] [stderr]    Compiling uuid v0.8.2
[INFO] [stderr]    Compiling http-body v1.0.1
[INFO] [stderr]    Compiling http-body-util v0.1.3
[INFO] [stderr]    Compiling tokio v1.49.0
[INFO] [stderr]    Compiling rustls-webpki v0.103.9
[INFO] [stderr]    Compiling icu_provider v2.1.1
[INFO] [stderr]    Compiling rustls v0.23.36
[INFO] [stderr]    Compiling icu_properties v2.1.2
[INFO] [stderr]    Compiling icu_normalizer v2.1.1
[INFO] [stderr]    Compiling serde_json v1.0.148
[INFO] [stderr]    Compiling serde v1.0.228
[INFO] [stderr]    Compiling clap v4.6.1
[INFO] [stderr]    Compiling idna_adapter v1.2.1
[INFO] [stderr]    Compiling idna v1.1.0
[INFO] [stderr]    Compiling url v2.5.8
[INFO] [stderr]    Compiling discord-rich-presence v1.1.0
[INFO] [stderr]    Compiling tokio-util v0.7.18
[INFO] [stderr]    Compiling tower v0.5.3
[INFO] [stderr]    Compiling tokio-rustls v0.26.4
[INFO] [stderr]    Compiling rustls-platform-verifier v0.6.2
[INFO] [stderr]    Compiling tower-http v0.6.8
[INFO] [stderr]    Compiling h2 v0.4.13
[INFO] [stderr]    Compiling hyper v1.8.1
[INFO] [stderr]    Compiling hyper-util v0.1.19
[INFO] [stderr]    Compiling hyper-rustls v0.27.7
[INFO] [stderr]    Compiling reqwest v0.13.2
[INFO] [stderr]    Compiling trackpresence v1.0.1 (/opt/rustwide/workdir)
[INFO] [stderr]     Finished `release` profile [optimized] target(s) in 1m 05s
[INFO] running `Command { std: "docker" "inspect" "86bf0ffcfbbc26efc4a984faea8c6b165126f12f5c829486e649ae62dc54a51e", kill_on_drop: false }`
[INFO] running `Command { std: "docker" "exec" "-e" "SOURCE_DIR=/opt/rustwide/workdir" "-e" "CARGO_HOME=/opt/rustwide/cargo-home" "-e" "RUSTUP_HOME=/opt/rustwide/rustup-home" "-e" "CARGO_TARGET_DIR=/opt/rustwide/target" "-e" "CARGO_INCREMENTAL=0" "-e" "RUST_BACKTRACE=full" "-e" "RUSTFLAGS=--cap-lints=warn" "-e" "RUSTDOCFLAGS=--cap-lints=warn" "-w" "/opt/rustwide/workdir" "--user" "0:0" "86bf0ffcfbbc26efc4a984faea8c6b165126f12f5c829486e649ae62dc54a51e" "/opt/rustwide/cargo-home/bin/cargo" "+1.100.0-beta.1" "test" "--frozen" "--release", kill_on_drop: false }`
[INFO] [stderr]     Finished `release` profile [optimized] target(s) in 0.28s
[INFO] [stderr]      Running unittests src/lib.rs (/opt/rustwide/target/release/build/trackpresence/bae1697328e082cc/out/trackpresence-bae1697328e082cc)
[INFO] [stdout] 
[INFO] [stdout] running 15 tests
[INFO] [stdout] test config::tests::excluded_by_title ... ok
[INFO] [stdout] test config::tests::player_image_known_player ... ok
[INFO] [stdout] test config::tests::player_image_unknown_player_falls_back ... ok
[INFO] [stdout] test track::tests::release_hash_without_album ... ok
[INFO] [stdout] test track::tests::release_hash_without_artist ... ok
[INFO] [stdout] test config::tests::excluded_by_url ... ok
[INFO] [stdout] test track::tests::release_hash_with_album ... ok
[INFO] [stdout] test config::tests::missing_optional_fields_do_not_exclude ... ok
[INFO] [stdout] test config::tests::excluded_by_artist ... ok
[INFO] [stdout] test config::tests::excluded_by_player ... ok
[INFO] [stdout] test album_art::music_brainz::tests::fail_to_find_release_id ... FAILED
[INFO] [stdout] test album_art::music_brainz::tests::fail_to_get_album_art ... FAILED
[INFO] [stdout] test album_art::music_brainz::tests::get_album_art_for_album ... FAILED
[INFO] [stdout] test album_art::music_brainz::tests::get_album_art_for_single ... FAILED
[INFO] [stderr] error: test failed, to rerun pass `--lib`
[INFO] [stdout] test album_art::music_brainz::tests::find_existing_release_id ... FAILED
[INFO] [stdout] 
[INFO] [stdout] failures:
[INFO] [stdout] 
[INFO] [stdout] ---- album_art::music_brainz::tests::fail_to_find_release_id stdout ----
[INFO] [stdout] 
[INFO] [stdout] thread 'album_art::music_brainz::tests::fail_to_find_release_id' (3593) panicked at src/album_art/music_brainz.rs:121:9:
[INFO] [stdout] assertion `left == right` failed
[INFO] [stdout]   left: Err(Network { url: "https://musicbrainz.org/ws/2/release-group/?query=artist:fjidosajj AND release:ofdjsaifojfjoda&limit=1", source: reqwest::Error { kind: Request, url: "https://musicbrainz.org/ws/2/release-group/?query=artist:fjidosajj%20AND%20release:ofdjsaifojfjoda&limit=1", source: hyper_util::client::legacy::Error(Connect, ConnectError("dns error", Custom { kind: Uncategorized, error: "failed to lookup address information: Temporary failure in name resolution" })) } })
[INFO] [stdout]  right: Ok(None)
[INFO] [stdout] stack backtrace:
[INFO] [stdout]    0:     0x639909e35fe7 - <unknown>
[INFO] [stdout]    1:     0x639909d44c24 - <unknown>
[INFO] [stdout]    2:     0x639909e355ab - <unknown>
[INFO] [stdout]    3:     0x639909e351a9 - <unknown>
[INFO] [stdout]    4:     0x639909e34e2a - <unknown>
[INFO] [stdout]    5:     0x639909e3495b - <unknown>
[INFO] [stdout]    6:     0x639909e5a7e1 - <unknown>
[INFO] [stdout]    7:     0x639909e5a799 - <unknown>
[INFO] [stdout]    8:     0x639909e5ac8c - <unknown>
[INFO] [stdout]    9:     0x639909d44abb - <unknown>
[INFO] [stdout]   10:     0x639909d449d9 - <unknown>
[INFO] [stdout]   11:     0x639909d35ae7 - <unknown>
[INFO] [stdout]   12:     0x639909d3df61 - <unknown>
[INFO] [stdout]   13:     0x639909e7223b - <unknown>
[INFO] [stdout]   14:     0x639909e6dee2 - <unknown>
[INFO] [stdout]   15:     0x639909e6d98c - <unknown>
[INFO] [stdout]   16:     0x639909e8ba7c - <unknown>
[INFO] [stdout]   17:     0x639909e5c5e8 - <unknown>
[INFO] [stdout]   18:     0x77af93a0adfa - <unknown>
[INFO] [stdout]   19:     0x77af93a9e3d4 - clone
[INFO] [stdout]   20:                0x0 - <unknown>
[INFO] [stdout] 
[INFO] [stdout] ---- album_art::music_brainz::tests::fail_to_get_album_art stdout ----
[INFO] [stdout] 
[INFO] [stdout] thread 'album_art::music_brainz::tests::fail_to_get_album_art' (3594) panicked at src/album_art/music_brainz.rs:155:9:
[INFO] [stdout] assertion `left == right` failed
[INFO] [stdout]   left: Err(Network { url: "https://coverartarchive.org/release-group/SomeID/front-250", source: reqwest::Error { kind: Request, url: "https://coverartarchive.org/release-group/SomeID/front-250", source: hyper_util::client::legacy::Error(Connect, ConnectError("dns error", Custom { kind: Uncategorized, error: "failed to lookup address information: Temporary failure in name resolution" })) } })
[INFO] [stdout]  right: Ok(None)
[INFO] [stdout] stack backtrace:
[INFO] [stdout]    0:     0x639909e35fe7 - <unknown>
[INFO] [stdout]    1:     0x639909d44c24 - <unknown>
[INFO] [stdout]    2:     0x639909e355ab - <unknown>
[INFO] [stdout]    3:     0x639909e351a9 - <unknown>
[INFO] [stdout]    4:     0x639909e34e2a - <unknown>
[INFO] [stdout]    5:     0x639909e3495b - <unknown>
[INFO] [stdout]    6:     0x639909e5a7e1 - <unknown>
[INFO] [stdout]    7:     0x639909e5a799 - <unknown>
[INFO] [stdout]    8:     0x639909e5ac8c - <unknown>
[INFO] [stdout]    9:     0x639909d44abb - <unknown>
[INFO] [stdout]   10:     0x639909d449d9 - <unknown>
[INFO] [stdout]   11:     0x639909d35ae7 - <unknown>
[INFO] [stdout]   12:     0x639909d3deb1 - <unknown>
[INFO] [stdout]   13:     0x639909e7223b - <unknown>
[INFO] [stdout]   14:     0x639909e6dee2 - <unknown>
[INFO] [stdout]   15:     0x639909e6d98c - <unknown>
[INFO] [stdout]   16:     0x639909e8ba7c - <unknown>
[INFO] [stdout]   17:     0x639909e5c5e8 - <unknown>
[INFO] [stdout]   18:     0x77af93a0adfa - <unknown>
[INFO] [stdout]   19:     0x77af93a9e3d4 - clone
[INFO] [stdout]   20:                0x0 - <unknown>
[INFO] [stdout] 
[INFO] [stdout] ---- album_art::music_brainz::tests::get_album_art_for_album stdout ----
[INFO] [stdout] 
[INFO] [stdout] thread 'album_art::music_brainz::tests::get_album_art_for_album' (3596) panicked at src/album_art/music_brainz.rs:131:9:
[INFO] [stdout] assertion `left == right` failed
[INFO] [stdout]   left: Err(Network { url: "https://coverartarchive.org/release-group/7f4856cd-f078-4c0d-aef7-48474d8fa890/front-250", source: reqwest::Error { kind: Request, url: "https://coverartarchive.org/release-group/7f4856cd-f078-4c0d-aef7-48474d8fa890/front-250", source: hyper_util::client::legacy::Error(Connect, ConnectError("dns error", Custom { kind: Uncategorized, error: "failed to lookup address information: Temporary failure in name resolution" })) } })
[INFO] [stdout]  right: Ok(Some("https://coverartarchive.org/release-group/7f4856cd-f078-4c0d-aef7-48474d8fa890/front-250"))
[INFO] [stdout] stack backtrace:
[INFO] [stdout]    0:     0x639909e35fe7 - <unknown>
[INFO] [stdout]    1:     0x639909d44c24 - <unknown>
[INFO] [stdout]    2:     0x639909e355ab - <unknown>
[INFO] [stdout]    3:     0x639909e351a9 - <unknown>
[INFO] [stdout]    4:     0x639909e34e2a - <unknown>
[INFO] [stdout]    5:     0x639909e3495b - <unknown>
[INFO] [stdout]    6:     0x639909e5a7e1 - <unknown>
[INFO] [stdout]    7:     0x639909e5a799 - <unknown>
[INFO] [stdout]    8:     0x639909e5ac8c - <unknown>
[INFO] [stdout]    9:     0x639909d44abb - <unknown>
[INFO] [stdout]   10:     0x639909d449d9 - <unknown>
[INFO] [stdout]   11:     0x639909d35ae7 - <unknown>
[INFO] [stdout]   12:     0x639909d3e065 - <unknown>
[INFO] [stdout]   13:     0x639909e7223b - <unknown>
[INFO] [stdout]   14:     0x639909e6dee2 - <unknown>
[INFO] [stdout]   15:     0x639909e6d98c - <unknown>
[INFO] [stdout]   16:     0x639909e8ba7c - <unknown>
[INFO] [stdout]   17:     0x639909e5c5e8 - <unknown>
[INFO] [stdout]   18:     0x77af93a0adfa - <unknown>
[INFO] [stdout]   19:     0x77af93a9e3d4 - clone
[INFO] [stdout]   20:                0x0 - <unknown>
[INFO] [stdout] 
[INFO] [stdout] ---- album_art::music_brainz::tests::get_album_art_for_single stdout ----
[INFO] [stdout] 
[INFO] [stdout] thread 'album_art::music_brainz::tests::get_album_art_for_single' (3597) panicked at src/album_art/music_brainz.rs:143:9:
[INFO] [stdout] assertion `left == right` failed
[INFO] [stdout]   left: Err(Network { url: "https://coverartarchive.org/release-group/7510af18-6d4a-444d-8a52-2a438f0191a8/front-250", source: reqwest::Error { kind: Request, url: "https://coverartarchive.org/release-group/7510af18-6d4a-444d-8a52-2a438f0191a8/front-250", source: hyper_util::client::legacy::Error(Connect, ConnectError("dns error", Custom { kind: Uncategorized, error: "failed to lookup address information: Temporary failure in name resolution" })) } })
[INFO] [stdout]  right: Ok(Some("https://coverartarchive.org/release-group/7510af18-6d4a-444d-8a52-2a438f0191a8/front-250"))
[INFO] [stdout] stack backtrace:
[INFO] [stdout]    0:     0x639909e35fe7 - <unknown>
[INFO] [stdout]    1:     0x639909d44c24 - <unknown>
[INFO] [stdout]    2:     0x639909e355ab - <unknown>
[INFO] [stdout]    3:     0x639909e351a9 - <unknown>
[INFO] [stdout]    4:     0x639909e34e2a - <unknown>
[INFO] [stdout]    5:     0x639909e3495b - <unknown>
[INFO] [stdout]    6:     0x639909e5a7e1 - <unknown>
[INFO] [stdout]    7:     0x639909e5a799 - <unknown>
[INFO] [stdout]    8:     0x639909e5ac8c - <unknown>
[INFO] [stdout]    9:     0x639909d44abb - <unknown>
[INFO] [stdout]   10:     0x639909d449d9 - <unknown>
[INFO] [stdout]   11:     0x639909d35ae7 - <unknown>
[INFO] [stdout]   12:     0x639909d3e279 - <unknown>
[INFO] [stdout]   13:     0x639909e7223b - <unknown>
[INFO] [stdout]   14:     0x639909e6dee2 - <unknown>
[INFO] [stdout]   15:     0x639909e6d98c - <unknown>
[INFO] [stdout]   16:     0x639909e8ba7c - <unknown>
[INFO] [stdout]   17:     0x639909e5c5e8 - <unknown>
[INFO] [stdout]   18:     0x77af93a0adfa - <unknown>
[INFO] [stdout]   19:     0x77af93a9e3d4 - clone
[INFO] [stdout]   20:                0x0 - <unknown>
[INFO] [stdout] 
[INFO] [stdout] ---- album_art::music_brainz::tests::find_existing_release_id stdout ----
[INFO] [stdout] 
[INFO] [stdout] thread 'album_art::music_brainz::tests::find_existing_release_id' (3595) panicked at src/album_art/music_brainz.rs:112:9:
[INFO] [stdout] assertion `left == right` failed
[INFO] [stdout]   left: Err(Network { url: "https://musicbrainz.org/ws/2/release-group/?query=artist:C418 AND release:Minecraft Volume Alpha&limit=1", source: reqwest::Error { kind: Request, url: "https://musicbrainz.org/ws/2/release-group/?query=artist:C418%20AND%20release:Minecraft%20Volume%20Alpha&limit=1", source: hyper_util::client::legacy::Error(Connect, ConnectError("dns error", Custom { kind: Uncategorized, error: "failed to lookup address information: Temporary failure in name resolution" })) } })
[INFO] [stdout]  right: Ok(Some("7f4856cd-f078-4c0d-aef7-48474d8fa890"))
[INFO] [stdout] stack backtrace:
[INFO] [stdout]    0:     0x639909e35fe7 - <unknown>
[INFO] [stdout]    1:     0x639909d44c24 - <unknown>
[INFO] [stdout]    2:     0x639909e355ab - <unknown>
[INFO] [stdout]    3:     0x639909e351a9 - <unknown>
[INFO] [stdout]    4:     0x639909e34e2a - <unknown>
[INFO] [stdout]    5:     0x639909e3495b - <unknown>
[INFO] [stdout]    6:     0x639909e5a7e1 - <unknown>
[INFO] [stdout]    7:     0x639909e5a799 - <unknown>
[INFO] [stdout]    8:     0x639909e5ac8c - <unknown>
[INFO] [stdout]    9:     0x639909d44abb - <unknown>
[INFO] [stdout]   10:     0x639909d449d9 - <unknown>
[INFO] [stdout]   11:     0x639909d35ae7 - <unknown>
[INFO] [stdout]   12:     0x639909d3e166 - <unknown>
[INFO] [stdout]   13:     0x639909e7223b - <unknown>
[INFO] [stdout]   14:     0x639909e6dee2 - <unknown>
[INFO] [stdout]   15:     0x639909e6d98c - <unknown>
[INFO] [stdout]   16:     0x639909e8ba7c - <unknown>
[INFO] [stdout]   17:     0x639909e5c5e8 - <unknown>
[INFO] [stdout]   18:     0x77af93a0adfa - <unknown>
[INFO] [stdout]   19:     0x77af93a9e3d4 - clone
[INFO] [stdout]   20:                0x0 - <unknown>
[INFO] [stdout] 
[INFO] [stdout] 
[INFO] [stdout] failures:
[INFO] [stdout]     album_art::music_brainz::tests::fail_to_find_release_id
[INFO] [stdout]     album_art::music_brainz::tests::fail_to_get_album_art
[INFO] [stdout]     album_art::music_brainz::tests::find_existing_release_id
[INFO] [stdout]     album_art::music_brainz::tests::get_album_art_for_album
[INFO] [stdout]     album_art::music_brainz::tests::get_album_art_for_single
[INFO] [stdout] 
[INFO] [stdout] test result: FAILED. 10 passed; 5 failed; 0 ignored; 0 measured; 0 filtered out; finished in 0.12s
[INFO] [stdout] 
[INFO] running `Command { std: "docker" "inspect" "86bf0ffcfbbc26efc4a984faea8c6b165126f12f5c829486e649ae62dc54a51e", kill_on_drop: false }`
[INFO] running `Command { std: "docker" "rm" "-f" "86bf0ffcfbbc26efc4a984faea8c6b165126f12f5c829486e649ae62dc54a51e", kill_on_drop: false }`
[INFO] [stdout] 86bf0ffcfbbc26efc4a984faea8c6b165126f12f5c829486e649ae62dc54a51e
