[INFO] fetching crate tracked-anyhow 0.1.0+anyhow.1.0.104...
[INFO] testing tracked-anyhow-0.1.0+anyhow.1.0.104 against 1.99.0-beta.8+cargoflags=--release for beta-release-1.100-2
[INFO] extracting crate tracked-anyhow 0.1.0+anyhow.1.0.104 into /workspace/builds/worker-2-tc1/source
[INFO] removed /workspace/builds/worker-2-tc1/source/rust-toolchain.toml
[INFO] started tweaking crates.io crate tracked-anyhow 0.1.0+anyhow.1.0.104
[INFO] removed 0 missing tests
[INFO] finished tweaking crates.io crate tracked-anyhow 0.1.0+anyhow.1.0.104
[INFO] tweaked toml for crates.io crate tracked-anyhow 0.1.0+anyhow.1.0.104 written to /workspace/builds/worker-2-tc1/source/Cargo.toml
[INFO] validating manifest of crates.io crate tracked-anyhow 0.1.0+anyhow.1.0.104 on toolchain 1.99.0-beta.8
[INFO] running `Command { std: CARGO_HOME="/workspace/cargo-home" RUSTUP_HOME="/workspace/rustup-home" "/workspace/cargo-home/bin/cargo" "+1.99.0-beta.8" "metadata" "--manifest-path" "Cargo.toml" "--no-deps", kill_on_drop: false }`
[INFO] crate crates.io crate tracked-anyhow 0.1.0+anyhow.1.0.104 already has a lockfile, it will not be regenerated
[INFO] running `Command { std: CARGO_HOME="/workspace/cargo-home" RUSTUP_HOME="/workspace/rustup-home" "/workspace/cargo-home/bin/cargo" "+1.99.0-beta.8" "fetch" "--manifest-path" "Cargo.toml", kill_on_drop: false }`
[INFO] [stderr]  Downloading crates ...
[INFO] [stderr]   Downloaded dissimilar v1.0.10
[INFO] [stderr]   Downloaded trybuild v1.0.116
[INFO] [stderr]   Downloaded toml v1.1.5+spec-1.1.0
[INFO] running `Command { std: "docker" "create" "-v" "/var/lib/crater-agent-workspace/builds/worker-2-tc1/source:/opt/rustwide/workdir:ro,Z" "-v" "/var/lib/crater-agent-workspace/builds/worker-2-tc1/target:/opt/rustwide/target:rw,Z" "-v" "/var/lib/crater-agent-workspace/cargo-home:/opt/rustwide/cargo-home:ro,Z" "-v" "/var/lib/crater-agent-workspace/rustup-home:/opt/rustwide/rustup-home:ro,Z" "-m" "1610612736" "--network" "none" "ghcr.io/rust-lang/crates-build-env/linux@sha256:77db811e55d90add9212f6832c23229e3de5f1c1f9905e8cb07319ea15df73ac" "sleep" "infinity", kill_on_drop: false }`
[INFO] [stdout] 83dac8f4a0ea9d0ae6b6e8f44f130f4fee87cd0467c49747cd27731f9dac2026
[INFO] running `Command { std: "docker" "start" "83dac8f4a0ea9d0ae6b6e8f44f130f4fee87cd0467c49747cd27731f9dac2026", kill_on_drop: false }`
[INFO] running `Command { std: "docker" "inspect" "83dac8f4a0ea9d0ae6b6e8f44f130f4fee87cd0467c49747cd27731f9dac2026", kill_on_drop: false }`
[INFO] running `Command { std: "docker" "exec" "-e" "SOURCE_DIR=/opt/rustwide/workdir" "-e" "CARGO_HOME=/opt/rustwide/cargo-home" "-e" "RUSTUP_HOME=/opt/rustwide/rustup-home" "-e" "CARGO_TARGET_DIR=/opt/rustwide/target" "-w" "/opt/rustwide/workdir" "--user" "0:0" "83dac8f4a0ea9d0ae6b6e8f44f130f4fee87cd0467c49747cd27731f9dac2026" "/opt/rustwide/cargo-home/bin/cargo" "+1.99.0-beta.8" "metadata" "--no-deps" "--format-version=1", kill_on_drop: false }`
[INFO] running `Command { std: "docker" "inspect" "83dac8f4a0ea9d0ae6b6e8f44f130f4fee87cd0467c49747cd27731f9dac2026", kill_on_drop: false }`
[INFO] running `Command { std: "docker" "exec" "-e" "SOURCE_DIR=/opt/rustwide/workdir" "-e" "CARGO_HOME=/opt/rustwide/cargo-home" "-e" "RUSTUP_HOME=/opt/rustwide/rustup-home" "-e" "CARGO_TARGET_DIR=/opt/rustwide/target" "-e" "CARGO_INCREMENTAL=0" "-e" "RUST_BACKTRACE=full" "-e" "RUSTFLAGS=--cap-lints=warn" "-e" "RUSTDOCFLAGS=--cap-lints=warn" "-w" "/opt/rustwide/workdir" "--user" "0:0" "83dac8f4a0ea9d0ae6b6e8f44f130f4fee87cd0467c49747cd27731f9dac2026" "/opt/rustwide/cargo-home/bin/cargo" "+1.99.0-beta.8" "build" "--frozen" "--message-format=json" "--release", kill_on_drop: false }`
[INFO] [stderr]    Compiling tracked-anyhow v0.1.0+anyhow.1.0.104 (/opt/rustwide/workdir)
[INFO] [stderr]     Finished `release` profile [optimized] target(s) in 0.99s
[INFO] running `Command { std: "docker" "inspect" "83dac8f4a0ea9d0ae6b6e8f44f130f4fee87cd0467c49747cd27731f9dac2026", kill_on_drop: false }`
[INFO] running `Command { std: "docker" "exec" "-e" "SOURCE_DIR=/opt/rustwide/workdir" "-e" "CARGO_HOME=/opt/rustwide/cargo-home" "-e" "RUSTUP_HOME=/opt/rustwide/rustup-home" "-e" "CARGO_TARGET_DIR=/opt/rustwide/target" "-e" "CARGO_INCREMENTAL=0" "-e" "RUST_BACKTRACE=full" "-e" "RUSTFLAGS=--cap-lints=warn" "-e" "RUSTDOCFLAGS=--cap-lints=warn" "-w" "/opt/rustwide/workdir" "--user" "0:0" "83dac8f4a0ea9d0ae6b6e8f44f130f4fee87cd0467c49747cd27731f9dac2026" "/opt/rustwide/cargo-home/bin/cargo" "+1.99.0-beta.8" "test" "--frozen" "--no-run" "--message-format=json" "--release", kill_on_drop: false }`
[INFO] [stderr]    Compiling proc-macro2 v1.0.107
[INFO] [stderr]    Compiling target-triple v1.0.0
[INFO] [stderr]    Compiling unicode-ident v1.0.24
[INFO] [stderr]    Compiling quote v1.0.47
[INFO] [stderr]    Compiling serde v1.0.229
[INFO] [stderr]    Compiling futures-sink v0.3.34
[INFO] [stderr]    Compiling futures-core v0.3.34
[INFO] [stderr]    Compiling toml_datetime v1.1.1+spec-1.1.0
[INFO] [stderr]    Compiling serde_spanned v1.1.1
[INFO] [stderr]    Compiling futures-task v0.3.34
[INFO] [stderr]    Compiling toml_writer v1.1.2+spec-1.1.0
[INFO] [stderr]    Compiling serde_json v1.0.151
[INFO] [stderr]    Compiling glob v0.3.4
[INFO] [stderr]    Compiling dissimilar v1.0.10
[INFO] [stderr]    Compiling futures-io v0.3.34
[INFO] [stderr]    Compiling futures-util v0.3.34
[INFO] [stderr]    Compiling futures-channel v0.3.34
[INFO] [stderr]    Compiling toml v1.1.5+spec-1.1.0
[INFO] [stderr]    Compiling syn v3.0.5
[INFO] [stderr]    Compiling serde_derive v1.0.229
[INFO] [stderr]    Compiling thiserror-impl v2.0.20
[INFO] [stderr]    Compiling futures v0.3.34
[INFO] [stderr]    Compiling thiserror v2.0.20
[INFO] [stderr]    Compiling trybuild v1.0.116
[INFO] [stderr]    Compiling tracked-anyhow v0.1.0+anyhow.1.0.104 (/opt/rustwide/workdir)
[INFO] [stderr]     Finished `release` profile [optimized] target(s) in 28.38s
[INFO] running `Command { std: "docker" "inspect" "83dac8f4a0ea9d0ae6b6e8f44f130f4fee87cd0467c49747cd27731f9dac2026", kill_on_drop: false }`
[INFO] running `Command { std: "docker" "exec" "-e" "SOURCE_DIR=/opt/rustwide/workdir" "-e" "CARGO_HOME=/opt/rustwide/cargo-home" "-e" "RUSTUP_HOME=/opt/rustwide/rustup-home" "-e" "CARGO_TARGET_DIR=/opt/rustwide/target" "-e" "CARGO_INCREMENTAL=0" "-e" "RUST_BACKTRACE=full" "-e" "RUSTFLAGS=--cap-lints=warn" "-e" "RUSTDOCFLAGS=--cap-lints=warn" "-w" "/opt/rustwide/workdir" "--user" "0:0" "83dac8f4a0ea9d0ae6b6e8f44f130f4fee87cd0467c49747cd27731f9dac2026" "/opt/rustwide/cargo-home/bin/cargo" "+1.99.0-beta.8" "test" "--frozen" "--release", kill_on_drop: false }`
[INFO] [stderr]     Finished `release` profile [optimized] target(s) in 0.07s
[INFO] [stderr]      Running unittests src/lib.rs (/opt/rustwide/target/release/deps/anyhow-a97b8b7fcebca730)
[INFO] [stdout] 
[INFO] [stdout] running 3 tests
[INFO] [stdout] test fmt::tests::no_digits ... ok
[INFO] [stdout] test fmt::tests::two_digits ... ok
[INFO] [stdout] test fmt::tests::one_digit ... ok
[INFO] [stderr]      Running tests/compiletest.rs (/opt/rustwide/target/release/deps/compiletest-1e9b1ec36f032e0f)
[INFO] [stdout] 
[INFO] [stdout] test result: ok. 3 passed; 0 failed; 0 ignored; 0 measured; 0 filtered out; finished in 0.00s
[INFO] [stdout] 
[INFO] [stdout] 
[INFO] [stdout] running 1 test
[INFO] [stdout] test ui ... ignored, requires nightly
[INFO] [stdout] 
[INFO] [stdout] test result: ok. 0 passed; 0 failed; 1 ignored; 0 measured; 0 filtered out; finished in 0.00s
[INFO] [stdout] 
[INFO] [stderr]      Running tests/test_autotrait.rs (/opt/rustwide/target/release/deps/test_autotrait-ab72fe77cbb295e0)
[INFO] [stdout] 
[INFO] [stdout] running 5 tests
[INFO] [stdout] test test_sync ... ok
[INFO] [stdout] test test_ref_unwind_safe ... ok
[INFO] [stdout] test test_unpin ... ok
[INFO] [stdout] test test_send ... ok
[INFO] [stdout] test test_unwind_safe ... ok
[INFO] [stderr]      Running tests/test_backtrace.rs (/opt/rustwide/target/release/deps/test_backtrace-b1ce35f985820b57)
[INFO] [stdout] 
[INFO] [stderr]      Running tests/test_boxed.rs (/opt/rustwide/target/release/deps/test_boxed-39c7581c6fabcce6)
[INFO] [stdout] test result: ok. 5 passed; 0 failed; 0 ignored; 0 measured; 0 filtered out; finished in 0.00s
[INFO] [stdout] 
[INFO] [stdout] 
[INFO] [stdout] running 1 test
[INFO] [stdout] test test_backtrace ... ignored, requires nightly
[INFO] [stdout] 
[INFO] [stdout] test result: ok. 0 passed; 0 failed; 1 ignored; 0 measured; 0 filtered out; finished in 0.00s
[INFO] [stdout] 
[INFO] [stdout] 
[INFO] [stdout] running 3 tests
[INFO] [stdout] test test_boxed_thiserror ... ok
[INFO] [stdout] test test_boxed_str ... ok
[INFO] [stdout] test test_boxed_anyhow ... ok
[INFO] [stdout] 
[INFO] [stdout] test result: ok. 3 passed; 0 failed; 0 ignored; 0 measured; 0 filtered out; finished in 0.00s
[INFO] [stdout] 
[INFO] [stderr]      Running tests/test_chain.rs (/opt/rustwide/target/release/deps/test_chain-f2cd6a9903bccc45)
[INFO] [stdout] 
[INFO] [stdout] running 5 tests
[INFO] [stdout] test test_clone ... ok
[INFO] [stdout] test test_len ... ok
[INFO] [stdout] test test_iter ... ok
[INFO] [stdout] test test_default ... ok
[INFO] [stderr]      Running tests/test_context.rs (/opt/rustwide/target/release/deps/test_context-d1529f8a51beb376)
[INFO] [stdout] test test_rev ... ok
[INFO] [stdout] 
[INFO] [stdout] test result: ok. 5 passed; 0 failed; 0 ignored; 0 measured; 0 filtered out; finished in 0.01s
[INFO] [stdout] 
[INFO] [stdout] 
[INFO] [stdout] running 8 tests
[INFO] [stdout] test test_downcast_ref ... ok
[INFO] [stdout] test test_root_cause ... ok
[INFO] [stdout] test test_inference ... ok
[INFO] [stdout] test test_downcast_high ... ok
[INFO] [stdout] test test_downcast_low ... ok
[INFO] [stdout] test test_unsuccessful_downcast ... ok
[INFO] [stdout] test test_downcast_mid ... ok
[INFO] [stdout] test test_downcast_mut ... ok
[INFO] [stderr]      Running tests/test_convert.rs (/opt/rustwide/target/release/deps/test_convert-9462394f55588744)
[INFO] [stdout] 
[INFO] [stdout] test result: ok. 8 passed; 0 failed; 0 ignored; 0 measured; 0 filtered out; finished in 0.01s
[INFO] [stdout] 
[INFO] [stdout] 
[INFO] [stdout] running 4 tests
[INFO] [stdout] test test_convert_send ... ok
[INFO] [stdout] test test_question_mark ... ok
[INFO] [stdout] test test_convert_send_sync ... ok
[INFO] [stdout] test test_convert ... ok
[INFO] [stdout] 
[INFO] [stdout] test result: ok. 4 passed; 0 failed; 0 ignored; 0 measured; 0 filtered out; finished in 0.00s
[INFO] [stdout] 
[INFO] [stderr]      Running tests/test_downcast.rs (/opt/rustwide/target/release/deps/test_downcast-bdf9582ba9666238)
[INFO] [stdout] 
[INFO] [stdout] running 7 tests
[INFO] [stdout] test test_downcast ... ok
[INFO] [stdout] test test_large_alignment ... ok
[INFO] [stdout] test test_unsuccessful_downcast ... ok
[INFO] [stdout] test test_as_ref ... ok
[INFO] [stdout] test test_downcast_ref ... ok
[INFO] [stdout] test test_downcast_mut ... ok
[INFO] [stdout] test test_drop ... ok
[INFO] [stdout] 
[INFO] [stdout] test result: ok. 7 passed; 0 failed; 0 ignored; 0 measured; 0 filtered out; finished in 0.00s
[INFO] [stdout] 
[INFO] [stderr]      Running tests/test_ensure.rs (/opt/rustwide/target/release/deps/test_ensure-f0607459a3e3af33)
[INFO] [stdout] 
[INFO] [stdout] running 18 tests
[INFO] [stdout] test test_atom ... ok
[INFO] [stdout] test test_as ... ok
[INFO] [stdout] test test_low_precedence_binary_operator ... ok
[INFO] [stdout] test test_match ... ok
[INFO] [stdout] test test_loop ... ok
[INFO] [stdout] test test_too_long ... ok
[INFO] [stdout] test test_path ... ok
[INFO] [stdout] test test_raw_addr ... ok
[INFO] [stdout] test test_recursion ... ok
[INFO] [stdout] test test_pat ... ok
[INFO] [stdout] test test_low_precedence_control_flow ... ok
[INFO] [stdout] test test_macro ... ok
[INFO] [stdout] test test_closure ... ok
[INFO] [stdout] test test_if ... ok
[INFO] [stdout] test test_unary ... ok
[INFO] [stdout] test test_high_precedence_binary_operator ... ok
[INFO] [stdout] test test_trailer ... ok
[INFO] [stdout] test test_whitespace ... ok
[INFO] [stdout] 
[INFO] [stdout] test result: ok. 18 passed; 0 failed; 0 ignored; 0 measured; 0 filtered out; finished in 0.01s
[INFO] [stdout] 
[INFO] [stdout] 
[INFO] [stderr]      Running tests/test_ffi.rs (/opt/rustwide/target/release/deps/test_ffi-7e274392177b098f)
[INFO] [stdout] running 0 tests
[INFO] [stderr]      Running tests/test_fmt.rs (/opt/rustwide/target/release/deps/test_fmt-2db764b42913cc5b)
[INFO] [stdout] 
[INFO] [stdout] test result: ok. 0 passed; 0 failed; 0 ignored; 0 measured; 0 filtered out; finished in 0.00s
[INFO] [stdout] 
[INFO] [stdout] 
[INFO] [stdout] running 4 tests
[INFO] [stdout] test test_altdebug ... ok
[INFO] [stdout] test test_debug ... FAILED
[INFO] [stdout] test test_altdisplay ... ok
[INFO] [stdout] test test_display ... ok
[INFO] [stdout] 
[INFO] [stdout] failures:
[INFO] [stdout] 
[INFO] [stdout] ---- test_debug stdout ----
[INFO] [stdout] 
[INFO] [stdout] thread 'test_debug' (1282) panicked at tests/test_fmt.rs:83:5:
[INFO] [stdout] assertion `left == right` failed
[INFO] [stdout]   left: "oh no! [tests/test_fmt.rs:5]"
[INFO] [stdout]  right: "oh no! [tests/test_fmt.rs:5]\n\nStack backtrace:\n   0: <anyhow::Error as core::convert::From<core::io::error::Error>>::from\n   1: test_fmt::test_debug\n   2: <test_fmt::test_debug::{closure#0} as core::ops::function::FnOnce<()>>::call_once\n   3: test::__rust_begin_short_backtrace::<core::result::Result<(), alloc::string::String>, fn() -> core::result::Result<(), alloc::string::String>>\n   4: test::run_test::{closure#0}\n   5: std::sys::backtrace::__rust_begin_short_backtrace::<test::run_test::{closure#1}, ()>\n   6: <std::thread::lifecycle::spawn_unchecked<test::run_test::{closure#1}, ()>::{closure#1} as core::ops::function::FnOnce<()>>::call_once::{shim:vtable#0}\n   7: <std::sys::thread::unix::Thread>::new::thread_start\n   8: <unknown>\n   9: clone"
[INFO] [stdout] stack backtrace:
[INFO] [stdout]    0:     0x56b590ca3671 - <<std[70759c8f55707aa4]::sys::backtrace::BacktraceLock>::print::DisplayBacktrace as core[df12db4294e9bfd3]::fmt::Display>::fmt
[INFO] [stdout]    1:     0x56b590cb7e3a - core[df12db4294e9bfd3]::fmt::write
[INFO] [stdout]    2:     0x56b590ca800c - <alloc[2182bb758b4b3781]::vec::Vec<u8> as core[df12db4294e9bfd3]::io::write::Write>::write_fmt
[INFO] [stdout]    3:     0x56b590c7f6e6 - std[70759c8f55707aa4]::panicking::default_hook::{closure#0}
[INFO] [stdout]    4:     0x56b590c9bdb9 - std[70759c8f55707aa4]::panicking::default_hook
[INFO] [stdout]    5:     0x56b590c35d60 - test[9d35eded1c95d3be]::test_main_inner::<test[9d35eded1c95d3be]::test_main_static::{closure#0}>::{closure#0}
[INFO] [stdout]    6:     0x56b590c9bf72 - std[70759c8f55707aa4]::panicking::panic_with_hook
[INFO] [stdout]    7:     0x56b590c7f792 - std[70759c8f55707aa4]::panicking::panic_handler::{closure#0}
[INFO] [stdout]    8:     0x56b590c77f89 - std[70759c8f55707aa4]::sys::backtrace::__rust_end_short_backtrace::<std[70759c8f55707aa4]::panicking::panic_handler::{closure#0}, !>
[INFO] [stdout]    9:     0x56b590c8049d - __rustc[8fa7c3cbc660c2b3]::rust_begin_unwind
[INFO] [stdout]   10:     0x56b590cb856c - core[df12db4294e9bfd3]::panicking::panic_fmt
[INFO] [stdout]   11:     0x56b590cb8483 - core[df12db4294e9bfd3]::panicking::assert_failed_inner
[INFO] [stdout]   12:     0x56b590c27efb - core[df12db4294e9bfd3]::panicking::assert_failed::<&str, alloc[2182bb758b4b3781]::string::String>
[INFO] [stdout]   13:     0x56b590c2828a - test_fmt[73ecc76e116ba9a9]::test_debug
[INFO] [stdout]   14:     0x56b590c28f49 - <test_fmt[73ecc76e116ba9a9]::test_debug::{closure#0} as core[df12db4294e9bfd3]::ops::function::FnOnce<()>>::call_once
[INFO] [stdout]   15:     0x56b590c2904b - test[9d35eded1c95d3be]::__rust_begin_short_backtrace::<core[df12db4294e9bfd3]::result::Result<(), alloc[2182bb758b4b3781]::string::String>, fn() -> core[df12db4294e9bfd3]::result::Result<(), alloc[2182bb758b4b3781]::string::String>>
[INFO] [stdout]   16:     0x56b590c366b5 - test[9d35eded1c95d3be]::run_test::{closure#0}
[INFO] [stdout]   17:     0x56b590c2ff74 - std[70759c8f55707aa4]::sys::backtrace::__rust_begin_short_backtrace::<test[9d35eded1c95d3be]::run_test::{closure#1}, ()>
[INFO] [stdout]   18:     0x56b590c39812 - <std[70759c8f55707aa4]::thread::lifecycle::spawn_unchecked<test[9d35eded1c95d3be]::run_test::{closure#1}, ()>::{closure#1} as core[df12db4294e9bfd3]::ops::function::FnOnce<()>>::call_once::{shim:vtable#0}
[INFO] [stdout]   19:     0x56b590ca2f49 - <std[70759c8f55707aa4]::sys::thread::unix::Thread>::new::thread_start
[INFO] [stdout]   20:     0x7bd4f335adfa - <unknown>
[INFO] [stdout]   21:     0x7bd4f33ee3d4 - clone
[INFO] [stdout]   22:                0x0 - <unknown>
[INFO] [stdout] 
[INFO] [stdout] 
[INFO] [stdout] failures:
[INFO] [stdout]     test_debug
[INFO] [stdout] 
[INFO] [stdout] test result: FAILED. 3 passed; 1 failed; 0 ignored; 0 measured; 0 filtered out; finished in 0.00s
[INFO] [stdout] 
[INFO] [stderr] error: test failed, to rerun pass `--test test_fmt`
[INFO] running `Command { std: "docker" "inspect" "83dac8f4a0ea9d0ae6b6e8f44f130f4fee87cd0467c49747cd27731f9dac2026", kill_on_drop: false }`
[INFO] running `Command { std: "docker" "rm" "-f" "83dac8f4a0ea9d0ae6b6e8f44f130f4fee87cd0467c49747cd27731f9dac2026", kill_on_drop: false }`
[INFO] [stdout] 83dac8f4a0ea9d0ae6b6e8f44f130f4fee87cd0467c49747cd27731f9dac2026
