[INFO] fetching crate track2line_lib 0.10.0...
[INFO] testing track2line_lib-0.10.0 against 1.99.0-beta.8+cargoflags=--release for beta-release-1.100-2
[INFO] extracting crate track2line_lib 0.10.0 into /workspace/builds/worker-0-tc1/source
[INFO] started tweaking crates.io crate track2line_lib 0.10.0
[INFO] finished tweaking crates.io crate track2line_lib 0.10.0
[INFO] tweaked toml for crates.io crate track2line_lib 0.10.0 written to /workspace/builds/worker-0-tc1/source/Cargo.toml
[INFO] validating manifest of crates.io crate track2line_lib 0.10.0 on toolchain 1.99.0-beta.8
[INFO] running `Command { std: CARGO_HOME="/workspace/cargo-home" RUSTUP_HOME="/workspace/rustup-home" "/workspace/cargo-home/bin/cargo" "+1.99.0-beta.8" "metadata" "--manifest-path" "Cargo.toml" "--no-deps", kill_on_drop: false }`
[INFO] crate crates.io crate track2line_lib 0.10.0 already has a lockfile, it will not be regenerated
[INFO] running `Command { std: CARGO_HOME="/workspace/cargo-home" RUSTUP_HOME="/workspace/rustup-home" "/workspace/cargo-home/bin/cargo" "+1.99.0-beta.8" "fetch" "--manifest-path" "Cargo.toml", kill_on_drop: false }`
[INFO] [stderr]     Updating crates.io index
[INFO] [stderr]  Downloading crates ...
[INFO] [stderr]   Downloaded prettyplease v0.2.30
[INFO] [stderr]   Downloaded glob v0.3.2
[INFO] [stderr]   Downloaded ogg v0.8.0
[INFO] [stderr]   Downloaded libloading v0.8.6
[INFO] [stderr]   Downloaded oboe v0.6.1
[INFO] [stderr]   Downloaded num_enum_derive v0.7.3
[INFO] [stderr]   Downloaded coreaudio-sys v0.2.16
[INFO] [stderr]   Downloaded lewton v0.10.2
[INFO] [stderr]   Downloaded claxon v0.4.3
[INFO] [stderr]   Downloaded indexmap v2.8.0
[INFO] [stderr]   Downloaded cpal v0.15.3
[INFO] [stderr]   Downloaded rodio v0.20.1
[INFO] [stderr]   Downloaded oboe-sys v0.6.1
[INFO] [stderr]   Downloaded winnow v0.7.4
[INFO] [stderr]   Downloaded whisper-rs-sys v0.12.1
[INFO] [stderr]   Downloaded tokio v1.44.0
[INFO] [stderr]   Downloaded bytemuck v1.22.0
[INFO] [stderr]   Downloaded num_enum v0.7.3
[INFO] [stderr]   Downloaded coreaudio-rs v0.11.3
[INFO] [stderr]   Downloaded whisper-rs v0.14.2
[INFO] [stderr]   Downloaded ndk v0.8.0
[INFO] running `Command { std: "docker" "create" "-v" "/var/lib/crater-agent-workspace/builds/worker-0-tc1/source:/opt/rustwide/workdir:ro,Z" "-v" "/var/lib/crater-agent-workspace/builds/worker-0-tc1/target:/opt/rustwide/target:rw,Z" "-v" "/var/lib/crater-agent-workspace/cargo-home:/opt/rustwide/cargo-home:ro,Z" "-v" "/var/lib/crater-agent-workspace/rustup-home:/opt/rustwide/rustup-home:ro,Z" "-m" "1610612736" "--network" "none" "ghcr.io/rust-lang/crates-build-env/linux@sha256:77db811e55d90add9212f6832c23229e3de5f1c1f9905e8cb07319ea15df73ac" "sleep" "infinity", kill_on_drop: false }`
[INFO] [stdout] b467a54b24ea6d253abedf2351d087042e2661b7169f2d7e59b19cdcde8a8f3d
[INFO] running `Command { std: "docker" "start" "b467a54b24ea6d253abedf2351d087042e2661b7169f2d7e59b19cdcde8a8f3d", kill_on_drop: false }`
[INFO] running `Command { std: "docker" "inspect" "b467a54b24ea6d253abedf2351d087042e2661b7169f2d7e59b19cdcde8a8f3d", kill_on_drop: false }`
[INFO] running `Command { std: "docker" "exec" "-e" "SOURCE_DIR=/opt/rustwide/workdir" "-e" "CARGO_HOME=/opt/rustwide/cargo-home" "-e" "RUSTUP_HOME=/opt/rustwide/rustup-home" "-e" "CARGO_TARGET_DIR=/opt/rustwide/target" "-w" "/opt/rustwide/workdir" "--user" "0:0" "b467a54b24ea6d253abedf2351d087042e2661b7169f2d7e59b19cdcde8a8f3d" "/opt/rustwide/cargo-home/bin/cargo" "+1.99.0-beta.8" "metadata" "--no-deps" "--format-version=1", kill_on_drop: false }`
[INFO] running `Command { std: "docker" "inspect" "b467a54b24ea6d253abedf2351d087042e2661b7169f2d7e59b19cdcde8a8f3d", kill_on_drop: false }`
[INFO] running `Command { std: "docker" "exec" "-e" "SOURCE_DIR=/opt/rustwide/workdir" "-e" "CARGO_HOME=/opt/rustwide/cargo-home" "-e" "RUSTUP_HOME=/opt/rustwide/rustup-home" "-e" "CARGO_TARGET_DIR=/opt/rustwide/target" "-e" "CARGO_INCREMENTAL=0" "-e" "RUST_BACKTRACE=full" "-e" "RUSTFLAGS=--cap-lints=warn" "-e" "RUSTDOCFLAGS=--cap-lints=warn" "-w" "/opt/rustwide/workdir" "--user" "0:0" "b467a54b24ea6d253abedf2351d087042e2661b7169f2d7e59b19cdcde8a8f3d" "/opt/rustwide/cargo-home/bin/cargo" "+1.99.0-beta.8" "build" "--frozen" "--message-format=json" "--release", kill_on_drop: false }`
[INFO] [stderr]    Compiling proc-macro2 v1.0.94
[INFO] [stderr]    Compiling hashbrown v0.15.2
[INFO] [stderr]    Compiling winnow v0.7.4
[INFO] [stderr]    Compiling quote v1.0.40
[INFO] [stderr]    Compiling syn v2.0.100
[INFO] [stderr]    Compiling indexmap v2.8.0
[INFO] [stderr]    Compiling serde_derive v1.0.219
[INFO] [stderr]    Compiling serde v1.0.219
[INFO] [stderr]    Compiling serde_spanned v0.6.8
[INFO] [stderr]    Compiling toml_datetime v0.6.8
[INFO] [stderr]    Compiling toml_edit v0.22.24
[INFO] [stderr]    Compiling toml v0.8.20
[INFO] [stderr]    Compiling track2line_lib v0.10.0 (/opt/rustwide/workdir)
[INFO] [stderr]     Finished `release` profile [optimized] target(s) in 20.53s
[INFO] running `Command { std: "docker" "inspect" "b467a54b24ea6d253abedf2351d087042e2661b7169f2d7e59b19cdcde8a8f3d", kill_on_drop: false }`
[INFO] running `Command { std: "docker" "exec" "-e" "SOURCE_DIR=/opt/rustwide/workdir" "-e" "CARGO_HOME=/opt/rustwide/cargo-home" "-e" "RUSTUP_HOME=/opt/rustwide/rustup-home" "-e" "CARGO_TARGET_DIR=/opt/rustwide/target" "-e" "CARGO_INCREMENTAL=0" "-e" "RUST_BACKTRACE=full" "-e" "RUSTFLAGS=--cap-lints=warn" "-e" "RUSTDOCFLAGS=--cap-lints=warn" "-w" "/opt/rustwide/workdir" "--user" "0:0" "b467a54b24ea6d253abedf2351d087042e2661b7169f2d7e59b19cdcde8a8f3d" "/opt/rustwide/cargo-home/bin/cargo" "+1.99.0-beta.8" "test" "--frozen" "--no-run" "--message-format=json" "--release", kill_on_drop: false }`
[INFO] [stderr]    Compiling track2line_lib v0.10.0 (/opt/rustwide/workdir)
[INFO] [stderr]     Finished `release` profile [optimized] target(s) in 0.83s
[INFO] running `Command { std: "docker" "inspect" "b467a54b24ea6d253abedf2351d087042e2661b7169f2d7e59b19cdcde8a8f3d", kill_on_drop: false }`
[INFO] running `Command { std: "docker" "exec" "-e" "SOURCE_DIR=/opt/rustwide/workdir" "-e" "CARGO_HOME=/opt/rustwide/cargo-home" "-e" "RUSTUP_HOME=/opt/rustwide/rustup-home" "-e" "CARGO_TARGET_DIR=/opt/rustwide/target" "-e" "CARGO_INCREMENTAL=0" "-e" "RUST_BACKTRACE=full" "-e" "RUSTFLAGS=--cap-lints=warn" "-e" "RUSTDOCFLAGS=--cap-lints=warn" "-w" "/opt/rustwide/workdir" "--user" "0:0" "b467a54b24ea6d253abedf2351d087042e2661b7169f2d7e59b19cdcde8a8f3d" "/opt/rustwide/cargo-home/bin/cargo" "+1.99.0-beta.8" "test" "--frozen" "--release", kill_on_drop: false }`
[INFO] [stderr]     Finished `release` profile [optimized] target(s) in 0.06s
[INFO] [stderr]      Running unittests src/lib.rs (/opt/rustwide/target/release/deps/track2line_lib-0b7661f447ceddeb)
[INFO] [stdout] 
[INFO] [stdout] running 6 tests
[INFO] [stdout] removed old assets
[INFO] [stdout] removed old assets
[INFO] [stdout] removed old assets
[INFO] [stdout] removed old assets
[INFO] [stdout] removed old assets
[INFO] [stdout] removed old assets
[INFO] [stderr] mkdir: Read-only file system
[INFO] [stderr] mkdir: Read-only file system
[INFO] [stderr] mkdir: Read-only file system
[INFO] [stderr] mkdir: Read-only file system
[INFO] [stderr] mkdir: Read-only file system
[INFO] [stderr] mkdir: Read-only file system
[INFO] [stderr] cp: cp: target './assets_for_test/assets/': No such file or directory
[INFO] [stderr] cp: cp: target './assets_for_test/assets/': No such file or directory
[INFO] [stderr] target './assets_for_test/assets/'target './assets_for_test/assets/': No such file or directory: No such file or directory
[INFO] [stderr] 
[INFO] [stdout] ------------------------------
[INFO] [stderr] cp: target './assets_for_test/assets/': No such file or directory
[INFO] [stdout] ------------------------------
[INFO] [stdout] ------------------------------
[INFO] [stdout] ------------------------------
[INFO] [stdout] ------------------------------
[INFO] [stdout] test tests::test_rename ... FAILED
[INFO] [stdout] test tests::test_init_rename_prep ... FAILED
[INFO] [stdout] test tests::ready_function ... FAILED
[INFO] [stdout] test tests::list_assets ... FAILED
[INFO] [stdout] test tests::test_check ... FAILED
[INFO] [stderr] cp: target './assets_for_test/assets/': No such file or directory
[INFO] [stdout] ------------------------------
[INFO] [stdout] test tests::ready_foo ... FAILED
[INFO] [stdout] 
[INFO] [stdout] failures:
[INFO] [stdout] 
[INFO] [stdout] ---- tests::test_rename stdout ----
[INFO] [stdout] 
[INFO] [stdout] thread 'tests::test_rename' (383) panicked at src/lib.rs:367:43:
[INFO] [stdout] called `Result::unwrap()` on an `Err` value: IoError(Os { code: 2, kind: NotFound, message: "No such file or directory" })
[INFO] [stdout] stack backtrace:
[INFO] [stdout]    0:     0x6202fc8e45e1 - <<std[70759c8f55707aa4]::sys::backtrace::BacktraceLock>::print::DisplayBacktrace as core[df12db4294e9bfd3]::fmt::Display>::fmt
[INFO] [stdout]    1:     0x6202fc8f8e9a - core[df12db4294e9bfd3]::fmt::write
[INFO] [stdout]    2:     0x6202fc8e8dfc - <alloc[2182bb758b4b3781]::vec::Vec<u8> as core[df12db4294e9bfd3]::io::write::Write>::write_fmt
[INFO] [stdout]    3:     0x6202fc8bf366 - std[70759c8f55707aa4]::panicking::default_hook::{closure#0}
[INFO] [stdout]    4:     0x6202fc8dc669 - std[70759c8f55707aa4]::panicking::default_hook
[INFO] [stdout]    5:     0x6202fc877120 - test[9d35eded1c95d3be]::test_main_inner::<test[9d35eded1c95d3be]::test_main_static::{closure#0}>::{closure#0}
[INFO] [stdout]    6:     0x6202fc8dc822 - std[70759c8f55707aa4]::panicking::panic_with_hook
[INFO] [stderr] error: test failed, to rerun pass `--lib`
[INFO] [stdout]    7:     0x6202fc8bf412 - std[70759c8f55707aa4]::panicking::panic_handler::{closure#0}
[INFO] [stdout]    8:     0x6202fc8b7de9 - std[70759c8f55707aa4]::sys::backtrace::__rust_end_short_backtrace::<std[70759c8f55707aa4]::panicking::panic_handler::{closure#0}, !>
[INFO] [stdout]    9:     0x6202fc8c00fd - __rustc[8fa7c3cbc660c2b3]::rust_begin_unwind
[INFO] [stdout]   10:     0x6202fc8f95cc - core[df12db4294e9bfd3]::panicking::panic_fmt
[INFO] [stdout]   11:     0x6202fc8f93a2 - core[df12db4294e9bfd3]::result::unwrap_failed
[INFO] [stdout]   12:     0x6202fc869a21 - track2line_lib[32d9b467fd1c3e8]::tests::test_rename
[INFO] [stdout]   13:     0x6202fc867b29 - <track2line_lib[32d9b467fd1c3e8]::tests::test_rename::{closure#0} as core[df12db4294e9bfd3]::ops::function::FnOnce<()>>::call_once
[INFO] [stdout]   14:     0x6202fc86a40b - test[9d35eded1c95d3be]::__rust_begin_short_backtrace::<core[df12db4294e9bfd3]::result::Result<(), alloc[2182bb758b4b3781]::string::String>, fn() -> core[df12db4294e9bfd3]::result::Result<(), alloc[2182bb758b4b3781]::string::String>>
[INFO] [stdout]   15:     0x6202fc877a75 - test[9d35eded1c95d3be]::run_test::{closure#0}
[INFO] [stdout]   16:     0x6202fc871334 - std[70759c8f55707aa4]::sys::backtrace::__rust_begin_short_backtrace::<test[9d35eded1c95d3be]::run_test::{closure#1}, ()>
[INFO] [stdout]   17:     0x6202fc87abd2 - <std[70759c8f55707aa4]::thread::lifecycle::spawn_unchecked<test[9d35eded1c95d3be]::run_test::{closure#1}, ()>::{closure#1} as core[df12db4294e9bfd3]::ops::function::FnOnce<()>>::call_once::{shim:vtable#0}
[INFO] [stdout]   18:     0x6202fc8e3b49 - <std[70759c8f55707aa4]::sys::thread::unix::Thread>::new::thread_start
[INFO] [stdout]   19:     0x71d7d1b72dfa - <unknown>
[INFO] [stdout]   20:     0x71d7d1c063d4 - clone
[INFO] [stdout]   21:                0x0 - <unknown>
[INFO] [stdout] 
[INFO] [stdout] ---- tests::test_init_rename_prep stdout ----
[INFO] [stdout] 
[INFO] [stdout] thread 'tests::test_init_rename_prep' (382) panicked at src/lib.rs:380:55:
[INFO] [stdout] called `Result::unwrap()` on an `Err` value: IoError(Os { code: 2, kind: NotFound, message: "No such file or directory" })
[INFO] [stdout] stack backtrace:
[INFO] [stdout]    0:     0x6202fc8e45e1 - <<std[70759c8f55707aa4]::sys::backtrace::BacktraceLock>::print::DisplayBacktrace as core[df12db4294e9bfd3]::fmt::Display>::fmt
[INFO] [stdout]    1:     0x6202fc8f8e9a - core[df12db4294e9bfd3]::fmt::write
[INFO] [stdout]    2:     0x6202fc8e8dfc - <alloc[2182bb758b4b3781]::vec::Vec<u8> as core[df12db4294e9bfd3]::io::write::Write>::write_fmt
[INFO] [stdout]    3:     0x6202fc8bf366 - std[70759c8f55707aa4]::panicking::default_hook::{closure#0}
[INFO] [stdout]    4:     0x6202fc8dc669 - std[70759c8f55707aa4]::panicking::default_hook
[INFO] [stdout]    5:     0x6202fc877120 - test[9d35eded1c95d3be]::test_main_inner::<test[9d35eded1c95d3be]::test_main_static::{closure#0}>::{closure#0}
[INFO] [stdout]    6:     0x6202fc8dc822 - std[70759c8f55707aa4]::panicking::panic_with_hook
[INFO] [stdout]    7:     0x6202fc8bf412 - std[70759c8f55707aa4]::panicking::panic_handler::{closure#0}
[INFO] [stdout]    8:     0x6202fc8b7de9 - std[70759c8f55707aa4]::sys::backtrace::__rust_end_short_backtrace::<std[70759c8f55707aa4]::panicking::panic_handler::{closure#0}, !>
[INFO] [stdout]    9:     0x6202fc8c00fd - __rustc[8fa7c3cbc660c2b3]::rust_begin_unwind
[INFO] [stdout]   10:     0x6202fc8f95cc - core[df12db4294e9bfd3]::panicking::panic_fmt
[INFO] [stdout]   11:     0x6202fc8f93a2 - core[df12db4294e9bfd3]::result::unwrap_failed
[INFO] [stdout]   12:     0x6202fc869fbc - track2line_lib[32d9b467fd1c3e8]::tests::test_init_rename_prep
[INFO] [stdout]   13:     0x6202fc867b69 - <track2line_lib[32d9b467fd1c3e8]::tests::test_init_rename_prep::{closure#0} as core[df12db4294e9bfd3]::ops::function::FnOnce<()>>::call_once
[INFO] [stdout]   14:     0x6202fc86a40b - test[9d35eded1c95d3be]::__rust_begin_short_backtrace::<core[df12db4294e9bfd3]::result::Result<(), alloc[2182bb758b4b3781]::string::String>, fn() -> core[df12db4294e9bfd3]::result::Result<(), alloc[2182bb758b4b3781]::string::String>>
[INFO] [stdout]   15:     0x6202fc877a75 - test[9d35eded1c95d3be]::run_test::{closure#0}
[INFO] [stdout]   16:     0x6202fc871334 - std[70759c8f55707aa4]::sys::backtrace::__rust_begin_short_backtrace::<test[9d35eded1c95d3be]::run_test::{closure#1}, ()>
[INFO] [stdout]   17:     0x6202fc87abd2 - <std[70759c8f55707aa4]::thread::lifecycle::spawn_unchecked<test[9d35eded1c95d3be]::run_test::{closure#1}, ()>::{closure#1} as core[df12db4294e9bfd3]::ops::function::FnOnce<()>>::call_once::{shim:vtable#0}
[INFO] [stdout]   18:     0x6202fc8e3b49 - <std[70759c8f55707aa4]::sys::thread::unix::Thread>::new::thread_start
[INFO] [stdout]   19:     0x71d7d1b72dfa - <unknown>
[INFO] [stdout]   20:     0x71d7d1c063d4 - clone
[INFO] [stdout]   21:                0x0 - <unknown>
[INFO] [stdout] 
[INFO] [stdout] ---- tests::ready_function stdout ----
[INFO] [stdout] 
[INFO] [stdout] thread 'tests::ready_function' (380) panicked at src/lib.rs:332:14:
[INFO] [stdout] called `Result::unwrap()` on an `Err` value: IoError(Os { code: 2, kind: NotFound, message: "No such file or directory" })
[INFO] [stdout] stack backtrace:
[INFO] [stdout]    0:     0x6202fc8e45e1 - <<std[70759c8f55707aa4]::sys::backtrace::BacktraceLock>::print::DisplayBacktrace as core[df12db4294e9bfd3]::fmt::Display>::fmt
[INFO] [stdout]    1:     0x6202fc8f8e9a - core[df12db4294e9bfd3]::fmt::write
[INFO] [stdout]    2:     0x6202fc8e8dfc - <alloc[2182bb758b4b3781]::vec::Vec<u8> as core[df12db4294e9bfd3]::io::write::Write>::write_fmt
[INFO] [stdout]    3:     0x6202fc8bf366 - std[70759c8f55707aa4]::panicking::default_hook::{closure#0}
[INFO] [stdout]    4:     0x6202fc8dc669 - std[70759c8f55707aa4]::panicking::default_hook
[INFO] [stdout]    5:     0x6202fc877120 - test[9d35eded1c95d3be]::test_main_inner::<test[9d35eded1c95d3be]::test_main_static::{closure#0}>::{closure#0}
[INFO] [stdout]    6:     0x6202fc8dc822 - std[70759c8f55707aa4]::panicking::panic_with_hook
[INFO] [stdout]    7:     0x6202fc8bf412 - std[70759c8f55707aa4]::panicking::panic_handler::{closure#0}
[INFO] [stdout]    8:     0x6202fc8b7de9 - std[70759c8f55707aa4]::sys::backtrace::__rust_end_short_backtrace::<std[70759c8f55707aa4]::panicking::panic_handler::{closure#0}, !>
[INFO] [stdout]    9:     0x6202fc8c00fd - __rustc[8fa7c3cbc660c2b3]::rust_begin_unwind
[INFO] [stdout]   10:     0x6202fc8f95cc - core[df12db4294e9bfd3]::panicking::panic_fmt
[INFO] [stdout]   11:     0x6202fc8f93a2 - core[df12db4294e9bfd3]::result::unwrap_failed
[INFO] [stdout]   12:     0x6202fc869d77 - track2line_lib[32d9b467fd1c3e8]::tests::ready_function
[INFO] [stdout]   13:     0x6202fc867b49 - <track2line_lib[32d9b467fd1c3e8]::tests::ready_function::{closure#0} as core[df12db4294e9bfd3]::ops::function::FnOnce<()>>::call_once
[INFO] [stdout]   14:     0x6202fc86a40b - test[9d35eded1c95d3be]::__rust_begin_short_backtrace::<core[df12db4294e9bfd3]::result::Result<(), alloc[2182bb758b4b3781]::string::String>, fn() -> core[df12db4294e9bfd3]::result::Result<(), alloc[2182bb758b4b3781]::string::String>>
[INFO] [stdout]   15:     0x6202fc877a75 - test[9d35eded1c95d3be]::run_test::{closure#0}
[INFO] [stdout]   16:     0x6202fc871334 - std[70759c8f55707aa4]::sys::backtrace::__rust_begin_short_backtrace::<test[9d35eded1c95d3be]::run_test::{closure#1}, ()>
[INFO] [stdout]   17:     0x6202fc87abd2 - <std[70759c8f55707aa4]::thread::lifecycle::spawn_unchecked<test[9d35eded1c95d3be]::run_test::{closure#1}, ()>::{closure#1} as core[df12db4294e9bfd3]::ops::function::FnOnce<()>>::call_once::{shim:vtable#0}
[INFO] [stdout]   18:     0x6202fc8e3b49 - <std[70759c8f55707aa4]::sys::thread::unix::Thread>::new::thread_start
[INFO] [stdout]   19:     0x71d7d1b72dfa - <unknown>
[INFO] [stdout]   20:     0x71d7d1c063d4 - clone
[INFO] [stdout]   21:                0x0 - <unknown>
[INFO] [stdout] 
[INFO] [stdout] ---- tests::list_assets stdout ----
[INFO] [stdout] 
[INFO] [stdout] thread 'tests::list_assets' (378) panicked at src/lib.rs:343:51:
[INFO] [stdout] called `Result::unwrap()` on an `Err` value: IoError(Os { code: 2, kind: NotFound, message: "No such file or directory" })
[INFO] [stdout] stack backtrace:
[INFO] [stdout]    0:     0x6202fc8e45e1 - <<std[70759c8f55707aa4]::sys::backtrace::BacktraceLock>::print::DisplayBacktrace as core[df12db4294e9bfd3]::fmt::Display>::fmt
[INFO] [stdout]    1:     0x6202fc8f8e9a - core[df12db4294e9bfd3]::fmt::write
[INFO] [stdout]    2:     0x6202fc8e8dfc - <alloc[2182bb758b4b3781]::vec::Vec<u8> as core[df12db4294e9bfd3]::io::write::Write>::write_fmt
[INFO] [stdout]    3:     0x6202fc8bf366 - std[70759c8f55707aa4]::panicking::default_hook::{closure#0}
[INFO] [stdout]    4:     0x6202fc8dc669 - std[70759c8f55707aa4]::panicking::default_hook
[INFO] [stdout]    5:     0x6202fc877120 - test[9d35eded1c95d3be]::test_main_inner::<test[9d35eded1c95d3be]::test_main_static::{closure#0}>::{closure#0}
[INFO] [stdout]    6:     0x6202fc8dc822 - std[70759c8f55707aa4]::panicking::panic_with_hook
[INFO] [stdout]    7:     0x6202fc8bf412 - std[70759c8f55707aa4]::panicking::panic_handler::{closure#0}
[INFO] [stdout]    8:     0x6202fc8b7de9 - std[70759c8f55707aa4]::sys::backtrace::__rust_end_short_backtrace::<std[70759c8f55707aa4]::panicking::panic_handler::{closure#0}, !>
[INFO] [stdout]    9:     0x6202fc8c00fd - __rustc[8fa7c3cbc660c2b3]::rust_begin_unwind
[INFO] [stdout]   10:     0x6202fc8f95cc - core[df12db4294e9bfd3]::panicking::panic_fmt
[INFO] [stdout]   11:     0x6202fc8f93a2 - core[df12db4294e9bfd3]::result::unwrap_failed
[INFO] [stdout]   12:     0x6202fc86963f - track2line_lib[32d9b467fd1c3e8]::tests::list_assets
[INFO] [stdout]   13:     0x6202fc867b09 - <track2line_lib[32d9b467fd1c3e8]::tests::list_assets::{closure#0} as core[df12db4294e9bfd3]::ops::function::FnOnce<()>>::call_once
[INFO] [stdout]   14:     0x6202fc86a40b - test[9d35eded1c95d3be]::__rust_begin_short_backtrace::<core[df12db4294e9bfd3]::result::Result<(), alloc[2182bb758b4b3781]::string::String>, fn() -> core[df12db4294e9bfd3]::result::Result<(), alloc[2182bb758b4b3781]::string::String>>
[INFO] [stdout]   15:     0x6202fc877a75 - test[9d35eded1c95d3be]::run_test::{closure#0}
[INFO] [stdout]   16:     0x6202fc871334 - std[70759c8f55707aa4]::sys::backtrace::__rust_begin_short_backtrace::<test[9d35eded1c95d3be]::run_test::{closure#1}, ()>
[INFO] [stdout]   17:     0x6202fc87abd2 - <std[70759c8f55707aa4]::thread::lifecycle::spawn_unchecked<test[9d35eded1c95d3be]::run_test::{closure#1}, ()>::{closure#1} as core[df12db4294e9bfd3]::ops::function::FnOnce<()>>::call_once::{shim:vtable#0}
[INFO] [stdout]   18:     0x6202fc8e3b49 - <std[70759c8f55707aa4]::sys::thread::unix::Thread>::new::thread_start
[INFO] [stdout]   19:     0x71d7d1b72dfa - <unknown>
[INFO] [stdout]   20:     0x71d7d1c063d4 - clone
[INFO] [stdout]   21:                0x0 - <unknown>
[INFO] [stdout] 
[INFO] [stdout] ---- tests::test_check stdout ----
[INFO] [stdout] 
[INFO] [stdout] thread 'tests::test_check' (381) panicked at src/lib.rs:356:51:
[INFO] [stdout] called `Result::unwrap()` on an `Err` value: IoError(Os { code: 2, kind: NotFound, message: "No such file or directory" })
[INFO] [stdout] stack backtrace:
[INFO] [stdout]    0:     0x6202fc8e45e1 - <<std[70759c8f55707aa4]::sys::backtrace::BacktraceLock>::print::DisplayBacktrace as core[df12db4294e9bfd3]::fmt::Display>::fmt
[INFO] [stdout]    1:     0x6202fc8f8e9a - core[df12db4294e9bfd3]::fmt::write
[INFO] [stdout]    2:     0x6202fc8e8dfc - <alloc[2182bb758b4b3781]::vec::Vec<u8> as core[df12db4294e9bfd3]::io::write::Write>::write_fmt
[INFO] [stdout]    3:     0x6202fc8bf366 - std[70759c8f55707aa4]::panicking::default_hook::{closure#0}
[INFO] [stdout]    4:     0x6202fc8dc669 - std[70759c8f55707aa4]::panicking::default_hook
[INFO] [stdout]    5:     0x6202fc877120 - test[9d35eded1c95d3be]::test_main_inner::<test[9d35eded1c95d3be]::test_main_static::{closure#0}>::{closure#0}
[INFO] [stdout]    6:     0x6202fc8dc822 - std[70759c8f55707aa4]::panicking::panic_with_hook
[INFO] [stdout]    7:     0x6202fc8bf412 - std[70759c8f55707aa4]::panicking::panic_handler::{closure#0}
[INFO] [stdout]    8:     0x6202fc8b7de9 - std[70759c8f55707aa4]::sys::backtrace::__rust_end_short_backtrace::<std[70759c8f55707aa4]::panicking::panic_handler::{closure#0}, !>
[INFO] [stdout]    9:     0x6202fc8c00fd - __rustc[8fa7c3cbc660c2b3]::rust_begin_unwind
[INFO] [stdout]   10:     0x6202fc8f95cc - core[df12db4294e9bfd3]::panicking::panic_fmt
[INFO] [stdout]   11:     0x6202fc8f93a2 - core[df12db4294e9bfd3]::result::unwrap_failed
[INFO] [stdout]   12:     0x6202fc869226 - track2line_lib[32d9b467fd1c3e8]::tests::test_check
[INFO] [stdout]   13:     0x6202fc867ae9 - <track2line_lib[32d9b467fd1c3e8]::tests::test_check::{closure#0} as core[df12db4294e9bfd3]::ops::function::FnOnce<()>>::call_once
[INFO] [stdout]   14:     0x6202fc86a40b - test[9d35eded1c95d3be]::__rust_begin_short_backtrace::<core[df12db4294e9bfd3]::result::Result<(), alloc[2182bb758b4b3781]::string::String>, fn() -> core[df12db4294e9bfd3]::result::Result<(), alloc[2182bb758b4b3781]::string::String>>
[INFO] [stdout]   15:     0x6202fc877a75 - test[9d35eded1c95d3be]::run_test::{closure#0}
[INFO] [stdout]   16:     0x6202fc871334 - std[70759c8f55707aa4]::sys::backtrace::__rust_begin_short_backtrace::<test[9d35eded1c95d3be]::run_test::{closure#1}, ()>
[INFO] [stdout]   17:     0x6202fc87abd2 - <std[70759c8f55707aa4]::thread::lifecycle::spawn_unchecked<test[9d35eded1c95d3be]::run_test::{closure#1}, ()>::{closure#1} as core[df12db4294e9bfd3]::ops::function::FnOnce<()>>::call_once::{shim:vtable#0}
[INFO] [stdout]   18:     0x6202fc8e3b49 - <std[70759c8f55707aa4]::sys::thread::unix::Thread>::new::thread_start
[INFO] [stdout]   19:     0x71d7d1b72dfa - <unknown>
[INFO] [stdout]   20:     0x71d7d1c063d4 - clone
[INFO] [stdout]   21:                0x0 - <unknown>
[INFO] [stdout] 
[INFO] [stdout] ---- tests::ready_foo stdout ----
[INFO] [stdout] 
[INFO] [stdout] thread 'tests::ready_foo' (379) panicked at src/lib.rs:289:34:
[INFO] [stdout] called `Result::unwrap()` on an `Err` value: FailedCreateRenamedFolder(Os { code: 2, kind: NotFound, message: "No such file or directory" })
[INFO] [stdout] stack backtrace:
[INFO] [stdout]    0:     0x6202fc8e45e1 - <<std[70759c8f55707aa4]::sys::backtrace::BacktraceLock>::print::DisplayBacktrace as core[df12db4294e9bfd3]::fmt::Display>::fmt
[INFO] [stdout]    1:     0x6202fc8f8e9a - core[df12db4294e9bfd3]::fmt::write
[INFO] [stdout]    2:     0x6202fc8e8dfc - <alloc[2182bb758b4b3781]::vec::Vec<u8> as core[df12db4294e9bfd3]::io::write::Write>::write_fmt
[INFO] [stdout]    3:     0x6202fc8bf366 - std[70759c8f55707aa4]::panicking::default_hook::{closure#0}
[INFO] [stdout]    4:     0x6202fc8dc669 - std[70759c8f55707aa4]::panicking::default_hook
[INFO] [stdout]    5:     0x6202fc877120 - test[9d35eded1c95d3be]::test_main_inner::<test[9d35eded1c95d3be]::test_main_static::{closure#0}>::{closure#0}
[INFO] [stdout]    6:     0x6202fc8dc822 - std[70759c8f55707aa4]::panicking::panic_with_hook
[INFO] [stdout]    7:     0x6202fc8bf412 - std[70759c8f55707aa4]::panicking::panic_handler::{closure#0}
[INFO] [stdout]    8:     0x6202fc8b7de9 - std[70759c8f55707aa4]::sys::backtrace::__rust_end_short_backtrace::<std[70759c8f55707aa4]::panicking::panic_handler::{closure#0}, !>
[INFO] [stdout]    9:     0x6202fc8c00fd - __rustc[8fa7c3cbc660c2b3]::rust_begin_unwind
[INFO] [stdout]   10:     0x6202fc8f95cc - core[df12db4294e9bfd3]::panicking::panic_fmt
[INFO] [stdout]   11:     0x6202fc8f93a2 - core[df12db4294e9bfd3]::result::unwrap_failed
[INFO] [stdout]   12:     0x6202fc86a144 - track2line_lib[32d9b467fd1c3e8]::tests::ready_foo
[INFO] [stdout]   13:     0x6202fc867b89 - <track2line_lib[32d9b467fd1c3e8]::tests::ready_foo::{closure#0} as core[df12db4294e9bfd3]::ops::function::FnOnce<()>>::call_once
[INFO] [stdout]   14:     0x6202fc86a40b - test[9d35eded1c95d3be]::__rust_begin_short_backtrace::<core[df12db4294e9bfd3]::result::Result<(), alloc[2182bb758b4b3781]::string::String>, fn() -> core[df12db4294e9bfd3]::result::Result<(), alloc[2182bb758b4b3781]::string::String>>
[INFO] [stdout]   15:     0x6202fc877a75 - test[9d35eded1c95d3be]::run_test::{closure#0}
[INFO] [stdout]   16:     0x6202fc871334 - std[70759c8f55707aa4]::sys::backtrace::__rust_begin_short_backtrace::<test[9d35eded1c95d3be]::run_test::{closure#1}, ()>
[INFO] [stdout]   17:     0x6202fc87abd2 - <std[70759c8f55707aa4]::thread::lifecycle::spawn_unchecked<test[9d35eded1c95d3be]::run_test::{closure#1}, ()>::{closure#1} as core[df12db4294e9bfd3]::ops::function::FnOnce<()>>::call_once::{shim:vtable#0}
[INFO] [stdout]   18:     0x6202fc8e3b49 - <std[70759c8f55707aa4]::sys::thread::unix::Thread>::new::thread_start
[INFO] [stdout]   19:     0x71d7d1b72dfa - <unknown>
[INFO] [stdout]   20:     0x71d7d1c063d4 - clone
[INFO] [stdout]   21:                0x0 - <unknown>
[INFO] [stdout] 
[INFO] [stdout] 
[INFO] [stdout] failures:
[INFO] [stdout]     tests::list_assets
[INFO] [stdout]     tests::ready_foo
[INFO] [stdout]     tests::ready_function
[INFO] [stdout]     tests::test_check
[INFO] [stdout]     tests::test_init_rename_prep
[INFO] [stdout]     tests::test_rename
[INFO] [stdout] 
[INFO] [stdout] test result: FAILED. 0 passed; 6 failed; 0 ignored; 0 measured; 0 filtered out; finished in 0.05s
[INFO] [stdout] 
[INFO] running `Command { std: "docker" "inspect" "b467a54b24ea6d253abedf2351d087042e2661b7169f2d7e59b19cdcde8a8f3d", kill_on_drop: false }`
[INFO] running `Command { std: "docker" "rm" "-f" "b467a54b24ea6d253abedf2351d087042e2661b7169f2d7e59b19cdcde8a8f3d", kill_on_drop: false }`
[INFO] [stdout] b467a54b24ea6d253abedf2351d087042e2661b7169f2d7e59b19cdcde8a8f3d
