[INFO] fetching crate track-time 0.1.1...
[INFO] testing track-time-0.1.1 against 1.100.0-beta.1+cargoflags=--release for beta-release-1.100-2
[INFO] extracting crate track-time 0.1.1 into /workspace/builds/worker-4-tc2/source
[INFO] started tweaking crates.io crate track-time 0.1.1
[INFO] finished tweaking crates.io crate track-time 0.1.1
[INFO] tweaked toml for crates.io crate track-time 0.1.1 written to /workspace/builds/worker-4-tc2/source/Cargo.toml
[INFO] validating manifest of crates.io crate track-time 0.1.1 on toolchain 1.100.0-beta.1
[INFO] running `Command { std: CARGO_HOME="/workspace/cargo-home" RUSTUP_HOME="/workspace/rustup-home" "/workspace/cargo-home/bin/cargo" "+1.100.0-beta.1" "metadata" "--manifest-path" "Cargo.toml" "--no-deps", kill_on_drop: false }`
[INFO] crate crates.io crate track-time 0.1.1 already has a lockfile, it will not be regenerated
[INFO] running `Command { std: CARGO_HOME="/workspace/cargo-home" RUSTUP_HOME="/workspace/rustup-home" "/workspace/cargo-home/bin/cargo" "+1.100.0-beta.1" "fetch" "--manifest-path" "Cargo.toml", kill_on_drop: false }`
[INFO] running `Command { std: "docker" "create" "-v" "/var/lib/crater-agent-workspace/builds/worker-4-tc2/source:/opt/rustwide/workdir:ro,Z" "-v" "/var/lib/crater-agent-workspace/builds/worker-4-tc2/target:/opt/rustwide/target:rw,Z" "-v" "/var/lib/crater-agent-workspace/cargo-home:/opt/rustwide/cargo-home:ro,Z" "-v" "/var/lib/crater-agent-workspace/rustup-home:/opt/rustwide/rustup-home:ro,Z" "-m" "1610612736" "--network" "none" "ghcr.io/rust-lang/crates-build-env/linux@sha256:77db811e55d90add9212f6832c23229e3de5f1c1f9905e8cb07319ea15df73ac" "sleep" "infinity", kill_on_drop: false }`
[INFO] [stdout] f42664e834139ad99bcb777b602bdf12d3b724d3b46cc1b16b36965af700972f
[INFO] running `Command { std: "docker" "start" "f42664e834139ad99bcb777b602bdf12d3b724d3b46cc1b16b36965af700972f", kill_on_drop: false }`
[INFO] running `Command { std: "docker" "inspect" "f42664e834139ad99bcb777b602bdf12d3b724d3b46cc1b16b36965af700972f", kill_on_drop: false }`
[INFO] running `Command { std: "docker" "exec" "-e" "SOURCE_DIR=/opt/rustwide/workdir" "-e" "CARGO_HOME=/opt/rustwide/cargo-home" "-e" "RUSTUP_HOME=/opt/rustwide/rustup-home" "-e" "CARGO_TARGET_DIR=/opt/rustwide/target" "-w" "/opt/rustwide/workdir" "--user" "0:0" "f42664e834139ad99bcb777b602bdf12d3b724d3b46cc1b16b36965af700972f" "/opt/rustwide/cargo-home/bin/cargo" "+1.100.0-beta.1" "metadata" "--no-deps" "--format-version=1", kill_on_drop: false }`
[INFO] running `Command { std: "docker" "inspect" "f42664e834139ad99bcb777b602bdf12d3b724d3b46cc1b16b36965af700972f", kill_on_drop: false }`
[INFO] running `Command { std: "docker" "exec" "-e" "SOURCE_DIR=/opt/rustwide/workdir" "-e" "CARGO_HOME=/opt/rustwide/cargo-home" "-e" "RUSTUP_HOME=/opt/rustwide/rustup-home" "-e" "CARGO_TARGET_DIR=/opt/rustwide/target" "-e" "CARGO_INCREMENTAL=0" "-e" "RUST_BACKTRACE=full" "-e" "RUSTFLAGS=--cap-lints=warn" "-e" "RUSTDOCFLAGS=--cap-lints=warn" "-w" "/opt/rustwide/workdir" "--user" "0:0" "f42664e834139ad99bcb777b602bdf12d3b724d3b46cc1b16b36965af700972f" "/opt/rustwide/cargo-home/bin/cargo" "+1.100.0-beta.1" "build" "--frozen" "--message-format=json" "--release", kill_on_drop: false }`
[INFO] [stderr]    Compiling libc v0.2.139
[INFO] [stderr]    Compiling version_check v0.9.4
[INFO] [stderr]    Compiling proc-macro2 v1.0.51
[INFO] [stderr]    Compiling cfg-if v1.0.0
[INFO] [stderr]    Compiling unicode-ident v1.0.6
[INFO] [stderr]    Compiling quote v1.0.23
[INFO] [stderr]    Compiling syn v1.0.109
[INFO] [stderr]    Compiling autocfg v1.1.0
[INFO] [stderr]    Compiling serde_derive v1.0.154
[INFO] [stderr]    Compiling serde v1.0.154
[INFO] [stderr]    Compiling io-lifetimes v1.0.5
[INFO] [stderr]    Compiling once_cell v1.17.1
[INFO] [stderr]    Compiling pkg-config v0.3.26
[INFO] [stderr]    Compiling log v0.4.17
[INFO] [stderr]    Compiling cc v1.0.79
[INFO] [stderr]    Compiling rustix v0.36.8
[INFO] [stderr]    Compiling crossbeam-utils v0.8.15
[INFO] [stderr]    Compiling linux-raw-sys v0.1.4
[INFO] [stderr]    Compiling equivalent v1.0.0
[INFO] [stderr]    Compiling hashbrown v0.14.0
[INFO] [stderr]    Compiling os_str_bytes v6.4.1
[INFO] [stderr]    Compiling ahash v0.7.6
[INFO] [stderr]    Compiling proc-macro-error-attr v1.0.4
[INFO] [stderr]    Compiling proc-macro-error v1.0.4
[INFO] [stderr]    Compiling winnow v0.4.9
[INFO] [stderr]    Compiling walkdir v2.3.2
[INFO] [stderr]    Compiling fallible-streaming-iterator v0.1.9
[INFO] [stderr]    Compiling num-traits v0.2.15
[INFO] [stderr]    Compiling num-integer v0.1.45
[INFO] [stderr]    Compiling smallvec v1.10.0
[INFO] [stderr]    Compiling clap_lex v0.3.2
[INFO] [stderr]    Compiling iana-time-zone v0.1.53
[INFO] [stderr]    Compiling termcolor v1.2.0
[INFO] [stderr]    Compiling fallible-iterator v0.2.0
[INFO] [stderr]    Compiling strsim v0.10.0
[INFO] [stderr]    Compiling crossbeam-channel v0.5.7
[INFO] [stderr]    Compiling libsqlite3-sys v0.25.2
[INFO] [stderr]    Compiling indexmap v2.0.0
[INFO] [stderr]    Compiling getrandom v0.2.8
[INFO] [stderr]    Compiling inotify-sys v0.1.5
[INFO] [stderr]    Compiling mio v0.8.6
[INFO] [stderr]    Compiling time v0.1.45
[INFO] [stderr]    Compiling filetime v0.2.20
[INFO] [stderr]    Compiling nix v0.26.2
[INFO] [stderr]    Compiling inotify v0.9.6
[INFO] [stderr]    Compiling uuid v1.3.0
[INFO] [stderr]    Compiling hashbrown v0.12.3
[INFO] [stderr]    Compiling notify v5.1.0
[INFO] [stderr]    Compiling chrono v0.4.23
[INFO] [stderr]    Compiling hashlink v0.8.1
[INFO] [stderr]    Compiling ctrlc v3.2.5
[INFO] [stderr]    Compiling is-terminal v0.4.4
[INFO] [stderr]    Compiling clap_derive v4.1.8
[INFO] [stderr]    Compiling clap v4.1.8
[INFO] [stderr]    Compiling toml_datetime v0.6.3
[INFO] [stderr]    Compiling serde_spanned v0.6.3
[INFO] [stderr]    Compiling toml_edit v0.19.12
[INFO] [stderr]    Compiling toml v0.7.6
[INFO] [stderr]    Compiling rusqlite v0.28.0
[INFO] [stderr]    Compiling track-time v0.1.1 (/opt/rustwide/workdir)
[INFO] [stdout] warning: hiding a lifetime that's elided elsewhere is confusing
[INFO] [stdout]   --> src/utils.rs:10:45
[INFO] [stdout]    |
[INFO] [stdout] 10 | pub fn date_time_to_display_date(data_time: &DateTime<Utc>) -> DelayedFormat<StrftimeItems> {
[INFO] [stdout]    |                                             ^^^^^^^^^^^^^^                   ^^^^^^^^^^^^^ the same lifetime is hidden here
[INFO] [stdout]    |                                             |
[INFO] [stdout]    |                                             the lifetime is elided here
[INFO] [stdout]    |
[INFO] [stdout]    = help: the same lifetime is referred to in inconsistent ways, making the signature confusing
[INFO] [stdout]    = note: `#[warn(mismatched_lifetime_syntaxes)]` on by default
[INFO] [stdout] help: use `'_` for type paths
[INFO] [stdout]    |
[INFO] [stdout] 10 | pub fn date_time_to_display_date(data_time: &DateTime<Utc>) -> DelayedFormat<StrftimeItems<'_>> {
[INFO] [stdout]    |                                                                                           ++++
[INFO] [stdout] 
[INFO] [stdout] 
[INFO] [stderr]     Finished `release` profile [optimized] target(s) in 1m 49s
[INFO] running `Command { std: "docker" "inspect" "f42664e834139ad99bcb777b602bdf12d3b724d3b46cc1b16b36965af700972f", kill_on_drop: false }`
[INFO] running `Command { std: "docker" "exec" "-e" "SOURCE_DIR=/opt/rustwide/workdir" "-e" "CARGO_HOME=/opt/rustwide/cargo-home" "-e" "RUSTUP_HOME=/opt/rustwide/rustup-home" "-e" "CARGO_TARGET_DIR=/opt/rustwide/target" "-e" "CARGO_INCREMENTAL=0" "-e" "RUST_BACKTRACE=full" "-e" "RUSTFLAGS=--cap-lints=warn" "-e" "RUSTDOCFLAGS=--cap-lints=warn" "-w" "/opt/rustwide/workdir" "--user" "0:0" "f42664e834139ad99bcb777b602bdf12d3b724d3b46cc1b16b36965af700972f" "/opt/rustwide/cargo-home/bin/cargo" "+1.100.0-beta.1" "test" "--frozen" "--no-run" "--message-format=json" "--release", kill_on_drop: false }`
[INFO] [stderr]    Compiling track-time v0.1.1 (/opt/rustwide/workdir)
[INFO] [stdout] warning: hiding a lifetime that's elided elsewhere is confusing
[INFO] [stdout]   --> src/utils.rs:10:45
[INFO] [stdout]    |
[INFO] [stdout] 10 | pub fn date_time_to_display_date(data_time: &DateTime<Utc>) -> DelayedFormat<StrftimeItems> {
[INFO] [stdout]    |                                             ^^^^^^^^^^^^^^                   ^^^^^^^^^^^^^ the same lifetime is hidden here
[INFO] [stdout]    |                                             |
[INFO] [stdout]    |                                             the lifetime is elided here
[INFO] [stdout]    |
[INFO] [stdout]    = help: the same lifetime is referred to in inconsistent ways, making the signature confusing
[INFO] [stdout]    = note: `#[warn(mismatched_lifetime_syntaxes)]` on by default
[INFO] [stdout] help: use `'_` for type paths
[INFO] [stdout]    |
[INFO] [stdout] 10 | pub fn date_time_to_display_date(data_time: &DateTime<Utc>) -> DelayedFormat<StrftimeItems<'_>> {
[INFO] [stdout]    |                                                                                           ++++
[INFO] [stdout] 
[INFO] [stdout] 
[INFO] [stderr]     Finished `release` profile [optimized] target(s) in 1.43s
[INFO] running `Command { std: "docker" "inspect" "f42664e834139ad99bcb777b602bdf12d3b724d3b46cc1b16b36965af700972f", kill_on_drop: false }`
[INFO] running `Command { std: "docker" "exec" "-e" "SOURCE_DIR=/opt/rustwide/workdir" "-e" "CARGO_HOME=/opt/rustwide/cargo-home" "-e" "RUSTUP_HOME=/opt/rustwide/rustup-home" "-e" "CARGO_TARGET_DIR=/opt/rustwide/target" "-e" "CARGO_INCREMENTAL=0" "-e" "RUST_BACKTRACE=full" "-e" "RUSTFLAGS=--cap-lints=warn" "-e" "RUSTDOCFLAGS=--cap-lints=warn" "-w" "/opt/rustwide/workdir" "--user" "0:0" "f42664e834139ad99bcb777b602bdf12d3b724d3b46cc1b16b36965af700972f" "/opt/rustwide/cargo-home/bin/cargo" "+1.100.0-beta.1" "test" "--frozen" "--release", kill_on_drop: false }`
[INFO] [stderr] warning: hiding a lifetime that's elided elsewhere is confusing
[INFO] [stderr]   --> src/utils.rs:10:45
[INFO] [stderr]    |
[INFO] [stderr] 10 | pub fn date_time_to_display_date(data_time: &DateTime<Utc>) -> DelayedFormat<StrftimeItems> {
[INFO] [stderr]    |                                             ^^^^^^^^^^^^^^                   ^^^^^^^^^^^^^ the same lifetime is hidden here
[INFO] [stderr]    |                                             |
[INFO] [stderr]    |                                             the lifetime is elided here
[INFO] [stderr]    |
[INFO] [stderr]    = help: the same lifetime is referred to in inconsistent ways, making the signature confusing
[INFO] [stderr]    = note: `#[warn(mismatched_lifetime_syntaxes)]` on by default
[INFO] [stderr] help: use `'_` for type paths
[INFO] [stderr]    |
[INFO] [stderr] 10 | pub fn date_time_to_display_date(data_time: &DateTime<Utc>) -> DelayedFormat<StrftimeItems<'_>> {
[INFO] [stderr]    |                                                                                           ++++
[INFO] [stderr] 
[INFO] [stderr] warning: `track-time` (bin "track-time" test) generated 1 warning (run `cargo fix --bin "track-time" -p track-time --tests` to apply 1 suggestion)
[INFO] [stderr]     Finished `release` profile [optimized] target(s) in 0.09s
[INFO] [stderr]      Running unittests src/main.rs (/opt/rustwide/target/release/build/track-time/a933e0e5bc6ae639/out/track_time-a933e0e5bc6ae639)
[INFO] [stdout] 
[INFO] [stdout] running 6 tests
[INFO] [stdout] test utils::tests::should_return_true_when_seconds_passed ... ok
[INFO] [stdout] test utils::tests::should_return_false_when_seconds_not_passed ... ok
[INFO] [stdout] test utils::tests::should_return_timestamp ... ok
[INFO] [stdout] test utils::tests::should_return_display_date ... ok
[INFO] [stdout] test commands::tests::should_stop_tracking_time ... FAILED
[INFO] [stdout] test commands::tests::should_start_tracking_time ... FAILED
[INFO] [stdout] 
[INFO] [stdout] failures:
[INFO] [stdout] 
[INFO] [stdout] ---- commands::tests::should_stop_tracking_time stdout ----
[INFO] [stdout] 
[INFO] [stdout] thread 'commands::tests::should_stop_tracking_time' (1512) panicked at src/database.rs:39:7:
[INFO] [stdout] called `Result::unwrap()` on an `Err` value: SqliteFailure(Error { code: Unknown, extended_code: 1 }, Some("no such table: records"))
[INFO] [stdout] stack backtrace:
[INFO] [stdout]    0:     0x61df2eb19f11 - <<std[617be2ca0a6fd877]::sys::backtrace::BacktraceLock>::print::DisplayBacktrace as core[a373ad73a504971]::fmt::Display>::fmt
[INFO] [stdout]    1:     0x61df2eb2e43a - core[a373ad73a504971]::fmt::write
[INFO] [stdout]    2:     0x61df2eb1e1dc - <alloc[2e1b2a31b91974c5]::vec::Vec<u8> as core[a373ad73a504971]::io::write::Write>::write_fmt
[INFO] [stdout]    3:     0x61df2eaf5b46 - std[617be2ca0a6fd877]::panicking::default_hook::{closure#0}
[INFO] [stdout]    4:     0x61df2eb125a9 - std[617be2ca0a6fd877]::panicking::default_hook
[INFO] [stdout]    5:     0x61df2e92e400 - test[aada8e7e76ba119b]::test_main_inner::{closure#0}
[INFO] [stdout]    6:     0x61df2eb12762 - std[617be2ca0a6fd877]::panicking::panic_with_hook
[INFO] [stdout]    7:     0x61df2eaf5bf2 - std[617be2ca0a6fd877]::panicking::panic_handler::{closure#0}
[INFO] [stdout]    8:     0x61df2eaee7b9 - std[617be2ca0a6fd877]::sys::backtrace::__rust_end_short_backtrace::<std[617be2ca0a6fd877]::panicking::panic_handler::{closure#0}, !>
[INFO] [stdout]    9:     0x61df2eaf67fd - __rustc[ea4f61d10b84890b]::rust_begin_unwind
[INFO] [stdout]   10:     0x61df2eb2eb9c - core[a373ad73a504971]::panicking::panic_fmt
[INFO] [stdout]   11:     0x61df2eb2e972 - core[a373ad73a504971]::result::unwrap_failed
[INFO] [stdout]   12:     0x61df2e91d90a - track_time[d5267dbda7692590]::database::delete_project
[INFO] [stdout]   13:     0x61df2e91b7f4 - <track_time[d5267dbda7692590]::commands::tests::should_stop_tracking_time::{closure#0} as core[a373ad73a504971]::ops::function::FnOnce<()>>::call_once
[INFO] [stdout]   14:     0x61df2e92184b - test[aada8e7e76ba119b]::__rust_begin_short_backtrace::<core[a373ad73a504971]::result::Result<(), alloc[2e1b2a31b91974c5]::string::String>, fn() -> core[a373ad73a504971]::result::Result<(), alloc[2e1b2a31b91974c5]::string::String>>
[INFO] [stdout]   15:     0x61df2e92ea25 - test[aada8e7e76ba119b]::run_test::{closure#0}
[INFO] [stdout]   16:     0x61df2e928314 - std[617be2ca0a6fd877]::sys::backtrace::__rust_begin_short_backtrace::<test[aada8e7e76ba119b]::run_test::{closure#1}, ()>
[INFO] [stdout]   17:     0x61df2e931ab2 - <std[617be2ca0a6fd877]::thread::lifecycle::spawn_unchecked<test[aada8e7e76ba119b]::run_test::{closure#1}, ()>::{closure#1} as core[a373ad73a504971]::ops::function::FnOnce<()>>::call_once::{shim:vtable#0}
[INFO] [stdout]   18:     0x61df2eb1976f - <std[617be2ca0a6fd877]::sys::thread::unix::Thread>::new::thread_start
[INFO] [stdout]   19:     0x71e5489cfdfa - <unknown>
[INFO] [stdout]   20:     0x71e548a633d4 - clone
[INFO] [stdout]   21:                0x0 - <unknown>
[INFO] [stdout] 
[INFO] [stdout] ---- commands::tests::should_start_tracking_time stdout ----
[INFO] [stdout] 
[INFO] [stdout] thread 'commands::tests::should_start_tracking_time' (1511) panicked at src/database.rs:39:7:
[INFO] [stdout] called `Result::unwrap()` on an `Err` value: SqliteFailure(Error { code: Unknown, extended_code: 1 }, Some("no such table: records"))
[INFO] [stdout] stack backtrace:
[INFO] [stdout]    0:     0x61df2eb19f11 - <<std[617be2ca0a6fd877]::sys::backtrace::BacktraceLock>::print::DisplayBacktrace as core[a373ad73a504971]::fmt::Display>::fmt
[INFO] [stdout]    1:     0x61df2eb2e43a - core[a373ad73a504971]::fmt::write
[INFO] [stdout]    2:     0x61df2eb1e1dc - <alloc[2e1b2a31b91974c5]::vec::Vec<u8> as core[a373ad73a504971]::io::write::Write>::write_fmt
[INFO] [stdout]    3:     0x61df2eaf5b46 - std[617be2ca0a6fd877]::panicking::default_hook::{closure#0}
[INFO] [stdout]    4:     0x61df2eb125a9 - std[617be2ca0a6fd877]::panicking::default_hook
[INFO] [stdout]    5:     0x61df2e92e400 - test[aada8e7e76ba119b]::test_main_inner::{closure#0}
[INFO] [stdout]    6:     0x61df2eb12762 - std[617be2ca0a6fd877]::panicking::panic_with_hook
[INFO] [stdout]    7:     0x61df2eaf5bf2 - std[617be2ca0a6fd877]::panicking::panic_handler::{closure#0}
[INFO] [stdout]    8:     0x61df2eaee7b9 - std[617be2ca0a6fd877]::sys::backtrace::__rust_end_short_backtrace::<std[617be2ca0a6fd877]::panicking::panic_handler::{closure#0}, !>
[INFO] [stdout]    9:     0x61df2eaf67fd - __rustc[ea4f61d10b84890b]::rust_begin_unwind
[INFO] [stdout]   10:     0x61df2eb2eb9c - core[a373ad73a504971]::panicking::panic_fmt
[INFO] [stdout]   11:     0x61df2eb2e972 - core[a373ad73a504971]::result::unwrap_failed
[INFO] [stdout]   12:     0x61df2e91d90a - track_time[d5267dbda7692590]::database::delete_project
[INFO] [stdout]   13:     0x61df2e91bcf4 - <track_time[d5267dbda7692590]::commands::tests::should_start_tracking_time::{closure#0} as core[a373ad73a504971]::ops::function::FnOnce<()>>::call_once
[INFO] [stdout]   14:     0x61df2e92184b - test[aada8e7e76ba119b]::__rust_begin_short_backtrace::<core[a373ad73a504971]::result::Result<(), alloc[2e1b2a31b91974c5]::string::String>, fn() -> core[a373ad73a504971]::result::Result<(), alloc[2e1b2a31b91974c5]::string::String>>
[INFO] [stdout]   15:     0x61df2e92ea25 - test[aada8e7e76ba119b]::run_test::{closure#0}
[INFO] [stdout]   16:     0x61df2e928314 - std[617be2ca0a6fd877]::sys::backtrace::__rust_begin_short_backtrace::<test[aada8e7e76ba119b]::run_test::{closure#1}, ()>
[INFO] [stdout]   17:     0x61df2e931ab2 - <std[617be2ca0a6fd877]::thread::lifecycle::spawn_unchecked<test[aada8e7e76ba119b]::run_test::{closure#1}, ()>::{closure#1} as core[a373ad73a504971]::ops::function::FnOnce<()>>::call_once::{shim:vtable#0}
[INFO] [stdout]   18:     0x61df2eb1976f - <std[617be2ca0a6fd877]::sys::thread::unix::Thread>::new::thread_start
[INFO] [stdout]   19:     0x71e5489cfdfa - <unknown>
[INFO] [stdout]   20:     0x71e548a633d4 - clone
[INFO] [stdout]   21:                0x0 - <unknown>
[INFO] [stdout] 
[INFO] [stdout] 
[INFO] [stdout] failures:
[INFO] [stdout]     commands::tests::should_start_tracking_time
[INFO] [stdout]     commands::tests::should_stop_tracking_time
[INFO] [stdout] 
[INFO] [stdout] test result: FAILED. 4 passed; 2 failed; 0 ignored; 0 measured; 0 filtered out; finished in 0.01s
[INFO] [stdout] 
[INFO] [stderr] error: test failed, to rerun pass `--bin track-time`
[INFO] running `Command { std: "docker" "inspect" "f42664e834139ad99bcb777b602bdf12d3b724d3b46cc1b16b36965af700972f", kill_on_drop: false }`
[INFO] running `Command { std: "docker" "rm" "-f" "f42664e834139ad99bcb777b602bdf12d3b724d3b46cc1b16b36965af700972f", kill_on_drop: false }`
[INFO] [stdout] f42664e834139ad99bcb777b602bdf12d3b724d3b46cc1b16b36965af700972f
