[INFO] fetching crate tracing-gcp-formatter 0.21.0...
[INFO] testing tracing-gcp-formatter-0.21.0 against 1.100.0-beta.1+cargoflags=--release for beta-release-1.100-2
[INFO] extracting crate tracing-gcp-formatter 0.21.0 into /workspace/builds/worker-6-tc2/source
[INFO] started tweaking crates.io crate tracing-gcp-formatter 0.21.0
[INFO] removed 0 missing tests
[INFO] finished tweaking crates.io crate tracing-gcp-formatter 0.21.0
[INFO] tweaked toml for crates.io crate tracing-gcp-formatter 0.21.0 written to /workspace/builds/worker-6-tc2/source/Cargo.toml
[INFO] validating manifest of crates.io crate tracing-gcp-formatter 0.21.0 on toolchain 1.100.0-beta.1
[INFO] running `Command { std: CARGO_HOME="/workspace/cargo-home" RUSTUP_HOME="/workspace/rustup-home" "/workspace/cargo-home/bin/cargo" "+1.100.0-beta.1" "metadata" "--manifest-path" "Cargo.toml" "--no-deps", kill_on_drop: false }`
[INFO] crate crates.io crate tracing-gcp-formatter 0.21.0 already has a lockfile, it will not be regenerated
[INFO] running `Command { std: CARGO_HOME="/workspace/cargo-home" RUSTUP_HOME="/workspace/rustup-home" "/workspace/cargo-home/bin/cargo" "+1.100.0-beta.1" "fetch" "--manifest-path" "Cargo.toml", kill_on_drop: false }`
[INFO] running `Command { std: "docker" "create" "-v" "/var/lib/crater-agent-workspace/builds/worker-6-tc2/source:/opt/rustwide/workdir:ro,Z" "-v" "/var/lib/crater-agent-workspace/builds/worker-6-tc2/target:/opt/rustwide/target:rw,Z" "-v" "/var/lib/crater-agent-workspace/cargo-home:/opt/rustwide/cargo-home:ro,Z" "-v" "/var/lib/crater-agent-workspace/rustup-home:/opt/rustwide/rustup-home:ro,Z" "-m" "1610612736" "--network" "none" "ghcr.io/rust-lang/crates-build-env/linux@sha256:77db811e55d90add9212f6832c23229e3de5f1c1f9905e8cb07319ea15df73ac" "sleep" "infinity", kill_on_drop: false }`
[INFO] [stdout] 57c7efc8caa449e87e4ea96293306cb8bacf84f226ff6699ae3e40c3a7c33a23
[INFO] running `Command { std: "docker" "start" "57c7efc8caa449e87e4ea96293306cb8bacf84f226ff6699ae3e40c3a7c33a23", kill_on_drop: false }`
[INFO] running `Command { std: "docker" "inspect" "57c7efc8caa449e87e4ea96293306cb8bacf84f226ff6699ae3e40c3a7c33a23", kill_on_drop: false }`
[INFO] running `Command { std: "docker" "exec" "-e" "SOURCE_DIR=/opt/rustwide/workdir" "-e" "CARGO_HOME=/opt/rustwide/cargo-home" "-e" "RUSTUP_HOME=/opt/rustwide/rustup-home" "-e" "CARGO_TARGET_DIR=/opt/rustwide/target" "-w" "/opt/rustwide/workdir" "--user" "0:0" "57c7efc8caa449e87e4ea96293306cb8bacf84f226ff6699ae3e40c3a7c33a23" "/opt/rustwide/cargo-home/bin/cargo" "+1.100.0-beta.1" "metadata" "--no-deps" "--format-version=1", kill_on_drop: false }`
[INFO] running `Command { std: "docker" "inspect" "57c7efc8caa449e87e4ea96293306cb8bacf84f226ff6699ae3e40c3a7c33a23", kill_on_drop: false }`
[INFO] running `Command { std: "docker" "exec" "-e" "SOURCE_DIR=/opt/rustwide/workdir" "-e" "CARGO_HOME=/opt/rustwide/cargo-home" "-e" "RUSTUP_HOME=/opt/rustwide/rustup-home" "-e" "CARGO_TARGET_DIR=/opt/rustwide/target" "-e" "CARGO_INCREMENTAL=0" "-e" "RUST_BACKTRACE=full" "-e" "RUSTFLAGS=--cap-lints=warn" "-e" "RUSTDOCFLAGS=--cap-lints=warn" "-w" "/opt/rustwide/workdir" "--user" "0:0" "57c7efc8caa449e87e4ea96293306cb8bacf84f226ff6699ae3e40c3a7c33a23" "/opt/rustwide/cargo-home/bin/cargo" "+1.100.0-beta.1" "build" "--frozen" "--message-format=json" "--release", kill_on_drop: false }`
[INFO] [stderr]    Compiling rustix v1.1.4
[INFO] [stderr]    Compiling bitflags v2.11.1
[INFO] [stderr]    Compiling linux-raw-sys v0.12.1
[INFO] [stderr]    Compiling num-traits v0.2.19
[INFO] [stderr]    Compiling serde_json v1.0.149
[INFO] [stderr]    Compiling syn v2.0.117
[INFO] [stderr]    Compiling tracing-subscriber v0.3.23
[INFO] [stderr]    Compiling gethostname v1.1.0
[INFO] [stderr]    Compiling serde_derive v1.0.228
[INFO] [stderr]    Compiling tracing-attributes v0.1.31
[INFO] [stderr]    Compiling tracing v0.1.44
[INFO] [stderr]    Compiling serde v1.0.228
[INFO] [stderr]    Compiling chrono v0.4.44
[INFO] [stderr]    Compiling tracing-gcp-formatter v0.21.0 (/opt/rustwide/workdir)
[INFO] [stderr]     Finished `release` profile [optimized] target(s) in 13.85s
[INFO] running `Command { std: "docker" "inspect" "57c7efc8caa449e87e4ea96293306cb8bacf84f226ff6699ae3e40c3a7c33a23", kill_on_drop: false }`
[INFO] running `Command { std: "docker" "exec" "-e" "SOURCE_DIR=/opt/rustwide/workdir" "-e" "CARGO_HOME=/opt/rustwide/cargo-home" "-e" "RUSTUP_HOME=/opt/rustwide/rustup-home" "-e" "CARGO_TARGET_DIR=/opt/rustwide/target" "-e" "CARGO_INCREMENTAL=0" "-e" "RUST_BACKTRACE=full" "-e" "RUSTFLAGS=--cap-lints=warn" "-e" "RUSTDOCFLAGS=--cap-lints=warn" "-w" "/opt/rustwide/workdir" "--user" "0:0" "57c7efc8caa449e87e4ea96293306cb8bacf84f226ff6699ae3e40c3a7c33a23" "/opt/rustwide/cargo-home/bin/cargo" "+1.100.0-beta.1" "test" "--frozen" "--no-run" "--message-format=json" "--release", kill_on_drop: false }`
[INFO] [stderr]    Compiling tracing-gcp-formatter v0.21.0 (/opt/rustwide/workdir)
[INFO] [stderr]     Finished `release` profile [optimized] target(s) in 2.03s
[INFO] running `Command { std: "docker" "inspect" "57c7efc8caa449e87e4ea96293306cb8bacf84f226ff6699ae3e40c3a7c33a23", kill_on_drop: false }`
[INFO] running `Command { std: "docker" "exec" "-e" "SOURCE_DIR=/opt/rustwide/workdir" "-e" "CARGO_HOME=/opt/rustwide/cargo-home" "-e" "RUSTUP_HOME=/opt/rustwide/rustup-home" "-e" "CARGO_TARGET_DIR=/opt/rustwide/target" "-e" "CARGO_INCREMENTAL=0" "-e" "RUST_BACKTRACE=full" "-e" "RUSTFLAGS=--cap-lints=warn" "-e" "RUSTDOCFLAGS=--cap-lints=warn" "-w" "/opt/rustwide/workdir" "--user" "0:0" "57c7efc8caa449e87e4ea96293306cb8bacf84f226ff6699ae3e40c3a7c33a23" "/opt/rustwide/cargo-home/bin/cargo" "+1.100.0-beta.1" "test" "--frozen" "--release", kill_on_drop: false }`
[INFO] [stderr]     Finished `release` profile [optimized] target(s) in 0.07s
[INFO] [stderr]      Running unittests src/lib.rs (/opt/rustwide/target/release/build/tracing-gcp-formatter/6ffcb98c2ce64f65/out/tracing_gcp_formatter-6ffcb98c2ce64f65)
[INFO] [stdout] 
[INFO] [stdout] running 7 tests
[INFO] [stdout] test tests::nested_span_inherits_parent_fields ... ok
[INFO] [stdout] test tests::span ... FAILED
[INFO] [stdout] test tests::http_event ... FAILED
[INFO] [stdout] test tests::info_simple ... FAILED
[INFO] [stdout] test tests::u16_fields_become_string ... FAILED
[INFO] [stdout] test tests::warn_with_fields ... FAILED
[INFO] [stdout] test tests::source_location ... FAILED
[INFO] [stdout] 
[INFO] [stdout] failures:
[INFO] [stdout] 
[INFO] [stdout] ---- tests::span stdout ----
[INFO] [stdout] 
[INFO] [stdout] thread 'tests::span' (527) panicked at src/tests.rs:92:5:
[INFO] [stdout] assertion `left == right` failed
[INFO] [stdout]   left: "{\"severity\":\"INFO\",\"message\":\"Outside span, before\",\"time\":\"1970-01-01T00:00:00Z\",\"logging.googleapis.com/labels\":{\"hostname\":\"test-hostname\",\"pid\":\"1\"},\"logging.googleapis.com/sourceLocation\":{\"file\":\"crates/tracing-gcp-formatter/src/tests.rs\",\"line\":\"88\",\"function\":\"tracing_gcp_formatter::tests\"}}\n{\"severity\":\"INFO\",\"message\":\"[FOO - START]\",\"time\":\"1970-01-01T00:00:00Z\",\"logging.googleapis.com/labels\":{\"bar\":\"baz\",\"hostname\":\"test-hostname\",\"pid\":\"1\"},\"logging.googleapis.com/sourceLocation\":{\"file\":\"crates/tracing-gcp-formatter/src/tests.rs\",\"line\":\"102\",\"function\":\"tracing_gcp_formatter::tests\"}}\n{\"severity\":\"WARNING\",\"message\":\"[FOO - EVENT] Inside span\",\"time\":\"1970-01-01T00:00:00Z\",\"logging.googleapis.com/labels\":{\"bar\":\"baz\",\"hostname\":\"test-hostname\",\"pid\":\"1\"},\"logging.googleapis.com/sourceLocation\":{\"file\":\"crates/tracing-gcp-formatter/src/tests.rs\",\"line\":\"104\",\"function\":\"tracing_gcp_formatter::tests\"}}\n{\"severity\":\"INFO\",\"message\":\"[FOO - END]\",\"time\":\"1970-01-01T00:00:00Z\",\"logging.googleapis.com/labels\":{\"bar\":\"baz\",\"hostname\":\"test-hostname\",\"pid\":\"1\"},\"logging.googleapis.com/sourceLocation\":{\"file\":\"crates/tracing-gcp-formatter/src/tests.rs\",\"line\":\"102\",\"function\":\"tracing_gcp_formatter::tests\"}}\n{\"severity\":\"INFO\",\"message\":\"Outside span, after\",\"time\":\"1970-01-01T00:00:00Z\",\"logging.googleapis.com/labels\":{\"hostname\":\"test-hostname\",\"pid\":\"1\"},\"logging.googleapis.com/sourceLocation\":{\"file\":\"crates/tracing-gcp-formatter/src/tests.rs\",\"line\":\"90\",\"function\":\"tracing_gcp_formatter::tests\"}}"
[INFO] [stdout]  right: "{\"severity\":\"INFO\",\"message\":\"Outside span, before\",\"time\":\"1970-01-01T00:00:00Z\",\"logging.googleapis.com/labels\":{\"hostname\":\"test-hostname\",\"pid\":\"1\"},\"logging.googleapis.com/sourceLocation\":{\"file\":\"src/tests.rs\",\"line\":\"88\",\"function\":\"tracing_gcp_formatter::tests\"}}\n{\"severity\":\"INFO\",\"message\":\"[FOO - START]\",\"time\":\"1970-01-01T00:00:00Z\",\"logging.googleapis.com/labels\":{\"bar\":\"baz\",\"hostname\":\"test-hostname\",\"pid\":\"1\"},\"logging.googleapis.com/sourceLocation\":{\"file\":\"src/tests.rs\",\"line\":\"102\",\"function\":\"tracing_gcp_formatter::tests\"}}\n{\"severity\":\"WARNING\",\"message\":\"[FOO - EVENT] Inside span\",\"time\":\"1970-01-01T00:00:00Z\",\"logging.googleapis.com/labels\":{\"bar\":\"baz\",\"hostname\":\"test-hostname\",\"pid\":\"1\"},\"logging.googleapis.com/sourceLocation\":{\"file\":\"src/tests.rs\",\"line\":\"104\",\"function\":\"tracing_gcp_formatter::tests\"}}\n{\"severity\":\"INFO\",\"message\":\"[FOO - END]\",\"time\":\"1970-01-01T00:00:00Z\",\"logging.googleapis.com/labels\":{\"bar\":\"baz\",\"hostname\":\"test-hostname\",\"pid\":\"1\"},\"logging.googleapis.com/sourceLocation\":{\"file\":\"src/tests.rs\",\"line\":\"102\",\"function\":\"tracing_gcp_formatter::tests\"}}\n{\"severity\":\"INFO\",\"message\":\"Outside span, after\",\"time\":\"1970-01-01T00:00:00Z\",\"logging.googleapis.com/labels\":{\"hostname\":\"test-hostname\",\"pid\":\"1\"},\"logging.googleapis.com/sourceLocation\":{\"file\":\"src/tests.rs\",\"line\":\"90\",\"function\":\"tracing_gcp_formatter::tests\"}}"
[INFO] [stdout] stack backtrace:
[INFO] [stdout]    0:     0x596ea5d70dc1 - <<std[617be2ca0a6fd877]::sys::backtrace::BacktraceLock>::print::DisplayBacktrace as core[a373ad73a504971]::fmt::Display>::fmt
[INFO] [stdout]    1:     0x596ea5d8692a - core[a373ad73a504971]::fmt::write
[INFO] [stdout]    2:     0x596ea5d74fdc - <alloc[2e1b2a31b91974c5]::vec::Vec<u8> as core[a373ad73a504971]::io::write::Write>::write_fmt
[INFO] [stdout]    3:     0x596ea5d4d056 - std[617be2ca0a6fd877]::panicking::default_hook::{closure#0}
[INFO] [stdout]    4:     0x596ea5d692c9 - std[617be2ca0a6fd877]::panicking::default_hook
[INFO] [stdout]    5:     0x596ea5cf8870 - test[aada8e7e76ba119b]::test_main_inner::{closure#0}
[INFO] [stdout]    6:     0x596ea5d69482 - std[617be2ca0a6fd877]::panicking::panic_with_hook
[INFO] [stdout]    7:     0x596ea5d4d102 - std[617be2ca0a6fd877]::panicking::panic_handler::{closure#0}
[INFO] [stdout]    8:     0x596ea5d45e19 - std[617be2ca0a6fd877]::sys::backtrace::__rust_end_short_backtrace::<std[617be2ca0a6fd877]::panicking::panic_handler::{closure#0}, !>
[INFO] [stdout]    9:     0x596ea5d4dd0d - __rustc[ea4f61d10b84890b]::rust_begin_unwind
[INFO] [stdout]   10:     0x596ea5d8708c - core[a373ad73a504971]::panicking::panic_fmt
[INFO] [stdout]   11:     0x596ea5d86fa3 - core[a373ad73a504971]::panicking::assert_failed_inner
[INFO] [stdout]   12:     0x596ea5ce5f10 - core[a373ad73a504971]::panicking::assert_failed::<&str, alloc[2e1b2a31b91974c5]::string::String>
[INFO] [stdout]   13:     0x596ea5cda028 - <tracing_gcp_formatter[7ea6d06006f20dca]::tests::span::{closure#0} as core[a373ad73a504971]::ops::function::FnOnce<()>>::call_once
[INFO] [stdout]   14:     0x596ea5cebcbb - test[aada8e7e76ba119b]::__rust_begin_short_backtrace::<core[a373ad73a504971]::result::Result<(), alloc[2e1b2a31b91974c5]::string::String>, fn() -> core[a373ad73a504971]::result::Result<(), alloc[2e1b2a31b91974c5]::string::String>>
[INFO] [stdout]   15:     0x596ea5cf8e95 - test[aada8e7e76ba119b]::run_test::{closure#0}
[INFO] [stdout]   16:     0x596ea5cf2784 - std[617be2ca0a6fd877]::sys::backtrace::__rust_begin_short_backtrace::<test[aada8e7e76ba119b]::run_test::{closure#1}, ()>
[INFO] [stdout]   17:     0x596ea5cfbf22 - <std[617be2ca0a6fd877]::thread::lifecycle::spawn_unchecked<test[aada8e7e76ba119b]::run_test::{closure#1}, ()>::{closure#1} as core[a373ad73a504971]::ops::function::FnOnce<()>>::call_once::{shim:vtable#0}
[INFO] [stdout]   18:     0x596ea5d705ef - <std[617be2ca0a6fd877]::sys::thread::unix::Thread>::new::thread_start
[INFO] [stdout]   19:     0x7a2fa63d5dfa - <unknown>
[INFO] [stdout]   20:     0x7a2fa64693d4 - clone
[INFO] [stdout]   21:                0x0 - <unknown>
[INFO] [stdout] 
[INFO] [stdout] ---- tests::http_event stdout ----
[INFO] [stdout] 
[INFO] [stdout] thread 'tests::http_event' (523) panicked at src/tests.rs:58:5:
[INFO] [stdout] assertion `left == right` failed
[INFO] [stdout]   left: "{\"severity\":\"DEFAULT\",\"message\":\"Http::connect; scheme=Some(\\\"http\\\"), host=Some(\\\"127.0.0.1\\\"), port=Some(Port(43059))\",\"time\":\"1970-01-01T00:00:00Z\",\"logging.googleapis.com/labels\":{\"hostname\":\"test-hostname\",\"http.method\":\"POST\",\"http.url\":\"https://www.disney.com\",\"pid\":\"1\"},\"logging.googleapis.com/sourceLocation\":{\"file\":\"crates/tracing-gcp-formatter/src/tests.rs\",\"line\":\"52\",\"function\":\"tracing_gcp_formatter::tests\"}}"
[INFO] [stdout]  right: "{\"severity\":\"DEFAULT\",\"message\":\"Http::connect; scheme=Some(\\\"http\\\"), host=Some(\\\"127.0.0.1\\\"), port=Some(Port(43059))\",\"time\":\"1970-01-01T00:00:00Z\",\"logging.googleapis.com/labels\":{\"hostname\":\"test-hostname\",\"http.method\":\"POST\",\"http.url\":\"https://www.disney.com\",\"pid\":\"1\"},\"logging.googleapis.com/sourceLocation\":{\"file\":\"src/tests.rs\",\"line\":\"52\",\"function\":\"tracing_gcp_formatter::tests\"}}"
[INFO] [stdout] stack backtrace:
[INFO] [stdout]    0:     0x596ea5d70dc1 - <<std[617be2ca0a6fd877]::sys::backtrace::BacktraceLock>::print::DisplayBacktrace as core[a373ad73a504971]::fmt::Display>::fmt
[INFO] [stdout]    1:     0x596ea5d8692a - core[a373ad73a504971]::fmt::write
[INFO] [stdout]    2:     0x596ea5d74fdc - <alloc[2e1b2a31b91974c5]::vec::Vec<u8> as core[a373ad73a504971]::io::write::Write>::write_fmt
[INFO] [stdout]    3:     0x596ea5d4d056 - std[617be2ca0a6fd877]::panicking::default_hook::{closure#0}
[INFO] [stdout]    4:     0x596ea5d692c9 - std[617be2ca0a6fd877]::panicking::default_hook
[INFO] [stderr] error: test failed, to rerun pass `--lib`
[INFO] [stdout]    5:     0x596ea5cf8870 - test[aada8e7e76ba119b]::test_main_inner::{closure#0}
[INFO] [stdout]    6:     0x596ea5d69482 - std[617be2ca0a6fd877]::panicking::panic_with_hook
[INFO] [stdout]    7:     0x596ea5d4d102 - std[617be2ca0a6fd877]::panicking::panic_handler::{closure#0}
[INFO] [stdout]    8:     0x596ea5d45e19 - std[617be2ca0a6fd877]::sys::backtrace::__rust_end_short_backtrace::<std[617be2ca0a6fd877]::panicking::panic_handler::{closure#0}, !>
[INFO] [stdout]    9:     0x596ea5d4dd0d - __rustc[ea4f61d10b84890b]::rust_begin_unwind
[INFO] [stdout]   10:     0x596ea5d8708c - core[a373ad73a504971]::panicking::panic_fmt
[INFO] [stdout]   11:     0x596ea5d86fa3 - core[a373ad73a504971]::panicking::assert_failed_inner
[INFO] [stdout]   12:     0x596ea5ce5f10 - core[a373ad73a504971]::panicking::assert_failed::<&str, alloc[2e1b2a31b91974c5]::string::String>
[INFO] [stdout]   13:     0x596ea5cd6dc4 - <tracing_gcp_formatter[7ea6d06006f20dca]::tests::http_event::{closure#0} as core[a373ad73a504971]::ops::function::FnOnce<()>>::call_once
[INFO] [stdout]   14:     0x596ea5cebcbb - test[aada8e7e76ba119b]::__rust_begin_short_backtrace::<core[a373ad73a504971]::result::Result<(), alloc[2e1b2a31b91974c5]::string::String>, fn() -> core[a373ad73a504971]::result::Result<(), alloc[2e1b2a31b91974c5]::string::String>>
[INFO] [stdout]   15:     0x596ea5cf8e95 - test[aada8e7e76ba119b]::run_test::{closure#0}
[INFO] [stdout]   16:     0x596ea5cf2784 - std[617be2ca0a6fd877]::sys::backtrace::__rust_begin_short_backtrace::<test[aada8e7e76ba119b]::run_test::{closure#1}, ()>
[INFO] [stdout]   17:     0x596ea5cfbf22 - <std[617be2ca0a6fd877]::thread::lifecycle::spawn_unchecked<test[aada8e7e76ba119b]::run_test::{closure#1}, ()>::{closure#1} as core[a373ad73a504971]::ops::function::FnOnce<()>>::call_once::{shim:vtable#0}
[INFO] [stdout]   18:     0x596ea5d705ef - <std[617be2ca0a6fd877]::sys::thread::unix::Thread>::new::thread_start
[INFO] [stdout]   19:     0x7a2fa63d5dfa - <unknown>
[INFO] [stdout]   20:     0x7a2fa64693d4 - clone
[INFO] [stdout]   21:                0x0 - <unknown>
[INFO] [stdout] 
[INFO] [stdout] ---- tests::info_simple stdout ----
[INFO] [stdout] 
[INFO] [stdout] thread 'tests::info_simple' (524) panicked at src/tests.rs:22:5:
[INFO] [stdout] assertion `left == right` failed
[INFO] [stdout]   left: "{\"severity\":\"INFO\",\"message\":\"Lorem ipsum\",\"time\":\"1970-01-01T00:00:00Z\",\"logging.googleapis.com/labels\":{\"hostname\":\"test-hostname\",\"pid\":\"1\"},\"logging.googleapis.com/sourceLocation\":{\"file\":\"crates/tracing-gcp-formatter/src/tests.rs\",\"line\":\"20\",\"function\":\"tracing_gcp_formatter::tests\"}}"
[INFO] [stdout]  right: "{\"severity\":\"INFO\",\"message\":\"Lorem ipsum\",\"time\":\"1970-01-01T00:00:00Z\",\"logging.googleapis.com/labels\":{\"hostname\":\"test-hostname\",\"pid\":\"1\"},\"logging.googleapis.com/sourceLocation\":{\"file\":\"src/tests.rs\",\"line\":\"20\",\"function\":\"tracing_gcp_formatter::tests\"}}"
[INFO] [stdout] stack backtrace:
[INFO] [stdout]    0:     0x596ea5d70dc1 - <<std[617be2ca0a6fd877]::sys::backtrace::BacktraceLock>::print::DisplayBacktrace as core[a373ad73a504971]::fmt::Display>::fmt
[INFO] [stdout]    1:     0x596ea5d8692a - core[a373ad73a504971]::fmt::write
[INFO] [stdout]    2:     0x596ea5d74fdc - <alloc[2e1b2a31b91974c5]::vec::Vec<u8> as core[a373ad73a504971]::io::write::Write>::write_fmt
[INFO] [stdout]    3:     0x596ea5d4d056 - std[617be2ca0a6fd877]::panicking::default_hook::{closure#0}
[INFO] [stdout]    4:     0x596ea5d692c9 - std[617be2ca0a6fd877]::panicking::default_hook
[INFO] [stdout]    5:     0x596ea5cf8870 - test[aada8e7e76ba119b]::test_main_inner::{closure#0}
[INFO] [stdout]    6:     0x596ea5d69482 - std[617be2ca0a6fd877]::panicking::panic_with_hook
[INFO] [stdout]    7:     0x596ea5d4d102 - std[617be2ca0a6fd877]::panicking::panic_handler::{closure#0}
[INFO] [stdout]    8:     0x596ea5d45e19 - std[617be2ca0a6fd877]::sys::backtrace::__rust_end_short_backtrace::<std[617be2ca0a6fd877]::panicking::panic_handler::{closure#0}, !>
[INFO] [stdout]    9:     0x596ea5d4dd0d - __rustc[ea4f61d10b84890b]::rust_begin_unwind
[INFO] [stdout]   10:     0x596ea5d8708c - core[a373ad73a504971]::panicking::panic_fmt
[INFO] [stdout]   11:     0x596ea5d86fa3 - core[a373ad73a504971]::panicking::assert_failed_inner
[INFO] [stdout]   12:     0x596ea5ce5f10 - core[a373ad73a504971]::panicking::assert_failed::<&str, alloc[2e1b2a31b91974c5]::string::String>
[INFO] [stdout]   13:     0x596ea5cd7309 - <tracing_gcp_formatter[7ea6d06006f20dca]::tests::info_simple::{closure#0} as core[a373ad73a504971]::ops::function::FnOnce<()>>::call_once
[INFO] [stdout]   14:     0x596ea5cebcbb - test[aada8e7e76ba119b]::__rust_begin_short_backtrace::<core[a373ad73a504971]::result::Result<(), alloc[2e1b2a31b91974c5]::string::String>, fn() -> core[a373ad73a504971]::result::Result<(), alloc[2e1b2a31b91974c5]::string::String>>
[INFO] [stdout]   15:     0x596ea5cf8e95 - test[aada8e7e76ba119b]::run_test::{closure#0}
[INFO] [stdout]   16:     0x596ea5cf2784 - std[617be2ca0a6fd877]::sys::backtrace::__rust_begin_short_backtrace::<test[aada8e7e76ba119b]::run_test::{closure#1}, ()>
[INFO] [stdout]   17:     0x596ea5cfbf22 - <std[617be2ca0a6fd877]::thread::lifecycle::spawn_unchecked<test[aada8e7e76ba119b]::run_test::{closure#1}, ()>::{closure#1} as core[a373ad73a504971]::ops::function::FnOnce<()>>::call_once::{shim:vtable#0}
[INFO] [stdout]   18:     0x596ea5d705ef - <std[617be2ca0a6fd877]::sys::thread::unix::Thread>::new::thread_start
[INFO] [stdout]   19:     0x7a2fa63d5dfa - <unknown>
[INFO] [stdout]   20:     0x7a2fa64693d4 - clone
[INFO] [stdout]   21:                0x0 - <unknown>
[INFO] [stdout] 
[INFO] [stdout] ---- tests::u16_fields_become_string stdout ----
[INFO] [stdout] 
[INFO] [stdout] thread 'tests::u16_fields_become_string' (528) panicked at src/tests.rs:184:5:
[INFO] [stdout] assertion `left == right` failed
[INFO] [stdout]   left: "{\"severity\":\"INFO\",\"message\":\"[TEST_SPAN - START]\",\"time\":\"1970-01-01T00:00:00Z\",\"logging.googleapis.com/labels\":{\"hostname\":\"test-hostname\",\"pid\":\"1\"},\"logging.googleapis.com/sourceLocation\":{\"file\":\"crates/tracing-gcp-formatter/src/tests.rs\",\"line\":\"192\",\"function\":\"tracing_gcp_formatter::tests\"}}\n{\"severity\":\"INFO\",\"message\":\"[TEST_SPAN - END]\",\"time\":\"1970-01-01T00:00:00Z\",\"logging.googleapis.com/labels\":{\"baz\":\"42\",\"hostname\":\"test-hostname\",\"pid\":\"1\"},\"logging.googleapis.com/sourceLocation\":{\"file\":\"crates/tracing-gcp-formatter/src/tests.rs\",\"line\":\"192\",\"function\":\"tracing_gcp_formatter::tests\"}}\n{\"severity\":\"INFO\",\"message\":\"HTTP Status Code\",\"time\":\"1970-01-01T00:00:00Z\",\"logging.googleapis.com/labels\":{\"hostname\":\"test-hostname\",\"pid\":\"1\",\"status_code\":\"404\"},\"logging.googleapis.com/sourceLocation\":{\"file\":\"crates/tracing-gcp-formatter/src/tests.rs\",\"line\":\"182\",\"function\":\"tracing_gcp_formatter::tests\"}}"
[INFO] [stdout]  right: "{\"severity\":\"INFO\",\"message\":\"[TEST_SPAN - START]\",\"time\":\"1970-01-01T00:00:00Z\",\"logging.googleapis.com/labels\":{\"hostname\":\"test-hostname\",\"pid\":\"1\"},\"logging.googleapis.com/sourceLocation\":{\"file\":\"src/tests.rs\",\"line\":\"192\",\"function\":\"tracing_gcp_formatter::tests\"}}\n{\"severity\":\"INFO\",\"message\":\"[TEST_SPAN - END]\",\"time\":\"1970-01-01T00:00:00Z\",\"logging.googleapis.com/labels\":{\"baz\":\"42\",\"hostname\":\"test-hostname\",\"pid\":\"1\"},\"logging.googleapis.com/sourceLocation\":{\"file\":\"src/tests.rs\",\"line\":\"192\",\"function\":\"tracing_gcp_formatter::tests\"}}\n{\"severity\":\"INFO\",\"message\":\"HTTP Status Code\",\"time\":\"1970-01-01T00:00:00Z\",\"logging.googleapis.com/labels\":{\"hostname\":\"test-hostname\",\"pid\":\"1\",\"status_code\":\"404\"},\"logging.googleapis.com/sourceLocation\":{\"file\":\"src/tests.rs\",\"line\":\"182\",\"function\":\"tracing_gcp_formatter::tests\"}}"
[INFO] [stdout] stack backtrace:
[INFO] [stdout]    0:     0x596ea5d70dc1 - <<std[617be2ca0a6fd877]::sys::backtrace::BacktraceLock>::print::DisplayBacktrace as core[a373ad73a504971]::fmt::Display>::fmt
[INFO] [stdout]    1:     0x596ea5d8692a - core[a373ad73a504971]::fmt::write
[INFO] [stdout]    2:     0x596ea5d74fdc - <alloc[2e1b2a31b91974c5]::vec::Vec<u8> as core[a373ad73a504971]::io::write::Write>::write_fmt
[INFO] [stdout]    3:     0x596ea5d4d056 - std[617be2ca0a6fd877]::panicking::default_hook::{closure#0}
[INFO] [stdout]    4:     0x596ea5d692c9 - std[617be2ca0a6fd877]::panicking::default_hook
[INFO] [stdout]    5:     0x596ea5cf8870 - test[aada8e7e76ba119b]::test_main_inner::{closure#0}
[INFO] [stdout]    6:     0x596ea5d69482 - std[617be2ca0a6fd877]::panicking::panic_with_hook
[INFO] [stdout]    7:     0x596ea5d4d102 - std[617be2ca0a6fd877]::panicking::panic_handler::{closure#0}
[INFO] [stdout]    8:     0x596ea5d45e19 - std[617be2ca0a6fd877]::sys::backtrace::__rust_end_short_backtrace::<std[617be2ca0a6fd877]::panicking::panic_handler::{closure#0}, !>
[INFO] [stdout]    9:     0x596ea5d4dd0d - __rustc[ea4f61d10b84890b]::rust_begin_unwind
[INFO] [stdout]   10:     0x596ea5d8708c - core[a373ad73a504971]::panicking::panic_fmt
[INFO] [stdout]   11:     0x596ea5d86fa3 - core[a373ad73a504971]::panicking::assert_failed_inner
[INFO] [stdout]   12:     0x596ea5ce5f10 - core[a373ad73a504971]::panicking::assert_failed::<&str, alloc[2e1b2a31b91974c5]::string::String>
[INFO] [stdout]   13:     0x596ea5cd8764 - <tracing_gcp_formatter[7ea6d06006f20dca]::tests::u16_fields_become_string::{closure#0} as core[a373ad73a504971]::ops::function::FnOnce<()>>::call_once
[INFO] [stdout]   14:     0x596ea5cebcbb - test[aada8e7e76ba119b]::__rust_begin_short_backtrace::<core[a373ad73a504971]::result::Result<(), alloc[2e1b2a31b91974c5]::string::String>, fn() -> core[a373ad73a504971]::result::Result<(), alloc[2e1b2a31b91974c5]::string::String>>
[INFO] [stdout]   15:     0x596ea5cf8e95 - test[aada8e7e76ba119b]::run_test::{closure#0}
[INFO] [stdout]   16:     0x596ea5cf2784 - std[617be2ca0a6fd877]::sys::backtrace::__rust_begin_short_backtrace::<test[aada8e7e76ba119b]::run_test::{closure#1}, ()>
[INFO] [stdout]   17:     0x596ea5cfbf22 - <std[617be2ca0a6fd877]::thread::lifecycle::spawn_unchecked<test[aada8e7e76ba119b]::run_test::{closure#1}, ()>::{closure#1} as core[a373ad73a504971]::ops::function::FnOnce<()>>::call_once::{shim:vtable#0}
[INFO] [stdout]   18:     0x596ea5d705ef - <std[617be2ca0a6fd877]::sys::thread::unix::Thread>::new::thread_start
[INFO] [stdout]   19:     0x7a2fa63d5dfa - <unknown>
[INFO] [stdout]   20:     0x7a2fa64693d4 - clone
[INFO] [stdout]   21:                0x0 - <unknown>
[INFO] [stdout] 
[INFO] [stdout] ---- tests::warn_with_fields stdout ----
[INFO] [stdout] 
[INFO] [stdout] thread 'tests::warn_with_fields' (529) panicked at src/tests.rs:38:5:
[INFO] [stdout] assertion `left == right` failed
[INFO] [stdout]   left: "{\"severity\":\"WARNING\",\"message\":\"Lorem ipsum\",\"time\":\"1970-01-01T00:00:00Z\",\"logging.googleapis.com/labels\":{\"foo\":\"bar\",\"hostname\":\"test-hostname\",\"pid\":\"1\",\"qux\":\"42\"},\"logging.googleapis.com/sourceLocation\":{\"file\":\"crates/tracing-gcp-formatter/src/tests.rs\",\"line\":\"36\",\"function\":\"tracing_gcp_formatter::tests\"}}"
[INFO] [stdout]  right: "{\"severity\":\"WARNING\",\"message\":\"Lorem ipsum\",\"time\":\"1970-01-01T00:00:00Z\",\"logging.googleapis.com/labels\":{\"foo\":\"bar\",\"hostname\":\"test-hostname\",\"pid\":\"1\",\"qux\":\"42\"},\"logging.googleapis.com/sourceLocation\":{\"file\":\"src/tests.rs\",\"line\":\"36\",\"function\":\"tracing_gcp_formatter::tests\"}}"
[INFO] [stdout] stack backtrace:
[INFO] [stdout]    0:     0x596ea5d70dc1 - <<std[617be2ca0a6fd877]::sys::backtrace::BacktraceLock>::print::DisplayBacktrace as core[a373ad73a504971]::fmt::Display>::fmt
[INFO] [stdout]    1:     0x596ea5d8692a - core[a373ad73a504971]::fmt::write
[INFO] [stdout]    2:     0x596ea5d74fdc - <alloc[2e1b2a31b91974c5]::vec::Vec<u8> as core[a373ad73a504971]::io::write::Write>::write_fmt
[INFO] [stdout]    3:     0x596ea5d4d056 - std[617be2ca0a6fd877]::panicking::default_hook::{closure#0}
[INFO] [stdout]    4:     0x596ea5d692c9 - std[617be2ca0a6fd877]::panicking::default_hook
[INFO] [stdout]    5:     0x596ea5cf8870 - test[aada8e7e76ba119b]::test_main_inner::{closure#0}
[INFO] [stdout]    6:     0x596ea5d69482 - std[617be2ca0a6fd877]::panicking::panic_with_hook
[INFO] [stdout]    7:     0x596ea5d4d102 - std[617be2ca0a6fd877]::panicking::panic_handler::{closure#0}
[INFO] [stdout]    8:     0x596ea5d45e19 - std[617be2ca0a6fd877]::sys::backtrace::__rust_end_short_backtrace::<std[617be2ca0a6fd877]::panicking::panic_handler::{closure#0}, !>
[INFO] [stdout]    9:     0x596ea5d4dd0d - __rustc[ea4f61d10b84890b]::rust_begin_unwind
[INFO] [stdout]   10:     0x596ea5d8708c - core[a373ad73a504971]::panicking::panic_fmt
[INFO] [stdout]   11:     0x596ea5d86fa3 - core[a373ad73a504971]::panicking::assert_failed_inner
[INFO] [stdout]   12:     0x596ea5ce5f10 - core[a373ad73a504971]::panicking::assert_failed::<&str, alloc[2e1b2a31b91974c5]::string::String>
[INFO] [stdout]   13:     0x596ea5cd7e31 - <tracing_gcp_formatter[7ea6d06006f20dca]::tests::warn_with_fields::{closure#0} as core[a373ad73a504971]::ops::function::FnOnce<()>>::call_once
[INFO] [stdout]   14:     0x596ea5cebcbb - test[aada8e7e76ba119b]::__rust_begin_short_backtrace::<core[a373ad73a504971]::result::Result<(), alloc[2e1b2a31b91974c5]::string::String>, fn() -> core[a373ad73a504971]::result::Result<(), alloc[2e1b2a31b91974c5]::string::String>>
[INFO] [stdout]   15:     0x596ea5cf8e95 - test[aada8e7e76ba119b]::run_test::{closure#0}
[INFO] [stdout]   16:     0x596ea5cf2784 - std[617be2ca0a6fd877]::sys::backtrace::__rust_begin_short_backtrace::<test[aada8e7e76ba119b]::run_test::{closure#1}, ()>
[INFO] [stdout]   17:     0x596ea5cfbf22 - <std[617be2ca0a6fd877]::thread::lifecycle::spawn_unchecked<test[aada8e7e76ba119b]::run_test::{closure#1}, ()>::{closure#1} as core[a373ad73a504971]::ops::function::FnOnce<()>>::call_once::{shim:vtable#0}
[INFO] [stdout]   18:     0x596ea5d705ef - <std[617be2ca0a6fd877]::sys::thread::unix::Thread>::new::thread_start
[INFO] [stdout]   19:     0x7a2fa63d5dfa - <unknown>
[INFO] [stdout]   20:     0x7a2fa64693d4 - clone
[INFO] [stdout]   21:                0x0 - <unknown>
[INFO] [stdout] 
[INFO] [stdout] ---- tests::source_location stdout ----
[INFO] [stdout] 
[INFO] [stdout] thread 'tests::source_location' (526) panicked at src/tests.rs:74:5:
[INFO] [stdout] assertion `left == right` failed
[INFO] [stdout]   left: "{\"severity\":\"DEBUG\",\"message\":\"Where is this coming from?\",\"time\":\"1970-01-01T00:00:00Z\",\"logging.googleapis.com/labels\":{\"hostname\":\"test-hostname\",\"pid\":\"1\"},\"logging.googleapis.com/sourceLocation\":{\"file\":\"crates/tracing-gcp-formatter/src/tests.rs\",\"line\":\"72\",\"function\":\"tracing_gcp_formatter::tests\"}}"
[INFO] [stdout]  right: "{\"severity\":\"DEBUG\",\"message\":\"Where is this coming from?\",\"time\":\"1970-01-01T00:00:00Z\",\"logging.googleapis.com/labels\":{\"hostname\":\"test-hostname\",\"pid\":\"1\"},\"logging.googleapis.com/sourceLocation\":{\"file\":\"src/tests.rs\",\"line\":\"72\",\"function\":\"tracing_gcp_formatter::tests\"}}"
[INFO] [stdout] stack backtrace:
[INFO] [stdout]    0:     0x596ea5d70dc1 - <<std[617be2ca0a6fd877]::sys::backtrace::BacktraceLock>::print::DisplayBacktrace as core[a373ad73a504971]::fmt::Display>::fmt
[INFO] [stdout]    1:     0x596ea5d8692a - core[a373ad73a504971]::fmt::write
[INFO] [stdout]    2:     0x596ea5d74fdc - <alloc[2e1b2a31b91974c5]::vec::Vec<u8> as core[a373ad73a504971]::io::write::Write>::write_fmt
[INFO] [stdout]    3:     0x596ea5d4d056 - std[617be2ca0a6fd877]::panicking::default_hook::{closure#0}
[INFO] [stdout]    4:     0x596ea5d692c9 - std[617be2ca0a6fd877]::panicking::default_hook
[INFO] [stdout]    5:     0x596ea5cf8870 - test[aada8e7e76ba119b]::test_main_inner::{closure#0}
[INFO] [stdout]    6:     0x596ea5d69482 - std[617be2ca0a6fd877]::panicking::panic_with_hook
[INFO] [stdout]    7:     0x596ea5d4d102 - std[617be2ca0a6fd877]::panicking::panic_handler::{closure#0}
[INFO] [stdout]    8:     0x596ea5d45e19 - std[617be2ca0a6fd877]::sys::backtrace::__rust_end_short_backtrace::<std[617be2ca0a6fd877]::panicking::panic_handler::{closure#0}, !>
[INFO] [stdout]    9:     0x596ea5d4dd0d - __rustc[ea4f61d10b84890b]::rust_begin_unwind
[INFO] [stdout]   10:     0x596ea5d8708c - core[a373ad73a504971]::panicking::panic_fmt
[INFO] [stdout]   11:     0x596ea5d86fa3 - core[a373ad73a504971]::panicking::assert_failed_inner
[INFO] [stdout]   12:     0x596ea5ce5f10 - core[a373ad73a504971]::panicking::assert_failed::<&str, alloc[2e1b2a31b91974c5]::string::String>
[INFO] [stdout]   13:     0x596ea5cd7869 - <tracing_gcp_formatter[7ea6d06006f20dca]::tests::source_location::{closure#0} as core[a373ad73a504971]::ops::function::FnOnce<()>>::call_once
[INFO] [stdout]   14:     0x596ea5cebcbb - test[aada8e7e76ba119b]::__rust_begin_short_backtrace::<core[a373ad73a504971]::result::Result<(), alloc[2e1b2a31b91974c5]::string::String>, fn() -> core[a373ad73a504971]::result::Result<(), alloc[2e1b2a31b91974c5]::string::String>>
[INFO] [stdout]   15:     0x596ea5cf8e95 - test[aada8e7e76ba119b]::run_test::{closure#0}
[INFO] [stdout]   16:     0x596ea5cf2784 - std[617be2ca0a6fd877]::sys::backtrace::__rust_begin_short_backtrace::<test[aada8e7e76ba119b]::run_test::{closure#1}, ()>
[INFO] [stdout]   17:     0x596ea5cfbf22 - <std[617be2ca0a6fd877]::thread::lifecycle::spawn_unchecked<test[aada8e7e76ba119b]::run_test::{closure#1}, ()>::{closure#1} as core[a373ad73a504971]::ops::function::FnOnce<()>>::call_once::{shim:vtable#0}
[INFO] [stdout]   18:     0x596ea5d705ef - <std[617be2ca0a6fd877]::sys::thread::unix::Thread>::new::thread_start
[INFO] [stdout]   19:     0x7a2fa63d5dfa - <unknown>
[INFO] [stdout]   20:     0x7a2fa64693d4 - clone
[INFO] [stdout]   21:                0x0 - <unknown>
[INFO] [stdout] 
[INFO] [stdout] 
[INFO] [stdout] failures:
[INFO] [stdout]     tests::http_event
[INFO] [stdout]     tests::info_simple
[INFO] [stdout]     tests::source_location
[INFO] [stdout]     tests::span
[INFO] [stdout]     tests::u16_fields_become_string
[INFO] [stdout]     tests::warn_with_fields
[INFO] [stdout] 
[INFO] [stdout] test result: FAILED. 1 passed; 6 failed; 0 ignored; 0 measured; 0 filtered out; finished in 0.01s
[INFO] [stdout] 
[INFO] running `Command { std: "docker" "inspect" "57c7efc8caa449e87e4ea96293306cb8bacf84f226ff6699ae3e40c3a7c33a23", kill_on_drop: false }`
[INFO] running `Command { std: "docker" "rm" "-f" "57c7efc8caa449e87e4ea96293306cb8bacf84f226ff6699ae3e40c3a7c33a23", kill_on_drop: false }`
[INFO] [stdout] 57c7efc8caa449e87e4ea96293306cb8bacf84f226ff6699ae3e40c3a7c33a23
