[INFO] fetching crate tracing-error 0.2.1...
[INFO] testing tracing-error-0.2.1 against 1.99.0-beta.8+cargoflags=--release for beta-release-1.100-2
[INFO] extracting crate tracing-error 0.2.1 into /workspace/builds/worker-4-tc1/source
[INFO] started tweaking crates.io crate tracing-error 0.2.1
[INFO] finished tweaking crates.io crate tracing-error 0.2.1
[INFO] tweaked toml for crates.io crate tracing-error 0.2.1 written to /workspace/builds/worker-4-tc1/source/Cargo.toml
[INFO] validating manifest of crates.io crate tracing-error 0.2.1 on toolchain 1.99.0-beta.8
[INFO] running `Command { std: CARGO_HOME="/workspace/cargo-home" RUSTUP_HOME="/workspace/rustup-home" "/workspace/cargo-home/bin/cargo" "+1.99.0-beta.8" "metadata" "--manifest-path" "Cargo.toml" "--no-deps", kill_on_drop: false }`
[INFO] running `Command { std: CARGO_HOME="/workspace/cargo-home" RUSTUP_HOME="/workspace/rustup-home" "/workspace/cargo-home/bin/cargo" "+1.99.0-beta.8" "generate-lockfile" "--manifest-path" "Cargo.toml", kill_on_drop: false }`
[INFO] [stderr]     Updating crates.io index
[INFO] [stderr]      Locking 9 packages to highest compatible versions
[INFO] running `Command { std: CARGO_HOME="/workspace/cargo-home" RUSTUP_HOME="/workspace/rustup-home" "/workspace/cargo-home/bin/cargo" "+1.99.0-beta.8" "fetch" "--manifest-path" "Cargo.toml", kill_on_drop: false }`
[INFO] running `Command { std: "docker" "create" "-v" "/var/lib/crater-agent-workspace/builds/worker-4-tc1/source:/opt/rustwide/workdir:ro,Z" "-v" "/var/lib/crater-agent-workspace/builds/worker-4-tc1/target:/opt/rustwide/target:rw,Z" "-v" "/var/lib/crater-agent-workspace/cargo-home:/opt/rustwide/cargo-home:ro,Z" "-v" "/var/lib/crater-agent-workspace/rustup-home:/opt/rustwide/rustup-home:ro,Z" "-m" "1610612736" "--network" "none" "ghcr.io/rust-lang/crates-build-env/linux@sha256:77db811e55d90add9212f6832c23229e3de5f1c1f9905e8cb07319ea15df73ac" "sleep" "infinity", kill_on_drop: false }`
[INFO] [stdout] 6c5c0f2f8c75fe878336b1e7ccb1129cf69be44cfdba836cd83ff0ebba3b72bc
[INFO] running `Command { std: "docker" "start" "6c5c0f2f8c75fe878336b1e7ccb1129cf69be44cfdba836cd83ff0ebba3b72bc", kill_on_drop: false }`
[INFO] running `Command { std: "docker" "inspect" "6c5c0f2f8c75fe878336b1e7ccb1129cf69be44cfdba836cd83ff0ebba3b72bc", kill_on_drop: false }`
[INFO] running `Command { std: "docker" "exec" "-e" "SOURCE_DIR=/opt/rustwide/workdir" "-e" "CARGO_HOME=/opt/rustwide/cargo-home" "-e" "RUSTUP_HOME=/opt/rustwide/rustup-home" "-e" "CARGO_TARGET_DIR=/opt/rustwide/target" "-w" "/opt/rustwide/workdir" "--user" "0:0" "6c5c0f2f8c75fe878336b1e7ccb1129cf69be44cfdba836cd83ff0ebba3b72bc" "/opt/rustwide/cargo-home/bin/cargo" "+1.99.0-beta.8" "metadata" "--no-deps" "--format-version=1", kill_on_drop: false }`
[INFO] running `Command { std: "docker" "inspect" "6c5c0f2f8c75fe878336b1e7ccb1129cf69be44cfdba836cd83ff0ebba3b72bc", kill_on_drop: false }`
[INFO] running `Command { std: "docker" "exec" "-e" "SOURCE_DIR=/opt/rustwide/workdir" "-e" "CARGO_HOME=/opt/rustwide/cargo-home" "-e" "RUSTUP_HOME=/opt/rustwide/rustup-home" "-e" "CARGO_TARGET_DIR=/opt/rustwide/target" "-e" "CARGO_INCREMENTAL=0" "-e" "RUST_BACKTRACE=full" "-e" "RUSTFLAGS=--cap-lints=warn" "-e" "RUSTDOCFLAGS=--cap-lints=warn" "-w" "/opt/rustwide/workdir" "--user" "0:0" "6c5c0f2f8c75fe878336b1e7ccb1129cf69be44cfdba836cd83ff0ebba3b72bc" "/opt/rustwide/cargo-home/bin/cargo" "+1.99.0-beta.8" "build" "--frozen" "--message-format=json" "--release", kill_on_drop: false }`
[INFO] [stderr]    Compiling tracing-subscriber v0.3.23
[INFO] [stderr]    Compiling tracing-error v0.2.1 (/opt/rustwide/workdir)
[INFO] [stdout] warning: lint `no_mangle_generic_items` has been removed: converted into hard error, generic items must always be mangled
[INFO] [stdout]    --> src/lib.rs:196:5
[INFO] [stdout]     |
[INFO] [stdout] 196 |     no_mangle_generic_items,
[INFO] [stdout]     |     ^^^^^^^^^^^^^^^^^^^^^^^
[INFO] [stdout]     |
[INFO] [stdout]     = note: `#[warn(renamed_and_removed_lints)]` on by default
[INFO] [stdout] 
[INFO] [stdout] 
[INFO] [stderr]     Finished `release` profile [optimized] target(s) in 2.85s
[INFO] running `Command { std: "docker" "inspect" "6c5c0f2f8c75fe878336b1e7ccb1129cf69be44cfdba836cd83ff0ebba3b72bc", kill_on_drop: false }`
[INFO] running `Command { std: "docker" "exec" "-e" "SOURCE_DIR=/opt/rustwide/workdir" "-e" "CARGO_HOME=/opt/rustwide/cargo-home" "-e" "RUSTUP_HOME=/opt/rustwide/rustup-home" "-e" "CARGO_TARGET_DIR=/opt/rustwide/target" "-e" "CARGO_INCREMENTAL=0" "-e" "RUST_BACKTRACE=full" "-e" "RUSTFLAGS=--cap-lints=warn" "-e" "RUSTDOCFLAGS=--cap-lints=warn" "-w" "/opt/rustwide/workdir" "--user" "0:0" "6c5c0f2f8c75fe878336b1e7ccb1129cf69be44cfdba836cd83ff0ebba3b72bc" "/opt/rustwide/cargo-home/bin/cargo" "+1.99.0-beta.8" "test" "--frozen" "--no-run" "--message-format=json" "--release", kill_on_drop: false }`
[INFO] [stderr]    Compiling tracing-error v0.2.1 (/opt/rustwide/workdir)
[INFO] [stdout] warning: lint `no_mangle_generic_items` has been removed: converted into hard error, generic items must always be mangled
[INFO] [stdout]    --> src/lib.rs:196:5
[INFO] [stdout]     |
[INFO] [stdout] 196 |     no_mangle_generic_items,
[INFO] [stdout]     |     ^^^^^^^^^^^^^^^^^^^^^^^
[INFO] [stdout]     |
[INFO] [stdout]     = note: `#[warn(renamed_and_removed_lints)]` on by default
[INFO] [stdout] 
[INFO] [stdout] 
[INFO] [stdout] warning: lint `no_mangle_generic_items` has been removed: converted into hard error, generic items must always be mangled
[INFO] [stdout]    --> src/lib.rs:196:5
[INFO] [stdout]     |
[INFO] [stdout] 196 |     no_mangle_generic_items,
[INFO] [stdout]     |     ^^^^^^^^^^^^^^^^^^^^^^^
[INFO] [stdout]     |
[INFO] [stdout]     = note: `#[warn(renamed_and_removed_lints)]` on by default
[INFO] [stdout] 
[INFO] [stdout] 
[INFO] [stderr]     Finished `release` profile [optimized] target(s) in 0.92s
[INFO] running `Command { std: "docker" "inspect" "6c5c0f2f8c75fe878336b1e7ccb1129cf69be44cfdba836cd83ff0ebba3b72bc", kill_on_drop: false }`
[INFO] running `Command { std: "docker" "exec" "-e" "SOURCE_DIR=/opt/rustwide/workdir" "-e" "CARGO_HOME=/opt/rustwide/cargo-home" "-e" "RUSTUP_HOME=/opt/rustwide/rustup-home" "-e" "CARGO_TARGET_DIR=/opt/rustwide/target" "-e" "CARGO_INCREMENTAL=0" "-e" "RUST_BACKTRACE=full" "-e" "RUSTFLAGS=--cap-lints=warn" "-e" "RUSTDOCFLAGS=--cap-lints=warn" "-w" "/opt/rustwide/workdir" "--user" "0:0" "6c5c0f2f8c75fe878336b1e7ccb1129cf69be44cfdba836cd83ff0ebba3b72bc" "/opt/rustwide/cargo-home/bin/cargo" "+1.99.0-beta.8" "test" "--frozen" "--release", kill_on_drop: false }`
[INFO] [stderr] warning: lint `no_mangle_generic_items` has been removed: converted into hard error, generic items must always be mangled
[INFO] [stderr]    --> src/lib.rs:196:5
[INFO] [stderr]     |
[INFO] [stderr] 196 |     no_mangle_generic_items,
[INFO] [stderr]     |     ^^^^^^^^^^^^^^^^^^^^^^^
[INFO] [stderr]     |
[INFO] [stderr]     = note: `#[warn(renamed_and_removed_lints)]` on by default
[INFO] [stderr] 
[INFO] [stderr] warning: `tracing-error` (lib) generated 1 warning
[INFO] [stderr] warning: `tracing-error` (lib test) generated 1 warning (1 duplicate)
[INFO] [stderr]     Finished `release` profile [optimized] target(s) in 0.04s
[INFO] [stderr]      Running unittests src/lib.rs (/opt/rustwide/target/release/deps/tracing_error-1e3862d049c54c7c)
[INFO] [stdout] 
[INFO] [stdout] running 3 tests
[INFO] [stdout] test backtrace::tests::capture_unsupported ... ok
[INFO] [stdout] test backtrace::tests::capture_empty ... ok
[INFO] [stdout] test backtrace::tests::capture_supported ... ok
[INFO] [stdout] 
[INFO] [stdout] test result: ok. 3 passed; 0 failed; 0 ignored; 0 measured; 0 filtered out; finished in 0.00s
[INFO] [stdout] 
[INFO] [stderr]    Doc-tests tracing_error
[INFO] [stderr] warning: lint `no_mangle_generic_items` has been removed: converted into hard error, generic items must always be mangled
[INFO] [stderr]    --> src/lib.rs:196:5
[INFO] [stderr]     |
[INFO] [stderr] 196 |     no_mangle_generic_items,
[INFO] [stderr]     |     ^^^^^^^^^^^^^^^^^^^^^^^
[INFO] [stderr]     |
[INFO] [stderr]     = note: `#[warn(renamed_and_removed_lints)]` on by default
[INFO] [stderr] 
[INFO] [stderr] warning: 1 warning emitted
[INFO] [stderr] 
[INFO] [stdout] 
[INFO] [stdout] running 10 tests
[INFO] [stdout] test src/backtrace.rs - backtrace::SpanTrace::capture (line 79) ... FAILED
[INFO] [stdout] test src/error.rs - error::InstrumentError::in_current_span (line 203) ... ok
[INFO] [stdout] test src/lib.rs - (line 80) ... ok
[INFO] [stdout] test src/error.rs - error::InstrumentResult::in_current_span (line 226) ... ok
[INFO] [stdout] test src/error.rs - error::TracedError (line 18) - compile fail ... ok
[INFO] [stdout] test src/lib.rs - (line 124) ... ok
[INFO] [stdout] test src/lib.rs - (line 42) ... ok
[INFO] [stdout] test src/error.rs - error::ExtractSpanTrace::span_trace (line 259) ... ok
[INFO] [stdout] test src/lib.rs - (line 97) ... ok
[INFO] [stdout] test src/lib.rs - (line 145) ... ok
[INFO] [stdout] 
[INFO] [stdout] failures:
[INFO] [stdout] 
[INFO] [stdout] ---- src/backtrace.rs - backtrace::SpanTrace::capture (line 79) stdout ----
[INFO] [stdout] error[E0433]: cannot find `instrument` in `tracing`
[INFO] [stdout]    --> src/backtrace.rs:90:12
[INFO] [stdout]     |
[INFO] [stdout]  90 | #[tracing::instrument]
[INFO] [stdout]     |            ^^^^^^^^^^ could not find `instrument` in `tracing`
[INFO] [stdout]     |
[INFO] [stdout] note: found an item that was configured out
[INFO] [stdout]    --> /opt/rustwide/cargo-home/registry/src/index.crates.io-1949cf8c6b5b557f/tracing-0.1.44/src/lib.rs:974:29
[INFO] [stdout]     |
[INFO] [stdout] 971 | #[cfg(feature = "attributes")]
[INFO] [stdout]     |       ---------------------- the item is gated behind the `attributes` feature
[INFO] [stdout] ...
[INFO] [stdout] 974 | pub use tracing_attributes::instrument;
[INFO] [stdout]     |                             ^^^^^^^^^^
[INFO] [stdout] 
[INFO] [stdout] error: aborting due to 1 previous error
[INFO] [stdout] 
[INFO] [stdout] For more information about this error, try `rustc --explain E0433`.
[INFO] [stdout] Couldn't compile the test.
[INFO] [stdout] 
[INFO] [stdout] failures:
[INFO] [stdout]     src/backtrace.rs - backtrace::SpanTrace::capture (line 79)
[INFO] [stdout] 
[INFO] [stdout] test result: FAILED. 9 passed; 1 failed; 0 ignored; 0 measured; 0 filtered out; finished in 0.88s
[INFO] [stdout] 
[INFO] [stderr] error: doctest failed, to rerun pass `--doc`
[INFO] running `Command { std: "docker" "inspect" "6c5c0f2f8c75fe878336b1e7ccb1129cf69be44cfdba836cd83ff0ebba3b72bc", kill_on_drop: false }`
[INFO] running `Command { std: "docker" "rm" "-f" "6c5c0f2f8c75fe878336b1e7ccb1129cf69be44cfdba836cd83ff0ebba3b72bc", kill_on_drop: false }`
[INFO] [stdout] 6c5c0f2f8c75fe878336b1e7ccb1129cf69be44cfdba836cd83ff0ebba3b72bc
