[INFO] fetching crate tracefold-tui 0.1.2...
[INFO] testing tracefold-tui-0.1.2 against 1.100.0-beta.1+cargoflags=--release for beta-release-1.100-2
[INFO] extracting crate tracefold-tui 0.1.2 into /workspace/builds/worker-7-tc2/source
[INFO] started tweaking crates.io crate tracefold-tui 0.1.2
[INFO] removed 0 missing tests
[INFO] finished tweaking crates.io crate tracefold-tui 0.1.2
[INFO] tweaked toml for crates.io crate tracefold-tui 0.1.2 written to /workspace/builds/worker-7-tc2/source/Cargo.toml
[INFO] validating manifest of crates.io crate tracefold-tui 0.1.2 on toolchain 1.100.0-beta.1
[INFO] running `Command { std: CARGO_HOME="/workspace/cargo-home" RUSTUP_HOME="/workspace/rustup-home" "/workspace/cargo-home/bin/cargo" "+1.100.0-beta.1" "metadata" "--manifest-path" "Cargo.toml" "--no-deps", kill_on_drop: false }`
[INFO] crate crates.io crate tracefold-tui 0.1.2 already has a lockfile, it will not be regenerated
[INFO] running `Command { std: CARGO_HOME="/workspace/cargo-home" RUSTUP_HOME="/workspace/rustup-home" "/workspace/cargo-home/bin/cargo" "+1.100.0-beta.1" "fetch" "--manifest-path" "Cargo.toml", kill_on_drop: false }`
[INFO] running `Command { std: "docker" "create" "-v" "/var/lib/crater-agent-workspace/builds/worker-7-tc2/source:/opt/rustwide/workdir:ro,Z" "-v" "/var/lib/crater-agent-workspace/builds/worker-7-tc2/target:/opt/rustwide/target:rw,Z" "-v" "/var/lib/crater-agent-workspace/cargo-home:/opt/rustwide/cargo-home:ro,Z" "-v" "/var/lib/crater-agent-workspace/rustup-home:/opt/rustwide/rustup-home:ro,Z" "-m" "1610612736" "--network" "none" "ghcr.io/rust-lang/crates-build-env/linux@sha256:77db811e55d90add9212f6832c23229e3de5f1c1f9905e8cb07319ea15df73ac" "sleep" "infinity", kill_on_drop: false }`
[INFO] [stdout] 743e976bd07a08c17ffd3f3de6dd9b9631ab417492d940eb421617e0041afd6a
[INFO] running `Command { std: "docker" "start" "743e976bd07a08c17ffd3f3de6dd9b9631ab417492d940eb421617e0041afd6a", kill_on_drop: false }`
[INFO] running `Command { std: "docker" "inspect" "743e976bd07a08c17ffd3f3de6dd9b9631ab417492d940eb421617e0041afd6a", kill_on_drop: false }`
[INFO] running `Command { std: "docker" "exec" "-e" "SOURCE_DIR=/opt/rustwide/workdir" "-e" "CARGO_HOME=/opt/rustwide/cargo-home" "-e" "RUSTUP_HOME=/opt/rustwide/rustup-home" "-e" "CARGO_TARGET_DIR=/opt/rustwide/target" "-w" "/opt/rustwide/workdir" "--user" "0:0" "743e976bd07a08c17ffd3f3de6dd9b9631ab417492d940eb421617e0041afd6a" "/opt/rustwide/cargo-home/bin/cargo" "+1.100.0-beta.1" "metadata" "--no-deps" "--format-version=1", kill_on_drop: false }`
[INFO] running `Command { std: "docker" "inspect" "743e976bd07a08c17ffd3f3de6dd9b9631ab417492d940eb421617e0041afd6a", kill_on_drop: false }`
[INFO] running `Command { std: "docker" "exec" "-e" "SOURCE_DIR=/opt/rustwide/workdir" "-e" "CARGO_HOME=/opt/rustwide/cargo-home" "-e" "RUSTUP_HOME=/opt/rustwide/rustup-home" "-e" "CARGO_TARGET_DIR=/opt/rustwide/target" "-e" "CARGO_INCREMENTAL=0" "-e" "RUST_BACKTRACE=full" "-e" "RUSTFLAGS=--cap-lints=warn" "-e" "RUSTDOCFLAGS=--cap-lints=warn" "-w" "/opt/rustwide/workdir" "--user" "0:0" "743e976bd07a08c17ffd3f3de6dd9b9631ab417492d940eb421617e0041afd6a" "/opt/rustwide/cargo-home/bin/cargo" "+1.100.0-beta.1" "build" "--frozen" "--message-format=json" "--release", kill_on_drop: false }`
[INFO] [stderr]    Compiling proc-macro2 v1.0.107
[INFO] [stderr]    Compiling quote v1.0.47
[INFO] [stderr]    Compiling libc v0.2.189
[INFO] [stderr]    Compiling rustversion v1.0.23
[INFO] [stderr]    Compiling ident_case v1.0.1
[INFO] [stderr]    Compiling bitflags v2.13.1
[INFO] [stderr]    Compiling thiserror v2.0.19
[INFO] [stderr]    Compiling strsim v0.11.1
[INFO] [stderr]    Compiling heck v0.5.0
[INFO] [stderr]    Compiling signal-hook v0.3.18
[INFO] [stderr]    Compiling unicode-segmentation v1.13.3
[INFO] [stderr]    Compiling hashbrown v0.17.1
[INFO] [stderr]    Compiling itertools v0.14.0
[INFO] [stderr]    Compiling log v0.4.33
[INFO] [stderr]    Compiling rustix v1.1.4
[INFO] [stderr]    Compiling smallvec v1.15.2
[INFO] [stderr]    Compiling instability v0.3.13
[INFO] [stderr]    Compiling linux-raw-sys v0.12.1
[INFO] [stderr]    Compiling indoc v2.0.7
[INFO] [stderr]    Compiling litrs v1.0.0
[INFO] [stderr]    Compiling zmij v1.0.23
[INFO] [stderr]    Compiling serde_core v1.0.229
[INFO] [stderr]    Compiling line-clipping v0.3.8
[INFO] [stderr]    Compiling serde_json v1.0.151
[INFO] [stderr]    Compiling memchr v2.8.3
[INFO] [stderr]    Compiling convert_case v0.10.0
[INFO] [stderr]    Compiling lru v0.18.3
[INFO] [stderr]    Compiling castaway v0.2.4
[INFO] [stderr]    Compiling document-features v0.2.12
[INFO] [stderr]    Compiling compact_str v0.9.1
[INFO] [stderr]    Compiling syn v3.0.3
[INFO] [stderr]    Compiling syn v2.0.119
[INFO] [stderr]    Compiling errno v0.3.14
[INFO] [stderr]    Compiling mio v1.2.2
[INFO] [stderr]    Compiling parking_lot_core v0.9.12
[INFO] [stderr]    Compiling signal-hook-registry v1.4.8
[INFO] [stderr]    Compiling parking_lot v0.12.5
[INFO] [stderr]    Compiling signal-hook-mio v0.2.5
[INFO] [stderr]    Compiling unicode-truncate v2.0.1
[INFO] [stderr]    Compiling strum_macros v0.28.0
[INFO] [stderr]    Compiling derive_more-impl v2.1.1
[INFO] [stderr]    Compiling derive_more v2.1.1
[INFO] [stderr]    Compiling crossterm v0.29.0
[INFO] [stderr]    Compiling strum v0.28.0
[INFO] [stderr]    Compiling darling_core v0.24.1
[INFO] [stderr]    Compiling thiserror-impl v2.0.19
[INFO] [stderr]    Compiling kasuari v0.4.12
[INFO] [stderr]    Compiling ratatui-core v0.1.2
[INFO] [stderr]    Compiling darling_macro v0.24.1
[INFO] [stderr]    Compiling darling v0.24.1
[INFO] [stderr]    Compiling ratatui-widgets v0.3.2
[INFO] [stderr]    Compiling ratatui-crossterm v0.1.2
[INFO] [stderr]    Compiling ratatui v0.30.2
[INFO] [stderr]    Compiling tracefold-tui v0.1.2 (/opt/rustwide/workdir)
[INFO] [stderr]     Finished `release` profile [optimized] target(s) in 30.01s
[INFO] running `Command { std: "docker" "inspect" "743e976bd07a08c17ffd3f3de6dd9b9631ab417492d940eb421617e0041afd6a", kill_on_drop: false }`
[INFO] running `Command { std: "docker" "exec" "-e" "SOURCE_DIR=/opt/rustwide/workdir" "-e" "CARGO_HOME=/opt/rustwide/cargo-home" "-e" "RUSTUP_HOME=/opt/rustwide/rustup-home" "-e" "CARGO_TARGET_DIR=/opt/rustwide/target" "-e" "CARGO_INCREMENTAL=0" "-e" "RUST_BACKTRACE=full" "-e" "RUSTFLAGS=--cap-lints=warn" "-e" "RUSTDOCFLAGS=--cap-lints=warn" "-w" "/opt/rustwide/workdir" "--user" "0:0" "743e976bd07a08c17ffd3f3de6dd9b9631ab417492d940eb421617e0041afd6a" "/opt/rustwide/cargo-home/bin/cargo" "+1.100.0-beta.1" "test" "--frozen" "--no-run" "--message-format=json" "--release", kill_on_drop: false }`
[INFO] [stderr]    Compiling tracefold-tui v0.1.2 (/opt/rustwide/workdir)
[INFO] [stderr]     Finished `release` profile [optimized] target(s) in 14.99s
[INFO] running `Command { std: "docker" "inspect" "743e976bd07a08c17ffd3f3de6dd9b9631ab417492d940eb421617e0041afd6a", kill_on_drop: false }`
[INFO] running `Command { std: "docker" "exec" "-e" "SOURCE_DIR=/opt/rustwide/workdir" "-e" "CARGO_HOME=/opt/rustwide/cargo-home" "-e" "RUSTUP_HOME=/opt/rustwide/rustup-home" "-e" "CARGO_TARGET_DIR=/opt/rustwide/target" "-e" "CARGO_INCREMENTAL=0" "-e" "RUST_BACKTRACE=full" "-e" "RUSTFLAGS=--cap-lints=warn" "-e" "RUSTDOCFLAGS=--cap-lints=warn" "-w" "/opt/rustwide/workdir" "--user" "0:0" "743e976bd07a08c17ffd3f3de6dd9b9631ab417492d940eb421617e0041afd6a" "/opt/rustwide/cargo-home/bin/cargo" "+1.100.0-beta.1" "test" "--frozen" "--release", kill_on_drop: false }`
[INFO] [stderr]     Finished `release` profile [optimized] target(s) in 0.10s
[INFO] [stderr]      Running unittests src/lib.rs (/opt/rustwide/target/release/build/tracefold-tui/19e373c972f136a7/out/gx_tui-19e373c972f136a7)
[INFO] [stdout] 
[INFO] [stdout] running 0 tests
[INFO] [stdout] 
[INFO] [stdout] test result: ok. 0 passed; 0 failed; 0 ignored; 0 measured; 0 filtered out; finished in 0.00s
[INFO] [stdout] 
[INFO] [stdout] 
[INFO] [stdout] running 102 tests
[INFO] [stderr]      Running tests/r942_tui.rs (/opt/rustwide/target/release/build/tracefold-tui/02c7ab5dd63853d9/out/r942_tui-02c7ab5dd63853d9)
[INFO] [stdout] test g16_every_role_takes_the_value_it_was_declared_to_take ... ok
[INFO] [stdout] test g17_every_key_the_note_spells_comes_from_the_binding_table ... ok
[INFO] [stdout] test g11_no_engine_crate_is_named_in_this_face ... FAILED
[INFO] [stdout] test g13_no_colour_value_is_spelled_outside_the_token_table ... ok
[INFO] [stdout] test g18_the_note_fits_its_rows_and_names_the_keys_it_folded ... ok
[INFO] [stdout] test g19_the_subscription_declares_five_states_and_closed_never_wears_zero ... ok
[INFO] [stdout] test g12_every_declared_act_moves_the_state ... ok
[INFO] [stdout] test g15_the_fourth_mark_is_a_fourth_mark_and_never_one_of_the_three ... ok
[INFO] [stdout] test g10_nothing_unrecoverable_sits_below_the_top_priority ... ok
[INFO] [stdout] test g1_no_raw_value_is_named_outside_the_renderer ... ok
[INFO] [stdout] test g12b_every_act_has_keys_and_no_key_reaches_two_acts ... ok
[INFO] [stdout] test g20_an_empty_string_is_not_a_count_of_nought ... ok
[INFO] [stdout] test g26_the_note_is_paid_from_spare_rows_and_its_silent_drop_is_exactly_the_diagonal ... ok
[INFO] [stdout] test g27_the_declared_acts_are_closed_and_no_key_answers_twice ... ok
[INFO] [stdout] test g22_never_is_carved_out_of_closed_and_the_partition_is_only_ever_finer ... ok
[INFO] [stdout] test absent_and_unknown_and_false_and_zero_are_four_different_answers ... ok
[INFO] [stdout] test g2_no_component_reaches_past_its_role_for_a_token ... ok
[INFO] [stdout] test g14_every_paint_role_resolves_to_a_value_and_every_token_keeps_a_role ... ok
[INFO] [stdout] test ac1_and_ac2_the_frame_carries_a_real_id_the_engine_version_and_four_measurements ... ok
[INFO] [stdout] test g36_the_help_face_is_reachable_and_the_empty_list_stays_a_fixed_point ... ok
[INFO] [stdout] test g25_the_arm_for_a_record_this_face_cannot_read_exists_and_says_unknown ... ok
[INFO] [stdout] test g3_intent_to_role_is_total_and_injective ... ok
[INFO] [stdout] test g21_the_reducer_and_the_screen_agree_about_what_opening_means ... ok
[INFO] [stdout] test g41_the_heading_names_which_screen_this_is_at_every_shape ... ok
[INFO] [stdout] test g24_the_disclosure_describes_the_screen_that_was_actually_drawn ... ok
[INFO] [stdout] test g42_every_ruled_shape_spells_at_least_one_key ... ok
[INFO] [stdout] test g32_no_count_is_spelled_with_a_mark_as_its_unit ... ok
[INFO] [stdout] test g44_no_act_is_spelled_twice_on_one_note ... ok
[INFO] [stdout] test g30_the_order_of_letting_go_is_the_order_that_was_declared ... ok
[INFO] [stdout] test g46_a_resize_is_an_event_this_face_answers ... ok
[INFO] [stdout] test g47_a_column_every_drawn_row_agrees_on_is_moved_to_shared_at_every_ruled_shape ... ok
[INFO] [stdout] test g49_no_shared_field_is_claimed_from_fewer_than_two_rows ... ok
[INFO] [stdout] test g48_the_shared_mark_keeps_unknown_and_absent_apart ... ok
[INFO] [stdout] test g50_a_shared_row_never_leaves_fewer_than_two_records_drawn_to_justify_it ... ok
[INFO] [stdout] test g4_the_six_words_for_nothing_each_have_exactly_one_declared_cell ... ok
[INFO] [stdout] test g51_a_shared_row_costs_nothing_when_the_region_has_spare_capacity ... ok
[INFO] [stdout] test g45_no_declared_road_is_broken_across_two_rows ... ok
[INFO] [stdout] test g43_the_live_badge_is_never_drawn_unqualified ... ok
[INFO] [stdout] test g55_a_paint_intent_resolves_to_exactly_one_role_and_no_role_is_unclaimed ... ok
[INFO] [stdout] test g52_consumed_keeps_the_transformation_that_used_it ... ok
[INFO] [stdout] test g57_the_seven_kinds_of_nothing_are_still_seven_once_they_are_painted ... ok
[INFO] [stdout] test g56_no_record_row_is_drawn_without_any_emphasis_on_it ... ok
[INFO] [stdout] test g59_the_reason_is_on_the_rail_exactly_when_the_engine_is_not_ok ... ok
[INFO] [stdout] test g5_no_placement_type_is_named_outside_the_renderer ... ok
[INFO] [stdout] test g53_an_absent_escrow_row_is_not_an_unavailable_inverse ... ok
[INFO] [stdout] test g28_the_attention_is_inside_the_window_that_was_drawn ... ok
[INFO] [stdout] test g29_the_position_is_drawn_wherever_the_list_is_longer_than_the_window ... ok
[INFO] [stdout] test ac10_first_frame_and_redraw_are_measured_and_declared ... ok
[INFO] [stdout] test g62a_status_reason_null_on_ok_reads_absent_through_the_classifier ... ok
[INFO] [stdout] test g62b_status_reason_a_real_sentence_is_not_swallowed_into_absent ... ok
[INFO] [stdout] test g62c_status_reason_a_missing_key_reads_absent_the_same_as_null ... ok
[INFO] [stdout] test g62d_cells_general_rule_for_status_reason_is_unchanged ... ok
[INFO] [stdout] test g62e_the_rails_not_ok_road_still_draws_the_real_reason ... ok
[INFO] [stdout] test g64_a_column_whose_every_value_is_nothing_is_not_drawn ... ok
[INFO] [stdout] test g64c_two_different_words_for_nothing_in_one_column_are_not_vacant ... ok
[INFO] [stdout] test g64b_a_column_that_is_nothing_on_only_some_rows_is_kept ... ok
[INFO] [stdout] test g64d_a_column_that_answers_no_on_every_record_is_an_answer_and_is_drawn ... ok
[INFO] [stdout] test g64e_a_column_that_counts_nought_on_every_record_is_a_measurement_and_is_drawn ... ok
[INFO] [stdout] test g66_a_line_measured_on_the_window_says_these_n_and_never_all_m ... ok
[INFO] [stdout] test g61_the_escape_hatch_lists_the_names_the_disclosure_sent_there ... ok
[INFO] [stdout] test g6_every_region_name_spelled_in_this_face_is_declared ... ok
[INFO] [stdout] test g67_a_provenance_that_stood_down_left_the_badge_on_the_screen ... ok
[INFO] [stdout] test g68_a_compressed_column_still_paints_the_rows_it_was_lifted_off ... ok
[INFO] [stdout] test g7_no_writing_method_and_no_engine_internals_are_named_in_this_face ... ok
[INFO] [stdout] test p10b_the_faces_own_rfc3339_has_the_shape_the_wire_promises ... ok
[INFO] [stdout] test p10a_plant_the_engine_import_the_audit_found_and_watch_g11_fire ... FAILED
[INFO] [stdout] test g65_what_the_rule_dropped_is_counted_on_the_screen_and_named_in_the_hatch ... ok
[INFO] [stdout] test p11_plant_a_hardcoded_hue_and_watch_g13_fire_without_catching_the_honest_line ... ok
[INFO] [stdout] test p12_the_view_reaches_the_frame ... ok
[INFO] [stdout] test g9_the_disclosure_spells_an_address_that_answers_with_what_was_dropped ... ok
[INFO] [stdout] test p13_the_screen_draws_the_fourth_mark_for_the_record_that_has_no_verdict ... ok
[INFO] [stdout] test p14_no_grid_header_stands_over_an_opened_record ... ok
[INFO] [stdout] test p16_plant_the_collapses_the_subscription_exists_to_refuse ... ok
[INFO] [stdout] test p17_no_event_is_lost_at_a_chunk_or_a_line_boundary ... ok
[INFO] [stdout] test p18_the_screen_draws_an_empty_string_as_itself ... ok
[INFO] [stdout] test p2_the_six_marks_stay_pairwise_distinct_in_every_tier ... ok
[INFO] [stdout] test p3_plant_the_defects_and_watch_both_gates_fire ... ok
[INFO] [stdout] test p3b_plant_a_region_whose_facts_have_no_address_below_the_top_priority ... ok
[INFO] [stdout] test p19_no_module_of_this_face_names_a_field_of_an_event ... ok
[INFO] [stdout] test p3c_plant_the_wrong_address_in_the_disclosure_and_watch_g9_refuse_it ... ok
[INFO] [stdout] test p1_a_dead_engine_draws_unknown_and_not_an_empty_table ... ok
[INFO] [stdout] test p6_every_codepoint_the_face_itself_chose_is_inside_the_declared_budget ... ok
[INFO] [stdout] test p5_every_column_label_drawn_is_a_key_the_wire_carried ... ok
[INFO] [stdout] test p15_the_apparatus_head_is_wrapped_and_never_silently_clipped ... ok
[INFO] [stdout] test g31_a_view_is_grounded_before_it_is_drawn_even_when_no_key_was_pressed ... ok
[INFO] [stdout] test g35_the_screen_names_its_own_parts_and_says_where_the_address_went ... ok
[INFO] [stdout] test the_routes_this_face_reads_are_the_four_the_browser_face_reads ... ok
[INFO] [stdout] test rule_2_holds_inside_this_face_even_though_the_shared_probe_does_not_reach_it ... ok
[INFO] [stdout] test p8_when_the_provenance_cannot_be_a_region_it_is_folded_and_marked ... ok
[INFO] [stdout] test p7_the_fixture_server_was_asked_with_nothing_but_get ... ok
[INFO] [stdout] test g19b_the_state_of_the_connection_is_told_apart_at_every_width ... ok
[INFO] [stdout] test p9_a_refused_route_draws_unknown_and_not_zero ... ok
[INFO] [stdout] test g40_the_page_address_stands_on_a_row_at_every_ruled_shape ... ok
[INFO] [stdout] test g58_the_column_set_does_not_move_when_the_attention_does ... ok
[INFO] [stdout] test p4_at_forty_by_ten_the_dropped_region_is_named_on_screen ... ok
[INFO] [stdout] test ac12_the_draw_road_is_measured_cold_and_warm_at_five_shapes ... ok
[INFO] [stdout] test g60_the_enclosure_and_the_region_rail_move_together ... ok
[INFO] [stdout] test g38_the_help_key_is_bought_only_with_a_line_the_screen_still_spells ... ok
[INFO] [stdout] test g39_the_position_and_the_drop_count_are_never_given_up_for_a_legend ... ok
[INFO] [stdout] test g54_the_ten_inverse_states_are_ten_spellings ... ok
[INFO] [stdout] test g37_the_wide_act_answers_the_flag_without_a_new_process ... ok
[INFO] [stderr] error: test failed, to rerun pass `--test r942_tui`
[INFO] [stdout] test g34_every_declared_key_is_either_spelled_or_disclosed ... ok
[INFO] [stdout] 
[INFO] [stdout] failures:
[INFO] [stdout] 
[INFO] [stdout] ---- g11_no_engine_crate_is_named_in_this_face stdout ----
[INFO] [stdout] 
[INFO] [stdout] thread 'g11_no_engine_crate_is_named_in_this_face' (1370) panicked at tests/r942_tui.rs:1523:48:
[INFO] [stdout] crates/ is readable: Os { code: 2, kind: NotFound, message: "No such file or directory" }
[INFO] [stdout] stack backtrace:
[INFO] [stdout]    0:     0x56a3047ac831 - <<std[617be2ca0a6fd877]::sys::backtrace::BacktraceLock>::print::DisplayBacktrace as core[a373ad73a504971]::fmt::Display>::fmt
[INFO] [stdout]    1:     0x56a3047c3f8a - core[a373ad73a504971]::fmt::write
[INFO] [stdout]    2:     0x56a3047b12fc - <alloc[2e1b2a31b91974c5]::vec::Vec<u8> as core[a373ad73a504971]::io::write::Write>::write_fmt
[INFO] [stdout]    3:     0x56a304785846 - std[617be2ca0a6fd877]::panicking::default_hook::{closure#0}
[INFO] [stdout]    4:     0x56a3047a3a19 - std[617be2ca0a6fd877]::panicking::default_hook
[INFO] [stdout]    5:     0x56a3046ef280 - test[aada8e7e76ba119b]::test_main_inner::{closure#0}
[INFO] [stdout]    6:     0x56a3047a3bd2 - std[617be2ca0a6fd877]::panicking::panic_with_hook
[INFO] [stdout]    7:     0x56a3047858f2 - std[617be2ca0a6fd877]::panicking::panic_handler::{closure#0}
[INFO] [stdout]    8:     0x56a30477e209 - std[617be2ca0a6fd877]::sys::backtrace::__rust_end_short_backtrace::<std[617be2ca0a6fd877]::panicking::panic_handler::{closure#0}, !>
[INFO] [stdout]    9:     0x56a3047866ed - __rustc[ea4f61d10b84890b]::rust_begin_unwind
[INFO] [stdout]   10:     0x56a3047c46bc - core[a373ad73a504971]::panicking::panic_fmt
[INFO] [stdout]   11:     0x56a3047c4492 - core[a373ad73a504971]::result::unwrap_failed
[INFO] [stdout]   12:     0x56a30465c90f - r942_tui[12320dfa4bcb0cfd]::engine_crate_needles
[INFO] [stdout]   13:     0x56a304664f5d - <r942_tui[12320dfa4bcb0cfd]::g11_no_engine_crate_is_named_in_this_face::{closure#0} as core[a373ad73a504971]::ops::function::FnOnce<()>>::call_once
[INFO] [stdout]   14:     0x56a3046e26cb - test[aada8e7e76ba119b]::__rust_begin_short_backtrace::<core[a373ad73a504971]::result::Result<(), alloc[2e1b2a31b91974c5]::string::String>, fn() -> core[a373ad73a504971]::result::Result<(), alloc[2e1b2a31b91974c5]::string::String>>
[INFO] [stdout]   15:     0x56a3046ef8a5 - test[aada8e7e76ba119b]::run_test::{closure#0}
[INFO] [stdout]   16:     0x56a3046e9194 - std[617be2ca0a6fd877]::sys::backtrace::__rust_begin_short_backtrace::<test[aada8e7e76ba119b]::run_test::{closure#1}, ()>
[INFO] [stdout]   17:     0x56a3046f2932 - <std[617be2ca0a6fd877]::thread::lifecycle::spawn_unchecked<test[aada8e7e76ba119b]::run_test::{closure#1}, ()>::{closure#1} as core[a373ad73a504971]::ops::function::FnOnce<()>>::call_once::{shim:vtable#0}
[INFO] [stdout]   18:     0x56a3047ab58f - <std[617be2ca0a6fd877]::sys::thread::unix::Thread>::new::thread_start
[INFO] [stdout]   19:     0x7dac9fe6cdfa - <unknown>
[INFO] [stdout]   20:     0x7dac9ff003d4 - clone
[INFO] [stdout]   21:                0x0 - <unknown>
[INFO] [stdout] 
[INFO] [stdout] ---- p10a_plant_the_engine_import_the_audit_found_and_watch_g11_fire stdout ----
[INFO] [stdout] 
[INFO] [stdout] thread 'p10a_plant_the_engine_import_the_audit_found_and_watch_g11_fire' (1451) panicked at tests/r942_tui.rs:1523:48:
[INFO] [stdout] crates/ is readable: Os { code: 2, kind: NotFound, message: "No such file or directory" }
[INFO] [stdout] stack backtrace:
[INFO] [stdout]    0:     0x56a3047ac831 - <<std[617be2ca0a6fd877]::sys::backtrace::BacktraceLock>::print::DisplayBacktrace as core[a373ad73a504971]::fmt::Display>::fmt
[INFO] [stdout]    1:     0x56a3047c3f8a - core[a373ad73a504971]::fmt::write
[INFO] [stdout]    2:     0x56a3047b12fc - <alloc[2e1b2a31b91974c5]::vec::Vec<u8> as core[a373ad73a504971]::io::write::Write>::write_fmt
[INFO] [stdout]    3:     0x56a304785846 - std[617be2ca0a6fd877]::panicking::default_hook::{closure#0}
[INFO] [stdout]    4:     0x56a3047a3a19 - std[617be2ca0a6fd877]::panicking::default_hook
[INFO] [stdout]    5:     0x56a3046ef280 - test[aada8e7e76ba119b]::test_main_inner::{closure#0}
[INFO] [stdout]    6:     0x56a3047a3bd2 - std[617be2ca0a6fd877]::panicking::panic_with_hook
[INFO] [stdout]    7:     0x56a3047858f2 - std[617be2ca0a6fd877]::panicking::panic_handler::{closure#0}
[INFO] [stdout]    8:     0x56a30477e209 - std[617be2ca0a6fd877]::sys::backtrace::__rust_end_short_backtrace::<std[617be2ca0a6fd877]::panicking::panic_handler::{closure#0}, !>
[INFO] [stdout]    9:     0x56a3047866ed - __rustc[ea4f61d10b84890b]::rust_begin_unwind
[INFO] [stdout]   10:     0x56a3047c46bc - core[a373ad73a504971]::panicking::panic_fmt
[INFO] [stdout]   11:     0x56a3047c4492 - core[a373ad73a504971]::result::unwrap_failed
[INFO] [stdout]   12:     0x56a30465c90f - r942_tui[12320dfa4bcb0cfd]::engine_crate_needles
[INFO] [stdout]   13:     0x56a30469214b - <r942_tui[12320dfa4bcb0cfd]::p10a_plant_the_engine_import_the_audit_found_and_watch_g11_fire::{closure#0} as core[a373ad73a504971]::ops::function::FnOnce<()>>::call_once
[INFO] [stdout]   14:     0x56a3046e26cb - test[aada8e7e76ba119b]::__rust_begin_short_backtrace::<core[a373ad73a504971]::result::Result<(), alloc[2e1b2a31b91974c5]::string::String>, fn() -> core[a373ad73a504971]::result::Result<(), alloc[2e1b2a31b91974c5]::string::String>>
[INFO] [stdout]   15:     0x56a3046ef8a5 - test[aada8e7e76ba119b]::run_test::{closure#0}
[INFO] [stdout]   16:     0x56a3046e9194 - std[617be2ca0a6fd877]::sys::backtrace::__rust_begin_short_backtrace::<test[aada8e7e76ba119b]::run_test::{closure#1}, ()>
[INFO] [stdout]   17:     0x56a3046f2932 - <std[617be2ca0a6fd877]::thread::lifecycle::spawn_unchecked<test[aada8e7e76ba119b]::run_test::{closure#1}, ()>::{closure#1} as core[a373ad73a504971]::ops::function::FnOnce<()>>::call_once::{shim:vtable#0}
[INFO] [stdout]   18:     0x56a3047ab58f - <std[617be2ca0a6fd877]::sys::thread::unix::Thread>::new::thread_start
[INFO] [stdout]   19:     0x7dac9fe6cdfa - <unknown>
[INFO] [stdout]   20:     0x7dac9ff003d4 - clone
[INFO] [stdout]   21:                0x0 - <unknown>
[INFO] [stdout] 
[INFO] [stdout] 
[INFO] [stdout] failures:
[INFO] [stdout]     g11_no_engine_crate_is_named_in_this_face
[INFO] [stdout]     p10a_plant_the_engine_import_the_audit_found_and_watch_g11_fire
[INFO] [stdout] 
[INFO] [stdout] test result: FAILED. 100 passed; 2 failed; 0 ignored; 0 measured; 0 filtered out; finished in 1.28s
[INFO] [stdout] 
[INFO] running `Command { std: "docker" "inspect" "743e976bd07a08c17ffd3f3de6dd9b9631ab417492d940eb421617e0041afd6a", kill_on_drop: false }`
[INFO] running `Command { std: "docker" "rm" "-f" "743e976bd07a08c17ffd3f3de6dd9b9631ab417492d940eb421617e0041afd6a", kill_on_drop: false }`
[INFO] [stdout] 743e976bd07a08c17ffd3f3de6dd9b9631ab417492d940eb421617e0041afd6a
