[INFO] fetching crate tracefold-substrate 0.1.2...
[INFO] testing tracefold-substrate-0.1.2 against 1.100.0-beta.1+cargoflags=--release for beta-release-1.100-2
[INFO] extracting crate tracefold-substrate 0.1.2 into /workspace/builds/worker-1-tc2/source
[INFO] started tweaking crates.io crate tracefold-substrate 0.1.2
[INFO] removed 0 missing tests
[INFO] finished tweaking crates.io crate tracefold-substrate 0.1.2
[INFO] tweaked toml for crates.io crate tracefold-substrate 0.1.2 written to /workspace/builds/worker-1-tc2/source/Cargo.toml
[INFO] validating manifest of crates.io crate tracefold-substrate 0.1.2 on toolchain 1.100.0-beta.1
[INFO] running `Command { std: CARGO_HOME="/workspace/cargo-home" RUSTUP_HOME="/workspace/rustup-home" "/workspace/cargo-home/bin/cargo" "+1.100.0-beta.1" "metadata" "--manifest-path" "Cargo.toml" "--no-deps", kill_on_drop: false }`
[INFO] crate crates.io crate tracefold-substrate 0.1.2 already has a lockfile, it will not be regenerated
[INFO] running `Command { std: CARGO_HOME="/workspace/cargo-home" RUSTUP_HOME="/workspace/rustup-home" "/workspace/cargo-home/bin/cargo" "+1.100.0-beta.1" "fetch" "--manifest-path" "Cargo.toml", kill_on_drop: false }`
[INFO] running `Command { std: "docker" "create" "-v" "/var/lib/crater-agent-workspace/builds/worker-1-tc2/source:/opt/rustwide/workdir:ro,Z" "-v" "/var/lib/crater-agent-workspace/builds/worker-1-tc2/target:/opt/rustwide/target:rw,Z" "-v" "/var/lib/crater-agent-workspace/cargo-home:/opt/rustwide/cargo-home:ro,Z" "-v" "/var/lib/crater-agent-workspace/rustup-home:/opt/rustwide/rustup-home:ro,Z" "-m" "1610612736" "--network" "none" "ghcr.io/rust-lang/crates-build-env/linux@sha256:77db811e55d90add9212f6832c23229e3de5f1c1f9905e8cb07319ea15df73ac" "sleep" "infinity", kill_on_drop: false }`
[INFO] [stdout] 64a54a90ae3665785cff7085e5275fe24df7a91d05c7eb34da71af7cc6c5ac5e
[INFO] running `Command { std: "docker" "start" "64a54a90ae3665785cff7085e5275fe24df7a91d05c7eb34da71af7cc6c5ac5e", kill_on_drop: false }`
[INFO] running `Command { std: "docker" "inspect" "64a54a90ae3665785cff7085e5275fe24df7a91d05c7eb34da71af7cc6c5ac5e", kill_on_drop: false }`
[INFO] running `Command { std: "docker" "exec" "-e" "SOURCE_DIR=/opt/rustwide/workdir" "-e" "CARGO_HOME=/opt/rustwide/cargo-home" "-e" "RUSTUP_HOME=/opt/rustwide/rustup-home" "-e" "CARGO_TARGET_DIR=/opt/rustwide/target" "-w" "/opt/rustwide/workdir" "--user" "0:0" "64a54a90ae3665785cff7085e5275fe24df7a91d05c7eb34da71af7cc6c5ac5e" "/opt/rustwide/cargo-home/bin/cargo" "+1.100.0-beta.1" "metadata" "--no-deps" "--format-version=1", kill_on_drop: false }`
[INFO] running `Command { std: "docker" "inspect" "64a54a90ae3665785cff7085e5275fe24df7a91d05c7eb34da71af7cc6c5ac5e", kill_on_drop: false }`
[INFO] running `Command { std: "docker" "exec" "-e" "SOURCE_DIR=/opt/rustwide/workdir" "-e" "CARGO_HOME=/opt/rustwide/cargo-home" "-e" "RUSTUP_HOME=/opt/rustwide/rustup-home" "-e" "CARGO_TARGET_DIR=/opt/rustwide/target" "-e" "CARGO_INCREMENTAL=0" "-e" "RUST_BACKTRACE=full" "-e" "RUSTFLAGS=--cap-lints=warn" "-e" "RUSTDOCFLAGS=--cap-lints=warn" "-w" "/opt/rustwide/workdir" "--user" "0:0" "64a54a90ae3665785cff7085e5275fe24df7a91d05c7eb34da71af7cc6c5ac5e" "/opt/rustwide/cargo-home/bin/cargo" "+1.100.0-beta.1" "build" "--frozen" "--message-format=json" "--release", kill_on_drop: false }`
[INFO] [stderr]    Compiling data-encoding v2.11.1
[INFO] [stderr]    Compiling base45 v3.2.0
[INFO] [stderr]    Compiling serde_json v1.0.151
[INFO] [stderr]    Compiling cc v1.4.0
[INFO] [stderr]    Compiling cbor4ii v1.2.2
[INFO] [stderr]    Compiling ryu-js v1.0.3
[INFO] [stderr]    Compiling serde_bytes v0.11.19
[INFO] [stderr]    Compiling match-lookup v0.1.2
[INFO] [stderr]    Compiling thiserror-impl v2.0.19
[INFO] [stderr]    Compiling multihash v0.19.5
[INFO] [stderr]    Compiling base256emoji v1.0.2
[INFO] [stderr]    Compiling data-encoding-macro-internal v0.1.19
[INFO] [stderr]    Compiling data-encoding-macro v0.1.21
[INFO] [stderr]    Compiling multibase v0.9.3
[INFO] [stderr]    Compiling cid v0.11.3
[INFO] [stderr]    Compiling thiserror v2.0.19
[INFO] [stderr]    Compiling tracefold-core v0.1.2
[INFO] [stderr]    Compiling blake3 v1.8.6
[INFO] [stderr]    Compiling ipld-core v0.4.3
[INFO] [stderr]    Compiling serde_json_canonicalizer v0.3.2
[INFO] [stderr]    Compiling serde_ipld_dagcbor v0.7.0
[INFO] [stderr]    Compiling tracefold-canon v0.1.2
[INFO] [stderr]    Compiling tracefold-substrate v0.1.2 (/opt/rustwide/workdir)
[INFO] [stderr]     Finished `release` profile [optimized] target(s) in 12.66s
[INFO] running `Command { std: "docker" "inspect" "64a54a90ae3665785cff7085e5275fe24df7a91d05c7eb34da71af7cc6c5ac5e", kill_on_drop: false }`
[INFO] running `Command { std: "docker" "exec" "-e" "SOURCE_DIR=/opt/rustwide/workdir" "-e" "CARGO_HOME=/opt/rustwide/cargo-home" "-e" "RUSTUP_HOME=/opt/rustwide/rustup-home" "-e" "CARGO_TARGET_DIR=/opt/rustwide/target" "-e" "CARGO_INCREMENTAL=0" "-e" "RUST_BACKTRACE=full" "-e" "RUSTFLAGS=--cap-lints=warn" "-e" "RUSTDOCFLAGS=--cap-lints=warn" "-w" "/opt/rustwide/workdir" "--user" "0:0" "64a54a90ae3665785cff7085e5275fe24df7a91d05c7eb34da71af7cc6c5ac5e" "/opt/rustwide/cargo-home/bin/cargo" "+1.100.0-beta.1" "test" "--frozen" "--no-run" "--message-format=json" "--release", kill_on_drop: false }`
[INFO] [stderr]    Compiling tracefold-substrate v0.1.2 (/opt/rustwide/workdir)
[INFO] [stderr]     Finished `release` profile [optimized] target(s) in 4.36s
[INFO] running `Command { std: "docker" "inspect" "64a54a90ae3665785cff7085e5275fe24df7a91d05c7eb34da71af7cc6c5ac5e", kill_on_drop: false }`
[INFO] running `Command { std: "docker" "exec" "-e" "SOURCE_DIR=/opt/rustwide/workdir" "-e" "CARGO_HOME=/opt/rustwide/cargo-home" "-e" "RUSTUP_HOME=/opt/rustwide/rustup-home" "-e" "CARGO_TARGET_DIR=/opt/rustwide/target" "-e" "CARGO_INCREMENTAL=0" "-e" "RUST_BACKTRACE=full" "-e" "RUSTFLAGS=--cap-lints=warn" "-e" "RUSTDOCFLAGS=--cap-lints=warn" "-w" "/opt/rustwide/workdir" "--user" "0:0" "64a54a90ae3665785cff7085e5275fe24df7a91d05c7eb34da71af7cc6c5ac5e" "/opt/rustwide/cargo-home/bin/cargo" "+1.100.0-beta.1" "test" "--frozen" "--release", kill_on_drop: false }`
[INFO] [stderr]     Finished `release` profile [optimized] target(s) in 0.07s
[INFO] [stderr]      Running unittests src/lib.rs (/opt/rustwide/target/release/build/tracefold-substrate/c78782d35ddb24f7/out/gx_substrate-c78782d35ddb24f7)
[INFO] [stdout] 
[INFO] [stdout] running 2 tests
[INFO] [stdout] test error::tests::a_core_refusal_crosses_the_boundary_as_itself ... ok
[INFO] [stdout] test error::tests::every_variant_answers_with_a_declared_kind ... ok
[INFO] [stdout] 
[INFO] [stdout] test result: ok. 2 passed; 0 failed; 0 ignored; 0 measured; 0 filtered out; finished in 0.00s
[INFO] [stdout] 
[INFO] [stderr]      Running tests/ac_046.rs (/opt/rustwide/target/release/build/tracefold-substrate/b2f6759221f7b9ee/out/ac_046-b2f6759221f7b9ee)
[INFO] [stdout] 
[INFO] [stdout] running 4 tests
[INFO] [stdout] test ac_046_the_negative_example_is_a_compile_fail_doctest ... FAILED
[INFO] [stdout] test ac_046_the_negative_example_differs_by_the_bound_and_nothing_else ... FAILED
[INFO] [stdout] test ac_046_a_boxed_adapter_crosses_a_thread_boundary ... ok
[INFO] [stdout] test ac_046_a_boxed_adapter_satisfies_send_and_sync ... ok
[INFO] [stdout] 
[INFO] [stdout] failures:
[INFO] [stdout] 
[INFO] [stdout] ---- ac_046_the_negative_example_is_a_compile_fail_doctest stdout ----
[INFO] [stdout] 
[INFO] [stdout] thread 'ac_046_the_negative_example_is_a_compile_fail_doctest' (859) panicked at tests/ac_046.rs:123:10:
[INFO] [stdout] crates/gx-substrate/src/adapter.rs is readable: Os { code: 2, kind: NotFound, message: "No such file or directory" }
[INFO] [stdout] stack backtrace:
[INFO] [stdout]    0:     0x586bbe72edc1 - <<std[617be2ca0a6fd877]::sys::backtrace::BacktraceLock>::print::DisplayBacktrace as core[a373ad73a504971]::fmt::Display>::fmt
[INFO] [stdout]    1:     0x586bbe742daa - core[a373ad73a504971]::fmt::write
[INFO] [stdout]    2:     0x586bbe73302c - <alloc[2e1b2a31b91974c5]::vec::Vec<u8> as core[a373ad73a504971]::io::write::Write>::write_fmt
[INFO] [stdout]    3:     0x586bbe70aa16 - std[617be2ca0a6fd877]::panicking::default_hook::{closure#0}
[INFO] [stdout]    4:     0x586bbe726ee9 - std[617be2ca0a6fd877]::panicking::default_hook
[INFO] [stdout]    5:     0x586bbe6c2d30 - test[aada8e7e76ba119b]::test_main_inner::{closure#0}
[INFO] [stdout]    6:     0x586bbe727212 - std[617be2ca0a6fd877]::panicking::panic_with_hook
[INFO] [stdout]    7:     0x586bbe70aac2 - std[617be2ca0a6fd877]::panicking::panic_handler::{closure#0}
[INFO] [stdout]    8:     0x586bbe703649 - std[617be2ca0a6fd877]::sys::backtrace::__rust_end_short_backtrace::<std[617be2ca0a6fd877]::panicking::panic_handler::{closure#0}, !>
[INFO] [stdout]    9:     0x586bbe70b6cd - __rustc[ea4f61d10b84890b]::rust_begin_unwind
[INFO] [stdout]   10:     0x586bbe7434dc - core[a373ad73a504971]::panicking::panic_fmt
[INFO] [stdout]   11:     0x586bbe7432b2 - core[a373ad73a504971]::result::unwrap_failed
[INFO] [stdout]   12:     0x586bbe6b2158 - ac_046[753f82defbac036c]::adapter_rs
[INFO] [stdout]   13:     0x586bbe6b319b - <ac_046[753f82defbac036c]::ac_046_the_negative_example_is_a_compile_fail_doctest::{closure#0} as core[a373ad73a504971]::ops::function::FnOnce<()>>::call_once
[INFO] [stdout]   14:     0x586bbe6b617b - test[aada8e7e76ba119b]::__rust_begin_short_backtrace::<core[a373ad73a504971]::result::Result<(), alloc[2e1b2a31b91974c5]::string::String>, fn() -> core[a373ad73a504971]::result::Result<(), alloc[2e1b2a31b91974c5]::string::String>>
[INFO] [stdout]   15:     0x586bbe6c3355 - test[aada8e7e76ba119b]::run_test::{closure#0}
[INFO] [stdout]   16:     0x586bbe6bcc44 - std[617be2ca0a6fd877]::sys::backtrace::__rust_begin_short_backtrace::<test[aada8e7e76ba119b]::run_test::{closure#1}, ()>
[INFO] [stdout]   17:     0x586bbe6c63e2 - <std[617be2ca0a6fd877]::thread::lifecycle::spawn_unchecked<test[aada8e7e76ba119b]::run_test::{closure#1}, ()>::{closure#1} as core[a373ad73a504971]::ops::function::FnOnce<()>>::call_once::{shim:vtable#0}
[INFO] [stdout]   18:     0x586bbe72e2af - <std[617be2ca0a6fd877]::sys::thread::unix::Thread>::new::thread_start
[INFO] [stdout]   19:     0x7604de79adfa - <unknown>
[INFO] [stdout]   20:     0x7604de82e3d4 - clone
[INFO] [stdout]   21:                0x0 - <unknown>
[INFO] [stdout] 
[INFO] [stdout] ---- ac_046_the_negative_example_differs_by_the_bound_and_nothing_else stdout ----
[INFO] [stdout] 
[INFO] [stdout] thread 'ac_046_the_negative_example_differs_by_the_bound_and_nothing_else' (858) panicked at tests/ac_046.rs:123:10:
[INFO] [stdout] crates/gx-substrate/src/adapter.rs is readable: Os { code: 2, kind: NotFound, message: "No such file or directory" }
[INFO] [stdout] stack backtrace:
[INFO] [stdout]    0:     0x586bbe72edc1 - <<std[617be2ca0a6fd877]::sys::backtrace::BacktraceLock>::print::DisplayBacktrace as core[a373ad73a504971]::fmt::Display>::fmt
[INFO] [stdout]    1:     0x586bbe742daa - core[a373ad73a504971]::fmt::write
[INFO] [stdout]    2:     0x586bbe73302c - <alloc[2e1b2a31b91974c5]::vec::Vec<u8> as core[a373ad73a504971]::io::write::Write>::write_fmt
[INFO] [stdout]    3:     0x586bbe70aa16 - std[617be2ca0a6fd877]::panicking::default_hook::{closure#0}
[INFO] [stdout]    4:     0x586bbe726ee9 - std[617be2ca0a6fd877]::panicking::default_hook
[INFO] [stdout]    5:     0x586bbe6c2d30 - test[aada8e7e76ba119b]::test_main_inner::{closure#0}
[INFO] [stdout]    6:     0x586bbe727212 - std[617be2ca0a6fd877]::panicking::panic_with_hook
[INFO] [stdout]    7:     0x586bbe70aac2 - std[617be2ca0a6fd877]::panicking::panic_handler::{closure#0}
[INFO] [stdout]    8:     0x586bbe703649 - std[617be2ca0a6fd877]::sys::backtrace::__rust_end_short_backtrace::<std[617be2ca0a6fd877]::panicking::panic_handler::{closure#0}, !>
[INFO] [stdout]    9:     0x586bbe70b6cd - __rustc[ea4f61d10b84890b]::rust_begin_unwind
[INFO] [stdout]   10:     0x586bbe7434dc - core[a373ad73a504971]::panicking::panic_fmt
[INFO] [stdout]   11:     0x586bbe7432b2 - core[a373ad73a504971]::result::unwrap_failed
[INFO] [stdout]   12:     0x586bbe6b2158 - ac_046[753f82defbac036c]::adapter_rs
[INFO] [stdout]   13:     0x586bbe6b33f1 - <ac_046[753f82defbac036c]::ac_046_the_negative_example_differs_by_the_bound_and_nothing_else::{closure#0} as core[a373ad73a504971]::ops::function::FnOnce<()>>::call_once
[INFO] [stdout]   14:     0x586bbe6b617b - test[aada8e7e76ba119b]::__rust_begin_short_backtrace::<core[a373ad73a504971]::result::Result<(), alloc[2e1b2a31b91974c5]::string::String>, fn() -> core[a373ad73a504971]::result::Result<(), alloc[2e1b2a31b91974c5]::string::String>>
[INFO] [stdout]   15:     0x586bbe6c3355 - test[aada8e7e76ba119b]::run_test::{closure#0}
[INFO] [stdout]   16:     0x586bbe6bcc44 - std[617be2ca0a6fd877]::sys::backtrace::__rust_begin_short_backtrace::<test[aada8e7e76ba119b]::run_test::{closure#1}, ()>
[INFO] [stdout]   17:     0x586bbe6c63e2 - <std[617be2ca0a6fd877]::thread::lifecycle::spawn_unchecked<test[aada8e7e76ba119b]::run_test::{closure#1}, ()>::{closure#1} as core[a373ad73a504971]::ops::function::FnOnce<()>>::call_once::{shim:vtable#0}
[INFO] [stdout]   18:     0x586bbe72e2af - <std[617be2ca0a6fd877]::sys::thread::unix::Thread>::new::thread_start
[INFO] [stdout]   19:     0x7604de79adfa - <unknown>
[INFO] [stdout]   20:     0x7604de82e3d4 - clone
[INFO] [stdout]   21:                0x0 - <unknown>
[INFO] [stdout] 
[INFO] [stdout] 
[INFO] [stdout] failures:
[INFO] [stdout]     ac_046_the_negative_example_differs_by_the_bound_and_nothing_else
[INFO] [stdout]     ac_046_the_negative_example_is_a_compile_fail_doctest
[INFO] [stdout] 
[INFO] [stdout] test result: FAILED. 2 passed; 2 failed; 0 ignored; 0 measured; 0 filtered out; finished in 0.04s
[INFO] [stdout] 
[INFO] [stderr] error: test failed, to rerun pass `--test ac_046`
[INFO] running `Command { std: "docker" "inspect" "64a54a90ae3665785cff7085e5275fe24df7a91d05c7eb34da71af7cc6c5ac5e", kill_on_drop: false }`
[INFO] running `Command { std: "docker" "rm" "-f" "64a54a90ae3665785cff7085e5275fe24df7a91d05c7eb34da71af7cc6c5ac5e", kill_on_drop: false }`
[INFO] [stdout] 64a54a90ae3665785cff7085e5275fe24df7a91d05c7eb34da71af7cc6c5ac5e
