[INFO] fetching crate tracefold-canon 0.1.2...
[INFO] testing tracefold-canon-0.1.2 against 1.100.0-beta.1+cargoflags=--release for beta-release-1.100-2
[INFO] extracting crate tracefold-canon 0.1.2 into /workspace/builds/worker-4-tc2/source
[INFO] started tweaking crates.io crate tracefold-canon 0.1.2
[INFO] removed 0 missing tests
[INFO] finished tweaking crates.io crate tracefold-canon 0.1.2
[INFO] tweaked toml for crates.io crate tracefold-canon 0.1.2 written to /workspace/builds/worker-4-tc2/source/Cargo.toml
[INFO] validating manifest of crates.io crate tracefold-canon 0.1.2 on toolchain 1.100.0-beta.1
[INFO] running `Command { std: CARGO_HOME="/workspace/cargo-home" RUSTUP_HOME="/workspace/rustup-home" "/workspace/cargo-home/bin/cargo" "+1.100.0-beta.1" "metadata" "--manifest-path" "Cargo.toml" "--no-deps", kill_on_drop: false }`
[INFO] crate crates.io crate tracefold-canon 0.1.2 already has a lockfile, it will not be regenerated
[INFO] running `Command { std: CARGO_HOME="/workspace/cargo-home" RUSTUP_HOME="/workspace/rustup-home" "/workspace/cargo-home/bin/cargo" "+1.100.0-beta.1" "fetch" "--manifest-path" "Cargo.toml", kill_on_drop: false }`
[INFO] running `Command { std: "docker" "create" "-v" "/var/lib/crater-agent-workspace/builds/worker-4-tc2/source:/opt/rustwide/workdir:ro,Z" "-v" "/var/lib/crater-agent-workspace/builds/worker-4-tc2/target:/opt/rustwide/target:rw,Z" "-v" "/var/lib/crater-agent-workspace/cargo-home:/opt/rustwide/cargo-home:ro,Z" "-v" "/var/lib/crater-agent-workspace/rustup-home:/opt/rustwide/rustup-home:ro,Z" "-m" "1610612736" "--network" "none" "ghcr.io/rust-lang/crates-build-env/linux@sha256:77db811e55d90add9212f6832c23229e3de5f1c1f9905e8cb07319ea15df73ac" "sleep" "infinity", kill_on_drop: false }`
[INFO] [stdout] b980cabd9c583d9e12bc87f2a7c9ee370a642f0fe97ec6e8984b2e4056657664
[INFO] running `Command { std: "docker" "start" "b980cabd9c583d9e12bc87f2a7c9ee370a642f0fe97ec6e8984b2e4056657664", kill_on_drop: false }`
[INFO] running `Command { std: "docker" "inspect" "b980cabd9c583d9e12bc87f2a7c9ee370a642f0fe97ec6e8984b2e4056657664", kill_on_drop: false }`
[INFO] running `Command { std: "docker" "exec" "-e" "SOURCE_DIR=/opt/rustwide/workdir" "-e" "CARGO_HOME=/opt/rustwide/cargo-home" "-e" "RUSTUP_HOME=/opt/rustwide/rustup-home" "-e" "CARGO_TARGET_DIR=/opt/rustwide/target" "-w" "/opt/rustwide/workdir" "--user" "0:0" "b980cabd9c583d9e12bc87f2a7c9ee370a642f0fe97ec6e8984b2e4056657664" "/opt/rustwide/cargo-home/bin/cargo" "+1.100.0-beta.1" "metadata" "--no-deps" "--format-version=1", kill_on_drop: false }`
[INFO] running `Command { std: "docker" "inspect" "b980cabd9c583d9e12bc87f2a7c9ee370a642f0fe97ec6e8984b2e4056657664", kill_on_drop: false }`
[INFO] running `Command { std: "docker" "exec" "-e" "SOURCE_DIR=/opt/rustwide/workdir" "-e" "CARGO_HOME=/opt/rustwide/cargo-home" "-e" "RUSTUP_HOME=/opt/rustwide/rustup-home" "-e" "CARGO_TARGET_DIR=/opt/rustwide/target" "-e" "CARGO_INCREMENTAL=0" "-e" "RUST_BACKTRACE=full" "-e" "RUSTFLAGS=--cap-lints=warn" "-e" "RUSTDOCFLAGS=--cap-lints=warn" "-w" "/opt/rustwide/workdir" "--user" "0:0" "b980cabd9c583d9e12bc87f2a7c9ee370a642f0fe97ec6e8984b2e4056657664" "/opt/rustwide/cargo-home/bin/cargo" "+1.100.0-beta.1" "build" "--frozen" "--message-format=json" "--release", kill_on_drop: false }`
[INFO] [stderr]    Compiling data-encoding v2.11.1
[INFO] [stderr]    Compiling const-str v0.4.3
[INFO] [stderr]    Compiling base45 v3.2.0
[INFO] [stderr]    Compiling base-x v0.2.11
[INFO] [stderr]    Compiling unsigned-varint v0.8.0
[INFO] [stderr]    Compiling serde_json v1.0.151
[INFO] [stderr]    Compiling thiserror v2.0.19
[INFO] [stderr]    Compiling proc-macro2 v1.0.107
[INFO] [stderr]    Compiling cc v1.4.0
[INFO] [stderr]    Compiling memchr v2.8.3
[INFO] [stderr]    Compiling arrayvec v0.7.8
[INFO] [stderr]    Compiling serde_bytes v0.11.19
[INFO] [stderr]    Compiling cbor4ii v1.2.2
[INFO] [stderr]    Compiling ryu-js v1.0.3
[INFO] [stderr]    Compiling quote v1.0.47
[INFO] [stderr]    Compiling syn v3.0.3
[INFO] [stderr]    Compiling syn v2.0.119
[INFO] [stderr]    Compiling blake3 v1.8.6
[INFO] [stderr]    Compiling serde_derive v1.0.229
[INFO] [stderr]    Compiling data-encoding-macro-internal v0.1.19
[INFO] [stderr]    Compiling thiserror-impl v2.0.19
[INFO] [stderr]    Compiling data-encoding-macro v0.1.21
[INFO] [stderr]    Compiling serde v1.0.229
[INFO] [stderr]    Compiling match-lookup v0.1.2
[INFO] [stderr]    Compiling multihash v0.19.5
[INFO] [stderr]    Compiling serde_json_canonicalizer v0.3.2
[INFO] [stderr]    Compiling tracefold-core v0.1.2
[INFO] [stderr]    Compiling base256emoji v1.0.2
[INFO] [stderr]    Compiling multibase v0.9.3
[INFO] [stderr]    Compiling cid v0.11.3
[INFO] [stderr]    Compiling ipld-core v0.4.3
[INFO] [stderr]    Compiling serde_ipld_dagcbor v0.7.0
[INFO] [stderr]    Compiling tracefold-canon v0.1.2 (/opt/rustwide/workdir)
[INFO] [stderr]     Finished `release` profile [optimized] target(s) in 16.98s
[INFO] running `Command { std: "docker" "inspect" "b980cabd9c583d9e12bc87f2a7c9ee370a642f0fe97ec6e8984b2e4056657664", kill_on_drop: false }`
[INFO] running `Command { std: "docker" "exec" "-e" "SOURCE_DIR=/opt/rustwide/workdir" "-e" "CARGO_HOME=/opt/rustwide/cargo-home" "-e" "RUSTUP_HOME=/opt/rustwide/rustup-home" "-e" "CARGO_TARGET_DIR=/opt/rustwide/target" "-e" "CARGO_INCREMENTAL=0" "-e" "RUST_BACKTRACE=full" "-e" "RUSTFLAGS=--cap-lints=warn" "-e" "RUSTDOCFLAGS=--cap-lints=warn" "-w" "/opt/rustwide/workdir" "--user" "0:0" "b980cabd9c583d9e12bc87f2a7c9ee370a642f0fe97ec6e8984b2e4056657664" "/opt/rustwide/cargo-home/bin/cargo" "+1.100.0-beta.1" "test" "--frozen" "--no-run" "--message-format=json" "--release", kill_on_drop: false }`
[INFO] [stderr]    Compiling getrandom v0.3.4
[INFO] [stderr]    Compiling zerocopy v0.8.56
[INFO] [stderr]    Compiling rustix v1.1.4
[INFO] [stderr]    Compiling getrandom v0.4.3
[INFO] [stderr]    Compiling num-traits v0.2.19
[INFO] [stderr]    Compiling once_cell v1.21.4
[INFO] [stderr]    Compiling wait-timeout v0.2.1
[INFO] [stderr]    Compiling quick-error v1.2.3
[INFO] [stderr]    Compiling bit-vec v0.8.0
[INFO] [stderr]    Compiling unarray v0.1.4
[INFO] [stderr]    Compiling bit-set v0.8.0
[INFO] [stderr]    Compiling rand_core v0.9.5
[INFO] [stderr]    Compiling rand_xorshift v0.4.0
[INFO] [stderr]    Compiling rand v0.9.5
[INFO] [stderr]    Compiling tempfile v3.27.0
[INFO] [stderr]    Compiling rusty-fork v0.3.1
[INFO] [stderr]    Compiling ppv-lite86 v0.2.21
[INFO] [stderr]    Compiling rand_chacha v0.9.0
[INFO] [stderr]    Compiling proptest v1.11.0
[INFO] [stderr]    Compiling tracefold-canon v0.1.2 (/opt/rustwide/workdir)
[INFO] [stderr]     Finished `release` profile [optimized] target(s) in 49.32s
[INFO] running `Command { std: "docker" "inspect" "b980cabd9c583d9e12bc87f2a7c9ee370a642f0fe97ec6e8984b2e4056657664", kill_on_drop: false }`
[INFO] running `Command { std: "docker" "exec" "-e" "SOURCE_DIR=/opt/rustwide/workdir" "-e" "CARGO_HOME=/opt/rustwide/cargo-home" "-e" "RUSTUP_HOME=/opt/rustwide/rustup-home" "-e" "CARGO_TARGET_DIR=/opt/rustwide/target" "-e" "CARGO_INCREMENTAL=0" "-e" "RUST_BACKTRACE=full" "-e" "RUSTFLAGS=--cap-lints=warn" "-e" "RUSTDOCFLAGS=--cap-lints=warn" "-w" "/opt/rustwide/workdir" "--user" "0:0" "b980cabd9c583d9e12bc87f2a7c9ee370a642f0fe97ec6e8984b2e4056657664" "/opt/rustwide/cargo-home/bin/cargo" "+1.100.0-beta.1" "test" "--frozen" "--release", kill_on_drop: false }`
[INFO] [stderr]     Finished `release` profile [optimized] target(s) in 0.09s
[INFO] [stderr]      Running unittests src/lib.rs (/opt/rustwide/target/release/build/tracefold-canon/9f80ad12392db94e/out/gx_canon-9f80ad12392db94e)
[INFO] [stderr]      Running tests/ac_009.rs (/opt/rustwide/target/release/build/tracefold-canon/2b6d1862d83f1cbd/out/ac_009-2b6d1862d83f1cbd)
[INFO] [stdout] 
[INFO] [stdout] running 0 tests
[INFO] [stdout] 
[INFO] [stdout] test result: ok. 0 passed; 0 failed; 0 ignored; 0 measured; 0 filtered out; finished in 0.00s
[INFO] [stdout] 
[INFO] [stdout] 
[INFO] [stdout] running 5 tests
[INFO] [stdout] test ac_009_unsupported_input_fails_loudly_rather_than_quietly ... ok
[INFO] [stdout] test ac_009_object_snapshot_round_trips_too ... ok
[INFO] [stdout] test ac_009_every_one_of_the_ten_fields_survives ... ok
[INFO] [stdout] test ac_009_transformation_round_trip_is_bit_equal ... ok
[INFO] [stdout] test ac_009_re_encoding_the_decoded_value_reproduces_the_bytes ... ok
[INFO] [stdout] 
[INFO] [stdout] test result: ok. 5 passed; 0 failed; 0 ignored; 0 measured; 0 filtered out; finished in 0.06s
[INFO] [stdout] 
[INFO] [stderr]      Running tests/ac_010.rs (/opt/rustwide/target/release/build/tracefold-canon/b24dd6ab0d3a3c21/out/ac_010-b24dd6ab0d3a3c21)
[INFO] [stdout] 
[INFO] [stdout] running 8 tests
[INFO] [stdout] test ac_010_a_respelled_input_canonicalises_to_the_same_bytes ... ok
[INFO] [stdout] test ac_010_no_sha256_and_no_jcs_digest_were_added ... ok
[INFO] [stdout] test ac_010_rfc_8785_numbers_are_doubles_so_nanosecond_timestamps_round ... ok
[INFO] [stdout] test ac_010_the_jcs_face_carries_every_field_and_sorts_them ... ok
[INFO] [stdout] test ac_010_the_jcs_face_is_not_the_identity_face ... ok
[INFO] [stdout] test ac_010_three_consecutive_runs_are_byte_identical ... ok
[INFO] [stdout] test ac_010_distinct_values_give_distinct_documents ... ok
[INFO] [stdout] test ac_010_jcs_is_deterministic ... ok
[INFO] [stdout] 
[INFO] [stdout] test result: ok. 8 passed; 0 failed; 0 ignored; 0 measured; 0 filtered out; finished in 0.03s
[INFO] [stdout] 
[INFO] [stderr]      Running tests/ac_011.rs (/opt/rustwide/target/release/build/tracefold-canon/645cfbf961894a6c/out/ac_011-645cfbf961894a6c)
[INFO] [stdout] 
[INFO] [stdout] running 7 tests
[INFO] [stdout] test ac_011_a_cid_is_thirty_two_bytes_of_blake3 ... ok
[INFO] [stdout] test ac_011_a_value_with_no_canonical_form_is_refused_not_hashed ... ok
[INFO] [stdout] test ac_011_the_hashed_bytes_are_the_canonical_form_of_the_projection ... ok
[INFO] [stdout] test ac_011_two_independent_processes_agree_on_the_cid ... FAILED
[INFO] [stdout] test ac_011_a_different_projected_field_gives_a_different_cid ... ok
[INFO] [stdout] test ac_011_id_and_created_at_do_not_move_the_cid ... ok
[INFO] [stdout] test ac_011_transformationid_determinism ... ok
[INFO] [stdout] 
[INFO] [stdout] failures:
[INFO] [stdout] 
[INFO] [stdout] ---- ac_011_two_independent_processes_agree_on_the_cid stdout ----
[INFO] [stdout] 
[INFO] [stdout] thread 'ac_011_two_independent_processes_agree_on_the_cid' (2045) panicked at tests/ac_011.rs:107:10:
[INFO] [stdout] the probe binary is built before the integration tests: Os { code: 2, kind: NotFound, message: "No such file or directory" }
[INFO] [stdout] stack backtrace:
[INFO] [stdout]    0:     0x5eacf09d6421 - <<std[617be2ca0a6fd877]::sys::backtrace::BacktraceLock>::print::DisplayBacktrace as core[a373ad73a504971]::fmt::Display>::fmt
[INFO] [stdout]    1:     0x5eacf09ebe2a - core[a373ad73a504971]::fmt::write
[INFO] [stdout]    2:     0x5eacf09dad6c - <alloc[2e1b2a31b91974c5]::vec::Vec<u8> as core[a373ad73a504971]::io::write::Write>::write_fmt
[INFO] [stdout]    3:     0x5eacf09b06d6 - std[617be2ca0a6fd877]::panicking::default_hook::{closure#0}
[INFO] [stdout]    4:     0x5eacf09ce229 - std[617be2ca0a6fd877]::panicking::default_hook
[INFO] [stdout]    5:     0x5eacf08f6c30 - test[aada8e7e76ba119b]::test_main_inner::{closure#0}
[INFO] [stdout]    6:     0x5eacf09ce3e2 - std[617be2ca0a6fd877]::panicking::panic_with_hook
[INFO] [stdout]    7:     0x5eacf09b0782 - std[617be2ca0a6fd877]::panicking::panic_handler::{closure#0}
[INFO] [stdout]    8:     0x5eacf09a9349 - std[617be2ca0a6fd877]::sys::backtrace::__rust_end_short_backtrace::<std[617be2ca0a6fd877]::panicking::panic_handler::{closure#0}, !>
[INFO] [stdout]    9:     0x5eacf09b138d - __rustc[ea4f61d10b84890b]::rust_begin_unwind
[INFO] [stdout]   10:     0x5eacf09ec60c - core[a373ad73a504971]::panicking::panic_fmt
[INFO] [stdout]   11:     0x5eacf09ec3e2 - core[a373ad73a504971]::result::unwrap_failed
[INFO] [stdout]   12:     0x5eacf08cda43 - <ac_011[66fa16722037cb77]::ac_011_two_independent_processes_agree_on_the_cid::{closure#0} as core[a373ad73a504971]::ops::function::FnOnce<()>>::call_once
[INFO] [stdout]   13:     0x5eacf08ea07b - test[aada8e7e76ba119b]::__rust_begin_short_backtrace::<core[a373ad73a504971]::result::Result<(), alloc[2e1b2a31b91974c5]::string::String>, fn() -> core[a373ad73a504971]::result::Result<(), alloc[2e1b2a31b91974c5]::string::String>>
[INFO] [stdout]   14:     0x5eacf08f7255 - test[aada8e7e76ba119b]::run_test::{closure#0}
[INFO] [stdout]   15:     0x5eacf08f0b44 - std[617be2ca0a6fd877]::sys::backtrace::__rust_begin_short_backtrace::<test[aada8e7e76ba119b]::run_test::{closure#1}, ()>
[INFO] [stdout]   16:     0x5eacf08fa2e2 - <std[617be2ca0a6fd877]::thread::lifecycle::spawn_unchecked<test[aada8e7e76ba119b]::run_test::{closure#1}, ()>::{closure#1} as core[a373ad73a504971]::ops::function::FnOnce<()>>::call_once::{shim:vtable#0}
[INFO] [stdout]   17:     0x5eacf09d5c7f - <std[617be2ca0a6fd877]::sys::thread::unix::Thread>::new::thread_start
[INFO] [stdout]   18:     0x77a2bd854dfa - <unknown>
[INFO] [stdout]   19:     0x77a2bd8e83d4 - clone
[INFO] [stdout]   20:                0x0 - <unknown>
[INFO] [stdout] 
[INFO] [stdout] 
[INFO] [stdout] failures:
[INFO] [stdout]     ac_011_two_independent_processes_agree_on_the_cid
[INFO] [stdout] 
[INFO] [stdout] test result: FAILED. 6 passed; 1 failed; 0 ignored; 0 measured; 0 filtered out; finished in 0.05s
[INFO] [stdout] 
[INFO] [stderr] error: test failed, to rerun pass `--test ac_011`
[INFO] running `Command { std: "docker" "inspect" "b980cabd9c583d9e12bc87f2a7c9ee370a642f0fe97ec6e8984b2e4056657664", kill_on_drop: false }`
[INFO] running `Command { std: "docker" "rm" "-f" "b980cabd9c583d9e12bc87f2a7c9ee370a642f0fe97ec6e8984b2e4056657664", kill_on_drop: false }`
[INFO] [stdout] b980cabd9c583d9e12bc87f2a7c9ee370a642f0fe97ec6e8984b2e4056657664
