[INFO] fetching crate trace-recorder-parser 0.19.0...
[INFO] testing trace-recorder-parser-0.19.0 against 1.99.0-beta.8+cargoflags=--release for beta-release-1.100-2
[INFO] extracting crate trace-recorder-parser 0.19.0 into /workspace/builds/worker-6-tc1/source
[INFO] started tweaking crates.io crate trace-recorder-parser 0.19.0
[INFO] finished tweaking crates.io crate trace-recorder-parser 0.19.0
[INFO] tweaked toml for crates.io crate trace-recorder-parser 0.19.0 written to /workspace/builds/worker-6-tc1/source/Cargo.toml
[INFO] validating manifest of crates.io crate trace-recorder-parser 0.19.0 on toolchain 1.99.0-beta.8
[INFO] running `Command { std: CARGO_HOME="/workspace/cargo-home" RUSTUP_HOME="/workspace/rustup-home" "/workspace/cargo-home/bin/cargo" "+1.99.0-beta.8" "metadata" "--manifest-path" "Cargo.toml" "--no-deps", kill_on_drop: false }`
[INFO] crate crates.io crate trace-recorder-parser 0.19.0 already has a lockfile, it will not be regenerated
[INFO] running `Command { std: CARGO_HOME="/workspace/cargo-home" RUSTUP_HOME="/workspace/rustup-home" "/workspace/cargo-home/bin/cargo" "+1.99.0-beta.8" "fetch" "--manifest-path" "Cargo.toml", kill_on_drop: false }`
[INFO] [stderr]     Updating crates.io index
[INFO] [stderr]     Blocking waiting for file lock on package cache
[INFO] [stderr]  Downloading crates ...
[INFO] [stderr]   Downloaded test-log-macros v0.2.16
[INFO] [stderr]   Downloaded env_logger v0.11.5
[INFO] [stderr]   Downloaded test-log v0.2.16
[INFO] [stderr]   Downloaded env_filter v0.1.2
[INFO] [stderr]   Downloaded colorchoice v1.0.1
[INFO] [stderr]   Downloaded exitcode v1.1.2
[INFO] [stderr]   Downloaded is_terminal_polyfill v1.70.0
[INFO] [stderr]   Downloaded anstyle-wincon v3.0.3
[INFO] [stderr]   Downloaded anstyle-query v1.0.3
[INFO] [stderr]   Downloaded clap-num v1.1.1
[INFO] [stderr]   Downloaded anstream v0.6.14
[INFO] [stderr]   Downloaded anstyle-parse v0.2.4
[INFO] [stderr]   Downloaded tabular v0.2.0
[INFO] [stderr]   Downloaded ordered-float v4.2.0
[INFO] [stderr]   Downloaded byteordered v0.6.0
[INFO] [stderr]   Downloaded proc-macro2 v1.0.83
[INFO] [stderr]   Downloaded syn v2.0.65
[INFO] running `Command { std: "docker" "create" "-v" "/var/lib/crater-agent-workspace/builds/worker-6-tc1/source:/opt/rustwide/workdir:ro,Z" "-v" "/var/lib/crater-agent-workspace/builds/worker-6-tc1/target:/opt/rustwide/target:rw,Z" "-v" "/var/lib/crater-agent-workspace/cargo-home:/opt/rustwide/cargo-home:ro,Z" "-v" "/var/lib/crater-agent-workspace/rustup-home:/opt/rustwide/rustup-home:ro,Z" "-m" "1610612736" "--network" "none" "ghcr.io/rust-lang/crates-build-env/linux@sha256:77db811e55d90add9212f6832c23229e3de5f1c1f9905e8cb07319ea15df73ac" "sleep" "infinity", kill_on_drop: false }`
[INFO] [stdout] be91a15d335e632bd124900cbe27cd97ec01c2ed2c8fe8dea70c88e4c57172e2
[INFO] running `Command { std: "docker" "start" "be91a15d335e632bd124900cbe27cd97ec01c2ed2c8fe8dea70c88e4c57172e2", kill_on_drop: false }`
[INFO] running `Command { std: "docker" "inspect" "be91a15d335e632bd124900cbe27cd97ec01c2ed2c8fe8dea70c88e4c57172e2", kill_on_drop: false }`
[INFO] running `Command { std: "docker" "exec" "-e" "SOURCE_DIR=/opt/rustwide/workdir" "-e" "CARGO_HOME=/opt/rustwide/cargo-home" "-e" "RUSTUP_HOME=/opt/rustwide/rustup-home" "-e" "CARGO_TARGET_DIR=/opt/rustwide/target" "-w" "/opt/rustwide/workdir" "--user" "0:0" "be91a15d335e632bd124900cbe27cd97ec01c2ed2c8fe8dea70c88e4c57172e2" "/opt/rustwide/cargo-home/bin/cargo" "+1.99.0-beta.8" "metadata" "--no-deps" "--format-version=1", kill_on_drop: false }`
[INFO] running `Command { std: "docker" "inspect" "be91a15d335e632bd124900cbe27cd97ec01c2ed2c8fe8dea70c88e4c57172e2", kill_on_drop: false }`
[INFO] running `Command { std: "docker" "exec" "-e" "SOURCE_DIR=/opt/rustwide/workdir" "-e" "CARGO_HOME=/opt/rustwide/cargo-home" "-e" "RUSTUP_HOME=/opt/rustwide/rustup-home" "-e" "CARGO_TARGET_DIR=/opt/rustwide/target" "-e" "CARGO_INCREMENTAL=0" "-e" "RUST_BACKTRACE=full" "-e" "RUSTFLAGS=--cap-lints=warn" "-e" "RUSTDOCFLAGS=--cap-lints=warn" "-w" "/opt/rustwide/workdir" "--user" "0:0" "be91a15d335e632bd124900cbe27cd97ec01c2ed2c8fe8dea70c88e4c57172e2" "/opt/rustwide/cargo-home/bin/cargo" "+1.99.0-beta.8" "build" "--frozen" "--message-format=json" "--release", kill_on_drop: false }`
[INFO] [stderr]    Compiling proc-macro2 v1.0.83
[INFO] [stderr]    Compiling num-traits v0.2.19
[INFO] [stderr]    Compiling tracing-core v0.1.32
[INFO] [stderr]    Compiling byteordered v0.6.0
[INFO] [stderr]    Compiling quote v1.0.36
[INFO] [stderr]    Compiling syn v2.0.65
[INFO] [stderr]    Compiling syn v1.0.109
[INFO] [stderr]    Compiling ordered-float v4.2.0
[INFO] [stderr]    Compiling derive_more v0.99.17
[INFO] [stderr]    Compiling thiserror-impl v1.0.61
[INFO] [stderr]    Compiling enum-iterator-derive v1.4.0
[INFO] [stderr]    Compiling tracing-attributes v0.1.27
[INFO] [stderr]    Compiling enum-iterator v2.1.0
[INFO] [stderr]    Compiling thiserror v1.0.61
[INFO] [stderr]    Compiling tracing v0.1.40
[INFO] [stderr]    Compiling trace-recorder-parser v0.19.0 (/opt/rustwide/workdir)
[INFO] [stdout] warning: non-local `impl` definition, `impl` blocks should be written at the same level as their item
[INFO] [stdout]    --> src/types.rs:442:62
[INFO] [stdout]     |
[INFO] [stdout] 442 | #[derive(Clone, Eq, PartialEq, Ord, PartialOrd, Hash, Debug, Display)]
[INFO] [stdout]     |                                                              -^^^^^^
[INFO] [stdout]     |                                                              |
[INFO] [stdout]     |                                                              `_derive_more_DisplayAs` is not local
[INFO] [stdout]     |                                                              `Display` is not local
[INFO] [stdout]     |                                                              move the `impl` block outside of this constant `_derive_more_DisplayAs_impl` and up 2 bodies
[INFO] [stdout]     |
[INFO] [stdout]     = note: the derive macro `Display` defines the non-local `impl`, and may need to be changed
[INFO] [stdout]     = note: the derive macro `Display` may come from an old version of the `derive_more` crate, try updating your dependency with `cargo update -p derive_more`
[INFO] [stdout]     = note: an `impl` is never scoped, even when it is nested inside an item, as it may impact type checking outside of that item, which can be the case if neither the trait or the self type are at the same nesting level as the `impl`
[INFO] [stdout]     = note: items in an anonymous const item (`const _: () = { ... }`) are treated as in the same scope as the anonymous const's declaration for the purpose of this lint
[INFO] [stdout]     = note: `#[warn(non_local_definitions)]` on by default
[INFO] [stdout]     = note: this warning originates in the derive macro `Display` (in Nightly builds, run with -Z macro-backtrace for more info)
[INFO] [stdout] 
[INFO] [stdout] 
[INFO] [stderr]     Finished `release` profile [optimized] target(s) in 12.44s
[INFO] running `Command { std: "docker" "inspect" "be91a15d335e632bd124900cbe27cd97ec01c2ed2c8fe8dea70c88e4c57172e2", kill_on_drop: false }`
[INFO] running `Command { std: "docker" "exec" "-e" "SOURCE_DIR=/opt/rustwide/workdir" "-e" "CARGO_HOME=/opt/rustwide/cargo-home" "-e" "RUSTUP_HOME=/opt/rustwide/rustup-home" "-e" "CARGO_TARGET_DIR=/opt/rustwide/target" "-e" "CARGO_INCREMENTAL=0" "-e" "RUST_BACKTRACE=full" "-e" "RUSTFLAGS=--cap-lints=warn" "-e" "RUSTDOCFLAGS=--cap-lints=warn" "-w" "/opt/rustwide/workdir" "--user" "0:0" "be91a15d335e632bd124900cbe27cd97ec01c2ed2c8fe8dea70c88e4c57172e2" "/opt/rustwide/cargo-home/bin/cargo" "+1.99.0-beta.8" "test" "--frozen" "--no-run" "--message-format=json" "--release", kill_on_drop: false }`
[INFO] [stderr]    Compiling anstyle-parse v0.2.4
[INFO] [stderr]    Compiling is_terminal_polyfill v1.70.0
[INFO] [stderr]    Compiling colorchoice v1.0.1
[INFO] [stderr]    Compiling anstyle-query v1.0.3
[INFO] [stderr]    Compiling anstyle v1.0.7
[INFO] [stderr]    Compiling regex-syntax v0.6.29
[INFO] [stderr]    Compiling regex-syntax v0.8.3
[INFO] [stderr]    Compiling libc v0.2.155
[INFO] [stderr]    Compiling tracing v0.1.40
[INFO] [stderr]    Compiling nix v0.28.0
[INFO] [stderr]    Compiling env_filter v0.1.2
[INFO] [stderr]    Compiling clap_lex v0.7.0
[INFO] [stderr]    Compiling smallvec v1.13.2
[INFO] [stderr]    Compiling clap_derive v4.5.4
[INFO] [stderr]    Compiling ordered-float v4.2.0
[INFO] [stderr]    Compiling test-log-macros v0.2.16
[INFO] [stderr]    Compiling yansi v0.5.1
[INFO] [stderr]    Compiling unicode-width v0.1.13
[INFO] [stderr]    Compiling clap-num v1.1.1
[INFO] [stderr]    Compiling tabular v0.2.0
[INFO] [stderr]    Compiling exitcode v1.1.2
[INFO] [stderr]    Compiling anstream v0.6.14
[INFO] [stderr]    Compiling pretty_assertions v1.4.0
[INFO] [stderr]    Compiling clap_builder v4.5.2
[INFO] [stderr]    Compiling env_logger v0.11.5
[INFO] [stderr]    Compiling trace-recorder-parser v0.19.0 (/opt/rustwide/workdir)
[INFO] [stderr]    Compiling regex-automata v0.4.6
[INFO] [stdout] warning: non-local `impl` definition, `impl` blocks should be written at the same level as their item
[INFO] [stdout]    --> src/types.rs:442:62
[INFO] [stdout]     |
[INFO] [stdout] 442 | #[derive(Clone, Eq, PartialEq, Ord, PartialOrd, Hash, Debug, Display)]
[INFO] [stdout]     |                                                              -^^^^^^
[INFO] [stdout]     |                                                              |
[INFO] [stdout]     |                                                              `_derive_more_DisplayAs` is not local
[INFO] [stdout]     |                                                              `Display` is not local
[INFO] [stdout]     |                                                              move the `impl` block outside of this constant `_derive_more_DisplayAs_impl` and up 2 bodies
[INFO] [stdout]     |
[INFO] [stdout]     = note: the derive macro `Display` defines the non-local `impl`, and may need to be changed
[INFO] [stdout]     = note: the derive macro `Display` may come from an old version of the `derive_more` crate, try updating your dependency with `cargo update -p derive_more`
[INFO] [stdout]     = note: an `impl` is never scoped, even when it is nested inside an item, as it may impact type checking outside of that item, which can be the case if neither the trait or the self type are at the same nesting level as the `impl`
[INFO] [stdout]     = note: items in an anonymous const item (`const _: () = { ... }`) are treated as in the same scope as the anonymous const's declaration for the purpose of this lint
[INFO] [stdout]     = note: `#[warn(non_local_definitions)]` on by default
[INFO] [stdout]     = note: this warning originates in the derive macro `Display` (in Nightly builds, run with -Z macro-backtrace for more info)
[INFO] [stdout] 
[INFO] [stdout] 
[INFO] [stderr]    Compiling regex-automata v0.1.10
[INFO] [stderr]    Compiling matchers v0.1.0
[INFO] [stderr]    Compiling clap v4.5.4
[INFO] [stderr]    Compiling regex v1.10.4
[INFO] [stderr]    Compiling tracing-subscriber v0.3.18
[INFO] [stderr]    Compiling test-log v0.2.16
[INFO] [stdout] warning: non-local `impl` definition, `impl` blocks should be written at the same level as their item
[INFO] [stdout]    --> src/types.rs:442:62
[INFO] [stdout]     |
[INFO] [stdout] 442 | #[derive(Clone, Eq, PartialEq, Ord, PartialOrd, Hash, Debug, Display)]
[INFO] [stdout]     |                                                              -^^^^^^
[INFO] [stdout]     |                                                              |
[INFO] [stdout]     |                                                              `_derive_more_DisplayAs` is not local
[INFO] [stdout]     |                                                              `Display` is not local
[INFO] [stdout]     |                                                              move the `impl` block outside of this constant `_derive_more_DisplayAs_impl` and up 2 bodies
[INFO] [stdout]     |
[INFO] [stdout]     = note: the derive macro `Display` defines the non-local `impl`, and may need to be changed
[INFO] [stdout]     = note: the derive macro `Display` may come from an old version of the `derive_more` crate, try updating your dependency with `cargo update -p derive_more`
[INFO] [stdout]     = note: an `impl` is never scoped, even when it is nested inside an item, as it may impact type checking outside of that item, which can be the case if neither the trait or the self type are at the same nesting level as the `impl`
[INFO] [stdout]     = note: items in an anonymous const item (`const _: () = { ... }`) are treated as in the same scope as the anonymous const's declaration for the purpose of this lint
[INFO] [stdout]     = note: `#[warn(non_local_definitions)]` on by default
[INFO] [stdout]     = note: this warning originates in the derive macro `Display` (in Nightly builds, run with -Z macro-backtrace for more info)
[INFO] [stdout] 
[INFO] [stdout] 
[INFO] [stderr]     Finished `release` profile [optimized] target(s) in 42.29s
[INFO] running `Command { std: "docker" "inspect" "be91a15d335e632bd124900cbe27cd97ec01c2ed2c8fe8dea70c88e4c57172e2", kill_on_drop: false }`
[INFO] running `Command { std: "docker" "exec" "-e" "SOURCE_DIR=/opt/rustwide/workdir" "-e" "CARGO_HOME=/opt/rustwide/cargo-home" "-e" "RUSTUP_HOME=/opt/rustwide/rustup-home" "-e" "CARGO_TARGET_DIR=/opt/rustwide/target" "-e" "CARGO_INCREMENTAL=0" "-e" "RUST_BACKTRACE=full" "-e" "RUSTFLAGS=--cap-lints=warn" "-e" "RUSTDOCFLAGS=--cap-lints=warn" "-w" "/opt/rustwide/workdir" "--user" "0:0" "be91a15d335e632bd124900cbe27cd97ec01c2ed2c8fe8dea70c88e4c57172e2" "/opt/rustwide/cargo-home/bin/cargo" "+1.99.0-beta.8" "test" "--frozen" "--release", kill_on_drop: false }`
[INFO] [stderr] warning: non-local `impl` definition, `impl` blocks should be written at the same level as their item
[INFO] [stderr]    --> src/types.rs:442:62
[INFO] [stderr]     |
[INFO] [stderr] 442 | #[derive(Clone, Eq, PartialEq, Ord, PartialOrd, Hash, Debug, Display)]
[INFO] [stderr]     |                                                              -^^^^^^
[INFO] [stderr]     |                                                              |
[INFO] [stderr]     |                                                              `_derive_more_DisplayAs` is not local
[INFO] [stderr]     |                                                              `Display` is not local
[INFO] [stderr]     |                                                              move the `impl` block outside of this constant `_derive_more_DisplayAs_impl` and up 2 bodies
[INFO] [stderr]     |
[INFO] [stderr]     = note: the derive macro `Display` defines the non-local `impl`, and may need to be changed
[INFO] [stderr]     = note: the derive macro `Display` may come from an old version of the `derive_more` crate, try updating your dependency with `cargo update -p derive_more`
[INFO] [stderr]     = note: an `impl` is never scoped, even when it is nested inside an item, as it may impact type checking outside of that item, which can be the case if neither the trait or the self type are at the same nesting level as the `impl`
[INFO] [stderr]     = note: items in an anonymous const item (`const _: () = { ... }`) are treated as in the same scope as the anonymous const's declaration for the purpose of this lint
[INFO] [stderr]     = note: `#[warn(non_local_definitions)]` on by default
[INFO] [stderr]     = note: this warning originates in the derive macro `Display` (in Nightly builds, run with -Z macro-backtrace for more info)
[INFO] [stderr] 
[INFO] [stderr] warning: `trace-recorder-parser` (lib) generated 1 warning
[INFO] [stderr] warning: `trace-recorder-parser` (lib test) generated 1 warning (1 duplicate)
[INFO] [stderr]     Finished `release` profile [optimized] target(s) in 0.10s
[INFO] [stderr]      Running unittests src/lib.rs (/opt/rustwide/target/release/deps/trace_recorder_parser-a9b643a5e316b03d)
[INFO] [stdout] 
[INFO] [stdout] running 12 tests
[INFO] [stdout] test time::test::differential_time_xts16 ... ok
[INFO] [stderr]      Running tests/streaming.rs (/opt/rustwide/target/release/deps/streaming-8bbcb454bbc8aeb3)
[INFO] [stdout] test snapshot::event::test::event_type_roundtrip ... ok
[INFO] [stdout] test time::test::differential_time_xts8 ... ok
[INFO] [stdout] test time::test::streaming_instant_rollover ... ok
[INFO] [stdout] test time::test::streaming_instant_construction ... ok
[INFO] [stdout] test types::test::string_formatting ... ok
[INFO] [stdout] test types::test::kernel_version_endianess_identity ... ok
[INFO] [stdout] test snapshot::event::test::obj_class_code_roundtrip ... ok
[INFO] [stdout] test streaming::event::test::event_type_roundtrip ... ok
[INFO] [stdout] test streaming::event::test::event_counter_tracking ... ok
[INFO] [stdout] test types::test::float_encoding ... ok
[INFO] [stdout] test types::test::trimmed_string ... ok
[INFO] [stdout] 
[INFO] [stdout] test result: ok. 12 passed; 0 failed; 0 ignored; 0 measured; 0 filtered out; finished in 0.00s
[INFO] [stdout] 
[INFO] [stdout] 
[INFO] [stdout] running 5 tests
[INFO] [stdout] test streaming_v10_smoke ... FAILED
[INFO] [stdout] test streaming_v14_garbage_with_trace_restart ... FAILED
[INFO] [stdout] test streaming_v14_smoke ... FAILED
[INFO] [stderr] error: test failed, to rerun pass `--test streaming`
[INFO] [stdout] test streaming_v12_smoke ... FAILED
[INFO] [stdout] test streaming_v13_smoke ... FAILED
[INFO] [stdout] 
[INFO] [stdout] failures:
[INFO] [stdout] 
[INFO] [stdout] ---- streaming_v10_smoke stdout ----
[INFO] [stdout] 
[INFO] [stdout] thread 'streaming_v10_smoke' (1318) panicked at tests/streaming.rs:14:22:
[INFO] [stdout] called `Result::unwrap()` on an `Err` value: Os { code: 2, kind: NotFound, message: "No such file or directory" }
[INFO] [stdout] stack backtrace:
[INFO] [stdout]    0:     0x575016113b41 - <<std[70759c8f55707aa4]::sys::backtrace::BacktraceLock>::print::DisplayBacktrace as core[df12db4294e9bfd3]::fmt::Display>::fmt
[INFO] [stdout]    1:     0x57501612945a - core[df12db4294e9bfd3]::fmt::write
[INFO] [stdout]    2:     0x575016117fdc - <alloc[2182bb758b4b3781]::vec::Vec<u8> as core[df12db4294e9bfd3]::io::write::Write>::write_fmt
[INFO] [stdout]    3:     0x5750160efb06 - std[70759c8f55707aa4]::panicking::default_hook::{closure#0}
[INFO] [stdout]    4:     0x57501610be09 - std[70759c8f55707aa4]::panicking::default_hook
[INFO] [stdout]    5:     0x57501609fbe0 - test[9d35eded1c95d3be]::test_main_inner::<test[9d35eded1c95d3be]::test_main_static::{closure#0}>::{closure#0}
[INFO] [stdout]    6:     0x57501610bfc2 - std[70759c8f55707aa4]::panicking::panic_with_hook
[INFO] [stdout]    7:     0x5750160efbb2 - std[70759c8f55707aa4]::panicking::panic_handler::{closure#0}
[INFO] [stdout]    8:     0x5750160e87a9 - std[70759c8f55707aa4]::sys::backtrace::__rust_end_short_backtrace::<std[70759c8f55707aa4]::panicking::panic_handler::{closure#0}, !>
[INFO] [stdout]    9:     0x5750160f07ad - __rustc[8fa7c3cbc660c2b3]::rust_begin_unwind
[INFO] [stdout]   10:     0x575016129bbc - core[df12db4294e9bfd3]::panicking::panic_fmt
[INFO] [stdout]   11:     0x575016129992 - core[df12db4294e9bfd3]::result::unwrap_failed
[INFO] [stdout]   12:     0x575016088704 - streaming[a7d471c1028ffdaf]::common_tests
[INFO] [stdout]   13:     0x57501608a2ee - <streaming[a7d471c1028ffdaf]::streaming_v10_smoke::{closure#0} as core[df12db4294e9bfd3]::ops::function::FnOnce<()>>::call_once
[INFO] [stdout]   14:     0x575016092ecb - test[9d35eded1c95d3be]::__rust_begin_short_backtrace::<core[df12db4294e9bfd3]::result::Result<(), alloc[2182bb758b4b3781]::string::String>, fn() -> core[df12db4294e9bfd3]::result::Result<(), alloc[2182bb758b4b3781]::string::String>>
[INFO] [stdout]   15:     0x5750160a0535 - test[9d35eded1c95d3be]::run_test::{closure#0}
[INFO] [stdout]   16:     0x575016099df4 - std[70759c8f55707aa4]::sys::backtrace::__rust_begin_short_backtrace::<test[9d35eded1c95d3be]::run_test::{closure#1}, ()>
[INFO] [stdout]   17:     0x5750160a3692 - <std[70759c8f55707aa4]::thread::lifecycle::spawn_unchecked<test[9d35eded1c95d3be]::run_test::{closure#1}, ()>::{closure#1} as core[df12db4294e9bfd3]::ops::function::FnOnce<()>>::call_once::{shim:vtable#0}
[INFO] [stdout]   18:     0x5750161130c9 - <std[70759c8f55707aa4]::sys::thread::unix::Thread>::new::thread_start
[INFO] [stdout]   19:     0x7b37d3686dfa - <unknown>
[INFO] [stdout]   20:     0x7b37d371a3d4 - clone
[INFO] [stdout]   21:                0x0 - <unknown>
[INFO] [stdout] 
[INFO] [stdout] ---- streaming_v14_garbage_with_trace_restart stdout ----
[INFO] [stdout] 
[INFO] [stdout] thread 'streaming_v14_garbage_with_trace_restart' (1321) panicked at tests/streaming.rs:102:42:
[INFO] [stdout] called `Result::unwrap()` on an `Err` value: Os { code: 2, kind: NotFound, message: "No such file or directory" }
[INFO] [stdout] stack backtrace:
[INFO] [stdout]    0:     0x575016113b41 - <<std[70759c8f55707aa4]::sys::backtrace::BacktraceLock>::print::DisplayBacktrace as core[df12db4294e9bfd3]::fmt::Display>::fmt
[INFO] [stdout]    1:     0x57501612945a - core[df12db4294e9bfd3]::fmt::write
[INFO] [stdout]    2:     0x575016117fdc - <alloc[2182bb758b4b3781]::vec::Vec<u8> as core[df12db4294e9bfd3]::io::write::Write>::write_fmt
[INFO] [stdout]    3:     0x5750160efb06 - std[70759c8f55707aa4]::panicking::default_hook::{closure#0}
[INFO] [stdout]    4:     0x57501610be09 - std[70759c8f55707aa4]::panicking::default_hook
[INFO] [stdout]    5:     0x57501609fbe0 - test[9d35eded1c95d3be]::test_main_inner::<test[9d35eded1c95d3be]::test_main_static::{closure#0}>::{closure#0}
[INFO] [stdout]    6:     0x57501610bfc2 - std[70759c8f55707aa4]::panicking::panic_with_hook
[INFO] [stdout]    7:     0x5750160efbb2 - std[70759c8f55707aa4]::panicking::panic_handler::{closure#0}
[INFO] [stdout]    8:     0x5750160e87a9 - std[70759c8f55707aa4]::sys::backtrace::__rust_end_short_backtrace::<std[70759c8f55707aa4]::panicking::panic_handler::{closure#0}, !>
[INFO] [stdout]    9:     0x5750160f07ad - __rustc[8fa7c3cbc660c2b3]::rust_begin_unwind
[INFO] [stdout]   10:     0x575016129bbc - core[df12db4294e9bfd3]::panicking::panic_fmt
[INFO] [stdout]   11:     0x575016129992 - core[df12db4294e9bfd3]::result::unwrap_failed
[INFO] [stdout]   12:     0x57501608ac49 - <streaming[a7d471c1028ffdaf]::streaming_v14_garbage_with_trace_restart::{closure#0} as core[df12db4294e9bfd3]::ops::function::FnOnce<()>>::call_once
[INFO] [stdout]   13:     0x575016092ecb - test[9d35eded1c95d3be]::__rust_begin_short_backtrace::<core[df12db4294e9bfd3]::result::Result<(), alloc[2182bb758b4b3781]::string::String>, fn() -> core[df12db4294e9bfd3]::result::Result<(), alloc[2182bb758b4b3781]::string::String>>
[INFO] [stdout]   14:     0x5750160a0535 - test[9d35eded1c95d3be]::run_test::{closure#0}
[INFO] [stdout]   15:     0x575016099df4 - std[70759c8f55707aa4]::sys::backtrace::__rust_begin_short_backtrace::<test[9d35eded1c95d3be]::run_test::{closure#1}, ()>
[INFO] [stdout]   16:     0x5750160a3692 - <std[70759c8f55707aa4]::thread::lifecycle::spawn_unchecked<test[9d35eded1c95d3be]::run_test::{closure#1}, ()>::{closure#1} as core[df12db4294e9bfd3]::ops::function::FnOnce<()>>::call_once::{shim:vtable#0}
[INFO] [stdout]   17:     0x5750161130c9 - <std[70759c8f55707aa4]::sys::thread::unix::Thread>::new::thread_start
[INFO] [stdout]   18:     0x7b37d3686dfa - <unknown>
[INFO] [stdout]   19:     0x7b37d371a3d4 - clone
[INFO] [stdout]   20:                0x0 - <unknown>
[INFO] [stdout] 
[INFO] [stdout] ---- streaming_v14_smoke stdout ----
[INFO] [stdout] 
[INFO] [stdout] thread 'streaming_v14_smoke' (1322) panicked at tests/streaming.rs:14:22:
[INFO] [stdout] called `Result::unwrap()` on an `Err` value: Os { code: 2, kind: NotFound, message: "No such file or directory" }
[INFO] [stdout] stack backtrace:
[INFO] [stdout]    0:     0x575016113b41 - <<std[70759c8f55707aa4]::sys::backtrace::BacktraceLock>::print::DisplayBacktrace as core[df12db4294e9bfd3]::fmt::Display>::fmt
[INFO] [stdout]    1:     0x57501612945a - core[df12db4294e9bfd3]::fmt::write
[INFO] [stdout]    2:     0x575016117fdc - <alloc[2182bb758b4b3781]::vec::Vec<u8> as core[df12db4294e9bfd3]::io::write::Write>::write_fmt
[INFO] [stdout]    3:     0x5750160efb06 - std[70759c8f55707aa4]::panicking::default_hook::{closure#0}
[INFO] [stdout]    4:     0x57501610be09 - std[70759c8f55707aa4]::panicking::default_hook
[INFO] [stdout]    5:     0x57501609fbe0 - test[9d35eded1c95d3be]::test_main_inner::<test[9d35eded1c95d3be]::test_main_static::{closure#0}>::{closure#0}
[INFO] [stdout]    6:     0x57501610bfc2 - std[70759c8f55707aa4]::panicking::panic_with_hook
[INFO] [stdout]    7:     0x5750160efbb2 - std[70759c8f55707aa4]::panicking::panic_handler::{closure#0}
[INFO] [stdout]    8:     0x5750160e87a9 - std[70759c8f55707aa4]::sys::backtrace::__rust_end_short_backtrace::<std[70759c8f55707aa4]::panicking::panic_handler::{closure#0}, !>
[INFO] [stdout]    9:     0x5750160f07ad - __rustc[8fa7c3cbc660c2b3]::rust_begin_unwind
[INFO] [stdout]   10:     0x575016129bbc - core[df12db4294e9bfd3]::panicking::panic_fmt
[INFO] [stdout]   11:     0x575016129992 - core[df12db4294e9bfd3]::result::unwrap_failed
[INFO] [stdout]   12:     0x575016088704 - streaming[a7d471c1028ffdaf]::common_tests
[INFO] [stdout]   13:     0x57501608a40e - <streaming[a7d471c1028ffdaf]::streaming_v14_smoke::{closure#0} as core[df12db4294e9bfd3]::ops::function::FnOnce<()>>::call_once
[INFO] [stdout]   14:     0x575016092ecb - test[9d35eded1c95d3be]::__rust_begin_short_backtrace::<core[df12db4294e9bfd3]::result::Result<(), alloc[2182bb758b4b3781]::string::String>, fn() -> core[df12db4294e9bfd3]::result::Result<(), alloc[2182bb758b4b3781]::string::String>>
[INFO] [stdout]   15:     0x5750160a0535 - test[9d35eded1c95d3be]::run_test::{closure#0}
[INFO] [stdout]   16:     0x575016099df4 - std[70759c8f55707aa4]::sys::backtrace::__rust_begin_short_backtrace::<test[9d35eded1c95d3be]::run_test::{closure#1}, ()>
[INFO] [stdout]   17:     0x5750160a3692 - <std[70759c8f55707aa4]::thread::lifecycle::spawn_unchecked<test[9d35eded1c95d3be]::run_test::{closure#1}, ()>::{closure#1} as core[df12db4294e9bfd3]::ops::function::FnOnce<()>>::call_once::{shim:vtable#0}
[INFO] [stdout]   18:     0x5750161130c9 - <std[70759c8f55707aa4]::sys::thread::unix::Thread>::new::thread_start
[INFO] [stdout]   19:     0x7b37d3686dfa - <unknown>
[INFO] [stdout]   20:     0x7b37d371a3d4 - clone
[INFO] [stdout]   21:                0x0 - <unknown>
[INFO] [stdout] 
[INFO] [stdout] ---- streaming_v12_smoke stdout ----
[INFO] [stdout] 
[INFO] [stdout] thread 'streaming_v12_smoke' (1319) panicked at tests/streaming.rs:14:22:
[INFO] [stdout] called `Result::unwrap()` on an `Err` value: Os { code: 2, kind: NotFound, message: "No such file or directory" }
[INFO] [stdout] stack backtrace:
[INFO] [stdout]    0:     0x575016113b41 - <<std[70759c8f55707aa4]::sys::backtrace::BacktraceLock>::print::DisplayBacktrace as core[df12db4294e9bfd3]::fmt::Display>::fmt
[INFO] [stdout]    1:     0x57501612945a - core[df12db4294e9bfd3]::fmt::write
[INFO] [stdout]    2:     0x575016117fdc - <alloc[2182bb758b4b3781]::vec::Vec<u8> as core[df12db4294e9bfd3]::io::write::Write>::write_fmt
[INFO] [stdout]    3:     0x5750160efb06 - std[70759c8f55707aa4]::panicking::default_hook::{closure#0}
[INFO] [stdout]    4:     0x57501610be09 - std[70759c8f55707aa4]::panicking::default_hook
[INFO] [stdout]    5:     0x57501609fbe0 - test[9d35eded1c95d3be]::test_main_inner::<test[9d35eded1c95d3be]::test_main_static::{closure#0}>::{closure#0}
[INFO] [stdout]    6:     0x57501610bfc2 - std[70759c8f55707aa4]::panicking::panic_with_hook
[INFO] [stdout]    7:     0x5750160efbb2 - std[70759c8f55707aa4]::panicking::panic_handler::{closure#0}
[INFO] [stdout]    8:     0x5750160e87a9 - std[70759c8f55707aa4]::sys::backtrace::__rust_end_short_backtrace::<std[70759c8f55707aa4]::panicking::panic_handler::{closure#0}, !>
[INFO] [stdout]    9:     0x5750160f07ad - __rustc[8fa7c3cbc660c2b3]::rust_begin_unwind
[INFO] [stdout]   10:     0x575016129bbc - core[df12db4294e9bfd3]::panicking::panic_fmt
[INFO] [stdout]   11:     0x575016129992 - core[df12db4294e9bfd3]::result::unwrap_failed
[INFO] [stdout]   12:     0x575016088704 - streaming[a7d471c1028ffdaf]::common_tests
[INFO] [stdout]   13:     0x57501608a34e - <streaming[a7d471c1028ffdaf]::streaming_v12_smoke::{closure#0} as core[df12db4294e9bfd3]::ops::function::FnOnce<()>>::call_once
[INFO] [stdout]   14:     0x575016092ecb - test[9d35eded1c95d3be]::__rust_begin_short_backtrace::<core[df12db4294e9bfd3]::result::Result<(), alloc[2182bb758b4b3781]::string::String>, fn() -> core[df12db4294e9bfd3]::result::Result<(), alloc[2182bb758b4b3781]::string::String>>
[INFO] [stdout]   15:     0x5750160a0535 - test[9d35eded1c95d3be]::run_test::{closure#0}
[INFO] [stdout]   16:     0x575016099df4 - std[70759c8f55707aa4]::sys::backtrace::__rust_begin_short_backtrace::<test[9d35eded1c95d3be]::run_test::{closure#1}, ()>
[INFO] [stdout]   17:     0x5750160a3692 - <std[70759c8f55707aa4]::thread::lifecycle::spawn_unchecked<test[9d35eded1c95d3be]::run_test::{closure#1}, ()>::{closure#1} as core[df12db4294e9bfd3]::ops::function::FnOnce<()>>::call_once::{shim:vtable#0}
[INFO] [stdout]   18:     0x5750161130c9 - <std[70759c8f55707aa4]::sys::thread::unix::Thread>::new::thread_start
[INFO] [stdout]   19:     0x7b37d3686dfa - <unknown>
[INFO] [stdout]   20:     0x7b37d371a3d4 - clone
[INFO] [stdout]   21:                0x0 - <unknown>
[INFO] [stdout] 
[INFO] [stdout] ---- streaming_v13_smoke stdout ----
[INFO] [stdout] 
[INFO] [stdout] thread 'streaming_v13_smoke' (1320) panicked at tests/streaming.rs:14:22:
[INFO] [stdout] called `Result::unwrap()` on an `Err` value: Os { code: 2, kind: NotFound, message: "No such file or directory" }
[INFO] [stdout] stack backtrace:
[INFO] [stdout]    0:     0x575016113b41 - <<std[70759c8f55707aa4]::sys::backtrace::BacktraceLock>::print::DisplayBacktrace as core[df12db4294e9bfd3]::fmt::Display>::fmt
[INFO] [stdout]    1:     0x57501612945a - core[df12db4294e9bfd3]::fmt::write
[INFO] [stdout]    2:     0x575016117fdc - <alloc[2182bb758b4b3781]::vec::Vec<u8> as core[df12db4294e9bfd3]::io::write::Write>::write_fmt
[INFO] [stdout]    3:     0x5750160efb06 - std[70759c8f55707aa4]::panicking::default_hook::{closure#0}
[INFO] [stdout]    4:     0x57501610be09 - std[70759c8f55707aa4]::panicking::default_hook
[INFO] [stdout]    5:     0x57501609fbe0 - test[9d35eded1c95d3be]::test_main_inner::<test[9d35eded1c95d3be]::test_main_static::{closure#0}>::{closure#0}
[INFO] [stdout]    6:     0x57501610bfc2 - std[70759c8f55707aa4]::panicking::panic_with_hook
[INFO] [stdout]    7:     0x5750160efbb2 - std[70759c8f55707aa4]::panicking::panic_handler::{closure#0}
[INFO] [stdout]    8:     0x5750160e87a9 - std[70759c8f55707aa4]::sys::backtrace::__rust_end_short_backtrace::<std[70759c8f55707aa4]::panicking::panic_handler::{closure#0}, !>
[INFO] [stdout]    9:     0x5750160f07ad - __rustc[8fa7c3cbc660c2b3]::rust_begin_unwind
[INFO] [stdout]   10:     0x575016129bbc - core[df12db4294e9bfd3]::panicking::panic_fmt
[INFO] [stdout]   11:     0x575016129992 - core[df12db4294e9bfd3]::result::unwrap_failed
[INFO] [stdout]   12:     0x575016088704 - streaming[a7d471c1028ffdaf]::common_tests
[INFO] [stdout]   13:     0x57501608a3ae - <streaming[a7d471c1028ffdaf]::streaming_v13_smoke::{closure#0} as core[df12db4294e9bfd3]::ops::function::FnOnce<()>>::call_once
[INFO] [stdout]   14:     0x575016092ecb - test[9d35eded1c95d3be]::__rust_begin_short_backtrace::<core[df12db4294e9bfd3]::result::Result<(), alloc[2182bb758b4b3781]::string::String>, fn() -> core[df12db4294e9bfd3]::result::Result<(), alloc[2182bb758b4b3781]::string::String>>
[INFO] [stdout]   15:     0x5750160a0535 - test[9d35eded1c95d3be]::run_test::{closure#0}
[INFO] [stdout]   16:     0x575016099df4 - std[70759c8f55707aa4]::sys::backtrace::__rust_begin_short_backtrace::<test[9d35eded1c95d3be]::run_test::{closure#1}, ()>
[INFO] [stdout]   17:     0x5750160a3692 - <std[70759c8f55707aa4]::thread::lifecycle::spawn_unchecked<test[9d35eded1c95d3be]::run_test::{closure#1}, ()>::{closure#1} as core[df12db4294e9bfd3]::ops::function::FnOnce<()>>::call_once::{shim:vtable#0}
[INFO] [stdout]   18:     0x5750161130c9 - <std[70759c8f55707aa4]::sys::thread::unix::Thread>::new::thread_start
[INFO] [stdout]   19:     0x7b37d3686dfa - <unknown>
[INFO] [stdout]   20:     0x7b37d371a3d4 - clone
[INFO] [stdout]   21:                0x0 - <unknown>
[INFO] [stdout] 
[INFO] [stdout] 
[INFO] [stdout] failures:
[INFO] [stdout]     streaming_v10_smoke
[INFO] [stdout]     streaming_v12_smoke
[INFO] [stdout]     streaming_v13_smoke
[INFO] [stdout]     streaming_v14_garbage_with_trace_restart
[INFO] [stdout]     streaming_v14_smoke
[INFO] [stdout] 
[INFO] [stdout] test result: FAILED. 0 passed; 5 failed; 0 ignored; 0 measured; 0 filtered out; finished in 0.01s
[INFO] [stdout] 
[INFO] running `Command { std: "docker" "inspect" "be91a15d335e632bd124900cbe27cd97ec01c2ed2c8fe8dea70c88e4c57172e2", kill_on_drop: false }`
[INFO] running `Command { std: "docker" "rm" "-f" "be91a15d335e632bd124900cbe27cd97ec01c2ed2c8fe8dea70c88e4c57172e2", kill_on_drop: false }`
[INFO] [stdout] be91a15d335e632bd124900cbe27cd97ec01c2ed2c8fe8dea70c88e4c57172e2
