[INFO] fetching crate tqsdk-rs 0.1.2...
[INFO] testing tqsdk-rs-0.1.2 against 1.99.0-beta.8+cargoflags=--release for beta-release-1.100-2
[INFO] extracting crate tqsdk-rs 0.1.2 into /workspace/builds/worker-4-tc1/source
[INFO] started tweaking crates.io crate tqsdk-rs 0.1.2
[INFO] removed 0 missing examples
[INFO] finished tweaking crates.io crate tqsdk-rs 0.1.2
[INFO] tweaked toml for crates.io crate tqsdk-rs 0.1.2 written to /workspace/builds/worker-4-tc1/source/Cargo.toml
[INFO] validating manifest of crates.io crate tqsdk-rs 0.1.2 on toolchain 1.99.0-beta.8
[INFO] running `Command { std: CARGO_HOME="/workspace/cargo-home" RUSTUP_HOME="/workspace/rustup-home" "/workspace/cargo-home/bin/cargo" "+1.99.0-beta.8" "metadata" "--manifest-path" "Cargo.toml" "--no-deps", kill_on_drop: false }`
[INFO] crate crates.io crate tqsdk-rs 0.1.2 already has a lockfile, it will not be regenerated
[INFO] running `Command { std: CARGO_HOME="/workspace/cargo-home" RUSTUP_HOME="/workspace/rustup-home" "/workspace/cargo-home/bin/cargo" "+1.99.0-beta.8" "fetch" "--manifest-path" "Cargo.toml", kill_on_drop: false }`
[INFO] [stderr]     Updating crates.io index
[INFO] [stderr]  Downloading crates ...
[INFO] [stderr]   Downloaded wasm-bindgen v0.2.105
[INFO] [stderr]   Downloaded yawc v0.3.3
[INFO] [stderr]   Downloaded wasm-bindgen-shared v0.2.105
[INFO] [stderr]   Downloaded signal-hook-registry v1.4.7
[INFO] [stderr]   Downloaded wasm-bindgen-macro v0.2.105
[INFO] [stderr]   Downloaded wasm-bindgen-futures v0.4.55
[INFO] [stderr]   Downloaded time-core v0.1.6
[INFO] [stderr]   Downloaded tracing-attributes v0.1.30
[INFO] [stderr]   Downloaded rustls-pki-types v1.13.0
[INFO] [stderr]   Downloaded time-macros v0.2.24
[INFO] [stderr]   Downloaded js-sys v0.3.82
[INFO] [stderr]   Downloaded icu_properties v2.1.1
[INFO] [stderr]   Downloaded libz-rs-sys v0.5.2
[INFO] [stderr]   Downloaded tokio-test v0.4.4
[INFO] [stderr]   Downloaded wasm-bindgen-macro-support v0.2.105
[INFO] [stderr]   Downloaded rustls-webpki v0.103.8
[INFO] [stderr]   Downloaded uuid v1.18.1
[INFO] [stderr]   Downloaded cc v1.2.47
[INFO] [stderr]   Downloaded flate2 v1.1.5
[INFO] [stderr]   Downloaded compression-core v0.4.31
[INFO] [stderr]   Downloaded mio v1.1.0
[INFO] [stderr]   Downloaded hyper-util v0.1.18
[INFO] [stderr]   Downloaded native-tls v0.2.14
[INFO] [stderr]   Downloaded icu_properties_data v2.1.1
[INFO] [stderr]   Downloaded tokio-util v0.7.17
[INFO] [stderr]   Downloaded compression-codecs v0.4.33
[INFO] [stderr]   Downloaded zlib-rs v0.5.2
[INFO] [stderr]   Downloaded time v0.3.44
[INFO] [stderr]   Downloaded webpki-roots v1.0.4
[INFO] [stderr]   Downloaded tracing-subscriber v0.3.20
[INFO] [stderr]   Downloaded iri-string v0.7.9
[INFO] [stderr]   Downloaded async-compression v0.4.34
[INFO] [stderr]   Downloaded rustls v0.23.35
[INFO] [stderr]   Downloaded openssl-sys v0.9.111
[INFO] [stderr]   Downloaded web-sys v0.3.82
[INFO] [stderr]   Downloaded rustls-native-certs v0.8.2
[INFO] [stderr]   Downloaded openssl v0.10.75
[INFO] [stderr]   Downloaded polars v0.44.2
[INFO] [stderr]   Downloaded polars-utils v0.44.2
[INFO] [stderr]   Downloaded sysinfo v0.31.4
[INFO] [stderr]   Downloaded stacker v0.1.22
[INFO] [stderr]   Downloaded psm v0.1.28
[INFO] [stderr]   Downloaded ar_archive_writer v0.2.0
[INFO] [stderr]   Downloaded pyo3-build-config v0.21.2
[INFO] [stderr]   Downloaded portable-atomic v1.11.1
[INFO] [stderr]   Downloaded pyo3-ffi v0.21.2
[INFO] [stderr]   Downloaded pyo3-macros v0.21.2
[INFO] [stderr]   Downloaded polars-error v0.44.2
[INFO] [stderr]   Downloaded planus v0.3.1
[INFO] [stderr]   Downloaded pyo3-macros-backend v0.21.2
[INFO] [stderr]   Downloaded polars-arrow-format v0.1.0
[INFO] [stderr]   Downloaded snafu v0.7.5
[INFO] [stderr]   Downloaded snafu-derive v0.7.5
[INFO] [stderr]   Downloaded array-init-cursor v0.2.1
[INFO] [stderr]   Downloaded doc-comment v0.3.4
[INFO] [stderr]   Downloaded object_store v0.10.2
[INFO] [stderr]   Downloaded pyo3 v0.21.2
[INFO] [stderr]   Downloaded quick-xml v0.36.2
[INFO] [stderr]   Downloaded polars-schema v0.44.2
[INFO] [stderr]   Downloaded unicode-reverse v1.0.9
[INFO] [stderr]   Downloaded compact_str v0.8.1
[INFO] [stderr]   Downloaded polars-row v0.44.2
[INFO] [stderr]   Downloaded memmap2 v0.7.1
[INFO] [stderr]   Downloaded polars-time v0.44.2
[INFO] [stderr]   Downloaded chrono-tz-build v0.2.1
[INFO] [stderr]   Downloaded multiversion-macros v0.7.4
[INFO] [stderr]   Downloaded lz4 v1.28.1
[INFO] [stderr]   Downloaded recursive v0.1.1
[INFO] [stderr]   Downloaded polars-ops v0.44.2
[INFO] [stderr]   Downloaded multiversion v0.7.4
[INFO] [stderr]   Downloaded target-features v0.1.6
[INFO] [stderr]   Downloaded fast-float v0.2.0
[INFO] [stderr]   Downloaded ethnum v1.5.2
[INFO] [stderr]   Downloaded atoi_simd v0.15.6
[INFO] [stderr]   Downloaded streaming-decompression v0.1.2
[INFO] [stderr]   Downloaded strength_reduce v0.2.4
[INFO] [stderr]   Downloaded polars-compute v0.44.2
[INFO] [stderr]   Downloaded itoap v1.0.1
[INFO] [stderr]   Downloaded argminmax v0.6.3
[INFO] [stderr]   Downloaded polars-core v0.44.2
[INFO] [stderr]   Downloaded polars-arrow v0.44.2
[INFO] [stderr]   Downloaded now v0.1.3
[INFO] [stderr]   Downloaded polars-parquet-format v0.1.0
[INFO] [stderr]   Downloaded recursive-proc-macro-impl v0.1.1
[INFO] [stderr]   Downloaded polars-json v0.44.2
[INFO] [stderr]   Downloaded float-cmp v0.10.0
[INFO] [stderr]   Downloaded value-trait v0.10.1
[INFO] [stderr]   Downloaded halfbrown v0.2.5
[INFO] [stderr]   Downloaded fs4 v0.9.1
[INFO] [stderr]   Downloaded polars-sql v0.44.2
[INFO] [stderr]   Downloaded simd-json v0.14.3
[INFO] [stderr]   Downloaded polars-io v0.44.2
[INFO] [stderr]   Downloaded sqlparser v0.49.0
[INFO] [stderr]   Downloaded polars-plan v0.44.2
[INFO] [stderr]   Downloaded polars-parquet v0.44.2
[INFO] [stderr]   Downloaded blake3 v1.8.2
[INFO] [stderr]   Downloaded polars-lazy v0.44.2
[INFO] [stderr]   Downloaded polars-expr v0.44.2
[INFO] [stderr]   Downloaded polars-pipe v0.44.2
[INFO] [stderr]   Downloaded base64ct v1.8.0
[INFO] [stderr]   Downloaded rsa v0.9.9
[INFO] [stderr]   Downloaded polars-stream v0.44.2
[INFO] [stderr]   Downloaded jsonwebtoken v10.2.0
[INFO] [stderr]   Downloaded slotmap v1.0.7
[INFO] [stderr]   Downloaded chrono-tz v0.8.6
[INFO] [stderr]   Downloaded polars-mem-engine v0.44.2
[INFO] [stderr]   Downloaded brotli v6.0.0
[INFO] running `Command { std: "docker" "create" "-v" "/var/lib/crater-agent-workspace/builds/worker-4-tc1/source:/opt/rustwide/workdir:ro,Z" "-v" "/var/lib/crater-agent-workspace/builds/worker-4-tc1/target:/opt/rustwide/target:rw,Z" "-v" "/var/lib/crater-agent-workspace/cargo-home:/opt/rustwide/cargo-home:ro,Z" "-v" "/var/lib/crater-agent-workspace/rustup-home:/opt/rustwide/rustup-home:ro,Z" "-m" "1610612736" "--network" "none" "ghcr.io/rust-lang/crates-build-env/linux@sha256:77db811e55d90add9212f6832c23229e3de5f1c1f9905e8cb07319ea15df73ac" "sleep" "infinity", kill_on_drop: false }`
[INFO] [stdout] e00d15ca731ddc3aae12c6e4f0bd8c888f070be8be1aad6a817773608cdef153
[INFO] running `Command { std: "docker" "start" "e00d15ca731ddc3aae12c6e4f0bd8c888f070be8be1aad6a817773608cdef153", kill_on_drop: false }`
[INFO] running `Command { std: "docker" "inspect" "e00d15ca731ddc3aae12c6e4f0bd8c888f070be8be1aad6a817773608cdef153", kill_on_drop: false }`
[INFO] running `Command { std: "docker" "exec" "-e" "SOURCE_DIR=/opt/rustwide/workdir" "-e" "CARGO_HOME=/opt/rustwide/cargo-home" "-e" "RUSTUP_HOME=/opt/rustwide/rustup-home" "-e" "CARGO_TARGET_DIR=/opt/rustwide/target" "-w" "/opt/rustwide/workdir" "--user" "0:0" "e00d15ca731ddc3aae12c6e4f0bd8c888f070be8be1aad6a817773608cdef153" "/opt/rustwide/cargo-home/bin/cargo" "+1.99.0-beta.8" "metadata" "--no-deps" "--format-version=1", kill_on_drop: false }`
[INFO] running `Command { std: "docker" "inspect" "e00d15ca731ddc3aae12c6e4f0bd8c888f070be8be1aad6a817773608cdef153", kill_on_drop: false }`
[INFO] running `Command { std: "docker" "exec" "-e" "SOURCE_DIR=/opt/rustwide/workdir" "-e" "CARGO_HOME=/opt/rustwide/cargo-home" "-e" "RUSTUP_HOME=/opt/rustwide/rustup-home" "-e" "CARGO_TARGET_DIR=/opt/rustwide/target" "-e" "CARGO_INCREMENTAL=0" "-e" "RUST_BACKTRACE=full" "-e" "RUSTFLAGS=--cap-lints=warn" "-e" "RUSTDOCFLAGS=--cap-lints=warn" "-w" "/opt/rustwide/workdir" "--user" "0:0" "e00d15ca731ddc3aae12c6e4f0bd8c888f070be8be1aad6a817773608cdef153" "/opt/rustwide/cargo-home/bin/cargo" "+1.99.0-beta.8" "build" "--frozen" "--message-format=json" "--release", kill_on_drop: false }`
[INFO] [stderr]    Compiling typenum v1.19.0
[INFO] [stderr]    Compiling generic-array v0.14.9
[INFO] [stderr]    Compiling subtle v2.6.1
[INFO] [stderr]    Compiling find-msvc-tools v0.1.5
[INFO] [stderr]    Compiling syn v2.0.111
[INFO] [stderr]    Compiling getrandom v0.2.16
[INFO] [stderr]    Compiling parking_lot_core v0.9.12
[INFO] [stderr]    Compiling base64ct v1.8.0
[INFO] [stderr]    Compiling socket2 v0.6.1
[INFO] [stderr]    Compiling cc v1.2.47
[INFO] [stderr]    Compiling signal-hook-registry v1.4.7
[INFO] [stderr]    Compiling rand_core v0.6.4
[INFO] [stderr]    Compiling pem-rfc7468 v0.7.0
[INFO] [stderr]    Compiling parking_lot v0.12.5
[INFO] [stderr]    Compiling mio v1.1.0
[INFO] [stderr]    Compiling der v0.7.10
[INFO] [stderr]    Compiling libm v0.2.15
[INFO] [stderr]    Compiling num-traits v0.2.19
[INFO] [stderr]    Compiling tracing-core v0.1.34
[INFO] [stderr]    Compiling http v1.4.0
[INFO] [stderr]    Compiling openssl-sys v0.9.111
[INFO] [stderr]    Compiling log v0.4.28
[INFO] [stderr]    Compiling icu_properties_data v2.1.1
[INFO] [stderr]    Compiling ring v0.17.14
[INFO] [stderr]    Compiling ff v0.13.1
[INFO] [stderr]    Compiling hashbrown v0.16.1
[INFO] [stderr]    Compiling zlib-rs v0.5.2
[INFO] [stderr]    Compiling block-buffer v0.10.4
[INFO] [stderr]    Compiling crypto-common v0.1.6
[INFO] [stderr]    Compiling digest v0.10.7
[INFO] [stderr]    Compiling simd-adler32 v0.3.7
[INFO] [stderr]    Compiling hmac v0.12.1
[INFO] [stderr]    Compiling signature v2.2.0
[INFO] [stderr]    Compiling base16ct v0.2.0
[INFO] [stderr]    Compiling spki v0.7.3
[INFO] [stderr]    Compiling pkcs8 v0.10.2
[INFO] [stderr]    Compiling http-body v1.0.1
[INFO] [stderr]    Compiling indexmap v2.12.1
[INFO] [stderr]    Compiling num-integer v0.1.46
[INFO] [stderr]    Compiling alloc-stdlib v0.2.2
[INFO] [stderr]    Compiling sec1 v0.7.3
[INFO] [stderr]    Compiling hkdf v0.12.4
[INFO] [stderr]    Compiling miniz_oxide v0.8.9
[INFO] [stderr]    Compiling crypto-bigint v0.5.5
[INFO] [stderr]    Compiling group v0.13.0
[INFO] [stderr]    Compiling synstructure v0.13.2
[INFO] [stderr]    Compiling rustls-pki-types v1.13.0
[INFO] [stderr]    Compiling libz-rs-sys v0.5.2
[INFO] [stderr]    Compiling semver v1.0.27
[INFO] [stderr]    Compiling crossbeam-utils v0.8.21
[INFO] [stderr]    Compiling spin v0.9.8
[INFO] [stderr]    Compiling openssl v0.10.75
[INFO] [stderr]    Compiling lazy_static v1.5.0
[INFO] [stderr]    Compiling rustc_version v0.4.1
[INFO] [stderr]    Compiling flate2 v1.1.5
[INFO] [stderr]    Compiling elliptic-curve v0.13.8
[INFO] [stderr]    Compiling rand_chacha v0.3.1
[INFO] [stderr]    Compiling brotli-decompressor v5.0.0
[INFO] [stderr]    Compiling native-tls v0.2.14
[INFO] [stderr]    Compiling time-core v0.1.6
[INFO] [stderr]    Compiling zerofrom-derive v0.1.6
[INFO] [stderr]    Compiling yoke-derive v0.8.1
[INFO] [stderr]    Compiling tokio-macros v2.6.0
[INFO] [stderr]    Compiling zerovec-derive v0.11.2
[INFO] [stderr]    Compiling tokio v1.48.0
[INFO] [stderr]    Compiling zerofrom v0.1.6
[INFO] [stderr]    Compiling displaydoc v0.2.5
[INFO] [stderr]    Compiling yoke v0.8.1
[INFO] [stderr]    Compiling futures-macro v0.3.31
[INFO] [stderr]    Compiling zerovec v0.11.5
[INFO] [stderr]    Compiling tracing-attributes v0.1.30
[INFO] [stderr]    Compiling zerotrie v0.2.3
[INFO] [stderr]    Compiling serde_derive v1.0.228
[INFO] [stderr]    Compiling futures-util v0.3.31
[INFO] [stderr]    Compiling openssl-macros v0.1.1
[INFO] [stderr]    Compiling tinystr v0.8.2
[INFO] [stderr]    Compiling potential_utf v0.1.4
[INFO] [stderr]    Compiling icu_collections v2.1.1
[INFO] [stderr]    Compiling icu_locale_core v2.1.1
[INFO] [stderr]    Compiling tracing v0.1.41
[INFO] [stderr]    Compiling brotli v8.0.2
[INFO] [stderr]    Compiling serde v1.0.228
[INFO] [stderr]    Compiling icu_provider v2.1.1
[INFO] [stderr]    Compiling time-macros v0.2.24
[INFO] [stderr]    Compiling icu_properties v2.1.1
[INFO] [stderr]    Compiling icu_normalizer v2.1.1
[INFO] [stderr]    Compiling thiserror-impl v2.0.17
[INFO] [stderr]    Compiling deranged v0.5.5
[INFO] [stderr]    Compiling tokio-util v0.7.17
[INFO] [stderr]    Compiling idna_adapter v1.2.1
[INFO] [stderr]    Compiling rand v0.8.5
[INFO] [stderr]    Compiling h2 v0.4.12
[INFO] [stderr]    Compiling curve25519-dalek v4.1.3
[INFO] [stderr]    Compiling http-body-util v0.1.3
[INFO] [stderr]    Compiling rfc6979 v0.4.0
[INFO] [stderr]    Compiling sha2 v0.10.9
[INFO] [stderr]    Compiling openssl-probe v0.1.6
[INFO] [stderr]    Compiling compression-core v0.4.31
[INFO] [stderr]    Compiling serde_json v1.0.145
[INFO] [stderr]    Compiling num_threads v0.1.7
[INFO] [stderr]    Compiling rustls v0.23.35
[INFO] [stderr]    Compiling idna v1.1.0
[INFO] [stderr]    Compiling time v0.3.44
[INFO] [stderr]    Compiling compression-codecs v0.4.33
[INFO] [stderr]    Compiling concurrent-queue v2.5.0
[INFO] [stderr]    Compiling ecdsa v0.16.9
[INFO] [stderr]    Compiling rustls-webpki v0.103.8
[INFO] [stderr]    Compiling thiserror v2.0.17
[INFO] [stderr]    Compiling curve25519-dalek-derive v0.1.1
[INFO] [stderr]    Compiling primeorder v0.13.6
[INFO] [stderr]    Compiling num-iter v0.1.45
[INFO] [stderr]    Compiling hyper v1.8.1
[INFO] [stderr]    Compiling regex-syntax v0.8.8
[INFO] [stderr]    Compiling hyper-util v0.1.18
[INFO] [stderr]    Compiling regex-automata v0.4.13
[INFO] [stderr]    Compiling event-listener v5.4.1
[INFO] [stderr]    Compiling tower v0.5.2
[INFO] [stderr]    Compiling num-bigint-dig v0.8.6
[INFO] [stderr]    Compiling tokio-native-tls v0.3.1
[INFO] [stderr]    Compiling async-compression v0.4.34
[INFO] [stderr]    Compiling url v2.5.7
[INFO] [stderr]    Compiling futures-executor v0.3.31
[INFO] [stderr]    Compiling pin-project-internal v1.1.10
[INFO] [stderr]    Compiling num-bigint v0.4.6
[INFO] [stderr]    Compiling pkcs1 v0.7.5
[INFO] [stderr]    Compiling ed25519 v2.2.3
[INFO] [stderr]    Compiling iri-string v0.7.9
[INFO] [stderr]    Compiling pin-project v1.1.10
[INFO] [stderr]    Compiling ed25519-dalek v2.2.0
[INFO] [stderr]    Compiling rsa v0.9.9
[INFO] [stderr]    Compiling futures v0.3.31
[INFO] [stderr]    Compiling matchers v0.2.0
[INFO] [stderr]    Compiling hyper-tls v0.6.0
[INFO] [stderr]    Compiling simple_asn1 v0.6.3
[INFO] [stderr]    Compiling getrandom v0.3.4
[INFO] [stderr]    Compiling tokio-rustls v0.26.4
[INFO] [stderr]    Compiling event-listener-strategy v0.5.4
[INFO] [stderr]    Compiling p256 v0.13.2
[INFO] [stderr]    Compiling p384 v0.13.1
[INFO] [stderr]    Compiling tower-http v0.6.8
[INFO] [stderr]    Compiling serde_urlencoded v0.7.1
[INFO] [stderr]    Compiling async-stream-impl v0.3.6
[INFO] [stderr]    Compiling sharded-slab v0.1.7
[INFO] [stderr]    Compiling webpki-roots v1.0.4
[INFO] [stderr]    Compiling pem v3.0.6
[INFO] [stderr]    Compiling sha1 v0.10.6
[INFO] [stderr]    Compiling tracing-log v0.2.0
[INFO] [stderr]    Compiling nom v8.0.0
[INFO] [stderr]    Compiling iana-time-zone v0.1.64
[INFO] [stderr]    Compiling reqwest v0.12.28
[INFO] [stderr]    Compiling tracing-subscriber v0.3.20
[INFO] [stderr]    Compiling chrono v0.4.42
[INFO] [stderr]    Compiling async-stream v0.3.6
[INFO] [stderr]    Compiling jsonwebtoken v10.2.0
[INFO] [stderr]    Compiling async-channel v2.5.0
[INFO] [stderr]    Compiling uuid v1.18.1
[INFO] [stderr]    Compiling tokio-stream v0.1.17
[INFO] [stderr]    Compiling async-trait v0.1.89
[INFO] [stderr]    Compiling yawc v0.3.3
[INFO] [stderr]    Compiling tqsdk-rs v0.1.2 (/opt/rustwide/workdir)
[INFO] [stderr]     Finished `release` profile [optimized] target(s) in 5m 25s
[INFO] running `Command { std: "docker" "inspect" "e00d15ca731ddc3aae12c6e4f0bd8c888f070be8be1aad6a817773608cdef153", kill_on_drop: false }`
[INFO] running `Command { std: "docker" "exec" "-e" "SOURCE_DIR=/opt/rustwide/workdir" "-e" "CARGO_HOME=/opt/rustwide/cargo-home" "-e" "RUSTUP_HOME=/opt/rustwide/rustup-home" "-e" "CARGO_TARGET_DIR=/opt/rustwide/target" "-e" "CARGO_INCREMENTAL=0" "-e" "RUST_BACKTRACE=full" "-e" "RUSTFLAGS=--cap-lints=warn" "-e" "RUSTDOCFLAGS=--cap-lints=warn" "-w" "/opt/rustwide/workdir" "--user" "0:0" "e00d15ca731ddc3aae12c6e4f0bd8c888f070be8be1aad6a817773608cdef153" "/opt/rustwide/cargo-home/bin/cargo" "+1.99.0-beta.8" "test" "--frozen" "--no-run" "--message-format=json" "--release", kill_on_drop: false }`
[INFO] [stderr]    Compiling tokio v1.48.0
[INFO] [stderr]    Compiling crossbeam-utils v0.8.21
[INFO] [stderr]    Compiling concurrent-queue v2.5.0
[INFO] [stderr]    Compiling crossbeam-channel v0.5.15
[INFO] [stderr]    Compiling event-listener v5.4.1
[INFO] [stderr]    Compiling tracing-appender v0.2.4
[INFO] [stderr]    Compiling event-listener-strategy v0.5.4
[INFO] [stderr]    Compiling async-channel v2.5.0
[INFO] [stderr]    Compiling tokio-util v0.7.17
[INFO] [stderr]    Compiling tower v0.5.2
[INFO] [stderr]    Compiling async-compression v0.4.34
[INFO] [stderr]    Compiling tokio-native-tls v0.3.1
[INFO] [stderr]    Compiling tokio-rustls v0.26.4
[INFO] [stderr]    Compiling tokio-stream v0.1.17
[INFO] [stderr]    Compiling tokio-test v0.4.4
[INFO] [stderr]    Compiling h2 v0.4.12
[INFO] [stderr]    Compiling tower-http v0.6.8
[INFO] [stderr]    Compiling hyper v1.8.1
[INFO] [stderr]    Compiling hyper-util v0.1.18
[INFO] [stderr]    Compiling hyper-tls v0.6.0
[INFO] [stderr]    Compiling yawc v0.3.3
[INFO] [stderr]    Compiling reqwest v0.12.28
[INFO] [stderr]    Compiling tqsdk-rs v0.1.2 (/opt/rustwide/workdir)
[INFO] [stdout] warning: function `history_kline_with_focus_example` is never used
[INFO] [stdout]    --> examples/v1alpha1/history.rs:163:10
[INFO] [stdout]     |
[INFO] [stdout] 163 | async fn history_kline_with_focus_example() {
[INFO] [stdout]     |          ^^^^^^^^^^^^^^^^^^^^^^^^^^^^^^^^
[INFO] [stdout]     |
[INFO] [stdout]     = note: `#[warn(dead_code)]` (part of `#[warn(unused)]`) on by default
[INFO] [stdout] 
[INFO] [stdout] 
[INFO] [stdout] warning: function `quote_subscription_example` is never used
[INFO] [stdout]   --> examples/v1alpha1/quote.rs:16:10
[INFO] [stdout]    |
[INFO] [stdout] 16 | async fn quote_subscription_example() {
[INFO] [stdout]    |          ^^^^^^^^^^^^^^^^^^^^^^^^^^
[INFO] [stdout]    |
[INFO] [stdout]    = note: `#[warn(dead_code)]` (part of `#[warn(unused)]`) on by default
[INFO] [stdout] 
[INFO] [stdout] 
[INFO] [stdout] warning: function `multi_kline_subscription_example` is never used
[INFO] [stdout]    --> examples/v1alpha1/quote.rs:228:10
[INFO] [stdout]     |
[INFO] [stdout] 228 | async fn multi_kline_subscription_example() {
[INFO] [stdout]     |          ^^^^^^^^^^^^^^^^^^^^^^^^^^^^^^^^
[INFO] [stdout] 
[INFO] [stdout] 
[INFO] [stdout] warning: function `tick_subscription_example` is never used
[INFO] [stdout]    --> examples/v1alpha1/quote.rs:312:10
[INFO] [stdout]     |
[INFO] [stdout] 312 | async fn tick_subscription_example() {
[INFO] [stdout]     |          ^^^^^^^^^^^^^^^^^^^^^^^^^
[INFO] [stdout] 
[INFO] [stdout] 
[INFO] [stderr]     Finished `release` profile [optimized] target(s) in 2m 41s
[INFO] running `Command { std: "docker" "inspect" "e00d15ca731ddc3aae12c6e4f0bd8c888f070be8be1aad6a817773608cdef153", kill_on_drop: false }`
[INFO] running `Command { std: "docker" "exec" "-e" "SOURCE_DIR=/opt/rustwide/workdir" "-e" "CARGO_HOME=/opt/rustwide/cargo-home" "-e" "RUSTUP_HOME=/opt/rustwide/rustup-home" "-e" "CARGO_TARGET_DIR=/opt/rustwide/target" "-e" "CARGO_INCREMENTAL=0" "-e" "RUST_BACKTRACE=full" "-e" "RUSTFLAGS=--cap-lints=warn" "-e" "RUSTDOCFLAGS=--cap-lints=warn" "-w" "/opt/rustwide/workdir" "--user" "0:0" "e00d15ca731ddc3aae12c6e4f0bd8c888f070be8be1aad6a817773608cdef153" "/opt/rustwide/cargo-home/bin/cargo" "+1.99.0-beta.8" "test" "--frozen" "--release", kill_on_drop: false }`
[INFO] [stderr] warning: function `history_kline_with_focus_example` is never used
[INFO] [stderr]    --> examples/v1alpha1/history.rs:163:10
[INFO] [stderr]     |
[INFO] [stderr] 163 | async fn history_kline_with_focus_example() {
[INFO] [stderr]     |          ^^^^^^^^^^^^^^^^^^^^^^^^^^^^^^^^
[INFO] [stderr]     |
[INFO] [stderr]     = note: `#[warn(dead_code)]` (part of `#[warn(unused)]`) on by default
[INFO] [stderr] 
[INFO] [stderr] warning: function `quote_subscription_example` is never used
[INFO] [stderr]   --> examples/v1alpha1/quote.rs:16:10
[INFO] [stderr]    |
[INFO] [stderr] 16 | async fn quote_subscription_example() {
[INFO] [stderr]    |          ^^^^^^^^^^^^^^^^^^^^^^^^^^
[INFO] [stderr]    |
[INFO] [stderr]    = note: `#[warn(dead_code)]` (part of `#[warn(unused)]`) on by default
[INFO] [stderr] 
[INFO] [stderr] warning: function `multi_kline_subscription_example` is never used
[INFO] [stderr]    --> examples/v1alpha1/quote.rs:228:10
[INFO] [stderr]     |
[INFO] [stderr] 228 | async fn multi_kline_subscription_example() {
[INFO] [stderr]     |          ^^^^^^^^^^^^^^^^^^^^^^^^^^^^^^^^
[INFO] [stderr] 
[INFO] [stderr] warning: function `tick_subscription_example` is never used
[INFO] [stderr]    --> examples/v1alpha1/quote.rs:312:10
[INFO] [stderr]     |
[INFO] [stderr] 312 | async fn tick_subscription_example() {
[INFO] [stderr]     |          ^^^^^^^^^^^^^^^^^^^^^^^^^
[INFO] [stderr] 
[INFO] [stderr] warning: `tqsdk-rs` (example "v1alpha1_history") generated 1 warning
[INFO] [stderr] warning: `tqsdk-rs` (example "v1alpha1_quote") generated 3 warnings
[INFO] [stderr]     Finished `release` profile [optimized] target(s) in 0.32s
[INFO] [stderr]      Running unittests src/lib.rs (/opt/rustwide/target/release/deps/tqsdk_rs-8a54461533154673)
[INFO] [stdout] 
[INFO] [stdout] running 11 tests
[INFO] [stdout] test v1alpha1::auth::tests::test_tq_auth_creation ... ok
[INFO] [stdout] test v1alpha1::types::tests::test_quote_deserialize_with_nulls ... ok
[INFO] [stdout] test v1alpha1::utils::tests::test_get_exchange ... ok
[INFO] [stdout] test v1alpha1::utils::tests::test_generate_chart_id ... ok
[INFO] [stdout] test v1alpha1::utils::tests::test_is_nan_string ... ok
[INFO] [stdout] test v1alpha1::datamanager::tests::test_merge_data ... ok
[INFO] [stdout] test v1alpha1::utils::tests::test_split_symbol ... ok
[INFO] [stdout] test v1alpha1::logger::tests::test_log_level_from_str ... ok
[INFO] [stdout] test v1alpha1::utils::tests::test_datetime_conversion ... ok
[INFO] [stdout] test v1alpha1::datamanager::tests::test_is_changing ... ok
[INFO] [stdout] test v1alpha1::logger::tests::test_log_level_as_str ... ok
[INFO] [stdout] 
[INFO] [stdout] test result: ok. 11 passed; 0 failed; 0 ignored; 0 measured; 0 filtered out; finished in 0.03s
[INFO] [stdout] 
[INFO] [stderr]    Doc-tests tqsdk_rs
[INFO] [stdout] 
[INFO] [stdout] running 12 tests
[INFO] [stdout] test src/v1alpha1/client.rs - v1alpha1::client::ClientBuilder::auth (line 108) - compile ... FAILED
[INFO] [stdout] test src/v1alpha1/client.rs - v1alpha1::client::Client::get_auth (line 285) - compile ... ok
[INFO] [stdout] test src/lib.rs - (line 13) - compile ... FAILED
[INFO] [stdout] test src/v1alpha1/client.rs - v1alpha1::client::Client::set_auth (line 259) - compile ... FAILED
[INFO] [stdout] test src/v1alpha1/client.rs - v1alpha1::client::Client::create_trade_session (line 336) - compile ... ok
[INFO] [stdout] test src/v1alpha1/client.rs - v1alpha1::client::ClientBuilder::new (line 58) - compile ... FAILED
[INFO] [stdout] test src/v1alpha1/client.rs - v1alpha1::client::Client::new (line 180) - compile ... FAILED
[INFO] [stdout] test src/v1alpha1/client.rs - v1alpha1::client::Client::builder (line 203) - compile ... ok
[INFO] [stdout] test src/v1alpha1/logger.rs - v1alpha1::logger::init_logger (line 116) - compile ... ok
[INFO] [stdout] test src/v1alpha1/utils.rs - v1alpha1::utils::split_symbol (line 123) ... FAILED
[INFO] [stdout] test src/v1alpha1/utils.rs - v1alpha1::utils::fetch_json (line 29) - compile ... FAILED
[INFO] [stdout] test src/v1alpha1/logger.rs - v1alpha1::logger::create_logger_layer (line 63) - compile ... ok
[INFO] [stdout] 
[INFO] [stdout] failures:
[INFO] [stdout] 
[INFO] [stdout] ---- src/v1alpha1/client.rs - v1alpha1::client::ClientBuilder::auth (line 108) stdout ----
[INFO] [stdout] error[E0432]: unresolved import `tqsdk_rs::auth`
[INFO] [stdout]    --> src/v1alpha1/client.rs:111:15
[INFO] [stdout]     |
[INFO] [stdout] 111 | use tqsdk_rs::auth::TqAuth;
[INFO] [stdout]     |               ^^^^ could not find `auth` in `tqsdk_rs`
[INFO] [stdout] 
[INFO] [stdout] error: aborting due to 1 previous error
[INFO] [stdout] 
[INFO] [stdout] For more information about this error, try `rustc --explain E0432`.
[INFO] [stdout] Couldn't compile the test.
[INFO] [stdout] ---- src/lib.rs - (line 13) stdout ----
[INFO] [stdout] error[E0596]: cannot borrow `client` as mutable, as it is not declared as mutable
[INFO] [stdout]   --> src/lib.rs:23:5
[INFO] [stdout]    |
[INFO] [stdout] 23 |     client.init_market().await?;
[INFO] [stdout]    |     ^^^^^^ cannot borrow as mutable
[INFO] [stdout]    |
[INFO] [stdout] help: consider changing this to be mutable
[INFO] [stdout]    |
[INFO] [stdout] 20 |     let mut client = Client::new("username", "password", ClientConfig::default()).await?;
[INFO] [stdout]    |         +++
[INFO] [stdout] 
[INFO] [stdout] error: aborting due to 1 previous error
[INFO] [stdout] 
[INFO] [stdout] For more information about this error, try `rustc --explain E0596`.
[INFO] [stdout] Couldn't compile the test.
[INFO] [stdout] ---- src/v1alpha1/client.rs - v1alpha1::client::Client::set_auth (line 259) stdout ----
[INFO] [stdout] error[E0432]: unresolved import `tqsdk_rs::auth`
[INFO] [stdout]    --> src/v1alpha1/client.rs:262:15
[INFO] [stdout]     |
[INFO] [stdout] 262 | use tqsdk_rs::auth::TqAuth;
[INFO] [stdout]     |               ^^^^ could not find `auth` in `tqsdk_rs`
[INFO] [stdout] 
[INFO] [stdout] error: aborting due to 1 previous error
[INFO] [stdout] 
[INFO] [stdout] For more information about this error, try `rustc --explain E0432`.
[INFO] [stdout] Couldn't compile the test.
[INFO] [stdout] ---- src/v1alpha1/client.rs - v1alpha1::client::ClientBuilder::new (line 58) stdout ----
[INFO] [stdout] error[E0433]: cannot find type `ClientBuilder` in this scope
[INFO] [stdout]   --> src/v1alpha1/client.rs:62:14
[INFO] [stdout]    |
[INFO] [stdout] 62 | let client = ClientBuilder::new("username", "password")
[INFO] [stdout]    |              ^^^^^^^^^^^^^ use of undeclared type `ClientBuilder`
[INFO] [stdout] 
[INFO] [stdout] error: aborting due to 1 previous error
[INFO] [stdout] 
[INFO] [stdout] For more information about this error, try `rustc --explain E0433`.
[INFO] [stdout] Couldn't compile the test.
[INFO] [stdout] ---- src/v1alpha1/client.rs - v1alpha1::client::Client::new (line 180) stdout ----
[INFO] [stdout] error[E0433]: cannot find type `ClientBuilder` in this scope
[INFO] [stdout]    --> src/v1alpha1/client.rs:184:14
[INFO] [stdout]     |
[INFO] [stdout] 184 | let client = ClientBuilder::new("username", "password")
[INFO] [stdout]     |              ^^^^^^^^^^^^^ use of undeclared type `ClientBuilder`
[INFO] [stdout] 
[INFO] [stdout] error: aborting due to 1 previous error
[INFO] [stdout] 
[INFO] [stdout] For more information about this error, try `rustc --explain E0433`.
[INFO] [stdout] Couldn't compile the test.
[INFO] [stdout] ---- src/v1alpha1/utils.rs - v1alpha1::utils::split_symbol (line 123) stdout ----
[INFO] [stdout] error[E0432]: unresolved import `tqsdk_rs::utils`
[INFO] [stdout]    --> src/v1alpha1/utils.rs:125:15
[INFO] [stdout]     |
[INFO] [stdout] 125 | use tqsdk_rs::utils::split_symbol;
[INFO] [stdout]     |               ^^^^^ could not find `utils` in `tqsdk_rs`
[INFO] [stdout] 
[INFO] [stdout] error: aborting due to 1 previous error
[INFO] [stdout] 
[INFO] [stdout] For more information about this error, try `rustc --explain E0432`.
[INFO] [stdout] Couldn't compile the test.
[INFO] [stdout] ---- src/v1alpha1/utils.rs - v1alpha1::utils::fetch_json (line 29) stdout ----
[INFO] [stdout] error[E0432]: unresolved import `tqsdk_rs::utils`
[INFO] [stdout]   --> src/v1alpha1/utils.rs:31:15
[INFO] [stdout]    |
[INFO] [stdout] 31 | use tqsdk_rs::utils::fetch_json;
[INFO] [stdout]    |               ^^^^^ could not find `utils` in `tqsdk_rs`
[INFO] [stdout] 
[INFO] [stdout] error: aborting due to 1 previous error
[INFO] [stdout] 
[INFO] [stdout] For more information about this error, try `rustc --explain E0432`.
[INFO] [stdout] Couldn't compile the test.
[INFO] [stdout] 
[INFO] [stdout] failures:
[INFO] [stdout]     src/lib.rs - (line 13)
[INFO] [stdout]     src/v1alpha1/client.rs - v1alpha1::client::Client::new (line 180)
[INFO] [stdout]     src/v1alpha1/client.rs - v1alpha1::client::Client::set_auth (line 259)
[INFO] [stdout]     src/v1alpha1/client.rs - v1alpha1::client::ClientBuilder::auth (line 108)
[INFO] [stdout]     src/v1alpha1/client.rs - v1alpha1::client::ClientBuilder::new (line 58)
[INFO] [stdout]     src/v1alpha1/utils.rs - v1alpha1::utils::fetch_json (line 29)
[INFO] [stdout]     src/v1alpha1/utils.rs - v1alpha1::utils::split_symbol (line 123)
[INFO] [stdout] 
[INFO] [stdout] test result: FAILED. 5 passed; 7 failed; 0 ignored; 0 measured; 0 filtered out; finished in 0.87s
[INFO] [stdout] 
[INFO] [stderr] error: doctest failed, to rerun pass `--doc`
[INFO] running `Command { std: "docker" "inspect" "e00d15ca731ddc3aae12c6e4f0bd8c888f070be8be1aad6a817773608cdef153", kill_on_drop: false }`
[INFO] running `Command { std: "docker" "rm" "-f" "e00d15ca731ddc3aae12c6e4f0bd8c888f070be8be1aad6a817773608cdef153", kill_on_drop: false }`
[INFO] [stdout] e00d15ca731ddc3aae12c6e4f0bd8c888f070be8be1aad6a817773608cdef153
