[INFO] fetching crate tpt-telos 0.2.0...
[INFO] testing tpt-telos-0.2.0 against 1.100.0-beta.1+cargoflags=--release for beta-release-1.100-2
[INFO] extracting crate tpt-telos 0.2.0 into /workspace/builds/worker-6-tc2/source
[INFO] started tweaking crates.io crate tpt-telos 0.2.0
[INFO] removed 0 missing tests
[INFO] finished tweaking crates.io crate tpt-telos 0.2.0
[INFO] tweaked toml for crates.io crate tpt-telos 0.2.0 written to /workspace/builds/worker-6-tc2/source/Cargo.toml
[INFO] validating manifest of crates.io crate tpt-telos 0.2.0 on toolchain 1.100.0-beta.1
[INFO] running `Command { std: CARGO_HOME="/workspace/cargo-home" RUSTUP_HOME="/workspace/rustup-home" "/workspace/cargo-home/bin/cargo" "+1.100.0-beta.1" "metadata" "--manifest-path" "Cargo.toml" "--no-deps", kill_on_drop: false }`
[INFO] crate crates.io crate tpt-telos 0.2.0 already has a lockfile, it will not be regenerated
[INFO] running `Command { std: CARGO_HOME="/workspace/cargo-home" RUSTUP_HOME="/workspace/rustup-home" "/workspace/cargo-home/bin/cargo" "+1.100.0-beta.1" "fetch" "--manifest-path" "Cargo.toml", kill_on_drop: false }`
[INFO] running `Command { std: "docker" "create" "-v" "/var/lib/crater-agent-workspace/builds/worker-6-tc2/source:/opt/rustwide/workdir:ro,Z" "-v" "/var/lib/crater-agent-workspace/builds/worker-6-tc2/target:/opt/rustwide/target:rw,Z" "-v" "/var/lib/crater-agent-workspace/cargo-home:/opt/rustwide/cargo-home:ro,Z" "-v" "/var/lib/crater-agent-workspace/rustup-home:/opt/rustwide/rustup-home:ro,Z" "-m" "1610612736" "--network" "none" "ghcr.io/rust-lang/crates-build-env/linux@sha256:77db811e55d90add9212f6832c23229e3de5f1c1f9905e8cb07319ea15df73ac" "sleep" "infinity", kill_on_drop: false }`
[INFO] [stdout] 7026d27769f31f7ee4b156ffe53bea966f76200d1674eaaf441db63efe980207
[INFO] running `Command { std: "docker" "start" "7026d27769f31f7ee4b156ffe53bea966f76200d1674eaaf441db63efe980207", kill_on_drop: false }`
[INFO] running `Command { std: "docker" "inspect" "7026d27769f31f7ee4b156ffe53bea966f76200d1674eaaf441db63efe980207", kill_on_drop: false }`
[INFO] running `Command { std: "docker" "exec" "-e" "SOURCE_DIR=/opt/rustwide/workdir" "-e" "CARGO_HOME=/opt/rustwide/cargo-home" "-e" "RUSTUP_HOME=/opt/rustwide/rustup-home" "-e" "CARGO_TARGET_DIR=/opt/rustwide/target" "-w" "/opt/rustwide/workdir" "--user" "0:0" "7026d27769f31f7ee4b156ffe53bea966f76200d1674eaaf441db63efe980207" "/opt/rustwide/cargo-home/bin/cargo" "+1.100.0-beta.1" "metadata" "--no-deps" "--format-version=1", kill_on_drop: false }`
[INFO] running `Command { std: "docker" "inspect" "7026d27769f31f7ee4b156ffe53bea966f76200d1674eaaf441db63efe980207", kill_on_drop: false }`
[INFO] running `Command { std: "docker" "exec" "-e" "SOURCE_DIR=/opt/rustwide/workdir" "-e" "CARGO_HOME=/opt/rustwide/cargo-home" "-e" "RUSTUP_HOME=/opt/rustwide/rustup-home" "-e" "CARGO_TARGET_DIR=/opt/rustwide/target" "-e" "CARGO_INCREMENTAL=0" "-e" "RUST_BACKTRACE=full" "-e" "RUSTFLAGS=--cap-lints=warn" "-e" "RUSTDOCFLAGS=--cap-lints=warn" "-w" "/opt/rustwide/workdir" "--user" "0:0" "7026d27769f31f7ee4b156ffe53bea966f76200d1674eaaf441db63efe980207" "/opt/rustwide/cargo-home/bin/cargo" "+1.100.0-beta.1" "build" "--frozen" "--message-format=json" "--release", kill_on_drop: false }`
[INFO] [stderr]    Compiling quote v1.0.46
[INFO] [stderr]    Compiling tpt-telos-parser v0.2.0
[INFO] [stderr]    Compiling zmij v1.0.23
[INFO] [stderr]    Compiling serde_json v1.0.150
[INFO] [stderr]    Compiling generic-array v0.14.7
[INFO] [stderr]    Compiling tpt-telos-ir v0.2.0
[INFO] [stderr]    Compiling tpt-telos-router v0.2.0
[INFO] [stderr]    Compiling syn v2.0.118
[INFO] [stderr]    Compiling block-buffer v0.10.4
[INFO] [stderr]    Compiling crypto-common v0.1.7
[INFO] [stderr]    Compiling digest v0.10.7
[INFO] [stderr]    Compiling sha2 v0.10.9
[INFO] [stderr]    Compiling tpt-telos-verifier v0.2.0
[INFO] [stderr]    Compiling tpt-telos-agent v0.2.0
[INFO] [stderr]    Compiling tpt-telos-codegen v0.2.0
[INFO] [stderr]    Compiling serde_derive v1.0.228
[INFO] [stderr]    Compiling clap_derive v4.6.1
[INFO] [stderr]    Compiling clap v4.6.1
[INFO] [stderr]    Compiling clap_complete v4.6.8
[INFO] [stderr]    Compiling serde v1.0.228
[INFO] [stderr]    Compiling tpt-telos-lsp v0.2.0
[INFO] [stderr]    Compiling tpt-telos v0.2.0 (/opt/rustwide/workdir)
[INFO] [stderr]     Finished `release` profile [optimized] target(s) in 29.91s
[INFO] running `Command { std: "docker" "inspect" "7026d27769f31f7ee4b156ffe53bea966f76200d1674eaaf441db63efe980207", kill_on_drop: false }`
[INFO] running `Command { std: "docker" "exec" "-e" "SOURCE_DIR=/opt/rustwide/workdir" "-e" "CARGO_HOME=/opt/rustwide/cargo-home" "-e" "RUSTUP_HOME=/opt/rustwide/rustup-home" "-e" "CARGO_TARGET_DIR=/opt/rustwide/target" "-e" "CARGO_INCREMENTAL=0" "-e" "RUST_BACKTRACE=full" "-e" "RUSTFLAGS=--cap-lints=warn" "-e" "RUSTDOCFLAGS=--cap-lints=warn" "-w" "/opt/rustwide/workdir" "--user" "0:0" "7026d27769f31f7ee4b156ffe53bea966f76200d1674eaaf441db63efe980207" "/opt/rustwide/cargo-home/bin/cargo" "+1.100.0-beta.1" "test" "--frozen" "--no-run" "--message-format=json" "--release", kill_on_drop: false }`
[INFO] [stderr]    Compiling tpt-telos v0.2.0 (/opt/rustwide/workdir)
[INFO] [stderr]     Finished `release` profile [optimized] target(s) in 1.43s
[INFO] running `Command { std: "docker" "inspect" "7026d27769f31f7ee4b156ffe53bea966f76200d1674eaaf441db63efe980207", kill_on_drop: false }`
[INFO] running `Command { std: "docker" "exec" "-e" "SOURCE_DIR=/opt/rustwide/workdir" "-e" "CARGO_HOME=/opt/rustwide/cargo-home" "-e" "RUSTUP_HOME=/opt/rustwide/rustup-home" "-e" "CARGO_TARGET_DIR=/opt/rustwide/target" "-e" "CARGO_INCREMENTAL=0" "-e" "RUST_BACKTRACE=full" "-e" "RUSTFLAGS=--cap-lints=warn" "-e" "RUSTDOCFLAGS=--cap-lints=warn" "-w" "/opt/rustwide/workdir" "--user" "0:0" "7026d27769f31f7ee4b156ffe53bea966f76200d1674eaaf441db63efe980207" "/opt/rustwide/cargo-home/bin/cargo" "+1.100.0-beta.1" "test" "--frozen" "--release", kill_on_drop: false }`
[INFO] [stderr]     Finished `release` profile [optimized] target(s) in 0.07s
[INFO] [stderr]      Running unittests src/main.rs (/opt/rustwide/target/release/build/tpt-telos/353e9a396eb84420/out/telos-353e9a396eb84420)
[INFO] [stdout] 
[INFO] [stdout] running 0 tests
[INFO] [stdout] 
[INFO] [stdout] test result: ok. 0 passed; 0 failed; 0 ignored; 0 measured; 0 filtered out; finished in 0.00s
[INFO] [stdout] 
[INFO] [stderr]      Running tests/cli.rs (/opt/rustwide/target/release/build/tpt-telos/59b63fb6bdd0e8e0/out/cli-59b63fb6bdd0e8e0)
[INFO] [stdout] 
[INFO] [stdout] running 25 tests
[INFO] [stdout] test init_creates_scaffold_file ... ok
[INFO] [stdout] test build_json_outputs_proof_hash ... FAILED
[INFO] [stdout] test project_generates_dual_backend_tree ... FAILED
[INFO] [stdout] test fmt_check_reports_changes_needed_then_passes_after_writing ... FAILED
[INFO] [stdout] test eject_writes_manifest_and_project ... FAILED
[INFO] [stdout] test verify_fails_on_broken_module ... FAILED
[INFO] [stdout] test verify_json_on_broken_module ... FAILED
[INFO] [stdout] test strict_rt_fails_on_real_time_go_conflict ... ok
[INFO] [stdout] test verify_json_outputs_valid_json ... FAILED
[INFO] [stdout] test verify_shows_interval_bounded_tag ... FAILED
[INFO] [stdout] test build_compiles_generated_rust ... FAILED
[INFO] [stdout] test fmt_stdout_is_idempotent ... FAILED
[INFO] [stdout] test fmt_check_fails_on_malformed_file ... ok
[INFO] [stdout] test parse_reports_error_on_malformed_file ... ok
[INFO] [stdout] test verify_manifest_passes_for_intact_build ... FAILED
[INFO] [stdout] test verify_succeeds_on_valid_module ... FAILED
[INFO] [stdout] test verify_reports_error_on_malformed_file ... ok
[INFO] [stdout] test new_scaffolds_verifiable_project ... ok
[INFO] [stdout] test transpile_emits_rust_to_stdout ... FAILED
[INFO] [stdout] test init_rejects_unknown_template ... ok
[INFO] [stdout] test transpile_writes_to_output_file ... FAILED
[INFO] [stdout] test strict_rt_passes_without_conflict ... ok
[INFO] [stdout] test doctor_runs_and_reports_json ... ok
[INFO] [stdout] test doctor_runs_human_readable ... ok
[INFO] [stdout] test init_templates_all_verify ... ok
[INFO] [stdout] 
[INFO] [stdout] failures:
[INFO] [stdout] 
[INFO] [stdout] ---- build_json_outputs_proof_hash stdout ----
[INFO] [stdout] 
[INFO] [stdout] thread 'build_json_outputs_proof_hash' (674) panicked at tests/cli.rs:371:5:
[INFO] [stdout] build --json should exit 0:
[INFO] [stdout] build error: cannot read `../../examples/wallet.telos`: No such file or directory (os error 2)
[INFO] [stdout] 
[INFO] [stdout] stack backtrace:
[INFO] [stdout]    0:     0x6048237bab01 - <<std[617be2ca0a6fd877]::sys::backtrace::BacktraceLock>::print::DisplayBacktrace as core[a373ad73a504971]::fmt::Display>::fmt
[INFO] [stdout]    1:     0x6048237cf70a - core[a373ad73a504971]::fmt::write
[INFO] [stdout]    2:     0x6048237bef7c - <alloc[2e1b2a31b91974c5]::vec::Vec<u8> as core[a373ad73a504971]::io::write::Write>::write_fmt
[INFO] [stdout]    3:     0x604823795e26 - std[617be2ca0a6fd877]::panicking::default_hook::{closure#0}
[INFO] [stdout]    4:     0x6048237b2499 - std[617be2ca0a6fd877]::panicking::default_hook
[INFO] [stdout]    5:     0x60482374e030 - test[aada8e7e76ba119b]::test_main_inner::{closure#0}
[INFO] [stdout]    6:     0x6048237b2652 - std[617be2ca0a6fd877]::panicking::panic_with_hook
[INFO] [stdout]    7:     0x604823795ed2 - std[617be2ca0a6fd877]::panicking::panic_handler::{closure#0}
[INFO] [stdout]    8:     0x60482378e9a9 - std[617be2ca0a6fd877]::sys::backtrace::__rust_end_short_backtrace::<std[617be2ca0a6fd877]::panicking::panic_handler::{closure#0}, !>
[INFO] [stdout]    9:     0x604823796add - __rustc[ea4f61d10b84890b]::rust_begin_unwind
[INFO] [stdout]   10:     0x6048237cfe3c - core[a373ad73a504971]::panicking::panic_fmt
[INFO] [stdout]   11:     0x604823733738 - <cli[2698031e1b910108]::build_json_outputs_proof_hash::{closure#0} as core[a373ad73a504971]::ops::function::FnOnce<()>>::call_once
[INFO] [stdout]   12:     0x60482374147b - test[aada8e7e76ba119b]::__rust_begin_short_backtrace::<core[a373ad73a504971]::result::Result<(), alloc[2e1b2a31b91974c5]::string::String>, fn() -> core[a373ad73a504971]::result::Result<(), alloc[2e1b2a31b91974c5]::string::String>>
[INFO] [stdout]   13:     0x60482374e655 - test[aada8e7e76ba119b]::run_test::{closure#0}
[INFO] [stdout]   14:     0x604823747f44 - std[617be2ca0a6fd877]::sys::backtrace::__rust_begin_short_backtrace::<test[aada8e7e76ba119b]::run_test::{closure#1}, ()>
[INFO] [stdout]   15:     0x6048237516e2 - <std[617be2ca0a6fd877]::thread::lifecycle::spawn_unchecked<test[aada8e7e76ba119b]::run_test::{closure#1}, ()>::{closure#1} as core[a373ad73a504971]::ops::function::FnOnce<()>>::call_once::{shim:vtable#0}
[INFO] [stdout]   16:     0x6048237b9e1f - <std[617be2ca0a6fd877]::sys::thread::unix::Thread>::new::thread_start
[INFO] [stdout]   17:     0x7e5774a83dfa - <unknown>
[INFO] [stdout]   18:     0x7e5774b173d4 - clone
[INFO] [stdout]   19:                0x0 - <unknown>
[INFO] [stdout] 
[INFO] [stdout] ---- project_generates_dual_backend_tree stdout ----
[INFO] [stdout] 
[INFO] [stdout] thread 'project_generates_dual_backend_tree' (686) panicked at tests/cli.rs:124:5:
[INFO] [stdout] project should exit 0: project error: cannot read `../../examples/microservice.telos`: No such file or directory (os error 2)
[INFO] [stdout] 
[INFO] [stdout] stack backtrace:
[INFO] [stdout]    0:     0x6048237bab01 - <<std[617be2ca0a6fd877]::sys::backtrace::BacktraceLock>::print::DisplayBacktrace as core[a373ad73a504971]::fmt::Display>::fmt
[INFO] [stdout]    1:     0x6048237cf70a - core[a373ad73a504971]::fmt::write
[INFO] [stdout]    2:     0x6048237bef7c - <alloc[2e1b2a31b91974c5]::vec::Vec<u8> as core[a373ad73a504971]::io::write::Write>::write_fmt
[INFO] [stdout]    3:     0x604823795e26 - std[617be2ca0a6fd877]::panicking::default_hook::{closure#0}
[INFO] [stdout]    4:     0x6048237b2499 - std[617be2ca0a6fd877]::panicking::default_hook
[INFO] [stdout]    5:     0x60482374e030 - test[aada8e7e76ba119b]::test_main_inner::{closure#0}
[INFO] [stdout]    6:     0x6048237b2652 - std[617be2ca0a6fd877]::panicking::panic_with_hook
[INFO] [stdout]    7:     0x604823795ed2 - std[617be2ca0a6fd877]::panicking::panic_handler::{closure#0}
[INFO] [stdout]    8:     0x60482378e9a9 - std[617be2ca0a6fd877]::sys::backtrace::__rust_end_short_backtrace::<std[617be2ca0a6fd877]::panicking::panic_handler::{closure#0}, !>
[INFO] [stdout]    9:     0x604823796add - __rustc[ea4f61d10b84890b]::rust_begin_unwind
[INFO] [stdout]   10:     0x6048237cfe3c - core[a373ad73a504971]::panicking::panic_fmt
[INFO] [stdout]   11:     0x604823735c55 - <cli[2698031e1b910108]::project_generates_dual_backend_tree::{closure#0} as core[a373ad73a504971]::ops::function::FnOnce<()>>::call_once
[INFO] [stdout]   12:     0x60482374147b - test[aada8e7e76ba119b]::__rust_begin_short_backtrace::<core[a373ad73a504971]::result::Result<(), alloc[2e1b2a31b91974c5]::string::String>, fn() -> core[a373ad73a504971]::result::Result<(), alloc[2e1b2a31b91974c5]::string::String>>
[INFO] [stdout]   13:     0x60482374e655 - test[aada8e7e76ba119b]::run_test::{closure#0}
[INFO] [stdout]   14:     0x604823747f44 - std[617be2ca0a6fd877]::sys::backtrace::__rust_begin_short_backtrace::<test[aada8e7e76ba119b]::run_test::{closure#1}, ()>
[INFO] [stdout]   15:     0x6048237516e2 - <std[617be2ca0a6fd877]::thread::lifecycle::spawn_unchecked<test[aada8e7e76ba119b]::run_test::{closure#1}, ()>::{closure#1} as core[a373ad73a504971]::ops::function::FnOnce<()>>::call_once::{shim:vtable#0}
[INFO] [stdout]   16:     0x6048237b9e1f - <std[617be2ca0a6fd877]::sys::thread::unix::Thread>::new::thread_start
[INFO] [stdout]   17:     0x7e5774a83dfa - <unknown>
[INFO] [stdout]   18:     0x7e5774b173d4 - clone
[INFO] [stdout]   19:                0x0 - <unknown>
[INFO] [stdout] 
[INFO] [stdout] ---- fmt_check_reports_changes_needed_then_passes_after_writing stdout ----
[INFO] [stdout] 
[INFO] [stdout] thread 'fmt_check_reports_changes_needed_then_passes_after_writing' (679) panicked at tests/cli.rs:422:5:
[INFO] [stdout] fmt --stdout should not error:
[INFO] [stdout] fmt error: cannot read `../../examples/wallet.telos`: No such file or directory (os error 2)
[INFO] [stdout] 
[INFO] [stdout] stack backtrace:
[INFO] [stdout]    0:     0x6048237bab01 - <<std[617be2ca0a6fd877]::sys::backtrace::BacktraceLock>::print::DisplayBacktrace as core[a373ad73a504971]::fmt::Display>::fmt
[INFO] [stdout]    1:     0x6048237cf70a - core[a373ad73a504971]::fmt::write
[INFO] [stdout]    2:     0x6048237bef7c - <alloc[2e1b2a31b91974c5]::vec::Vec<u8> as core[a373ad73a504971]::io::write::Write>::write_fmt
[INFO] [stdout]    3:     0x604823795e26 - std[617be2ca0a6fd877]::panicking::default_hook::{closure#0}
[INFO] [stdout]    4:     0x6048237b2499 - std[617be2ca0a6fd877]::panicking::default_hook
[INFO] [stdout]    5:     0x60482374e030 - test[aada8e7e76ba119b]::test_main_inner::{closure#0}
[INFO] [stdout]    6:     0x6048237b2652 - std[617be2ca0a6fd877]::panicking::panic_with_hook
[INFO] [stdout]    7:     0x604823795ed2 - std[617be2ca0a6fd877]::panicking::panic_handler::{closure#0}
[INFO] [stdout]    8:     0x60482378e9a9 - std[617be2ca0a6fd877]::sys::backtrace::__rust_end_short_backtrace::<std[617be2ca0a6fd877]::panicking::panic_handler::{closure#0}, !>
[INFO] [stdout]    9:     0x604823796add - __rustc[ea4f61d10b84890b]::rust_begin_unwind
[INFO] [stdout]   10:     0x6048237cfe3c - core[a373ad73a504971]::panicking::panic_fmt
[INFO] [stdout]   11:     0x604823736f38 - <cli[2698031e1b910108]::fmt_check_reports_changes_needed_then_passes_after_writing::{closure#0} as core[a373ad73a504971]::ops::function::FnOnce<()>>::call_once
[INFO] [stdout]   12:     0x60482374147b - test[aada8e7e76ba119b]::__rust_begin_short_backtrace::<core[a373ad73a504971]::result::Result<(), alloc[2e1b2a31b91974c5]::string::String>, fn() -> core[a373ad73a504971]::result::Result<(), alloc[2e1b2a31b91974c5]::string::String>>
[INFO] [stdout]   13:     0x60482374e655 - test[aada8e7e76ba119b]::run_test::{closure#0}
[INFO] [stdout]   14:     0x604823747f44 - std[617be2ca0a6fd877]::sys::backtrace::__rust_begin_short_backtrace::<test[aada8e7e76ba119b]::run_test::{closure#1}, ()>
[INFO] [stdout]   15:     0x6048237516e2 - <std[617be2ca0a6fd877]::thread::lifecycle::spawn_unchecked<test[aada8e7e76ba119b]::run_test::{closure#1}, ()>::{closure#1} as core[a373ad73a504971]::ops::function::FnOnce<()>>::call_once::{shim:vtable#0}
[INFO] [stdout]   16:     0x6048237b9e1f - <std[617be2ca0a6fd877]::sys::thread::unix::Thread>::new::thread_start
[INFO] [stdout]   17:     0x7e5774a83dfa - <unknown>
[INFO] [stdout]   18:     0x7e5774b173d4 - clone
[INFO] [stdout]   19:                0x0 - <unknown>
[INFO] [stdout] 
[INFO] [stdout] ---- eject_writes_manifest_and_project stdout ----
[INFO] [stdout] 
[INFO] [stdout] thread 'eject_writes_manifest_and_project' (677) panicked at tests/cli.rs:144:5:
[INFO] [stdout] eject should exit 0: eject error: cannot read `../../examples/microservice.telos`: No such file or directory (os error 2)
[INFO] [stdout] 
[INFO] [stdout] stack backtrace:
[INFO] [stdout]    0:     0x6048237bab01 - <<std[617be2ca0a6fd877]::sys::backtrace::BacktraceLock>::print::DisplayBacktrace as core[a373ad73a504971]::fmt::Display>::fmt
[INFO] [stdout]    1:     0x6048237cf70a - core[a373ad73a504971]::fmt::write
[INFO] [stdout]    2:     0x6048237bef7c - <alloc[2e1b2a31b91974c5]::vec::Vec<u8> as core[a373ad73a504971]::io::write::Write>::write_fmt
[INFO] [stdout]    3:     0x604823795e26 - std[617be2ca0a6fd877]::panicking::default_hook::{closure#0}
[INFO] [stdout]    4:     0x6048237b2499 - std[617be2ca0a6fd877]::panicking::default_hook
[INFO] [stdout]    5:     0x60482374e030 - test[aada8e7e76ba119b]::test_main_inner::{closure#0}
[INFO] [stdout]    6:     0x6048237b2652 - std[617be2ca0a6fd877]::panicking::panic_with_hook
[INFO] [stdout]    7:     0x604823795ed2 - std[617be2ca0a6fd877]::panicking::panic_handler::{closure#0}
[INFO] [stdout]    8:     0x60482378e9a9 - std[617be2ca0a6fd877]::sys::backtrace::__rust_end_short_backtrace::<std[617be2ca0a6fd877]::panicking::panic_handler::{closure#0}, !>
[INFO] [stdout]    9:     0x604823796add - __rustc[ea4f61d10b84890b]::rust_begin_unwind
[INFO] [stdout]   10:     0x6048237cfe3c - core[a373ad73a504971]::panicking::panic_fmt
[INFO] [stdout]   11:     0x604823734fa9 - <cli[2698031e1b910108]::eject_writes_manifest_and_project::{closure#0} as core[a373ad73a504971]::ops::function::FnOnce<()>>::call_once
[INFO] [stdout]   12:     0x60482374147b - test[aada8e7e76ba119b]::__rust_begin_short_backtrace::<core[a373ad73a504971]::result::Result<(), alloc[2e1b2a31b91974c5]::string::String>, fn() -> core[a373ad73a504971]::result::Result<(), alloc[2e1b2a31b91974c5]::string::String>>
[INFO] [stdout]   13:     0x60482374e655 - test[aada8e7e76ba119b]::run_test::{closure#0}
[INFO] [stdout]   14:     0x604823747f44 - std[617be2ca0a6fd877]::sys::backtrace::__rust_begin_short_backtrace::<test[aada8e7e76ba119b]::run_test::{closure#1}, ()>
[INFO] [stdout]   15:     0x6048237516e2 - <std[617be2ca0a6fd877]::thread::lifecycle::spawn_unchecked<test[aada8e7e76ba119b]::run_test::{closure#1}, ()>::{closure#1} as core[a373ad73a504971]::ops::function::FnOnce<()>>::call_once::{shim:vtable#0}
[INFO] [stdout]   16:     0x6048237b9e1f - <std[617be2ca0a6fd877]::sys::thread::unix::Thread>::new::thread_start
[INFO] [stdout]   17:     0x7e5774a83dfa - <unknown>
[INFO] [stdout]   18:     0x7e5774b173d4 - clone
[INFO] [stdout]   19:                0x0 - <unknown>
[INFO] [stdout] 
[INFO] [stdout] ---- verify_fails_on_broken_module stdout ----
[INFO] [stdout] 
[INFO] [stdout] thread 'verify_fails_on_broken_module' (704) panicked at tests/cli.rs:48:5:
[INFO] [stdout] expected FAIL in output:
[INFO] [stdout] 
[INFO] [stdout] stack backtrace:
[INFO] [stdout]    0:     0x6048237bab01 - <<std[617be2ca0a6fd877]::sys::backtrace::BacktraceLock>::print::DisplayBacktrace as core[a373ad73a504971]::fmt::Display>::fmt
[INFO] [stdout]    1:     0x6048237cf70a - core[a373ad73a504971]::fmt::write
[INFO] [stdout]    2:     0x6048237bef7c - <alloc[2e1b2a31b91974c5]::vec::Vec<u8> as core[a373ad73a504971]::io::write::Write>::write_fmt
[INFO] [stdout]    3:     0x604823795e26 - std[617be2ca0a6fd877]::panicking::default_hook::{closure#0}
[INFO] [stdout]    4:     0x6048237b2499 - std[617be2ca0a6fd877]::panicking::default_hook
[INFO] [stdout]    5:     0x60482374e030 - test[aada8e7e76ba119b]::test_main_inner::{closure#0}
[INFO] [stdout]    6:     0x6048237b2652 - std[617be2ca0a6fd877]::panicking::panic_with_hook
[INFO] [stdout]    7:     0x604823795ed2 - std[617be2ca0a6fd877]::panicking::panic_handler::{closure#0}
[INFO] [stdout]    8:     0x60482378e9a9 - std[617be2ca0a6fd877]::sys::backtrace::__rust_end_short_backtrace::<std[617be2ca0a6fd877]::panicking::panic_handler::{closure#0}, !>
[INFO] [stdout]    9:     0x604823796add - __rustc[ea4f61d10b84890b]::rust_begin_unwind
[INFO] [stdout]   10:     0x6048237cfe3c - core[a373ad73a504971]::panicking::panic_fmt
[INFO] [stdout]   11:     0x604823733cca - <cli[2698031e1b910108]::verify_fails_on_broken_module::{closure#0} as core[a373ad73a504971]::ops::function::FnOnce<()>>::call_once
[INFO] [stdout]   12:     0x60482374147b - test[aada8e7e76ba119b]::__rust_begin_short_backtrace::<core[a373ad73a504971]::result::Result<(), alloc[2e1b2a31b91974c5]::string::String>, fn() -> core[a373ad73a504971]::result::Result<(), alloc[2e1b2a31b91974c5]::string::String>>
[INFO] [stdout]   13:     0x60482374e655 - test[aada8e7e76ba119b]::run_test::{closure#0}
[INFO] [stdout]   14:     0x604823747f44 - std[617be2ca0a6fd877]::sys::backtrace::__rust_begin_short_backtrace::<test[aada8e7e76ba119b]::run_test::{closure#1}, ()>
[INFO] [stdout]   15:     0x6048237516e2 - <std[617be2ca0a6fd877]::thread::lifecycle::spawn_unchecked<test[aada8e7e76ba119b]::run_test::{closure#1}, ()>::{closure#1} as core[a373ad73a504971]::ops::function::FnOnce<()>>::call_once::{shim:vtable#0}
[INFO] [stdout]   16:     0x6048237b9e1f - <std[617be2ca0a6fd877]::sys::thread::unix::Thread>::new::thread_start
[INFO] [stdout]   17:     0x7e5774a83dfa - <unknown>
[INFO] [stdout]   18:     0x7e5774b173d4 - clone
[INFO] [stdout]   19:                0x0 - <unknown>
[INFO] [stdout] 
[INFO] [stdout] ---- verify_json_on_broken_module stdout ----
[INFO] [stdout] 
[INFO] [stdout] thread 'verify_json_on_broken_module' (707) panicked at tests/cli.rs:349:62:
[INFO] [stdout] stdout should be valid JSON: Error("EOF while parsing a value", line: 1, column: 0)
[INFO] [stdout] stack backtrace:
[INFO] [stdout]    0:     0x6048237bab01 - <<std[617be2ca0a6fd877]::sys::backtrace::BacktraceLock>::print::DisplayBacktrace as core[a373ad73a504971]::fmt::Display>::fmt
[INFO] [stdout]    1:     0x6048237cf70a - core[a373ad73a504971]::fmt::write
[INFO] [stdout]    2:     0x6048237bef7c - <alloc[2e1b2a31b91974c5]::vec::Vec<u8> as core[a373ad73a504971]::io::write::Write>::write_fmt
[INFO] [stdout]    3:     0x604823795e26 - std[617be2ca0a6fd877]::panicking::default_hook::{closure#0}
[INFO] [stdout]    4:     0x6048237b2499 - std[617be2ca0a6fd877]::panicking::default_hook
[INFO] [stdout]    5:     0x60482374e030 - test[aada8e7e76ba119b]::test_main_inner::{closure#0}
[INFO] [stdout]    6:     0x6048237b2652 - std[617be2ca0a6fd877]::panicking::panic_with_hook
[INFO] [stdout]    7:     0x604823795ed2 - std[617be2ca0a6fd877]::panicking::panic_handler::{closure#0}
[INFO] [stdout]    8:     0x60482378e9a9 - std[617be2ca0a6fd877]::sys::backtrace::__rust_end_short_backtrace::<std[617be2ca0a6fd877]::panicking::panic_handler::{closure#0}, !>
[INFO] [stdout]    9:     0x604823796add - __rustc[ea4f61d10b84890b]::rust_begin_unwind
[INFO] [stdout]   10:     0x6048237cfe3c - core[a373ad73a504971]::panicking::panic_fmt
[INFO] [stdout]   11:     0x6048237cfc12 - core[a373ad73a504971]::result::unwrap_failed
[INFO] [stdout]   12:     0x604823733016 - <cli[2698031e1b910108]::verify_json_on_broken_module::{closure#0} as core[a373ad73a504971]::ops::function::FnOnce<()>>::call_once
[INFO] [stdout]   13:     0x60482374147b - test[aada8e7e76ba119b]::__rust_begin_short_backtrace::<core[a373ad73a504971]::result::Result<(), alloc[2e1b2a31b91974c5]::string::String>, fn() -> core[a373ad73a504971]::result::Result<(), alloc[2e1b2a31b91974c5]::string::String>>
[INFO] [stdout]   14:     0x60482374e655 - test[aada8e7e76ba119b]::run_test::{closure#0}
[INFO] [stdout]   15:     0x604823747f44 - std[617be2ca0a6fd877]::sys::backtrace::__rust_begin_short_backtrace::<test[aada8e7e76ba119b]::run_test::{closure#1}, ()>
[INFO] [stdout]   16:     0x6048237516e2 - <std[617be2ca0a6fd877]::thread::lifecycle::spawn_unchecked<test[aada8e7e76ba119b]::run_test::{closure#1}, ()>::{closure#1} as core[a373ad73a504971]::ops::function::FnOnce<()>>::call_once::{shim:vtable#0}
[INFO] [stdout]   17:     0x6048237b9e1f - <std[617be2ca0a6fd877]::sys::thread::unix::Thread>::new::thread_start
[INFO] [stdout]   18:     0x7e5774a83dfa - <unknown>
[INFO] [stdout]   19:     0x7e5774b173d4 - clone
[INFO] [stdout]   20:                0x0 - <unknown>
[INFO] [stdout] 
[INFO] [stdout] ---- verify_json_outputs_valid_json stdout ----
[INFO] [stdout] 
[INFO] [stdout] thread 'verify_json_outputs_valid_json' (708) panicked at tests/cli.rs:326:5:
[INFO] [stdout] verify --json should exit 0 on valid module
[INFO] [stdout] stack backtrace:
[INFO] [stdout]    0:     0x6048237bab01 - <<std[617be2ca0a6fd877]::sys::backtrace::BacktraceLock>::print::DisplayBacktrace as core[a373ad73a504971]::fmt::Display>::fmt
[INFO] [stdout]    1:     0x6048237cf70a - core[a373ad73a504971]::fmt::write
[INFO] [stdout]    2:     0x6048237bef7c - <alloc[2e1b2a31b91974c5]::vec::Vec<u8> as core[a373ad73a504971]::io::write::Write>::write_fmt
[INFO] [stdout]    3:     0x604823795e26 - std[617be2ca0a6fd877]::panicking::default_hook::{closure#0}
[INFO] [stdout]    4:     0x6048237b2499 - std[617be2ca0a6fd877]::panicking::default_hook
[INFO] [stdout]    5:     0x60482374e030 - test[aada8e7e76ba119b]::test_main_inner::{closure#0}
[INFO] [stdout]    6:     0x6048237b2652 - std[617be2ca0a6fd877]::panicking::panic_with_hook
[INFO] [stdout]    7:     0x604823795f04 - std[617be2ca0a6fd877]::panicking::panic_handler::{closure#0}
[INFO] [stdout]    8:     0x60482378e9a9 - std[617be2ca0a6fd877]::sys::backtrace::__rust_end_short_backtrace::<std[617be2ca0a6fd877]::panicking::panic_handler::{closure#0}, !>
[INFO] [stdout]    9:     0x604823796add - __rustc[ea4f61d10b84890b]::rust_begin_unwind
[INFO] [stdout]   10:     0x6048237cfe3c - core[a373ad73a504971]::panicking::panic_fmt
[INFO] [stdout]   11:     0x604823734059 - <cli[2698031e1b910108]::verify_json_outputs_valid_json::{closure#0} as core[a373ad73a504971]::ops::function::FnOnce<()>>::call_once
[INFO] [stdout]   12:     0x60482374147b - test[aada8e7e76ba119b]::__rust_begin_short_backtrace::<core[a373ad73a504971]::result::Result<(), alloc[2e1b2a31b91974c5]::string::String>, fn() -> core[a373ad73a504971]::result::Result<(), alloc[2e1b2a31b91974c5]::string::String>>
[INFO] [stdout]   13:     0x60482374e655 - test[aada8e7e76ba119b]::run_test::{closure#0}
[INFO] [stdout]   14:     0x604823747f44 - std[617be2ca0a6fd877]::sys::backtrace::__rust_begin_short_backtrace::<test[aada8e7e76ba119b]::run_test::{closure#1}, ()>
[INFO] [stdout]   15:     0x6048237516e2 - <std[617be2ca0a6fd877]::thread::lifecycle::spawn_unchecked<test[aada8e7e76ba119b]::run_test::{closure#1}, ()>::{closure#1} as core[a373ad73a504971]::ops::function::FnOnce<()>>::call_once::{shim:vtable#0}
[INFO] [stdout]   16:     0x6048237b9e1f - <std[617be2ca0a6fd877]::sys::thread::unix::Thread>::new::thread_start
[INFO] [stdout]   17:     0x7e5774a83dfa - <unknown>
[INFO] [stdout]   18:     0x7e5774b173d4 - clone
[INFO] [stdout]   19:                0x0 - <unknown>
[INFO] [stdout] 
[INFO] [stdout] ---- verify_shows_interval_bounded_tag stdout ----
[INFO] [stdout] 
[INFO] [stdout] thread 'verify_shows_interval_bounded_tag' (715) panicked at tests/cli.rs:207:5:
[INFO] [stdout] verify should exit 0 on interval.telos
[INFO] [stdout] stack backtrace:
[INFO] [stdout]    0:     0x6048237bab01 - <<std[617be2ca0a6fd877]::sys::backtrace::BacktraceLock>::print::DisplayBacktrace as core[a373ad73a504971]::fmt::Display>::fmt
[INFO] [stdout]    1:     0x6048237cf70a - core[a373ad73a504971]::fmt::write
[INFO] [stdout]    2:     0x6048237bef7c - <alloc[2e1b2a31b91974c5]::vec::Vec<u8> as core[a373ad73a504971]::io::write::Write>::write_fmt
[INFO] [stdout]    3:     0x604823795e26 - std[617be2ca0a6fd877]::panicking::default_hook::{closure#0}
[INFO] [stdout]    4:     0x6048237b2499 - std[617be2ca0a6fd877]::panicking::default_hook
[INFO] [stdout]    5:     0x60482374e030 - test[aada8e7e76ba119b]::test_main_inner::{closure#0}
[INFO] [stdout]    6:     0x6048237b2652 - std[617be2ca0a6fd877]::panicking::panic_with_hook
[INFO] [stdout]    7:     0x604823795f04 - std[617be2ca0a6fd877]::panicking::panic_handler::{closure#0}
[INFO] [stdout]    8:     0x60482378e9a9 - std[617be2ca0a6fd877]::sys::backtrace::__rust_end_short_backtrace::<std[617be2ca0a6fd877]::panicking::panic_handler::{closure#0}, !>
[INFO] [stdout]    9:     0x604823796add - __rustc[ea4f61d10b84890b]::rust_begin_unwind
[INFO] [stdout]   10:     0x6048237cfe3c - core[a373ad73a504971]::panicking::panic_fmt
[INFO] [stdout]   11:     0x60482373584b - <cli[2698031e1b910108]::verify_shows_interval_bounded_tag::{closure#0} as core[a373ad73a504971]::ops::function::FnOnce<()>>::call_once
[INFO] [stdout]   12:     0x60482374147b - test[aada8e7e76ba119b]::__rust_begin_short_backtrace::<core[a373ad73a504971]::result::Result<(), alloc[2e1b2a31b91974c5]::string::String>, fn() -> core[a373ad73a504971]::result::Result<(), alloc[2e1b2a31b91974c5]::string::String>>
[INFO] [stdout]   13:     0x60482374e655 - test[aada8e7e76ba119b]::run_test::{closure#0}
[INFO] [stdout]   14:     0x604823747f44 - std[617be2ca0a6fd877]::sys::backtrace::__rust_begin_short_backtrace::<test[aada8e7e76ba119b]::run_test::{closure#1}, ()>
[INFO] [stdout]   15:     0x6048237516e2 - <std[617be2ca0a6fd877]::thread::lifecycle::spawn_unchecked<test[aada8e7e76ba119b]::run_test::{closure#1}, ()>::{closure#1} as core[a373ad73a504971]::ops::function::FnOnce<()>>::call_once::{shim:vtable#0}
[INFO] [stdout]   16:     0x6048237b9e1f - <std[617be2ca0a6fd877]::sys::thread::unix::Thread>::new::thread_start
[INFO] [stdout]   17:     0x7e5774a83dfa - <unknown>
[INFO] [stdout]   18:     0x7e5774b173d4 - clone
[INFO] [stdout]   19:                0x0 - <unknown>
[INFO] [stdout] 
[INFO] [stdout] ---- build_compiles_generated_rust stdout ----
[INFO] [stdout] 
[INFO] [stdout] thread 'build_compiles_generated_rust' (673) panicked at tests/cli.rs:99:5:
[INFO] [stdout] build should exit 0:
[INFO] [stdout] build error: cannot read `../../examples/wallet.telos`: No such file or directory (os error 2)
[INFO] [stdout] 
[INFO] [stdout] stack backtrace:
[INFO] [stdout]    0:     0x6048237bab01 - <<std[617be2ca0a6fd877]::sys::backtrace::BacktraceLock>::print::DisplayBacktrace as core[a373ad73a504971]::fmt::Display>::fmt
[INFO] [stdout]    1:     0x6048237cf70a - core[a373ad73a504971]::fmt::write
[INFO] [stdout]    2:     0x6048237bef7c - <alloc[2e1b2a31b91974c5]::vec::Vec<u8> as core[a373ad73a504971]::io::write::Write>::write_fmt
[INFO] [stdout]    3:     0x604823795e26 - std[617be2ca0a6fd877]::panicking::default_hook::{closure#0}
[INFO] [stdout]    4:     0x6048237b2499 - std[617be2ca0a6fd877]::panicking::default_hook
[INFO] [stdout]    5:     0x60482374e030 - test[aada8e7e76ba119b]::test_main_inner::{closure#0}
[INFO] [stdout]    6:     0x6048237b2652 - std[617be2ca0a6fd877]::panicking::panic_with_hook
[INFO] [stdout]    7:     0x604823795ed2 - std[617be2ca0a6fd877]::panicking::panic_handler::{closure#0}
[INFO] [stdout]    8:     0x60482378e9a9 - std[617be2ca0a6fd877]::sys::backtrace::__rust_end_short_backtrace::<std[617be2ca0a6fd877]::panicking::panic_handler::{closure#0}, !>
[INFO] [stdout]    9:     0x604823796add - __rustc[ea4f61d10b84890b]::rust_begin_unwind
[INFO] [stdout]   10:     0x6048237cfe3c - core[a373ad73a504971]::panicking::panic_fmt
[INFO] [stdout]   11:     0x60482373332d - <cli[2698031e1b910108]::build_compiles_generated_rust::{closure#0} as core[a373ad73a504971]::ops::function::FnOnce<()>>::call_once
[INFO] [stdout]   12:     0x60482374147b - test[aada8e7e76ba119b]::__rust_begin_short_backtrace::<core[a373ad73a504971]::result::Result<(), alloc[2e1b2a31b91974c5]::string::String>, fn() -> core[a373ad73a504971]::result::Result<(), alloc[2e1b2a31b91974c5]::string::String>>
[INFO] [stdout]   13:     0x60482374e655 - test[aada8e7e76ba119b]::run_test::{closure#0}
[INFO] [stdout]   14:     0x604823747f44 - std[617be2ca0a6fd877]::sys::backtrace::__rust_begin_short_backtrace::<test[aada8e7e76ba119b]::run_test::{closure#1}, ()>
[INFO] [stdout]   15:     0x6048237516e2 - <std[617be2ca0a6fd877]::thread::lifecycle::spawn_unchecked<test[aada8e7e76ba119b]::run_test::{closure#1}, ()>::{closure#1} as core[a373ad73a504971]::ops::function::FnOnce<()>>::call_once::{shim:vtable#0}
[INFO] [stdout]   16:     0x6048237b9e1f - <std[617be2ca0a6fd877]::sys::thread::unix::Thread>::new::thread_start
[INFO] [stdout]   17:     0x7e5774a83dfa - <unknown>
[INFO] [stdout]   18:     0x7e5774b173d4 - clone
[INFO] [stdout]   19:                0x0 - <unknown>
[INFO] [stdout] 
[INFO] [stdout] ---- fmt_stdout_is_idempotent stdout ----
[INFO] [stdout] 
[INFO] [stdout] thread 'fmt_stdout_is_idempotent' (680) panicked at tests/cli.rs:406:5:
[INFO] [stdout] fmt --stdout should exit 0:
[INFO] [stdout] fmt error: cannot read `../../examples/wallet.telos`: No such file or directory (os error 2)
[INFO] [stdout] 
[INFO] [stdout] stack backtrace:
[INFO] [stdout]    0:     0x6048237bab01 - <<std[617be2ca0a6fd877]::sys::backtrace::BacktraceLock>::print::DisplayBacktrace as core[a373ad73a504971]::fmt::Display>::fmt
[INFO] [stdout]    1:     0x6048237cf70a - core[a373ad73a504971]::fmt::write
[INFO] [stdout]    2:     0x6048237bef7c - <alloc[2e1b2a31b91974c5]::vec::Vec<u8> as core[a373ad73a504971]::io::write::Write>::write_fmt
[INFO] [stdout]    3:     0x604823795e26 - std[617be2ca0a6fd877]::panicking::default_hook::{closure#0}
[INFO] [stdout]    4:     0x6048237b2499 - std[617be2ca0a6fd877]::panicking::default_hook
[INFO] [stdout]    5:     0x60482374e030 - test[aada8e7e76ba119b]::test_main_inner::{closure#0}
[INFO] [stdout]    6:     0x6048237b2652 - std[617be2ca0a6fd877]::panicking::panic_with_hook
[INFO] [stdout]    7:     0x604823795ed2 - std[617be2ca0a6fd877]::panicking::panic_handler::{closure#0}
[INFO] [stdout]    8:     0x60482378e9a9 - std[617be2ca0a6fd877]::sys::backtrace::__rust_end_short_backtrace::<std[617be2ca0a6fd877]::panicking::panic_handler::{closure#0}, !>
[INFO] [stdout]    9:     0x604823796add - __rustc[ea4f61d10b84890b]::rust_begin_unwind
[INFO] [stdout]   10:     0x6048237cfe3c - core[a373ad73a504971]::panicking::panic_fmt
[INFO] [stdout]   11:     0x604823731c22 - <cli[2698031e1b910108]::fmt_stdout_is_idempotent::{closure#0} as core[a373ad73a504971]::ops::function::FnOnce<()>>::call_once
[INFO] [stdout]   12:     0x60482374147b - test[aada8e7e76ba119b]::__rust_begin_short_backtrace::<core[a373ad73a504971]::result::Result<(), alloc[2e1b2a31b91974c5]::string::String>, fn() -> core[a373ad73a504971]::result::Result<(), alloc[2e1b2a31b91974c5]::string::String>>
[INFO] [stdout]   13:     0x60482374e655 - test[aada8e7e76ba119b]::run_test::{closure#0}
[INFO] [stdout]   14:     0x604823747f44 - std[617be2ca0a6fd877]::sys::backtrace::__rust_begin_short_backtrace::<test[aada8e7e76ba119b]::run_test::{closure#1}, ()>
[INFO] [stdout]   15:     0x6048237516e2 - <std[617be2ca0a6fd877]::thread::lifecycle::spawn_unchecked<test[aada8e7e76ba119b]::run_test::{closure#1}, ()>::{closure#1} as core[a373ad73a504971]::ops::function::FnOnce<()>>::call_once::{shim:vtable#0}
[INFO] [stdout]   16:     0x6048237b9e1f - <std[617be2ca0a6fd877]::sys::thread::unix::Thread>::new::thread_start
[INFO] [stdout]   17:     0x7e5774a83dfa - <unknown>
[INFO] [stdout]   18:     0x7e5774b173d4 - clone
[INFO] [stdout]   19:                0x0 - <unknown>
[INFO] [stdout] 
[INFO] [stdout] ---- verify_manifest_passes_for_intact_build stdout ----
[INFO] [stdout] 
[INFO] [stdout] thread 'verify_manifest_passes_for_intact_build' (713) panicked at tests/cli.rs:388:5:
[INFO] [stdout] build should exit 0:
[INFO] [stdout] build error: cannot read `../../examples/wallet.telos`: No such file or directory (os error 2)
[INFO] [stdout] 
[INFO] [stdout] stack backtrace:
[INFO] [stdout]    0:     0x6048237bab01 - <<std[617be2ca0a6fd877]::sys::backtrace::BacktraceLock>::print::DisplayBacktrace as core[a373ad73a504971]::fmt::Display>::fmt
[INFO] [stdout]    1:     0x6048237cf70a - core[a373ad73a504971]::fmt::write
[INFO] [stdout]    2:     0x6048237bef7c - <alloc[2e1b2a31b91974c5]::vec::Vec<u8> as core[a373ad73a504971]::io::write::Write>::write_fmt
[INFO] [stdout]    3:     0x604823795e26 - std[617be2ca0a6fd877]::panicking::default_hook::{closure#0}
[INFO] [stdout]    4:     0x6048237b2499 - std[617be2ca0a6fd877]::panicking::default_hook
[INFO] [stdout]    5:     0x60482374e030 - test[aada8e7e76ba119b]::test_main_inner::{closure#0}
[INFO] [stdout]    6:     0x6048237b2652 - std[617be2ca0a6fd877]::panicking::panic_with_hook
[INFO] [stdout]    7:     0x604823795ed2 - std[617be2ca0a6fd877]::panicking::panic_handler::{closure#0}
[INFO] [stdout]    8:     0x60482378e9a9 - std[617be2ca0a6fd877]::sys::backtrace::__rust_end_short_backtrace::<std[617be2ca0a6fd877]::panicking::panic_handler::{closure#0}, !>
[INFO] [stdout]    9:     0x604823796add - __rustc[ea4f61d10b84890b]::rust_begin_unwind
[INFO] [stdout]   10:     0x6048237cfe3c - core[a373ad73a504971]::panicking::panic_fmt
[INFO] [stdout]   11:     0x6048237365e4 - <cli[2698031e1b910108]::verify_manifest_passes_for_intact_build::{closure#0} as core[a373ad73a504971]::ops::function::FnOnce<()>>::call_once
[INFO] [stdout]   12:     0x60482374147b - test[aada8e7e76ba119b]::__rust_begin_short_backtrace::<core[a373ad73a504971]::result::Result<(), alloc[2e1b2a31b91974c5]::string::String>, fn() -> core[a373ad73a504971]::result::Result<(), alloc[2e1b2a31b91974c5]::string::String>>
[INFO] [stdout]   13:     0x60482374e655 - test[aada8e7e76ba119b]::run_test::{closure#0}
[INFO] [stdout]   14:     0x604823747f44 - std[617be2ca0a6fd877]::sys::backtrace::__rust_begin_short_backtrace::<test[aada8e7e76ba119b]::run_test::{closure#1}, ()>
[INFO] [stdout]   15:     0x6048237516e2 - <std[617be2ca0a6fd877]::thread::lifecycle::spawn_unchecked<test[aada8e7e76ba119b]::run_test::{closure#1}, ()>::{closure#1} as core[a373ad73a504971]::ops::function::FnOnce<()>>::call_once::{shim:vtable#0}
[INFO] [stdout]   16:     0x6048237b9e1f - <std[617be2ca0a6fd877]::sys::thread::unix::Thread>::new::thread_start
[INFO] [stdout]   17:     0x7e5774a83dfa - <unknown>
[INFO] [stdout]   18:     0x7e5774b173d4 - clone
[INFO] [stdout]   19:                0x0 - <unknown>
[INFO] [stdout] 
[INFO] [stdout] ---- verify_succeeds_on_valid_module stdout ----
[INFO] [stdout] 
[INFO] [stdout] thread 'verify_succeeds_on_valid_module' (721) panicked at tests/cli.rs:33:5:
[INFO] [stdout] verify should exit 0 on a valid module
[INFO] [stdout] stack backtrace:
[INFO] [stdout]    0:     0x6048237bab01 - <<std[617be2ca0a6fd877]::sys::backtrace::BacktraceLock>::print::DisplayBacktrace as core[a373ad73a504971]::fmt::Display>::fmt
[INFO] [stdout]    1:     0x6048237cf70a - core[a373ad73a504971]::fmt::write
[INFO] [stdout]    2:     0x6048237bef7c - <alloc[2e1b2a31b91974c5]::vec::Vec<u8> as core[a373ad73a504971]::io::write::Write>::write_fmt
[INFO] [stdout]    3:     0x604823795e26 - std[617be2ca0a6fd877]::panicking::default_hook::{closure#0}
[INFO] [stdout]    4:     0x6048237b2499 - std[617be2ca0a6fd877]::panicking::default_hook
[INFO] [stdout]    5:     0x60482374e030 - test[aada8e7e76ba119b]::test_main_inner::{closure#0}
[INFO] [stdout]    6:     0x6048237b2652 - std[617be2ca0a6fd877]::panicking::panic_with_hook
[INFO] [stdout]    7:     0x604823795f04 - std[617be2ca0a6fd877]::panicking::panic_handler::{closure#0}
[INFO] [stdout]    8:     0x60482378e9a9 - std[617be2ca0a6fd877]::sys::backtrace::__rust_end_short_backtrace::<std[617be2ca0a6fd877]::panicking::panic_handler::{closure#0}, !>
[INFO] [stdout]    9:     0x604823796add - __rustc[ea4f61d10b84890b]::rust_begin_unwind
[INFO] [stdout]   10:     0x6048237cfe3c - core[a373ad73a504971]::panicking::panic_fmt
[INFO] [stderr] error: test failed, to rerun pass `--test cli`
[INFO] [stdout]   11:     0x60482373458a - <cli[2698031e1b910108]::verify_succeeds_on_valid_module::{closure#0} as core[a373ad73a504971]::ops::function::FnOnce<()>>::call_once
[INFO] [stdout]   12:     0x60482374147b - test[aada8e7e76ba119b]::__rust_begin_short_backtrace::<core[a373ad73a504971]::result::Result<(), alloc[2e1b2a31b91974c5]::string::String>, fn() -> core[a373ad73a504971]::result::Result<(), alloc[2e1b2a31b91974c5]::string::String>>
[INFO] [stdout]   13:     0x60482374e655 - test[aada8e7e76ba119b]::run_test::{closure#0}
[INFO] [stdout]   14:     0x604823747f44 - std[617be2ca0a6fd877]::sys::backtrace::__rust_begin_short_backtrace::<test[aada8e7e76ba119b]::run_test::{closure#1}, ()>
[INFO] [stdout]   15:     0x6048237516e2 - <std[617be2ca0a6fd877]::thread::lifecycle::spawn_unchecked<test[aada8e7e76ba119b]::run_test::{closure#1}, ()>::{closure#1} as core[a373ad73a504971]::ops::function::FnOnce<()>>::call_once::{shim:vtable#0}
[INFO] [stdout]   16:     0x6048237b9e1f - <std[617be2ca0a6fd877]::sys::thread::unix::Thread>::new::thread_start
[INFO] [stdout]   17:     0x7e5774a83dfa - <unknown>
[INFO] [stdout]   18:     0x7e5774b173d4 - clone
[INFO] [stdout]   19:                0x0 - <unknown>
[INFO] [stdout] 
[INFO] [stdout] ---- transpile_emits_rust_to_stdout stdout ----
[INFO] [stdout] 
[INFO] [stdout] thread 'transpile_emits_rust_to_stdout' (702) panicked at tests/cli.rs:75:5:
[INFO] [stdout] transpile should exit 0: transpile error: cannot read `../../examples/wallet.telos`: No such file or directory (os error 2)
[INFO] [stdout] 
[INFO] [stdout] stack backtrace:
[INFO] [stdout]    0:     0x6048237bab01 - <<std[617be2ca0a6fd877]::sys::backtrace::BacktraceLock>::print::DisplayBacktrace as core[a373ad73a504971]::fmt::Display>::fmt
[INFO] [stdout]    1:     0x6048237cf70a - core[a373ad73a504971]::fmt::write
[INFO] [stdout]    2:     0x6048237bef7c - <alloc[2e1b2a31b91974c5]::vec::Vec<u8> as core[a373ad73a504971]::io::write::Write>::write_fmt
[INFO] [stdout]    3:     0x604823795e26 - std[617be2ca0a6fd877]::panicking::default_hook::{closure#0}
[INFO] [stdout]    4:     0x6048237b2499 - std[617be2ca0a6fd877]::panicking::default_hook
[INFO] [stdout]    5:     0x60482374e030 - test[aada8e7e76ba119b]::test_main_inner::{closure#0}
[INFO] [stdout]    6:     0x6048237b2652 - std[617be2ca0a6fd877]::panicking::panic_with_hook
[INFO] [stdout]    7:     0x604823795ed2 - std[617be2ca0a6fd877]::panicking::panic_handler::{closure#0}
[INFO] [stdout]    8:     0x60482378e9a9 - std[617be2ca0a6fd877]::sys::backtrace::__rust_end_short_backtrace::<std[617be2ca0a6fd877]::panicking::panic_handler::{closure#0}, !>
[INFO] [stdout]    9:     0x604823796add - __rustc[ea4f61d10b84890b]::rust_begin_unwind
[INFO] [stdout]   10:     0x6048237cfe3c - core[a373ad73a504971]::panicking::panic_fmt
[INFO] [stdout]   11:     0x604823733dee - <cli[2698031e1b910108]::transpile_emits_rust_to_stdout::{closure#0} as core[a373ad73a504971]::ops::function::FnOnce<()>>::call_once
[INFO] [stdout]   12:     0x60482374147b - test[aada8e7e76ba119b]::__rust_begin_short_backtrace::<core[a373ad73a504971]::result::Result<(), alloc[2e1b2a31b91974c5]::string::String>, fn() -> core[a373ad73a504971]::result::Result<(), alloc[2e1b2a31b91974c5]::string::String>>
[INFO] [stdout]   13:     0x60482374e655 - test[aada8e7e76ba119b]::run_test::{closure#0}
[INFO] [stdout]   14:     0x604823747f44 - std[617be2ca0a6fd877]::sys::backtrace::__rust_begin_short_backtrace::<test[aada8e7e76ba119b]::run_test::{closure#1}, ()>
[INFO] [stdout]   15:     0x6048237516e2 - <std[617be2ca0a6fd877]::thread::lifecycle::spawn_unchecked<test[aada8e7e76ba119b]::run_test::{closure#1}, ()>::{closure#1} as core[a373ad73a504971]::ops::function::FnOnce<()>>::call_once::{shim:vtable#0}
[INFO] [stdout]   16:     0x6048237b9e1f - <std[617be2ca0a6fd877]::sys::thread::unix::Thread>::new::thread_start
[INFO] [stdout]   17:     0x7e5774a83dfa - <unknown>
[INFO] [stdout]   18:     0x7e5774b173d4 - clone
[INFO] [stdout]   19:                0x0 - <unknown>
[INFO] [stdout] 
[INFO] [stdout] ---- transpile_writes_to_output_file stdout ----
[INFO] [stdout] 
[INFO] [stdout] thread 'transpile_writes_to_output_file' (703) panicked at tests/cli.rs:86:5:
[INFO] [stdout] transpile --out should exit 0: transpile error: cannot read `../../examples/wallet.telos`: No such file or directory (os error 2)
[INFO] [stdout] 
[INFO] [stdout] stack backtrace:
[INFO] [stdout]    0:     0x6048237bab01 - <<std[617be2ca0a6fd877]::sys::backtrace::BacktraceLock>::print::DisplayBacktrace as core[a373ad73a504971]::fmt::Display>::fmt
[INFO] [stdout]    1:     0x6048237cf70a - core[a373ad73a504971]::fmt::write
[INFO] [stdout]    2:     0x6048237bef7c - <alloc[2e1b2a31b91974c5]::vec::Vec<u8> as core[a373ad73a504971]::io::write::Write>::write_fmt
[INFO] [stdout]    3:     0x604823795e26 - std[617be2ca0a6fd877]::panicking::default_hook::{closure#0}
[INFO] [stdout]    4:     0x6048237b2499 - std[617be2ca0a6fd877]::panicking::default_hook
[INFO] [stdout]    5:     0x60482374e030 - test[aada8e7e76ba119b]::test_main_inner::{closure#0}
[INFO] [stdout]    6:     0x6048237b2652 - std[617be2ca0a6fd877]::panicking::panic_with_hook
[INFO] [stdout]    7:     0x604823795ed2 - std[617be2ca0a6fd877]::panicking::panic_handler::{closure#0}
[INFO] [stdout]    8:     0x60482378e9a9 - std[617be2ca0a6fd877]::sys::backtrace::__rust_end_short_backtrace::<std[617be2ca0a6fd877]::panicking::panic_handler::{closure#0}, !>
[INFO] [stdout]    9:     0x604823796add - __rustc[ea4f61d10b84890b]::rust_begin_unwind
[INFO] [stdout]   10:     0x6048237cfe3c - core[a373ad73a504971]::panicking::panic_fmt
[INFO] [stdout]   11:     0x604823734385 - <cli[2698031e1b910108]::transpile_writes_to_output_file::{closure#0} as core[a373ad73a504971]::ops::function::FnOnce<()>>::call_once
[INFO] [stdout]   12:     0x60482374147b - test[aada8e7e76ba119b]::__rust_begin_short_backtrace::<core[a373ad73a504971]::result::Result<(), alloc[2e1b2a31b91974c5]::string::String>, fn() -> core[a373ad73a504971]::result::Result<(), alloc[2e1b2a31b91974c5]::string::String>>
[INFO] [stdout]   13:     0x60482374e655 - test[aada8e7e76ba119b]::run_test::{closure#0}
[INFO] [stdout]   14:     0x604823747f44 - std[617be2ca0a6fd877]::sys::backtrace::__rust_begin_short_backtrace::<test[aada8e7e76ba119b]::run_test::{closure#1}, ()>
[INFO] [stdout]   15:     0x6048237516e2 - <std[617be2ca0a6fd877]::thread::lifecycle::spawn_unchecked<test[aada8e7e76ba119b]::run_test::{closure#1}, ()>::{closure#1} as core[a373ad73a504971]::ops::function::FnOnce<()>>::call_once::{shim:vtable#0}
[INFO] [stdout]   16:     0x6048237b9e1f - <std[617be2ca0a6fd877]::sys::thread::unix::Thread>::new::thread_start
[INFO] [stdout]   17:     0x7e5774a83dfa - <unknown>
[INFO] [stdout]   18:     0x7e5774b173d4 - clone
[INFO] [stdout]   19:                0x0 - <unknown>
[INFO] [stdout] 
[INFO] [stdout] 
[INFO] [stdout] failures:
[INFO] [stdout]     build_compiles_generated_rust
[INFO] [stdout]     build_json_outputs_proof_hash
[INFO] [stdout]     eject_writes_manifest_and_project
[INFO] [stdout]     fmt_check_reports_changes_needed_then_passes_after_writing
[INFO] [stdout]     fmt_stdout_is_idempotent
[INFO] [stdout]     project_generates_dual_backend_tree
[INFO] [stdout]     transpile_emits_rust_to_stdout
[INFO] [stdout]     transpile_writes_to_output_file
[INFO] [stdout]     verify_fails_on_broken_module
[INFO] [stdout]     verify_json_on_broken_module
[INFO] [stdout]     verify_json_outputs_valid_json
[INFO] [stdout]     verify_manifest_passes_for_intact_build
[INFO] [stdout]     verify_shows_interval_bounded_tag
[INFO] [stdout]     verify_succeeds_on_valid_module
[INFO] [stdout] 
[INFO] [stdout] test result: FAILED. 11 passed; 14 failed; 0 ignored; 0 measured; 0 filtered out; finished in 0.06s
[INFO] [stdout] 
[INFO] running `Command { std: "docker" "inspect" "7026d27769f31f7ee4b156ffe53bea966f76200d1674eaaf441db63efe980207", kill_on_drop: false }`
[INFO] running `Command { std: "docker" "rm" "-f" "7026d27769f31f7ee4b156ffe53bea966f76200d1674eaaf441db63efe980207", kill_on_drop: false }`
[INFO] [stdout] 7026d27769f31f7ee4b156ffe53bea966f76200d1674eaaf441db63efe980207
