[INFO] fetching crate tpt-telos-agent 0.2.0...
[INFO] testing tpt-telos-agent-0.2.0 against 1.99.0-beta.8+cargoflags=--release for beta-release-1.100-2
[INFO] extracting crate tpt-telos-agent 0.2.0 into /workspace/builds/worker-4-tc1/source
[INFO] started tweaking crates.io crate tpt-telos-agent 0.2.0
[INFO] removed 0 missing tests
[INFO] finished tweaking crates.io crate tpt-telos-agent 0.2.0
[INFO] tweaked toml for crates.io crate tpt-telos-agent 0.2.0 written to /workspace/builds/worker-4-tc1/source/Cargo.toml
[INFO] validating manifest of crates.io crate tpt-telos-agent 0.2.0 on toolchain 1.99.0-beta.8
[INFO] running `Command { std: CARGO_HOME="/workspace/cargo-home" RUSTUP_HOME="/workspace/rustup-home" "/workspace/cargo-home/bin/cargo" "+1.99.0-beta.8" "metadata" "--manifest-path" "Cargo.toml" "--no-deps", kill_on_drop: false }`
[INFO] crate crates.io crate tpt-telos-agent 0.2.0 already has a lockfile, it will not be regenerated
[INFO] running `Command { std: CARGO_HOME="/workspace/cargo-home" RUSTUP_HOME="/workspace/rustup-home" "/workspace/cargo-home/bin/cargo" "+1.99.0-beta.8" "fetch" "--manifest-path" "Cargo.toml", kill_on_drop: false }`
[INFO] [stderr]     Updating crates.io index
[INFO] [stderr]  Downloading crates ...
[INFO] [stderr]   Downloaded tpt-telos-router v0.2.0
[INFO] [stderr]   Downloaded tpt-telos-ir v0.2.0
[INFO] [stderr]   Downloaded tpt-telos-parser v0.2.0
[INFO] [stderr]   Downloaded tpt-telos-verifier v0.2.0
[INFO] running `Command { std: "docker" "create" "-v" "/var/lib/crater-agent-workspace/builds/worker-4-tc1/source:/opt/rustwide/workdir:ro,Z" "-v" "/var/lib/crater-agent-workspace/builds/worker-4-tc1/target:/opt/rustwide/target:rw,Z" "-v" "/var/lib/crater-agent-workspace/cargo-home:/opt/rustwide/cargo-home:ro,Z" "-v" "/var/lib/crater-agent-workspace/rustup-home:/opt/rustwide/rustup-home:ro,Z" "-m" "1610612736" "--network" "none" "ghcr.io/rust-lang/crates-build-env/linux@sha256:77db811e55d90add9212f6832c23229e3de5f1c1f9905e8cb07319ea15df73ac" "sleep" "infinity", kill_on_drop: false }`
[INFO] [stdout] 860921f1c2af8b070348ddd3993644048164a4cdde88ed850ab3c78a507904f1
[INFO] running `Command { std: "docker" "start" "860921f1c2af8b070348ddd3993644048164a4cdde88ed850ab3c78a507904f1", kill_on_drop: false }`
[INFO] running `Command { std: "docker" "inspect" "860921f1c2af8b070348ddd3993644048164a4cdde88ed850ab3c78a507904f1", kill_on_drop: false }`
[INFO] running `Command { std: "docker" "exec" "-e" "SOURCE_DIR=/opt/rustwide/workdir" "-e" "CARGO_HOME=/opt/rustwide/cargo-home" "-e" "RUSTUP_HOME=/opt/rustwide/rustup-home" "-e" "CARGO_TARGET_DIR=/opt/rustwide/target" "-w" "/opt/rustwide/workdir" "--user" "0:0" "860921f1c2af8b070348ddd3993644048164a4cdde88ed850ab3c78a507904f1" "/opt/rustwide/cargo-home/bin/cargo" "+1.99.0-beta.8" "metadata" "--no-deps" "--format-version=1", kill_on_drop: false }`
[INFO] running `Command { std: "docker" "inspect" "860921f1c2af8b070348ddd3993644048164a4cdde88ed850ab3c78a507904f1", kill_on_drop: false }`
[INFO] running `Command { std: "docker" "exec" "-e" "SOURCE_DIR=/opt/rustwide/workdir" "-e" "CARGO_HOME=/opt/rustwide/cargo-home" "-e" "RUSTUP_HOME=/opt/rustwide/rustup-home" "-e" "CARGO_TARGET_DIR=/opt/rustwide/target" "-e" "CARGO_INCREMENTAL=0" "-e" "RUST_BACKTRACE=full" "-e" "RUSTFLAGS=--cap-lints=warn" "-e" "RUSTDOCFLAGS=--cap-lints=warn" "-w" "/opt/rustwide/workdir" "--user" "0:0" "860921f1c2af8b070348ddd3993644048164a4cdde88ed850ab3c78a507904f1" "/opt/rustwide/cargo-home/bin/cargo" "+1.99.0-beta.8" "build" "--frozen" "--message-format=json" "--release", kill_on_drop: false }`
[INFO] [stderr]    Compiling tpt-telos-parser v0.2.0
[INFO] [stderr]    Compiling tpt-telos-ir v0.2.0
[INFO] [stderr]    Compiling tpt-telos-router v0.2.0
[INFO] [stderr]    Compiling tpt-telos-verifier v0.2.0
[INFO] [stderr]    Compiling tpt-telos-agent v0.2.0 (/opt/rustwide/workdir)
[INFO] [stderr]     Finished `release` profile [optimized] target(s) in 10.53s
[INFO] running `Command { std: "docker" "inspect" "860921f1c2af8b070348ddd3993644048164a4cdde88ed850ab3c78a507904f1", kill_on_drop: false }`
[INFO] running `Command { std: "docker" "exec" "-e" "SOURCE_DIR=/opt/rustwide/workdir" "-e" "CARGO_HOME=/opt/rustwide/cargo-home" "-e" "RUSTUP_HOME=/opt/rustwide/rustup-home" "-e" "CARGO_TARGET_DIR=/opt/rustwide/target" "-e" "CARGO_INCREMENTAL=0" "-e" "RUST_BACKTRACE=full" "-e" "RUSTFLAGS=--cap-lints=warn" "-e" "RUSTDOCFLAGS=--cap-lints=warn" "-w" "/opt/rustwide/workdir" "--user" "0:0" "860921f1c2af8b070348ddd3993644048164a4cdde88ed850ab3c78a507904f1" "/opt/rustwide/cargo-home/bin/cargo" "+1.99.0-beta.8" "test" "--frozen" "--no-run" "--message-format=json" "--release", kill_on_drop: false }`
[INFO] [stderr]    Compiling tpt-telos-agent v0.2.0 (/opt/rustwide/workdir)
[INFO] [stderr]     Finished `release` profile [optimized] target(s) in 3.01s
[INFO] running `Command { std: "docker" "inspect" "860921f1c2af8b070348ddd3993644048164a4cdde88ed850ab3c78a507904f1", kill_on_drop: false }`
[INFO] running `Command { std: "docker" "exec" "-e" "SOURCE_DIR=/opt/rustwide/workdir" "-e" "CARGO_HOME=/opt/rustwide/cargo-home" "-e" "RUSTUP_HOME=/opt/rustwide/rustup-home" "-e" "CARGO_TARGET_DIR=/opt/rustwide/target" "-e" "CARGO_INCREMENTAL=0" "-e" "RUST_BACKTRACE=full" "-e" "RUSTFLAGS=--cap-lints=warn" "-e" "RUSTDOCFLAGS=--cap-lints=warn" "-w" "/opt/rustwide/workdir" "--user" "0:0" "860921f1c2af8b070348ddd3993644048164a4cdde88ed850ab3c78a507904f1" "/opt/rustwide/cargo-home/bin/cargo" "+1.99.0-beta.8" "test" "--frozen" "--release", kill_on_drop: false }`
[INFO] [stderr]     Finished `release` profile [optimized] target(s) in 0.04s
[INFO] [stderr]      Running unittests src/lib.rs (/opt/rustwide/target/release/deps/tpt_telos_agent-c927c24278ca7ff1)
[INFO] [stdout] 
[INFO] [stdout] running 0 tests
[INFO] [stdout] 
[INFO] [stdout] test result: ok. 0 passed; 0 failed; 0 ignored; 0 measured; 0 filtered out; finished in 0.00s
[INFO] [stdout] 
[INFO] [stderr]      Running tests/static_agent.rs (/opt/rustwide/target/release/deps/static_agent-a4697e807be77254)
[INFO] [stdout] 
[INFO] [stdout] running 9 tests
[INFO] [stdout] test generate_synthesizes_when_elided ... ok
[INFO] [stdout] test rewrite_with_empty_counter_example_resynthesizes ... ok
[INFO] [stdout] test transpile_scalar_out_ensures_verifies ... ok
[INFO] [stdout] test generate_returns_developer_body_when_present ... ok
[INFO] [stdout] test rewrite_fixes_broken_field_from_counter_example ... ok
[INFO] [stdout] test synthesize_inequality_clause_produces_conservative_zero ... ok
[INFO] [stdout] test loop_hits_retry_limit_and_gives_up ... ok
[INFO] [stdout] test synthesize_field_and_scalar_from_ensures ... ok
[INFO] [stdout] test synthesize_resolves_nested_old_arithmetic ... ok
[INFO] [stdout] 
[INFO] [stdout] test result: ok. 9 passed; 0 failed; 0 ignored; 0 measured; 0 filtered out; finished in 0.00s
[INFO] [stdout] 
[INFO] [stderr]      Running tests/transpile.rs (/opt/rustwide/target/release/deps/transpile-9950ccd6d1bd22ec)
[INFO] [stdout] 
[INFO] [stdout] running 3 tests
[INFO] [stderr] error: test failed, to rerun pass `--test transpile`
[INFO] [stdout] test broken_is_repaired_by_the_loop ... FAILED
[INFO] [stdout] test intent_only_is_synthesized_and_verified ... FAILED
[INFO] [stdout] test wallet_is_verified ... FAILED
[INFO] [stdout] 
[INFO] [stdout] failures:
[INFO] [stdout] 
[INFO] [stdout] ---- broken_is_repaired_by_the_loop stdout ----
[INFO] [stdout] 
[INFO] [stdout] thread 'broken_is_repaired_by_the_loop' (269) panicked at tests/transpile.rs:5:45:
[INFO] [stdout] called `Result::unwrap()` on an `Err` value: Os { code: 2, kind: NotFound, message: "No such file or directory" }
[INFO] [stdout] stack backtrace:
[INFO] [stdout]    0:     0x5b16f604b3b1 - <<std[70759c8f55707aa4]::sys::backtrace::BacktraceLock>::print::DisplayBacktrace as core[df12db4294e9bfd3]::fmt::Display>::fmt
[INFO] [stdout]    1:     0x5b16f605f9ba - core[df12db4294e9bfd3]::fmt::write
[INFO] [stdout]    2:     0x5b16f604f84c - <alloc[2182bb758b4b3781]::vec::Vec<u8> as core[df12db4294e9bfd3]::io::write::Write>::write_fmt
[INFO] [stdout]    3:     0x5b16f6027636 - std[70759c8f55707aa4]::panicking::default_hook::{closure#0}
[INFO] [stdout]    4:     0x5b16f60437a9 - std[70759c8f55707aa4]::panicking::default_hook
[INFO] [stdout]    5:     0x5b16f5f87c20 - test[9d35eded1c95d3be]::test_main_inner::<test[9d35eded1c95d3be]::test_main_static::{closure#0}>::{closure#0}
[INFO] [stdout]    6:     0x5b16f6043962 - std[70759c8f55707aa4]::panicking::panic_with_hook
[INFO] [stdout]    7:     0x5b16f60276e2 - std[70759c8f55707aa4]::panicking::panic_handler::{closure#0}
[INFO] [stdout]    8:     0x5b16f60202d9 - std[70759c8f55707aa4]::sys::backtrace::__rust_end_short_backtrace::<std[70759c8f55707aa4]::panicking::panic_handler::{closure#0}, !>
[INFO] [stdout]    9:     0x5b16f60282dd - __rustc[8fa7c3cbc660c2b3]::rust_begin_unwind
[INFO] [stdout]   10:     0x5b16f60600ec - core[df12db4294e9bfd3]::panicking::panic_fmt
[INFO] [stdout]   11:     0x5b16f605fec2 - core[df12db4294e9bfd3]::result::unwrap_failed
[INFO] [stdout]   12:     0x5b16f5f7a069 - transpile[1e7b4f037dcae2b5]::outcomes_for
[INFO] [stdout]   13:     0x5b16f5f7ab81 - <transpile[1e7b4f037dcae2b5]::broken_is_repaired_by_the_loop::{closure#0} as core[df12db4294e9bfd3]::ops::function::FnOnce<()>>::call_once
[INFO] [stdout]   14:     0x5b16f5f7af0b - test[9d35eded1c95d3be]::__rust_begin_short_backtrace::<core[df12db4294e9bfd3]::result::Result<(), alloc[2182bb758b4b3781]::string::String>, fn() -> core[df12db4294e9bfd3]::result::Result<(), alloc[2182bb758b4b3781]::string::String>>
[INFO] [stdout]   15:     0x5b16f5f88575 - test[9d35eded1c95d3be]::run_test::{closure#0}
[INFO] [stdout]   16:     0x5b16f5f81e34 - std[70759c8f55707aa4]::sys::backtrace::__rust_begin_short_backtrace::<test[9d35eded1c95d3be]::run_test::{closure#1}, ()>
[INFO] [stdout]   17:     0x5b16f5f8b6d2 - <std[70759c8f55707aa4]::thread::lifecycle::spawn_unchecked<test[9d35eded1c95d3be]::run_test::{closure#1}, ()>::{closure#1} as core[df12db4294e9bfd3]::ops::function::FnOnce<()>>::call_once::{shim:vtable#0}
[INFO] [stdout]   18:     0x5b16f604a919 - <std[70759c8f55707aa4]::sys::thread::unix::Thread>::new::thread_start
[INFO] [stdout]   19:     0x7b443a91bdfa - <unknown>
[INFO] [stdout]   20:     0x7b443a9af3d4 - clone
[INFO] [stdout]   21:                0x0 - <unknown>
[INFO] [stdout] 
[INFO] [stdout] ---- intent_only_is_synthesized_and_verified stdout ----
[INFO] [stdout] 
[INFO] [stdout] thread 'intent_only_is_synthesized_and_verified' (270) panicked at tests/transpile.rs:5:45:
[INFO] [stdout] called `Result::unwrap()` on an `Err` value: Os { code: 2, kind: NotFound, message: "No such file or directory" }
[INFO] [stdout] stack backtrace:
[INFO] [stdout]    0:     0x5b16f604b3b1 - <<std[70759c8f55707aa4]::sys::backtrace::BacktraceLock>::print::DisplayBacktrace as core[df12db4294e9bfd3]::fmt::Display>::fmt
[INFO] [stdout]    1:     0x5b16f605f9ba - core[df12db4294e9bfd3]::fmt::write
[INFO] [stdout]    2:     0x5b16f604f84c - <alloc[2182bb758b4b3781]::vec::Vec<u8> as core[df12db4294e9bfd3]::io::write::Write>::write_fmt
[INFO] [stdout]    3:     0x5b16f6027636 - std[70759c8f55707aa4]::panicking::default_hook::{closure#0}
[INFO] [stdout]    4:     0x5b16f60437a9 - std[70759c8f55707aa4]::panicking::default_hook
[INFO] [stdout]    5:     0x5b16f5f87c20 - test[9d35eded1c95d3be]::test_main_inner::<test[9d35eded1c95d3be]::test_main_static::{closure#0}>::{closure#0}
[INFO] [stdout]    6:     0x5b16f6043962 - std[70759c8f55707aa4]::panicking::panic_with_hook
[INFO] [stdout]    7:     0x5b16f60276e2 - std[70759c8f55707aa4]::panicking::panic_handler::{closure#0}
[INFO] [stdout]    8:     0x5b16f60202d9 - std[70759c8f55707aa4]::sys::backtrace::__rust_end_short_backtrace::<std[70759c8f55707aa4]::panicking::panic_handler::{closure#0}, !>
[INFO] [stdout]    9:     0x5b16f60282dd - __rustc[8fa7c3cbc660c2b3]::rust_begin_unwind
[INFO] [stdout]   10:     0x5b16f60600ec - core[df12db4294e9bfd3]::panicking::panic_fmt
[INFO] [stdout]   11:     0x5b16f605fec2 - core[df12db4294e9bfd3]::result::unwrap_failed
[INFO] [stdout]   12:     0x5b16f5f7a069 - transpile[1e7b4f037dcae2b5]::outcomes_for
[INFO] [stdout]   13:     0x5b16f5f7ad8c - <transpile[1e7b4f037dcae2b5]::intent_only_is_synthesized_and_verified::{closure#0} as core[df12db4294e9bfd3]::ops::function::FnOnce<()>>::call_once
[INFO] [stdout]   14:     0x5b16f5f7af0b - test[9d35eded1c95d3be]::__rust_begin_short_backtrace::<core[df12db4294e9bfd3]::result::Result<(), alloc[2182bb758b4b3781]::string::String>, fn() -> core[df12db4294e9bfd3]::result::Result<(), alloc[2182bb758b4b3781]::string::String>>
[INFO] [stdout]   15:     0x5b16f5f88575 - test[9d35eded1c95d3be]::run_test::{closure#0}
[INFO] [stdout]   16:     0x5b16f5f81e34 - std[70759c8f55707aa4]::sys::backtrace::__rust_begin_short_backtrace::<test[9d35eded1c95d3be]::run_test::{closure#1}, ()>
[INFO] [stdout]   17:     0x5b16f5f8b6d2 - <std[70759c8f55707aa4]::thread::lifecycle::spawn_unchecked<test[9d35eded1c95d3be]::run_test::{closure#1}, ()>::{closure#1} as core[df12db4294e9bfd3]::ops::function::FnOnce<()>>::call_once::{shim:vtable#0}
[INFO] [stdout]   18:     0x5b16f604a919 - <std[70759c8f55707aa4]::sys::thread::unix::Thread>::new::thread_start
[INFO] [stdout]   19:     0x7b443a91bdfa - <unknown>
[INFO] [stdout]   20:     0x7b443a9af3d4 - clone
[INFO] [stdout]   21:                0x0 - <unknown>
[INFO] [stdout] 
[INFO] [stdout] ---- wallet_is_verified stdout ----
[INFO] [stdout] 
[INFO] [stdout] thread 'wallet_is_verified' (271) panicked at tests/transpile.rs:5:45:
[INFO] [stdout] called `Result::unwrap()` on an `Err` value: Os { code: 2, kind: NotFound, message: "No such file or directory" }
[INFO] [stdout] stack backtrace:
[INFO] [stdout]    0:     0x5b16f604b3b1 - <<std[70759c8f55707aa4]::sys::backtrace::BacktraceLock>::print::DisplayBacktrace as core[df12db4294e9bfd3]::fmt::Display>::fmt
[INFO] [stdout]    1:     0x5b16f605f9ba - core[df12db4294e9bfd3]::fmt::write
[INFO] [stdout]    2:     0x5b16f604f84c - <alloc[2182bb758b4b3781]::vec::Vec<u8> as core[df12db4294e9bfd3]::io::write::Write>::write_fmt
[INFO] [stdout]    3:     0x5b16f6027636 - std[70759c8f55707aa4]::panicking::default_hook::{closure#0}
[INFO] [stdout]    4:     0x5b16f60437a9 - std[70759c8f55707aa4]::panicking::default_hook
[INFO] [stdout]    5:     0x5b16f5f87c20 - test[9d35eded1c95d3be]::test_main_inner::<test[9d35eded1c95d3be]::test_main_static::{closure#0}>::{closure#0}
[INFO] [stdout]    6:     0x5b16f6043962 - std[70759c8f55707aa4]::panicking::panic_with_hook
[INFO] [stdout]    7:     0x5b16f60276e2 - std[70759c8f55707aa4]::panicking::panic_handler::{closure#0}
[INFO] [stdout]    8:     0x5b16f60202d9 - std[70759c8f55707aa4]::sys::backtrace::__rust_end_short_backtrace::<std[70759c8f55707aa4]::panicking::panic_handler::{closure#0}, !>
[INFO] [stdout]    9:     0x5b16f60282dd - __rustc[8fa7c3cbc660c2b3]::rust_begin_unwind
[INFO] [stdout]   10:     0x5b16f60600ec - core[df12db4294e9bfd3]::panicking::panic_fmt
[INFO] [stdout]   11:     0x5b16f605fec2 - core[df12db4294e9bfd3]::result::unwrap_failed
[INFO] [stdout]   12:     0x5b16f5f7a069 - transpile[1e7b4f037dcae2b5]::outcomes_for
[INFO] [stdout]   13:     0x5b16f5f7aa5b - <transpile[1e7b4f037dcae2b5]::wallet_is_verified::{closure#0} as core[df12db4294e9bfd3]::ops::function::FnOnce<()>>::call_once
[INFO] [stdout]   14:     0x5b16f5f7af0b - test[9d35eded1c95d3be]::__rust_begin_short_backtrace::<core[df12db4294e9bfd3]::result::Result<(), alloc[2182bb758b4b3781]::string::String>, fn() -> core[df12db4294e9bfd3]::result::Result<(), alloc[2182bb758b4b3781]::string::String>>
[INFO] [stdout]   15:     0x5b16f5f88575 - test[9d35eded1c95d3be]::run_test::{closure#0}
[INFO] [stdout]   16:     0x5b16f5f81e34 - std[70759c8f55707aa4]::sys::backtrace::__rust_begin_short_backtrace::<test[9d35eded1c95d3be]::run_test::{closure#1}, ()>
[INFO] [stdout]   17:     0x5b16f5f8b6d2 - <std[70759c8f55707aa4]::thread::lifecycle::spawn_unchecked<test[9d35eded1c95d3be]::run_test::{closure#1}, ()>::{closure#1} as core[df12db4294e9bfd3]::ops::function::FnOnce<()>>::call_once::{shim:vtable#0}
[INFO] [stdout]   18:     0x5b16f604a919 - <std[70759c8f55707aa4]::sys::thread::unix::Thread>::new::thread_start
[INFO] [stdout]   19:     0x7b443a91bdfa - <unknown>
[INFO] [stdout]   20:     0x7b443a9af3d4 - clone
[INFO] [stdout]   21:                0x0 - <unknown>
[INFO] [stdout] 
[INFO] [stdout] 
[INFO] [stdout] failures:
[INFO] [stdout]     broken_is_repaired_by_the_loop
[INFO] [stdout]     intent_only_is_synthesized_and_verified
[INFO] [stdout]     wallet_is_verified
[INFO] [stdout] 
[INFO] [stdout] test result: FAILED. 0 passed; 3 failed; 0 ignored; 0 measured; 0 filtered out; finished in 0.00s
[INFO] [stdout] 
[INFO] running `Command { std: "docker" "inspect" "860921f1c2af8b070348ddd3993644048164a4cdde88ed850ab3c78a507904f1", kill_on_drop: false }`
[INFO] running `Command { std: "docker" "rm" "-f" "860921f1c2af8b070348ddd3993644048164a4cdde88ed850ab3c78a507904f1", kill_on_drop: false }`
[INFO] [stdout] 860921f1c2af8b070348ddd3993644048164a4cdde88ed850ab3c78a507904f1
