[INFO] fetching crate tpm2sh 1.2.3...
[INFO] testing tpm2sh-1.2.3 against 1.100.0-beta.1+cargoflags=--release for beta-release-1.100-2
[INFO] extracting crate tpm2sh 1.2.3 into /workspace/builds/worker-4-tc2/source
[INFO] started tweaking crates.io crate tpm2sh 1.2.3
[INFO] removed 0 missing tests
[INFO] finished tweaking crates.io crate tpm2sh 1.2.3
[INFO] tweaked toml for crates.io crate tpm2sh 1.2.3 written to /workspace/builds/worker-4-tc2/source/Cargo.toml
[INFO] validating manifest of crates.io crate tpm2sh 1.2.3 on toolchain 1.100.0-beta.1
[INFO] running `Command { std: CARGO_HOME="/workspace/cargo-home" RUSTUP_HOME="/workspace/rustup-home" "/workspace/cargo-home/bin/cargo" "+1.100.0-beta.1" "metadata" "--manifest-path" "Cargo.toml" "--no-deps", kill_on_drop: false }`
[INFO] crate crates.io crate tpm2sh 1.2.3 already has a lockfile, it will not be regenerated
[INFO] running `Command { std: CARGO_HOME="/workspace/cargo-home" RUSTUP_HOME="/workspace/rustup-home" "/workspace/cargo-home/bin/cargo" "+1.100.0-beta.1" "fetch" "--manifest-path" "Cargo.toml", kill_on_drop: false }`
[INFO] [stderr] warning: `package.homepage` is redundant with `package.repository`
[INFO] [stderr]    --> Cargo.toml:98:12
[INFO] [stderr]     |
[INFO] [stderr]  98 | homepage = "https://github.com/jarkkojs/tpm2-library"
[INFO] [stderr]     |            ^^^^^^^^^^^^^^^^^^^^^^^^^^^^^^^^^^^^^^^^^^
[INFO] [stderr] ...
[INFO] [stderr] 102 | repository = "https://github.com/jarkkojs/tpm2-library"
[INFO] [stderr]     |              ------------------------------------------
[INFO] [stderr]     |
[INFO] [stderr]     = note: `cargo::redundant_homepage` is set to `warn` by default
[INFO] [stderr] help: consider removing `package.homepage`
[INFO] [stderr] warning: `tpm2sh` (manifest) generated 1 warning
[INFO] running `Command { std: "docker" "create" "-v" "/var/lib/crater-agent-workspace/builds/worker-4-tc2/source:/opt/rustwide/workdir:ro,Z" "-v" "/var/lib/crater-agent-workspace/builds/worker-4-tc2/target:/opt/rustwide/target:rw,Z" "-v" "/var/lib/crater-agent-workspace/cargo-home:/opt/rustwide/cargo-home:ro,Z" "-v" "/var/lib/crater-agent-workspace/rustup-home:/opt/rustwide/rustup-home:ro,Z" "-m" "1610612736" "--network" "none" "ghcr.io/rust-lang/crates-build-env/linux@sha256:77db811e55d90add9212f6832c23229e3de5f1c1f9905e8cb07319ea15df73ac" "sleep" "infinity", kill_on_drop: false }`
[INFO] [stdout] 72cdd881b62709928b2536129a9bbe342cf7681f95ab63ee94ba6522ea79b3be
[INFO] running `Command { std: "docker" "start" "72cdd881b62709928b2536129a9bbe342cf7681f95ab63ee94ba6522ea79b3be", kill_on_drop: false }`
[INFO] running `Command { std: "docker" "inspect" "72cdd881b62709928b2536129a9bbe342cf7681f95ab63ee94ba6522ea79b3be", kill_on_drop: false }`
[INFO] running `Command { std: "docker" "exec" "-e" "SOURCE_DIR=/opt/rustwide/workdir" "-e" "CARGO_HOME=/opt/rustwide/cargo-home" "-e" "RUSTUP_HOME=/opt/rustwide/rustup-home" "-e" "CARGO_TARGET_DIR=/opt/rustwide/target" "-w" "/opt/rustwide/workdir" "--user" "0:0" "72cdd881b62709928b2536129a9bbe342cf7681f95ab63ee94ba6522ea79b3be" "/opt/rustwide/cargo-home/bin/cargo" "+1.100.0-beta.1" "metadata" "--no-deps" "--format-version=1", kill_on_drop: false }`
[INFO] running `Command { std: "docker" "inspect" "72cdd881b62709928b2536129a9bbe342cf7681f95ab63ee94ba6522ea79b3be", kill_on_drop: false }`
[INFO] running `Command { std: "docker" "exec" "-e" "SOURCE_DIR=/opt/rustwide/workdir" "-e" "CARGO_HOME=/opt/rustwide/cargo-home" "-e" "RUSTUP_HOME=/opt/rustwide/rustup-home" "-e" "CARGO_TARGET_DIR=/opt/rustwide/target" "-e" "CARGO_INCREMENTAL=0" "-e" "RUST_BACKTRACE=full" "-e" "RUSTFLAGS=--cap-lints=warn" "-e" "RUSTDOCFLAGS=--cap-lints=warn" "-w" "/opt/rustwide/workdir" "--user" "0:0" "72cdd881b62709928b2536129a9bbe342cf7681f95ab63ee94ba6522ea79b3be" "/opt/rustwide/cargo-home/bin/cargo" "+1.100.0-beta.1" "build" "--frozen" "--message-format=json" "--release", kill_on_drop: false }`
[INFO] [stderr] warning: `package.homepage` is redundant with `package.repository`
[INFO] [stderr]    --> Cargo.toml:98:12
[INFO] [stderr]     |
[INFO] [stderr]  98 | homepage = "https://github.com/jarkkojs/tpm2-library"
[INFO] [stderr]     |            ^^^^^^^^^^^^^^^^^^^^^^^^^^^^^^^^^^^^^^^^^^
[INFO] [stderr] ...
[INFO] [stderr] 102 | repository = "https://github.com/jarkkojs/tpm2-library"
[INFO] [stderr]     |              ------------------------------------------
[INFO] [stderr]     |
[INFO] [stderr]     = note: `cargo::redundant_homepage` is set to `warn` by default
[INFO] [stderr] help: consider removing `package.homepage`
[INFO] [stderr] warning: `tpm2sh` (manifest) generated 1 warning
[INFO] [stderr]    Compiling libc v0.2.190
[INFO] [stderr]    Compiling openssl-sys v0.9.117
[INFO] [stderr]    Compiling cfg_aliases v0.2.2
[INFO] [stderr]    Compiling getrandom v0.4.3
[INFO] [stderr]    Compiling strum_macros v0.28.0
[INFO] [stderr]    Compiling zerocopy v0.8.62
[INFO] [stderr]    Compiling cfg-if v1.0.5
[INFO] [stderr]    Compiling openssl-macros v0.1.1
[INFO] [stderr]    Compiling vte_generate_state_changes v0.1.2
[INFO] [stderr]    Compiling arrayvec v0.5.2
[INFO] [stderr]    Compiling either v1.19.0
[INFO] [stderr]    Compiling serde_core v1.0.229
[INFO] [stderr]    Compiling syn v1.0.109
[INFO] [stderr]    Compiling tpm2-protocol v1.2.3
[INFO] [stderr]    Compiling openssl v0.10.81
[INFO] [stderr]    Compiling radium v0.7.0
[INFO] [stderr]    Compiling itertools v0.13.0
[INFO] [stderr]    Compiling vte v0.10.1
[INFO] [stderr]    Compiling log v0.4.34
[INFO] [stderr]    Compiling tap v1.0.1
[INFO] [stderr]    Compiling serde_json v1.0.151
[INFO] [stderr]    Compiling wyz v0.5.1
[INFO] [stderr]    Compiling proc-macro-error-attr v1.0.4
[INFO] [stderr]    Compiling ansitok v0.2.0
[INFO] [stderr]    Compiling uuid v1.27.0
[INFO] [stderr]    Compiling rasn-derive-impl v0.29.0
[INFO] [stderr]    Compiling strum v0.28.0
[INFO] [stderr]    Compiling nix v0.29.0
[INFO] [stderr]    Compiling getrandom v0.2.17
[INFO] [stderr]    Compiling rand_core v0.6.4
[INFO] [stderr]    Compiling nix v0.31.3
[INFO] [stderr]    Compiling snafu-derive v0.8.9
[INFO] [stderr]    Compiling portable-atomic v1.15.0
[INFO] [stderr]    Compiling funty v2.0.0
[INFO] [stderr]    Compiling proc-macro-error v1.0.4
[INFO] [stderr]    Compiling ansi-str v0.8.0
[INFO] [stderr]    Compiling rasn-derive v0.29.0
[INFO] [stderr]    Compiling bitvec v1.1.1
[INFO] [stderr]    Compiling chrono v0.4.45
[INFO] [stderr]    Compiling snafu v0.8.9
[INFO] [stderr]    Compiling xml-no-std v0.8.26
[INFO] [stderr]    Compiling argh_shared v0.1.19
[INFO] [stderr]    Compiling tracing-core v0.1.36
[INFO] [stderr]    Compiling ppv-lite86 v0.2.21
[INFO] [stderr]    Compiling rand_chacha v0.3.1
[INFO] [stderr]    Compiling base64 v0.22.1
[INFO] [stderr]    Compiling bytes v1.12.1
[INFO] [stderr]    Compiling bytecount v0.6.9
[INFO] [stderr]    Compiling papergrid v0.11.0
[INFO] [stderr]    Compiling tpm2-crypto v1.2.3
[INFO] [stderr]    Compiling rasn v0.29.0
[INFO] [stderr]    Compiling dirs-sys v0.5.0
[INFO] [stderr]    Compiling pem v3.0.6
[INFO] [stderr]    Compiling rand v0.8.8
[INFO] [stderr]    Compiling tracing v0.1.44
[INFO] [stderr]    Compiling argh_derive v0.1.19
[INFO] [stderr]    Compiling tabled_derive v0.7.0
[INFO] [stderr]    Compiling console v0.15.11
[INFO] [stderr]    Compiling env_filter v2.0.0
[INFO] [stderr]    Compiling number_prefix v0.4.0
[INFO] [stderr]    Compiling argh v0.1.19
[INFO] [stderr]    Compiling indicatif v0.17.11
[INFO] [stderr]    Compiling env_logger v0.11.11
[INFO] [stderr]    Compiling tpm2-device v1.2.3
[INFO] [stderr]    Compiling ctrlc v3.5.2
[INFO] [stderr]    Compiling tabled v0.15.0
[INFO] [stderr]    Compiling directories v6.0.0
[INFO] [stderr]    Compiling tpm2-policy-language v1.2.3
[INFO] [stderr]    Compiling tpm2-vtpm v1.2.3
[INFO] [stderr]    Compiling tpm2-tpmkey v1.2.3
[INFO] [stderr]    Compiling tpm2sh v1.2.3 (/opt/rustwide/workdir)
[INFO] [stderr]     Finished `release` profile [optimized] target(s) in 2m 32s
[INFO] running `Command { std: "docker" "inspect" "72cdd881b62709928b2536129a9bbe342cf7681f95ab63ee94ba6522ea79b3be", kill_on_drop: false }`
[INFO] running `Command { std: "docker" "exec" "-e" "SOURCE_DIR=/opt/rustwide/workdir" "-e" "CARGO_HOME=/opt/rustwide/cargo-home" "-e" "RUSTUP_HOME=/opt/rustwide/rustup-home" "-e" "CARGO_TARGET_DIR=/opt/rustwide/target" "-e" "CARGO_INCREMENTAL=0" "-e" "RUST_BACKTRACE=full" "-e" "RUSTFLAGS=--cap-lints=warn" "-e" "RUSTDOCFLAGS=--cap-lints=warn" "-w" "/opt/rustwide/workdir" "--user" "0:0" "72cdd881b62709928b2536129a9bbe342cf7681f95ab63ee94ba6522ea79b3be" "/opt/rustwide/cargo-home/bin/cargo" "+1.100.0-beta.1" "test" "--frozen" "--no-run" "--message-format=json" "--release", kill_on_drop: false }`
[INFO] [stderr] warning: `package.homepage` is redundant with `package.repository`
[INFO] [stderr]    --> Cargo.toml:98:12
[INFO] [stderr]     |
[INFO] [stderr]  98 | homepage = "https://github.com/jarkkojs/tpm2-library"
[INFO] [stderr]     |            ^^^^^^^^^^^^^^^^^^^^^^^^^^^^^^^^^^^^^^^^^^
[INFO] [stderr] ...
[INFO] [stderr] 102 | repository = "https://github.com/jarkkojs/tpm2-library"
[INFO] [stderr]     |              ------------------------------------------
[INFO] [stderr]     |
[INFO] [stderr]     = note: `cargo::redundant_homepage` is set to `warn` by default
[INFO] [stderr] help: consider removing `package.homepage`
[INFO] [stderr] warning: `tpm2sh` (manifest) generated 1 warning
[INFO] [stderr]    Compiling bitflags v2.13.2
[INFO] [stderr]    Compiling syn v2.0.119
[INFO] [stderr]    Compiling errno v0.3.14
[INFO] [stderr]    Compiling memchr v2.8.3
[INFO] [stderr]    Compiling signal-hook v0.4.5
[INFO] [stderr]    Compiling hashbrown v0.17.1
[INFO] [stderr]    Compiling semver v1.0.28
[INFO] [stderr]    Compiling winnow v1.0.4
[INFO] [stderr]    Compiling signal-hook-registry v1.4.8
[INFO] [stderr]    Compiling regex-automata v0.4.18
[INFO] [stderr]    Compiling rustc_version v0.4.1
[INFO] [stderr]    Compiling toml_datetime v1.1.2+spec-1.1.0
[INFO] [stderr]    Compiling rstest_macros v0.26.1
[INFO] [stderr]    Compiling aho-corasick v1.1.5
[INFO] [stderr]    Compiling os_pipe v1.2.3
[INFO] [stderr]    Compiling indexmap v2.14.2
[INFO] [stderr]    Compiling syn v3.0.6
[INFO] [stderr]    Compiling predicates-core v1.0.10
[INFO] [stderr]    Compiling rustix v1.1.5
[INFO] [stderr]    Compiling sigchld v0.2.5
[INFO] [stderr]    Compiling nix v0.31.3
[INFO] [stderr]    Compiling nix v0.29.0
[INFO] [stderr]    Compiling toml_parser v1.1.5+spec-1.1.0
[INFO] [stderr]    Compiling toml_edit v0.25.17+spec-1.1.0
[INFO] [stderr]    Compiling float-cmp v0.10.0
[INFO] [stderr]    Compiling getrandom v0.4.3
[INFO] [stderr]    Compiling assert_cmd v2.2.2
[INFO] [stderr]    Compiling futures-core v0.3.34
[INFO] [stderr]    Compiling linux-raw-sys v0.12.1
[INFO] [stderr]    Compiling relative-path v1.9.3
[INFO] [stderr]    Compiling predicates-tree v1.0.13
[INFO] [stderr]    Compiling proc-macro-crate v3.5.0
[INFO] [stderr]    Compiling ctrlc v3.5.2
[INFO] [stderr]    Compiling shared_child v1.1.2
[INFO] [stderr]    Compiling wait-timeout v0.2.1
[INFO] [stderr]    Compiling fastrand v2.5.0
[INFO] [stderr]    Compiling futures-timer v3.0.4
[INFO] [stderr]    Compiling duct v0.13.7
[INFO] [stderr]    Compiling regex v1.13.1
[INFO] [stderr]    Compiling rasn-derive-impl v0.29.0
[INFO] [stderr]    Compiling futures-macro v0.3.34
[INFO] [stderr]    Compiling predicates v3.1.4
[INFO] [stderr]    Compiling bstr v1.13.1
[INFO] [stderr]    Compiling futures-util v0.3.34
[INFO] [stderr]    Compiling tempfile v3.27.0
[INFO] [stderr]    Compiling strum_macros v0.28.0
[INFO] [stderr]    Compiling openssl-macros v0.1.1
[INFO] [stderr]    Compiling snafu-derive v0.8.9
[INFO] [stderr]    Compiling openssl v0.10.81
[INFO] [stderr]    Compiling rasn-derive v0.29.0
[INFO] [stderr]    Compiling argh_derive v0.1.19
[INFO] [stderr]    Compiling strum v0.28.0
[INFO] [stderr]    Compiling argh v0.1.19
[INFO] [stderr]    Compiling snafu v0.8.9
[INFO] [stderr]    Compiling rasn v0.29.0
[INFO] [stderr]    Compiling rstest v0.26.1
[INFO] [stderr]    Compiling tpm2-crypto v1.2.3
[INFO] [stderr]    Compiling tpm2-device v1.2.3
[INFO] [stderr]    Compiling tpm2-vtpm v1.2.3
[INFO] [stderr]    Compiling tpm2-policy-language v1.2.3
[INFO] [stderr]    Compiling tpm2-tpmkey v1.2.3
[INFO] [stderr]    Compiling tpm2sh v1.2.3 (/opt/rustwide/workdir)
[INFO] [stderr]     Finished `release` profile [optimized] target(s) in 2m 10s
[INFO] running `Command { std: "docker" "inspect" "72cdd881b62709928b2536129a9bbe342cf7681f95ab63ee94ba6522ea79b3be", kill_on_drop: false }`
[INFO] running `Command { std: "docker" "exec" "-e" "SOURCE_DIR=/opt/rustwide/workdir" "-e" "CARGO_HOME=/opt/rustwide/cargo-home" "-e" "RUSTUP_HOME=/opt/rustwide/rustup-home" "-e" "CARGO_TARGET_DIR=/opt/rustwide/target" "-e" "CARGO_INCREMENTAL=0" "-e" "RUST_BACKTRACE=full" "-e" "RUSTFLAGS=--cap-lints=warn" "-e" "RUSTDOCFLAGS=--cap-lints=warn" "-w" "/opt/rustwide/workdir" "--user" "0:0" "72cdd881b62709928b2536129a9bbe342cf7681f95ab63ee94ba6522ea79b3be" "/opt/rustwide/cargo-home/bin/cargo" "+1.100.0-beta.1" "test" "--frozen" "--release", kill_on_drop: false }`
[INFO] [stderr] warning: `package.homepage` is redundant with `package.repository`
[INFO] [stderr]    --> Cargo.toml:98:12
[INFO] [stderr]     |
[INFO] [stderr]  98 | homepage = "https://github.com/jarkkojs/tpm2-library"
[INFO] [stderr]     |            ^^^^^^^^^^^^^^^^^^^^^^^^^^^^^^^^^^^^^^^^^^
[INFO] [stderr] ...
[INFO] [stderr] 102 | repository = "https://github.com/jarkkojs/tpm2-library"
[INFO] [stderr]     |              ------------------------------------------
[INFO] [stderr]     |
[INFO] [stderr]     = note: `cargo::redundant_homepage` is set to `warn` by default
[INFO] [stderr] help: consider removing `package.homepage`
[INFO] [stderr] warning: `tpm2sh` (manifest) generated 1 warning
[INFO] [stderr]     Finished `release` profile [optimized] target(s) in 0.19s
[INFO] [stderr]      Running unittests src/main.rs (/opt/rustwide/target/release/build/tpm2sh/b1d36a745d1e0872/out/tpm2sh-b1d36a745d1e0872)
[INFO] [stdout] 
[INFO] [stdout] running 15 tests
[INFO] [stdout] test cli::tests::parse_global_auth_before_subcommand ... ok
[INFO] [stdout] test command::common::tests::parse_auth_trims_whitespace ... ok
[INFO] [stdout] test handle::tests::parse_exact_handle ... ok
[INFO] [stdout] test handle::tests::parse_wildcard_handle ... ok
[INFO] [stdout] test handle::tests::pattern_display_uses_question_marks ... ok
[INFO] [stdout] test cli::tests::parse_version_without_command ... ok
[INFO] [stdout] test io::tests::parse_u32_accepts_variants ... ok
[INFO] [stdout] test io::tests::read_file_input_errors_on_empty_file ... ok
[INFO] [stdout] test cli::tests::reject_global_auth_after_subcommand ... ok
[INFO] [stdout] test handle::tests::reject_too_short ... ok
[INFO] [stdout] test handle::tests::reject_invalid_characters ... ok
[INFO] [stdout] test handle::tests::reject_multiple_asterisks ... ok
[INFO] [stdout] test command::common::tests::build_auth_map_wraps_entry_in_error ... ok
[INFO] [stdout] test handle::tests::reject_invalid_non_alphanumeric_character ... ok
[INFO] [stdout] test io::tests::read_file_input_reads_non_empty_file ... ok
[INFO] [stdout] 
[INFO] [stdout] test result: ok. 15 passed; 0 failed; 0 ignored; 0 measured; 0 filtered out; finished in 0.02s
[INFO] [stdout] 
[INFO] [stderr]      Running tests/integration.rs (/opt/rustwide/target/release/build/tpm2sh/c0638ce0e769ab4c/out/integration-c0638ce0e769ab4c)
[INFO] [stdout] 
[INFO] [stdout] running 9 tests
[INFO] [stderr] device: io
[INFO] [stderr] device: io
[INFO] [stderr] device: io
[INFO] [stderr] device: io
[INFO] [stdout] test create_primary_invalid_policy ... FAILED
[INFO] [stdout] test auth_with_policy ... FAILED
[INFO] [stdout] test auth_with_value ... FAILED
[INFO] [stderr] device: io
[INFO] [stdout] test auth_policy_secret_with_value ... FAILED
[INFO] [stdout] test create_keyedhash_hmac ... FAILED
[INFO] [stdout] test load_multi_level_hierarchy ... FAILED
[INFO] [stderr] device: io
[INFO] [stdout] test create_primary_valid_policy ... FAILED
[INFO] [stderr] device: io
[INFO] [stdout] test load_external_key::case_2_ecc ... FAILED
[INFO] [stderr] device: io
[INFO] [stdout] test load_external_key::case_1_rsa ... FAILED
[INFO] [stdout] 
[INFO] [stdout] failures:
[INFO] [stdout] 
[INFO] [stdout] ---- create_primary_invalid_policy stdout ----
[INFO] [stdout] 
[INFO] [stdout] thread 'create_primary_invalid_policy' (2617) panicked at tests/integration.rs:273:5:
[INFO] [stdout] assertion failed: stderr.contains("policy: invalid pcr digest algorithm")
[INFO] [stdout] stack backtrace:
[INFO] [stdout]    0:     0x5973fe0a9bc1 - <<std[617be2ca0a6fd877]::sys::backtrace::BacktraceLock>::print::DisplayBacktrace as core[a373ad73a504971]::fmt::Display>::fmt
[INFO] [stdout]    1:     0x5973fe0bdf7a - core[a373ad73a504971]::fmt::write
[INFO] [stdout]    2:     0x5973fe0ae0ac - <alloc[2e1b2a31b91974c5]::vec::Vec<u8> as core[a373ad73a504971]::io::write::Write>::write_fmt
[INFO] [stdout]    3:     0x5973fe084156 - std[617be2ca0a6fd877]::panicking::default_hook::{closure#0}
[INFO] [stdout]    4:     0x5973fe0a1919 - std[617be2ca0a6fd877]::panicking::default_hook
[INFO] [stdout]    5:     0x5973fe039ff0 - test[aada8e7e76ba119b]::test_main_inner::{closure#0}
[INFO] [stdout]    6:     0x5973fe0a1ad2 - std[617be2ca0a6fd877]::panicking::panic_with_hook
[INFO] [stdout]    7:     0x5973fe084234 - std[617be2ca0a6fd877]::panicking::panic_handler::{closure#0}
[INFO] [stdout]    8:     0x5973fe07cd79 - std[617be2ca0a6fd877]::sys::backtrace::__rust_end_short_backtrace::<std[617be2ca0a6fd877]::panicking::panic_handler::{closure#0}, !>
[INFO] [stdout]    9:     0x5973fe084e8d - __rustc[ea4f61d10b84890b]::rust_begin_unwind
[INFO] [stdout]   10:     0x5973fe0be6ac - core[a373ad73a504971]::panicking::panic_fmt
[INFO] [stdout]   11:     0x5973fe0be672 - core[a373ad73a504971]::panicking::panic
[INFO] [stdout]   12:     0x5973fe01f272 - <integration[299131e33ad45d1f]::create_primary_invalid_policy::{closure#0} as core[a373ad73a504971]::ops::function::FnOnce<()>>::call_once
[INFO] [stdout]   13:     0x5973fe02d43b - test[aada8e7e76ba119b]::__rust_begin_short_backtrace::<core[a373ad73a504971]::result::Result<(), alloc[2e1b2a31b91974c5]::string::String>, fn() -> core[a373ad73a504971]::result::Result<(), alloc[2e1b2a31b91974c5]::string::String>>
[INFO] [stdout]   14:     0x5973fe03a615 - test[aada8e7e76ba119b]::run_test::{closure#0}
[INFO] [stdout]   15:     0x5973fe033f04 - std[617be2ca0a6fd877]::sys::backtrace::__rust_begin_short_backtrace::<test[aada8e7e76ba119b]::run_test::{closure#1}, ()>
[INFO] [stdout]   16:     0x5973fe03d6a2 - <std[617be2ca0a6fd877]::thread::lifecycle::spawn_unchecked<test[aada8e7e76ba119b]::run_test::{closure#1}, ()>::{closure#1} as core[a373ad73a504971]::ops::function::FnOnce<()>>::call_once::{shim:vtable#0}
[INFO] [stdout]   17:     0x5973fe0a93ef - <std[617be2ca0a6fd877]::sys::thread::unix::Thread>::new::thread_start
[INFO] [stdout]   18:     0x7975f518ddfa - <unknown>
[INFO] [stdout]   19:     0x7975f52213d4 - clone
[INFO] [stdout]   20:                0x0 - <unknown>
[INFO] [stdout] 
[INFO] [stdout] ---- auth_with_policy stdout ----
[INFO] [stdout] 
[INFO] [stdout] thread 'auth_with_policy' (2614) panicked at tests/integration.rs:157:50:
[INFO] [stdout] called `Result::unwrap()` on an `Err` value: Custom { kind: Other, error: "command [\"/opt/rustwide/target/release/tpm2sh\", \"delete\", \"80*\"] exited with code 1" }
[INFO] [stdout] stack backtrace:
[INFO] [stdout]    0:     0x5973fe0a9bc1 - <<std[617be2ca0a6fd877]::sys::backtrace::BacktraceLock>::print::DisplayBacktrace as core[a373ad73a504971]::fmt::Display>::fmt
[INFO] [stdout]    1:     0x5973fe0bdf7a - core[a373ad73a504971]::fmt::write
[INFO] [stdout]    2:     0x5973fe0ae0ac - <alloc[2e1b2a31b91974c5]::vec::Vec<u8> as core[a373ad73a504971]::io::write::Write>::write_fmt
[INFO] [stdout]    3:     0x5973fe084156 - std[617be2ca0a6fd877]::panicking::default_hook::{closure#0}
[INFO] [stdout]    4:     0x5973fe0a1919 - std[617be2ca0a6fd877]::panicking::default_hook
[INFO] [stdout]    5:     0x5973fe039ff0 - test[aada8e7e76ba119b]::test_main_inner::{closure#0}
[INFO] [stdout]    6:     0x5973fe0a1ad2 - std[617be2ca0a6fd877]::panicking::panic_with_hook
[INFO] [stdout]    7:     0x5973fe084202 - std[617be2ca0a6fd877]::panicking::panic_handler::{closure#0}
[INFO] [stdout]    8:     0x5973fe07cd79 - std[617be2ca0a6fd877]::sys::backtrace::__rust_end_short_backtrace::<std[617be2ca0a6fd877]::panicking::panic_handler::{closure#0}, !>
[INFO] [stdout]    9:     0x5973fe084e8d - __rustc[ea4f61d10b84890b]::rust_begin_unwind
[INFO] [stdout]   10:     0x5973fe0be6ac - core[a373ad73a504971]::panicking::panic_fmt
[INFO] [stdout]   11:     0x5973fe0be482 - core[a373ad73a504971]::result::unwrap_failed
[INFO] [stdout]   12:     0x5973fe01cd80 - <integration[299131e33ad45d1f]::auth_with_policy::{closure#0} as core[a373ad73a504971]::ops::function::FnOnce<()>>::call_once
[INFO] [stdout]   13:     0x5973fe02d43b - test[aada8e7e76ba119b]::__rust_begin_short_backtrace::<core[a373ad73a504971]::result::Result<(), alloc[2e1b2a31b91974c5]::string::String>, fn() -> core[a373ad73a504971]::result::Result<(), alloc[2e1b2a31b91974c5]::string::String>>
[INFO] [stdout]   14:     0x5973fe03a615 - test[aada8e7e76ba119b]::run_test::{closure#0}
[INFO] [stdout]   15:     0x5973fe033f04 - std[617be2ca0a6fd877]::sys::backtrace::__rust_begin_short_backtrace::<test[aada8e7e76ba119b]::run_test::{closure#1}, ()>
[INFO] [stdout]   16:     0x5973fe03d6a2 - <std[617be2ca0a6fd877]::thread::lifecycle::spawn_unchecked<test[aada8e7e76ba119b]::run_test::{closure#1}, ()>::{closure#1} as core[a373ad73a504971]::ops::function::FnOnce<()>>::call_once::{shim:vtable#0}
[INFO] [stdout]   17:     0x5973fe0a93ef - <std[617be2ca0a6fd877]::sys::thread::unix::Thread>::new::thread_start
[INFO] [stdout]   18:     0x7975f518ddfa - <unknown>
[INFO] [stdout]   19:     0x7975f52213d4 - clone
[INFO] [stdout]   20:                0x0 - <unknown>
[INFO] [stdout] 
[INFO] [stdout] ---- auth_with_value stdout ----
[INFO] [stdout] 
[INFO] [stdout] thread 'auth_with_value' (2615) panicked at tests/integration.rs:286:10:
[INFO] [stdout] Failed to create primary key: Custom { kind: Other, error: "command [\"/opt/rustwide/target/release/tpm2sh\", \"create-primary\", \"-H\", \"owner\", \"ecc-nist-p256:sha256\", \"--password\", \"deadbeef\"] exited with code 1" }
[INFO] [stdout] stack backtrace:
[INFO] [stdout]    0:     0x5973fe0a9bc1 - <<std[617be2ca0a6fd877]::sys::backtrace::BacktraceLock>::print::DisplayBacktrace as core[a373ad73a504971]::fmt::Display>::fmt
[INFO] [stdout]    1:     0x5973fe0bdf7a - core[a373ad73a504971]::fmt::write
[INFO] [stdout]    2:     0x5973fe0ae0ac - <alloc[2e1b2a31b91974c5]::vec::Vec<u8> as core[a373ad73a504971]::io::write::Write>::write_fmt
[INFO] [stdout]    3:     0x5973fe084156 - std[617be2ca0a6fd877]::panicking::default_hook::{closure#0}
[INFO] [stdout]    4:     0x5973fe0a1919 - std[617be2ca0a6fd877]::panicking::default_hook
[INFO] [stdout]    5:     0x5973fe039ff0 - test[aada8e7e76ba119b]::test_main_inner::{closure#0}
[INFO] [stdout]    6:     0x5973fe0a1ad2 - std[617be2ca0a6fd877]::panicking::panic_with_hook
[INFO] [stdout]    7:     0x5973fe084202 - std[617be2ca0a6fd877]::panicking::panic_handler::{closure#0}
[INFO] [stdout]    8:     0x5973fe07cd79 - std[617be2ca0a6fd877]::sys::backtrace::__rust_end_short_backtrace::<std[617be2ca0a6fd877]::panicking::panic_handler::{closure#0}, !>
[INFO] [stdout]    9:     0x5973fe084e8d - __rustc[ea4f61d10b84890b]::rust_begin_unwind
[INFO] [stdout]   10:     0x5973fe0be6ac - core[a373ad73a504971]::panicking::panic_fmt
[INFO] [stdout]   11:     0x5973fe0be482 - core[a373ad73a504971]::result::unwrap_failed
[INFO] [stdout]   12:     0x5973fe01a790 - integration[299131e33ad45d1f]::create_primary_ecc_sha256
[INFO] [stdout]   13:     0x5973fe01b27f - <integration[299131e33ad45d1f]::auth_with_value::{closure#0} as core[a373ad73a504971]::ops::function::FnOnce<()>>::call_once
[INFO] [stdout]   14:     0x5973fe02d43b - test[aada8e7e76ba119b]::__rust_begin_short_backtrace::<core[a373ad73a504971]::result::Result<(), alloc[2e1b2a31b91974c5]::string::String>, fn() -> core[a373ad73a504971]::result::Result<(), alloc[2e1b2a31b91974c5]::string::String>>
[INFO] [stdout]   15:     0x5973fe03a615 - test[aada8e7e76ba119b]::run_test::{closure#0}
[INFO] [stdout]   16:     0x5973fe033f04 - std[617be2ca0a6fd877]::sys::backtrace::__rust_begin_short_backtrace::<test[aada8e7e76ba119b]::run_test::{closure#1}, ()>
[INFO] [stdout]   17:     0x5973fe03d6a2 - <std[617be2ca0a6fd877]::thread::lifecycle::spawn_unchecked<test[aada8e7e76ba119b]::run_test::{closure#1}, ()>::{closure#1} as core[a373ad73a504971]::ops::function::FnOnce<()>>::call_once::{shim:vtable#0}
[INFO] [stdout]   18:     0x5973fe0a93ef - <std[617be2ca0a6fd877]::sys::thread::unix::Thread>::new::thread_start
[INFO] [stdout]   19:     0x7975f518ddfa - <unknown>
[INFO] [stdout]   20:     0x7975f52213d4 - clone
[INFO] [stdout]   21:                0x0 - <unknown>
[INFO] [stdout] 
[INFO] [stdout] ---- auth_policy_secret_with_value stdout ----
[INFO] [stdout] 
[INFO] [stdout] thread 'auth_policy_secret_with_value' (2613) panicked at tests/integration.rs:286:10:
[INFO] [stdout] Failed to create primary key: Custom { kind: Other, error: "command [\"/opt/rustwide/target/release/tpm2sh\", \"create-primary\", \"-H\", \"owner\", \"ecc-nist-p256:sha256\", \"--password\", \"deadbeef\"] exited with code 1" }
[INFO] [stdout] stack backtrace:
[INFO] [stdout]    0:     0x5973fe0a9bc1 - <<std[617be2ca0a6fd877]::sys::backtrace::BacktraceLock>::print::DisplayBacktrace as core[a373ad73a504971]::fmt::Display>::fmt
[INFO] [stdout]    1:     0x5973fe0bdf7a - core[a373ad73a504971]::fmt::write
[INFO] [stdout]    2:     0x5973fe0ae0ac - <alloc[2e1b2a31b91974c5]::vec::Vec<u8> as core[a373ad73a504971]::io::write::Write>::write_fmt
[INFO] [stdout]    3:     0x5973fe084156 - std[617be2ca0a6fd877]::panicking::default_hook::{closure#0}
[INFO] [stdout]    4:     0x5973fe0a1919 - std[617be2ca0a6fd877]::panicking::default_hook
[INFO] [stdout]    5:     0x5973fe039ff0 - test[aada8e7e76ba119b]::test_main_inner::{closure#0}
[INFO] [stdout]    6:     0x5973fe0a1ad2 - std[617be2ca0a6fd877]::panicking::panic_with_hook
[INFO] [stdout]    7:     0x5973fe084202 - std[617be2ca0a6fd877]::panicking::panic_handler::{closure#0}
[INFO] [stdout]    8:     0x5973fe07cd79 - std[617be2ca0a6fd877]::sys::backtrace::__rust_end_short_backtrace::<std[617be2ca0a6fd877]::panicking::panic_handler::{closure#0}, !>
[INFO] [stdout]    9:     0x5973fe084e8d - __rustc[ea4f61d10b84890b]::rust_begin_unwind
[INFO] [stdout]   10:     0x5973fe0be6ac - core[a373ad73a504971]::panicking::panic_fmt
[INFO] [stdout]   11:     0x5973fe0be482 - core[a373ad73a504971]::result::unwrap_failed
[INFO] [stdout]   12:     0x5973fe01a790 - integration[299131e33ad45d1f]::create_primary_ecc_sha256
[INFO] [stdout]   13:     0x5973fe01e6a4 - <integration[299131e33ad45d1f]::auth_policy_secret_with_value::{closure#0} as core[a373ad73a504971]::ops::function::FnOnce<()>>::call_once
[INFO] [stdout]   14:     0x5973fe02d43b - test[aada8e7e76ba119b]::__rust_begin_short_backtrace::<core[a373ad73a504971]::result::Result<(), alloc[2e1b2a31b91974c5]::string::String>, fn() -> core[a373ad73a504971]::result::Result<(), alloc[2e1b2a31b91974c5]::string::String>>
[INFO] [stdout]   15:     0x5973fe03a615 - test[aada8e7e76ba119b]::run_test::{closure#0}
[INFO] [stdout]   16:     0x5973fe033f04 - std[617be2ca0a6fd877]::sys::backtrace::__rust_begin_short_backtrace::<test[aada8e7e76ba119b]::run_test::{closure#1}, ()>
[INFO] [stdout]   17:     0x5973fe03d6a2 - <std[617be2ca0a6fd877]::thread::lifecycle::spawn_unchecked<test[aada8e7e76ba119b]::run_test::{closure#1}, ()>::{closure#1} as core[a373ad73a504971]::ops::function::FnOnce<()>>::call_once::{shim:vtable#0}
[INFO] [stdout]   18:     0x5973fe0a93ef - <std[617be2ca0a6fd877]::sys::thread::unix::Thread>::new::thread_start
[INFO] [stdout]   19:     0x7975f518ddfa - <unknown>
[INFO] [stdout]   20:     0x7975f52213d4 - clone
[INFO] [stdout]   21:                0x0 - <unknown>
[INFO] [stdout] 
[INFO] [stdout] ---- create_keyedhash_hmac stdout ----
[INFO] [stdout] 
[INFO] [stdout] thread 'create_keyedhash_hmac' (2616) panicked at tests/integration.rs:286:10:
[INFO] [stdout] Failed to create primary key: Custom { kind: Other, error: "command [\"/opt/rustwide/target/release/tpm2sh\", \"create-primary\", \"-H\", \"owner\", \"ecc-nist-p256:sha256\"] exited with code 1" }
[INFO] [stdout] stack backtrace:
[INFO] [stdout]    0:     0x5973fe0a9bc1 - <<std[617be2ca0a6fd877]::sys::backtrace::BacktraceLock>::print::DisplayBacktrace as core[a373ad73a504971]::fmt::Display>::fmt
[INFO] [stdout]    1:     0x5973fe0bdf7a - core[a373ad73a504971]::fmt::write
[INFO] [stdout]    2:     0x5973fe0ae0ac - <alloc[2e1b2a31b91974c5]::vec::Vec<u8> as core[a373ad73a504971]::io::write::Write>::write_fmt
[INFO] [stdout]    3:     0x5973fe084156 - std[617be2ca0a6fd877]::panicking::default_hook::{closure#0}
[INFO] [stdout]    4:     0x5973fe0a1919 - std[617be2ca0a6fd877]::panicking::default_hook
[INFO] [stdout]    5:     0x5973fe039ff0 - test[aada8e7e76ba119b]::test_main_inner::{closure#0}
[INFO] [stdout]    6:     0x5973fe0a1ad2 - std[617be2ca0a6fd877]::panicking::panic_with_hook
[INFO] [stdout]    7:     0x5973fe084202 - std[617be2ca0a6fd877]::panicking::panic_handler::{closure#0}
[INFO] [stdout]    8:     0x5973fe07cd79 - std[617be2ca0a6fd877]::sys::backtrace::__rust_end_short_backtrace::<std[617be2ca0a6fd877]::panicking::panic_handler::{closure#0}, !>
[INFO] [stdout]    9:     0x5973fe084e8d - __rustc[ea4f61d10b84890b]::rust_begin_unwind
[INFO] [stdout]   10:     0x5973fe0be6ac - core[a373ad73a504971]::panicking::panic_fmt
[INFO] [stdout]   11:     0x5973fe0be482 - core[a373ad73a504971]::result::unwrap_failed
[INFO] [stdout]   12:     0x5973fe01a790 - integration[299131e33ad45d1f]::create_primary_ecc_sha256
[INFO] [stdout]   13:     0x5973fe01d424 - <integration[299131e33ad45d1f]::create_keyedhash_hmac::{closure#0} as core[a373ad73a504971]::ops::function::FnOnce<()>>::call_once
[INFO] [stdout]   14:     0x5973fe02d43b - test[aada8e7e76ba119b]::__rust_begin_short_backtrace::<core[a373ad73a504971]::result::Result<(), alloc[2e1b2a31b91974c5]::string::String>, fn() -> core[a373ad73a504971]::result::Result<(), alloc[2e1b2a31b91974c5]::string::String>>
[INFO] [stdout]   15:     0x5973fe03a615 - test[aada8e7e76ba119b]::run_test::{closure#0}
[INFO] [stdout]   16:     0x5973fe033f04 - std[617be2ca0a6fd877]::sys::backtrace::__rust_begin_short_backtrace::<test[aada8e7e76ba119b]::run_test::{closure#1}, ()>
[INFO] [stdout]   17:     0x5973fe03d6a2 - <std[617be2ca0a6fd877]::thread::lifecycle::spawn_unchecked<test[aada8e7e76ba119b]::run_test::{closure#1}, ()>::{closure#1} as core[a373ad73a504971]::ops::function::FnOnce<()>>::call_once::{shim:vtable#0}
[INFO] [stdout]   18:     0x5973fe0a93ef - <std[617be2ca0a6fd877]::sys::thread::unix::Thread>::new::thread_start
[INFO] [stdout]   19:     0x7975f518ddfa - <unknown>
[INFO] [stdout]   20:     0x7975f52213d4 - clone
[INFO] [stdout]   21:                0x0 - <unknown>
[INFO] [stdout] 
[INFO] [stdout] ---- load_multi_level_hierarchy stdout ----
[INFO] [stdout] 
[INFO] [stdout] thread 'load_multi_level_hierarchy' (2634) panicked at tests/integration.rs:286:10:
[INFO] [stdout] Failed to create primary key: Custom { kind: Other, error: "command [\"/opt/rustwide/target/release/tpm2sh\", \"create-primary\", \"-H\", \"owner\", \"ecc-nist-p256:sha256\"] exited with code 1" }
[INFO] [stdout] stack backtrace:
[INFO] [stdout]    0:     0x5973fe0a9bc1 - <<std[617be2ca0a6fd877]::sys::backtrace::BacktraceLock>::print::DisplayBacktrace as core[a373ad73a504971]::fmt::Display>::fmt
[INFO] [stdout]    1:     0x5973fe0bdf7a - core[a373ad73a504971]::fmt::write
[INFO] [stdout]    2:     0x5973fe0ae0ac - <alloc[2e1b2a31b91974c5]::vec::Vec<u8> as core[a373ad73a504971]::io::write::Write>::write_fmt
[INFO] [stdout]    3:     0x5973fe084156 - std[617be2ca0a6fd877]::panicking::default_hook::{closure#0}
[INFO] [stdout]    4:     0x5973fe0a1919 - std[617be2ca0a6fd877]::panicking::default_hook
[INFO] [stdout]    5:     0x5973fe039ff0 - test[aada8e7e76ba119b]::test_main_inner::{closure#0}
[INFO] [stdout]    6:     0x5973fe0a1ad2 - std[617be2ca0a6fd877]::panicking::panic_with_hook
[INFO] [stdout]    7:     0x5973fe084202 - std[617be2ca0a6fd877]::panicking::panic_handler::{closure#0}
[INFO] [stdout]    8:     0x5973fe07cd79 - std[617be2ca0a6fd877]::sys::backtrace::__rust_end_short_backtrace::<std[617be2ca0a6fd877]::panicking::panic_handler::{closure#0}, !>
[INFO] [stdout]    9:     0x5973fe084e8d - __rustc[ea4f61d10b84890b]::rust_begin_unwind
[INFO] [stdout]   10:     0x5973fe0be6ac - core[a373ad73a504971]::panicking::panic_fmt
[INFO] [stdout]   11:     0x5973fe0be482 - core[a373ad73a504971]::result::unwrap_failed
[INFO] [stdout]   12:     0x5973fe01a790 - integration[299131e33ad45d1f]::create_primary_ecc_sha256
[INFO] [stdout]   13:     0x5973fe01d8b1 - <integration[299131e33ad45d1f]::load_multi_level_hierarchy::{closure#0} as core[a373ad73a504971]::ops::function::FnOnce<()>>::call_once
[INFO] [stdout]   14:     0x5973fe02d43b - test[aada8e7e76ba119b]::__rust_begin_short_backtrace::<core[a373ad73a504971]::result::Result<(), alloc[2e1b2a31b91974c5]::string::String>, fn() -> core[a373ad73a504971]::result::Result<(), alloc[2e1b2a31b91974c5]::string::String>>
[INFO] [stdout]   15:     0x5973fe03a615 - test[aada8e7e76ba119b]::run_test::{closure#0}
[INFO] [stdout]   16:     0x5973fe033f04 - std[617be2ca0a6fd877]::sys::backtrace::__rust_begin_short_backtrace::<test[aada8e7e76ba119b]::run_test::{closure#1}, ()>
[INFO] [stdout]   17:     0x5973fe03d6a2 - <std[617be2ca0a6fd877]::thread::lifecycle::spawn_unchecked<test[aada8e7e76ba119b]::run_test::{closure#1}, ()>::{closure#1} as core[a373ad73a504971]::ops::function::FnOnce<()>>::call_once::{shim:vtable#0}
[INFO] [stdout]   18:     0x5973fe0a93ef - <std[617be2ca0a6fd877]::sys::thread::unix::Thread>::new::thread_start
[INFO] [stdout]   19:     0x7975f518ddfa - <unknown>
[INFO] [stdout]   20:     0x7975f52213d4 - clone
[INFO] [stdout]   21:                0x0 - <unknown>
[INFO] [stdout] 
[INFO] [stdout] ---- create_primary_valid_policy stdout ----
[INFO] [stdout] 
[INFO] [stdout] thread 'create_primary_valid_policy' (2618) panicked at tests/integration.rs:244:6:
[INFO] [stdout] Failed to create primary key with valid policy: Custom { kind: Other, error: "command [\"/opt/rustwide/target/release/tpm2sh\", \"create-primary\", \"-H\", \"owner\", \"ecc-nist-p256:sha256\", \"--policy\", \"pcr(sha256:7)\"] exited with code 1" }
[INFO] [stdout] stack backtrace:
[INFO] [stdout]    0:     0x5973fe0a9bc1 - <<std[617be2ca0a6fd877]::sys::backtrace::BacktraceLock>::print::DisplayBacktrace as core[a373ad73a504971]::fmt::Display>::fmt
[INFO] [stdout]    1:     0x5973fe0bdf7a - core[a373ad73a504971]::fmt::write
[INFO] [stdout]    2:     0x5973fe0ae0ac - <alloc[2e1b2a31b91974c5]::vec::Vec<u8> as core[a373ad73a504971]::io::write::Write>::write_fmt
[INFO] [stdout]    3:     0x5973fe084156 - std[617be2ca0a6fd877]::panicking::default_hook::{closure#0}
[INFO] [stdout]    4:     0x5973fe0a1919 - std[617be2ca0a6fd877]::panicking::default_hook
[INFO] [stdout]    5:     0x5973fe039ff0 - test[aada8e7e76ba119b]::test_main_inner::{closure#0}
[INFO] [stdout]    6:     0x5973fe0a1ad2 - std[617be2ca0a6fd877]::panicking::panic_with_hook
[INFO] [stdout]    7:     0x5973fe084202 - std[617be2ca0a6fd877]::panicking::panic_handler::{closure#0}
[INFO] [stdout]    8:     0x5973fe07cd79 - std[617be2ca0a6fd877]::sys::backtrace::__rust_end_short_backtrace::<std[617be2ca0a6fd877]::panicking::panic_handler::{closure#0}, !>
[INFO] [stdout]    9:     0x5973fe084e8d - __rustc[ea4f61d10b84890b]::rust_begin_unwind
[INFO] [stdout]   10:     0x5973fe0be6ac - core[a373ad73a504971]::panicking::panic_fmt
[INFO] [stdout]   11:     0x5973fe0be482 - core[a373ad73a504971]::result::unwrap_failed
[INFO] [stdout]   12:     0x5973fe01e548 - <integration[299131e33ad45d1f]::create_primary_valid_policy::{closure#0} as core[a373ad73a504971]::ops::function::FnOnce<()>>::call_once
[INFO] [stdout]   13:     0x5973fe02d43b - test[aada8e7e76ba119b]::__rust_begin_short_backtrace::<core[a373ad73a504971]::result::Result<(), alloc[2e1b2a31b91974c5]::string::String>, fn() -> core[a373ad73a504971]::result::Result<(), alloc[2e1b2a31b91974c5]::string::String>>
[INFO] [stdout]   14:     0x5973fe03a615 - test[aada8e7e76ba119b]::run_test::{closure#0}
[INFO] [stdout]   15:     0x5973fe033f04 - std[617be2ca0a6fd877]::sys::backtrace::__rust_begin_short_backtrace::<test[aada8e7e76ba119b]::run_test::{closure#1}, ()>
[INFO] [stdout]   16:     0x5973fe03d6a2 - <std[617be2ca0a6fd877]::thread::lifecycle::spawn_unchecked<test[aada8e7e76ba119b]::run_test::{closure#1}, ()>::{closure#1} as core[a373ad73a504971]::ops::function::FnOnce<()>>::call_once::{shim:vtable#0}
[INFO] [stdout]   17:     0x5973fe0a93ef - <std[617be2ca0a6fd877]::sys::thread::unix::Thread>::new::thread_start
[INFO] [stdout]   18:     0x7975f518ddfa - <unknown>
[INFO] [stdout]   19:     0x7975f52213d4 - clone
[INFO] [stdout]   20:                0x0 - <unknown>
[INFO] [stdout] 
[INFO] [stdout] ---- load_external_key::case_2_ecc stdout ----
[INFO] [stdout] 
[INFO] [stdout] thread 'load_external_key::case_2_ecc' (2620) panicked at tests/integration.rs:286:10:
[INFO] [stdout] Failed to create primary key: Custom { kind: Other, error: "command [\"/opt/rustwide/target/release/tpm2sh\", \"create-primary\", \"-H\", \"owner\", \"ecc-nist-p256:sha256\"] exited with code 1" }
[INFO] [stdout] stack backtrace:
[INFO] [stdout]    0:     0x5973fe0a9bc1 - <<std[617be2ca0a6fd877]::sys::backtrace::BacktraceLock>::print::DisplayBacktrace as core[a373ad73a504971]::fmt::Display>::fmt
[INFO] [stdout]    1:     0x5973fe0bdf7a - core[a373ad73a504971]::fmt::write
[INFO] [stdout]    2:     0x5973fe0ae0ac - <alloc[2e1b2a31b91974c5]::vec::Vec<u8> as core[a373ad73a504971]::io::write::Write>::write_fmt
[INFO] [stdout]    3:     0x5973fe084156 - std[617be2ca0a6fd877]::panicking::default_hook::{closure#0}
[INFO] [stdout]    4:     0x5973fe0a1919 - std[617be2ca0a6fd877]::panicking::default_hook
[INFO] [stdout]    5:     0x5973fe039ff0 - test[aada8e7e76ba119b]::test_main_inner::{closure#0}
[INFO] [stdout]    6:     0x5973fe0a1ad2 - std[617be2ca0a6fd877]::panicking::panic_with_hook
[INFO] [stdout]    7:     0x5973fe084202 - std[617be2ca0a6fd877]::panicking::panic_handler::{closure#0}
[INFO] [stdout]    8:     0x5973fe07cd79 - std[617be2ca0a6fd877]::sys::backtrace::__rust_end_short_backtrace::<std[617be2ca0a6fd877]::panicking::panic_handler::{closure#0}, !>
[INFO] [stdout]    9:     0x5973fe084e8d - __rustc[ea4f61d10b84890b]::rust_begin_unwind
[INFO] [stdout]   10:     0x5973fe0be6ac - core[a373ad73a504971]::panicking::panic_fmt
[INFO] [stdout]   11:     0x5973fe0be482 - core[a373ad73a504971]::result::unwrap_failed
[INFO] [stdout]   12:     0x5973fe01a790 - integration[299131e33ad45d1f]::create_primary_ecc_sha256
[INFO] [stdout]   13:     0x5973fe019bdb - integration[299131e33ad45d1f]::load_external_key
[INFO] [stdout]   14:     0x5973fe0209e5 - <integration[299131e33ad45d1f]::load_external_key::case_2_ecc::{closure#0} as core[a373ad73a504971]::ops::function::FnOnce<()>>::call_once
[INFO] [stdout]   15:     0x5973fe02d43b - test[aada8e7e76ba119b]::__rust_begin_short_backtrace::<core[a373ad73a504971]::result::Result<(), alloc[2e1b2a31b91974c5]::string::String>, fn() -> core[a373ad73a504971]::result::Result<(), alloc[2e1b2a31b91974c5]::string::String>>
[INFO] [stdout]   16:     0x5973fe03a615 - test[aada8e7e76ba119b]::run_test::{closure#0}
[INFO] [stdout]   17:     0x5973fe033f04 - std[617be2ca0a6fd877]::sys::backtrace::__rust_begin_short_backtrace::<test[aada8e7e76ba119b]::run_test::{closure#1}, ()>
[INFO] [stdout]   18:     0x5973fe03d6a2 - <std[617be2ca0a6fd877]::thread::lifecycle::spawn_unchecked<test[aada8e7e76ba119b]::run_test::{closure#1}, ()>::{closure#1} as core[a373ad73a504971]::ops::function::FnOnce<()>>::call_once::{shim:vtable#0}
[INFO] [stdout]   19:     0x5973fe0a93ef - <std[617be2ca0a6fd877]::sys::thread::unix::Thread>::new::thread_start
[INFO] [stdout]   20:     0x7975f518ddfa - <unknown>
[INFO] [stdout]   21:     0x7975f52213d4 - clone
[INFO] [stdout]   22:                0x0 - <unknown>
[INFO] [stdout] 
[INFO] [stdout] ---- load_external_key::case_1_rsa stdout ----
[INFO] [stdout] 
[INFO] [stdout] thread 'load_external_key::case_1_rsa' (2619) panicked at tests/integration.rs:286:10:
[INFO] [stdout] Failed to create primary key: Custom { kind: Other, error: "command [\"/opt/rustwide/target/release/tpm2sh\", \"create-primary\", \"-H\", \"owner\", \"ecc-nist-p256:sha256\"] exited with code 1" }
[INFO] [stdout] stack backtrace:
[INFO] [stdout]    0:     0x5973fe0a9bc1 - <<std[617be2ca0a6fd877]::sys::backtrace::BacktraceLock>::print::DisplayBacktrace as core[a373ad73a504971]::fmt::Display>::fmt
[INFO] [stdout]    1:     0x5973fe0bdf7a - core[a373ad73a504971]::fmt::write
[INFO] [stdout]    2:     0x5973fe0ae0ac - <alloc[2e1b2a31b91974c5]::vec::Vec<u8> as core[a373ad73a504971]::io::write::Write>::write_fmt
[INFO] [stdout]    3:     0x5973fe084156 - std[617be2ca0a6fd877]::panicking::default_hook::{closure#0}
[INFO] [stdout]    4:     0x5973fe0a1919 - std[617be2ca0a6fd877]::panicking::default_hook
[INFO] [stdout]    5:     0x5973fe039ff0 - test[aada8e7e76ba119b]::test_main_inner::{closure#0}
[INFO] [stdout]    6:     0x5973fe0a1ad2 - std[617be2ca0a6fd877]::panicking::panic_with_hook
[INFO] [stdout]    7:     0x5973fe084202 - std[617be2ca0a6fd877]::panicking::panic_handler::{closure#0}
[INFO] [stdout]    8:     0x5973fe07cd79 - std[617be2ca0a6fd877]::sys::backtrace::__rust_end_short_backtrace::<std[617be2ca0a6fd877]::panicking::panic_handler::{closure#0}, !>
[INFO] [stdout]    9:     0x5973fe084e8d - __rustc[ea4f61d10b84890b]::rust_begin_unwind
[INFO] [stdout]   10:     0x5973fe0be6ac - core[a373ad73a504971]::panicking::panic_fmt
[INFO] [stdout]   11:     0x5973fe0be482 - core[a373ad73a504971]::result::unwrap_failed
[INFO] [stdout]   12:     0x5973fe01a790 - integration[299131e33ad45d1f]::create_primary_ecc_sha256
[INFO] [stdout]   13:     0x5973fe019bdb - integration[299131e33ad45d1f]::load_external_key
[INFO] [stdout]   14:     0x5973fe0209b5 - <integration[299131e33ad45d1f]::load_external_key::case_1_rsa::{closure#0} as core[a373ad73a504971]::ops::function::FnOnce<()>>::call_once
[INFO] [stdout]   15:     0x5973fe02d43b - test[aada8e7e76ba119b]::__rust_begin_short_backtrace::<core[a373ad73a504971]::result::Result<(), alloc[2e1b2a31b91974c5]::string::String>, fn() -> core[a373ad73a504971]::result::Result<(), alloc[2e1b2a31b91974c5]::string::String>>
[INFO] [stdout]   16:     0x5973fe03a615 - test[aada8e7e76ba119b]::run_test::{closure#0}
[INFO] [stdout]   17:     0x5973fe033f04 - std[617be2ca0a6fd877]::sys::backtrace::__rust_begin_short_backtrace::<test[aada8e7e76ba119b]::run_test::{closure#1}, ()>
[INFO] [stdout]   18:     0x5973fe03d6a2 - <std[617be2ca0a6fd877]::thread::lifecycle::spawn_unchecked<test[aada8e7e76ba119b]::run_test::{closure#1}, ()>::{closure#1} as core[a373ad73a504971]::ops::function::FnOnce<()>>::call_once::{shim:vtable#0}
[INFO] [stdout]   19:     0x5973fe0a93ef - <std[617be2ca0a6fd877]::sys::thread::unix::Thread>::new::thread_start
[INFO] [stdout]   20:     0x7975f518ddfa - <unknown>
[INFO] [stdout]   21:     0x7975f52213d4 - clone
[INFO] [stdout]   22:                0x0 - <unknown>
[INFO] [stdout] 
[INFO] [stdout] 
[INFO] [stdout] failures:
[INFO] [stdout]     auth_policy_secret_with_value
[INFO] [stdout]     auth_with_policy
[INFO] [stdout]     auth_with_value
[INFO] [stdout]     create_keyedhash_hmac
[INFO] [stdout]     create_primary_invalid_policy
[INFO] [stdout]     create_primary_valid_policy
[INFO] [stdout]     load_external_key::case_1_rsa
[INFO] [stdout]     load_external_key::case_2_ecc
[INFO] [stdout]     load_multi_level_hierarchy
[INFO] [stdout] 
[INFO] [stdout] test result: FAILED. 0 passed; 9 failed; 0 ignored; 0 measured; 0 filtered out; finished in 0.14s
[INFO] [stdout] 
[INFO] [stderr] error: test failed, to rerun pass `--test integration`
[INFO] running `Command { std: "docker" "inspect" "72cdd881b62709928b2536129a9bbe342cf7681f95ab63ee94ba6522ea79b3be", kill_on_drop: false }`
[INFO] running `Command { std: "docker" "rm" "-f" "72cdd881b62709928b2536129a9bbe342cf7681f95ab63ee94ba6522ea79b3be", kill_on_drop: false }`
[INFO] [stdout] 72cdd881b62709928b2536129a9bbe342cf7681f95ab63ee94ba6522ea79b3be
