[INFO] fetching crate tpchgen-arrow 3.0.0...
[INFO] testing tpchgen-arrow-3.0.0 against 1.100.0-beta.1+cargoflags=--release for beta-release-1.100-2
[INFO] extracting crate tpchgen-arrow 3.0.0 into /workspace/builds/worker-5-tc2/source
[INFO] started tweaking crates.io crate tpchgen-arrow 3.0.0
[INFO] removed 0 missing tests
[INFO] finished tweaking crates.io crate tpchgen-arrow 3.0.0
[INFO] tweaked toml for crates.io crate tpchgen-arrow 3.0.0 written to /workspace/builds/worker-5-tc2/source/Cargo.toml
[INFO] validating manifest of crates.io crate tpchgen-arrow 3.0.0 on toolchain 1.100.0-beta.1
[INFO] running `Command { std: CARGO_HOME="/workspace/cargo-home" RUSTUP_HOME="/workspace/rustup-home" "/workspace/cargo-home/bin/cargo" "+1.100.0-beta.1" "metadata" "--manifest-path" "Cargo.toml" "--no-deps", kill_on_drop: false }`
[INFO] crate crates.io crate tpchgen-arrow 3.0.0 already has a lockfile, it will not be regenerated
[INFO] running `Command { std: CARGO_HOME="/workspace/cargo-home" RUSTUP_HOME="/workspace/rustup-home" "/workspace/cargo-home/bin/cargo" "+1.100.0-beta.1" "fetch" "--manifest-path" "Cargo.toml", kill_on_drop: false }`
[INFO] running `Command { std: "docker" "create" "-v" "/var/lib/crater-agent-workspace/builds/worker-5-tc2/source:/opt/rustwide/workdir:ro,Z" "-v" "/var/lib/crater-agent-workspace/builds/worker-5-tc2/target:/opt/rustwide/target:rw,Z" "-v" "/var/lib/crater-agent-workspace/cargo-home:/opt/rustwide/cargo-home:ro,Z" "-v" "/var/lib/crater-agent-workspace/rustup-home:/opt/rustwide/rustup-home:ro,Z" "-m" "1610612736" "--network" "none" "ghcr.io/rust-lang/crates-build-env/linux@sha256:77db811e55d90add9212f6832c23229e3de5f1c1f9905e8cb07319ea15df73ac" "sleep" "infinity", kill_on_drop: false }`
[INFO] [stdout] 9f606e1e6e734a6d10415f36a0bd2bc19b56aec2f85b443637ec0b617c2bd09b
[INFO] running `Command { std: "docker" "start" "9f606e1e6e734a6d10415f36a0bd2bc19b56aec2f85b443637ec0b617c2bd09b", kill_on_drop: false }`
[INFO] running `Command { std: "docker" "inspect" "9f606e1e6e734a6d10415f36a0bd2bc19b56aec2f85b443637ec0b617c2bd09b", kill_on_drop: false }`
[INFO] running `Command { std: "docker" "exec" "-e" "SOURCE_DIR=/opt/rustwide/workdir" "-e" "CARGO_HOME=/opt/rustwide/cargo-home" "-e" "RUSTUP_HOME=/opt/rustwide/rustup-home" "-e" "CARGO_TARGET_DIR=/opt/rustwide/target" "-w" "/opt/rustwide/workdir" "--user" "0:0" "9f606e1e6e734a6d10415f36a0bd2bc19b56aec2f85b443637ec0b617c2bd09b" "/opt/rustwide/cargo-home/bin/cargo" "+1.100.0-beta.1" "metadata" "--no-deps" "--format-version=1", kill_on_drop: false }`
[INFO] running `Command { std: "docker" "inspect" "9f606e1e6e734a6d10415f36a0bd2bc19b56aec2f85b443637ec0b617c2bd09b", kill_on_drop: false }`
[INFO] running `Command { std: "docker" "exec" "-e" "SOURCE_DIR=/opt/rustwide/workdir" "-e" "CARGO_HOME=/opt/rustwide/cargo-home" "-e" "RUSTUP_HOME=/opt/rustwide/rustup-home" "-e" "CARGO_TARGET_DIR=/opt/rustwide/target" "-e" "CARGO_INCREMENTAL=0" "-e" "RUST_BACKTRACE=full" "-e" "RUSTFLAGS=--cap-lints=warn" "-e" "RUSTDOCFLAGS=--cap-lints=warn" "-w" "/opt/rustwide/workdir" "--user" "0:0" "9f606e1e6e734a6d10415f36a0bd2bc19b56aec2f85b443637ec0b617c2bd09b" "/opt/rustwide/cargo-home/bin/cargo" "+1.100.0-beta.1" "build" "--frozen" "--message-format=json" "--release", kill_on_drop: false }`
[INFO] [stderr]    Compiling libm v0.2.16
[INFO] [stderr]    Compiling num-traits v0.2.19
[INFO] [stderr]    Compiling quote v1.0.46
[INFO] [stderr]    Compiling zerocopy v0.8.52
[INFO] [stderr]    Compiling libc v0.2.186
[INFO] [stderr]    Compiling bytes v1.12.0
[INFO] [stderr]    Compiling arrow-schema v59.0.0
[INFO] [stderr]    Compiling once_cell v1.21.4
[INFO] [stderr]    Compiling lexical-util v1.0.7
[INFO] [stderr]    Compiling ahash v0.8.12
[INFO] [stderr]    Compiling memchr v2.8.2
[INFO] [stderr]    Compiling comfy-table v7.2.2
[INFO] [stderr]    Compiling tpchgen v3.0.0
[INFO] [stderr]    Compiling syn v2.0.118
[INFO] [stderr]    Compiling lexical-parse-integer v1.0.6
[INFO] [stderr]    Compiling lexical-write-integer v1.0.6
[INFO] [stderr]    Compiling lexical-parse-float v1.0.6
[INFO] [stderr]    Compiling lexical-write-float v1.0.6
[INFO] [stderr]    Compiling aho-corasick v1.1.4
[INFO] [stderr]    Compiling lexical-core v1.0.6
[INFO] [stderr]    Compiling getrandom v0.3.4
[INFO] [stderr]    Compiling num-integer v0.1.46
[INFO] [stderr]    Compiling num-complex v0.4.6
[INFO] [stderr]    Compiling chrono v0.4.45
[INFO] [stderr]    Compiling atoi v2.0.0
[INFO] [stderr]    Compiling num-bigint v0.4.6
[INFO] [stderr]    Compiling regex-automata v0.4.14
[INFO] [stderr]    Compiling zerocopy-derive v0.8.52
[INFO] [stderr]    Compiling regex v1.12.4
[INFO] [stderr]    Compiling half v2.7.1
[INFO] [stderr]    Compiling arrow-buffer v59.0.0
[INFO] [stderr]    Compiling arrow-data v59.0.0
[INFO] [stderr]    Compiling arrow-array v59.0.0
[INFO] [stderr]    Compiling arrow-select v59.0.0
[INFO] [stderr]    Compiling arrow-row v59.0.0
[INFO] [stderr]    Compiling arrow-arith v59.0.0
[INFO] [stderr]    Compiling arrow-ord v59.0.0
[INFO] [stderr]    Compiling arrow-string v59.0.0
[INFO] [stderr]    Compiling arrow-cast v59.0.0
[INFO] [stderr]    Compiling arrow v59.0.0
[INFO] [stderr]    Compiling tpchgen-arrow v3.0.0 (/opt/rustwide/workdir)
[INFO] [stderr]     Finished `release` profile [optimized] target(s) in 2m 59s
[INFO] running `Command { std: "docker" "inspect" "9f606e1e6e734a6d10415f36a0bd2bc19b56aec2f85b443637ec0b617c2bd09b", kill_on_drop: false }`
[INFO] running `Command { std: "docker" "exec" "-e" "SOURCE_DIR=/opt/rustwide/workdir" "-e" "CARGO_HOME=/opt/rustwide/cargo-home" "-e" "RUSTUP_HOME=/opt/rustwide/rustup-home" "-e" "CARGO_TARGET_DIR=/opt/rustwide/target" "-e" "CARGO_INCREMENTAL=0" "-e" "RUST_BACKTRACE=full" "-e" "RUSTFLAGS=--cap-lints=warn" "-e" "RUSTDOCFLAGS=--cap-lints=warn" "-w" "/opt/rustwide/workdir" "--user" "0:0" "9f606e1e6e734a6d10415f36a0bd2bc19b56aec2f85b443637ec0b617c2bd09b" "/opt/rustwide/cargo-home/bin/cargo" "+1.100.0-beta.1" "test" "--frozen" "--no-run" "--message-format=json" "--release", kill_on_drop: false }`
[INFO] [stderr]    Compiling chrono v0.4.45
[INFO] [stderr]    Compiling serde_core v1.0.228
[INFO] [stderr]    Compiling csv-core v0.1.13
[INFO] [stderr]    Compiling arrow-array v59.0.0
[INFO] [stderr]    Compiling csv v1.4.0
[INFO] [stderr]    Compiling arrow-select v59.0.0
[INFO] [stderr]    Compiling arrow-arith v59.0.0
[INFO] [stderr]    Compiling arrow-row v59.0.0
[INFO] [stderr]    Compiling arrow-ord v59.0.0
[INFO] [stderr]    Compiling arrow-string v59.0.0
[INFO] [stderr]    Compiling arrow-cast v59.0.0
[INFO] [stderr]    Compiling arrow v59.0.0
[INFO] [stderr]    Compiling arrow-csv v59.0.0
[INFO] [stderr]    Compiling tpchgen-arrow v3.0.0 (/opt/rustwide/workdir)
[INFO] [stderr]     Finished `release` profile [optimized] target(s) in 2m 40s
[INFO] running `Command { std: "docker" "inspect" "9f606e1e6e734a6d10415f36a0bd2bc19b56aec2f85b443637ec0b617c2bd09b", kill_on_drop: false }`
[INFO] running `Command { std: "docker" "exec" "-e" "SOURCE_DIR=/opt/rustwide/workdir" "-e" "CARGO_HOME=/opt/rustwide/cargo-home" "-e" "RUSTUP_HOME=/opt/rustwide/rustup-home" "-e" "CARGO_TARGET_DIR=/opt/rustwide/target" "-e" "CARGO_INCREMENTAL=0" "-e" "RUST_BACKTRACE=full" "-e" "RUSTFLAGS=--cap-lints=warn" "-e" "RUSTDOCFLAGS=--cap-lints=warn" "-w" "/opt/rustwide/workdir" "--user" "0:0" "9f606e1e6e734a6d10415f36a0bd2bc19b56aec2f85b443637ec0b617c2bd09b" "/opt/rustwide/cargo-home/bin/cargo" "+1.100.0-beta.1" "test" "--frozen" "--release", kill_on_drop: false }`
[INFO] [stderr]     Finished `release` profile [optimized] target(s) in 0.13s
[INFO] [stderr]      Running unittests src/lib.rs (/opt/rustwide/target/release/build/tpchgen-arrow/386a2f8c40c21302/out/tpchgen_arrow-386a2f8c40c21302)
[INFO] [stdout] 
[INFO] [stdout] running 2 tests
[INFO] [stdout] test conversions::tests::test_to_arrow_decimal ... ok
[INFO] [stdout] test conversions::tests::test_to_arrow_date32 ... ok
[INFO] [stdout] 
[INFO] [stdout] test result: ok. 2 passed; 0 failed; 0 ignored; 0 measured; 0 filtered out; finished in 0.01s
[INFO] [stdout] 
[INFO] [stderr]      Running tests/reparse.rs (/opt/rustwide/target/release/build/tpchgen-arrow/74e2b6234d3427a6/out/reparse-74e2b6234d3427a6)
[INFO] [stdout] 
[INFO] [stdout] running 16 tests
[INFO] [stdout] test nation_tbl ... ok
[INFO] [stdout] test region_csv ... ok
[INFO] [stdout] test supplier_tbl ... ok
[INFO] [stdout] test region_tbl ... ok
[INFO] [stdout] test nation_csv ... ok
[INFO] [stdout] test supplier_csv ... ok
[INFO] [stdout] test part_csv ... ok
[INFO] [stdout] test customer_tbl ... ok
[INFO] [stdout] test customer_csv ... ok
[INFO] [stdout] test part_tbl ... ok
[INFO] [stdout] test partsupp_csv ... ok
[INFO] [stdout] test partsupp_tbl ... ok
[INFO] [stdout] test order_csv ... ok
[INFO] [stdout] test order_tbl ... ok
[INFO] [stdout] test lineitem_csv ... ok
[INFO] [stdout] test lineitem_tbl ... ok
[INFO] [stdout] 
[INFO] [stdout] test result: ok. 16 passed; 0 failed; 0 ignored; 0 measured; 0 filtered out; finished in 4.02s
[INFO] [stdout] 
[INFO] [stderr]    Doc-tests tpchgen_arrow
[INFO] [stdout] 
[INFO] [stdout] running 10 tests
[INFO] [stdout] test src/conversions.rs - conversions::to_arrow_date32 (line 21) ... ok
[INFO] [stdout] test src/nation.rs - nation::NationArrow (line 12) ... FAILED
[INFO] [stdout] test src/lineitem.rs - lineitem::LineItemArrow (line 15) ... FAILED
[INFO] [stdout] test src/order.rs - order::OrderArrow (line 15) ... FAILED
[INFO] [stdout] test src/supplier.rs - supplier::SupplierArrow (line 13) ... FAILED
[INFO] [stdout] test src/region.rs - region::RegionArrow (line 12) ... ok
[INFO] [stdout] test src/lib.rs - (line 8) ... ok
[INFO] [stdout] test src/partsupp.rs - partsupp::PartSuppArrow (line 13) ... ok
[INFO] [stdout] test src/customer.rs - customer::CustomerArrow (line 13) ... ok
[INFO] [stdout] test src/part.rs - part::PartArrow (line 13) ... ok
[INFO] [stdout] 
[INFO] [stdout] failures:
[INFO] [stdout] 
[INFO] [stdout] ---- src/nation.rs - nation::NationArrow (line 12) stdout ----
[INFO] [stdout] Test executable failed (terminated by signal).
[INFO] [stdout] 
[INFO] [stdout] ---- src/lineitem.rs - lineitem::LineItemArrow (line 15) stdout ----
[INFO] [stdout] Test executable failed (terminated by signal).
[INFO] [stdout] 
[INFO] [stdout] ---- src/order.rs - order::OrderArrow (line 15) stdout ----
[INFO] [stdout] Test executable failed (terminated by signal).
[INFO] [stdout] 
[INFO] [stdout] ---- src/supplier.rs - supplier::SupplierArrow (line 13) stdout ----
[INFO] [stdout] Test executable failed (terminated by signal).
[INFO] [stdout] 
[INFO] [stdout] 
[INFO] [stdout] failures:
[INFO] [stdout]     src/lineitem.rs - lineitem::LineItemArrow (line 15)
[INFO] [stdout]     src/nation.rs - nation::NationArrow (line 12)
[INFO] [stdout]     src/order.rs - order::OrderArrow (line 15)
[INFO] [stdout]     src/supplier.rs - supplier::SupplierArrow (line 13)
[INFO] [stdout] 
[INFO] [stdout] test result: FAILED. 6 passed; 4 failed; 0 ignored; 0 measured; 0 filtered out; finished in 7.21s
[INFO] [stdout] 
[INFO] [stdout] all doctests ran in 7.80s; merged doctests compilation took 0.58s
[INFO] [stderr] error: doctest failed, to rerun pass `--doc`
[INFO] running `Command { std: "docker" "inspect" "9f606e1e6e734a6d10415f36a0bd2bc19b56aec2f85b443637ec0b617c2bd09b", kill_on_drop: false }`
[INFO] running `Command { std: "docker" "rm" "-f" "9f606e1e6e734a6d10415f36a0bd2bc19b56aec2f85b443637ec0b617c2bd09b", kill_on_drop: false }`
[INFO] [stdout] 9f606e1e6e734a6d10415f36a0bd2bc19b56aec2f85b443637ec0b617c2bd09b
