[INFO] fetching crate tpcgen-cli 0.1.0-alpha.1...
[INFO] testing tpcgen-cli-0.1.0-alpha.1 against 1.100.0-beta.1+cargoflags=--release for beta-release-1.100-2
[INFO] extracting crate tpcgen-cli 0.1.0-alpha.1 into /workspace/builds/worker-0-tc2/source
[INFO] started tweaking crates.io crate tpcgen-cli 0.1.0-alpha.1
[INFO] removed 0 missing tests
[INFO] finished tweaking crates.io crate tpcgen-cli 0.1.0-alpha.1
[INFO] tweaked toml for crates.io crate tpcgen-cli 0.1.0-alpha.1 written to /workspace/builds/worker-0-tc2/source/Cargo.toml
[INFO] validating manifest of crates.io crate tpcgen-cli 0.1.0-alpha.1 on toolchain 1.100.0-beta.1
[INFO] running `Command { std: CARGO_HOME="/workspace/cargo-home" RUSTUP_HOME="/workspace/rustup-home" "/workspace/cargo-home/bin/cargo" "+1.100.0-beta.1" "metadata" "--manifest-path" "Cargo.toml" "--no-deps", kill_on_drop: false }`
[INFO] crate crates.io crate tpcgen-cli 0.1.0-alpha.1 already has a lockfile, it will not be regenerated
[INFO] running `Command { std: CARGO_HOME="/workspace/cargo-home" RUSTUP_HOME="/workspace/rustup-home" "/workspace/cargo-home/bin/cargo" "+1.100.0-beta.1" "fetch" "--manifest-path" "Cargo.toml", kill_on_drop: false }`
[INFO] [stderr] warning: `package.homepage` is redundant with `package.repository`
[INFO] [stderr]   --> Cargo.toml:78:12
[INFO] [stderr]    |
[INFO] [stderr] 78 | homepage = "https://github.com/clflushopt/tpchgen-rs"
[INFO] [stderr]    |            ^^^^^^^^^^^^^^^^^^^^^^^^^^^^^^^^^^^^^^^^^^
[INFO] [stderr] ...
[INFO] [stderr] 82 | repository = "https://github.com/clflushopt/tpchgen-rs"
[INFO] [stderr]    |              ------------------------------------------
[INFO] [stderr]    |
[INFO] [stderr]    = note: `cargo::redundant_homepage` is set to `warn` by default
[INFO] [stderr] help: consider removing `package.homepage`
[INFO] [stderr] warning: `tpcgen-cli` (manifest) generated 1 warning
[INFO] running `Command { std: "docker" "create" "-v" "/var/lib/crater-agent-workspace/builds/worker-0-tc2/source:/opt/rustwide/workdir:ro,Z" "-v" "/var/lib/crater-agent-workspace/builds/worker-0-tc2/target:/opt/rustwide/target:rw,Z" "-v" "/var/lib/crater-agent-workspace/cargo-home:/opt/rustwide/cargo-home:ro,Z" "-v" "/var/lib/crater-agent-workspace/rustup-home:/opt/rustwide/rustup-home:ro,Z" "-m" "1610612736" "--network" "none" "ghcr.io/rust-lang/crates-build-env/linux@sha256:77db811e55d90add9212f6832c23229e3de5f1c1f9905e8cb07319ea15df73ac" "sleep" "infinity", kill_on_drop: false }`
[INFO] [stdout] 1ddd7bbc8714b5c3915af01c543baf9351b029401a087441b3ce0c8a77c1dd51
[INFO] running `Command { std: "docker" "start" "1ddd7bbc8714b5c3915af01c543baf9351b029401a087441b3ce0c8a77c1dd51", kill_on_drop: false }`
[INFO] running `Command { std: "docker" "inspect" "1ddd7bbc8714b5c3915af01c543baf9351b029401a087441b3ce0c8a77c1dd51", kill_on_drop: false }`
[INFO] running `Command { std: "docker" "exec" "-e" "SOURCE_DIR=/opt/rustwide/workdir" "-e" "CARGO_HOME=/opt/rustwide/cargo-home" "-e" "RUSTUP_HOME=/opt/rustwide/rustup-home" "-e" "CARGO_TARGET_DIR=/opt/rustwide/target" "-w" "/opt/rustwide/workdir" "--user" "0:0" "1ddd7bbc8714b5c3915af01c543baf9351b029401a087441b3ce0c8a77c1dd51" "/opt/rustwide/cargo-home/bin/cargo" "+1.100.0-beta.1" "metadata" "--no-deps" "--format-version=1", kill_on_drop: false }`
[INFO] running `Command { std: "docker" "inspect" "1ddd7bbc8714b5c3915af01c543baf9351b029401a087441b3ce0c8a77c1dd51", kill_on_drop: false }`
[INFO] running `Command { std: "docker" "exec" "-e" "SOURCE_DIR=/opt/rustwide/workdir" "-e" "CARGO_HOME=/opt/rustwide/cargo-home" "-e" "RUSTUP_HOME=/opt/rustwide/rustup-home" "-e" "CARGO_TARGET_DIR=/opt/rustwide/target" "-e" "CARGO_INCREMENTAL=0" "-e" "RUST_BACKTRACE=full" "-e" "RUSTFLAGS=--cap-lints=warn" "-e" "RUSTDOCFLAGS=--cap-lints=warn" "-w" "/opt/rustwide/workdir" "--user" "0:0" "1ddd7bbc8714b5c3915af01c543baf9351b029401a087441b3ce0c8a77c1dd51" "/opt/rustwide/cargo-home/bin/cargo" "+1.100.0-beta.1" "build" "--frozen" "--message-format=json" "--release", kill_on_drop: false }`
[INFO] [stderr] warning: `package.homepage` is redundant with `package.repository`
[INFO] [stderr]   --> Cargo.toml:78:12
[INFO] [stderr]    |
[INFO] [stderr] 78 | homepage = "https://github.com/clflushopt/tpchgen-rs"
[INFO] [stderr]    |            ^^^^^^^^^^^^^^^^^^^^^^^^^^^^^^^^^^^^^^^^^^
[INFO] [stderr] ...
[INFO] [stderr] 82 | repository = "https://github.com/clflushopt/tpchgen-rs"
[INFO] [stderr]    |              ------------------------------------------
[INFO] [stderr]    |
[INFO] [stderr]    = note: `cargo::redundant_homepage` is set to `warn` by default
[INFO] [stderr] help: consider removing `package.homepage`
[INFO] [stderr] warning: `tpcgen-cli` (manifest) generated 1 warning
[INFO] [stderr]    Compiling zerocopy v0.8.52
[INFO] [stderr]    Compiling memchr v2.8.2
[INFO] [stderr]    Compiling bytes v1.12.0
[INFO] [stderr]    Compiling arrow-schema v59.0.0
[INFO] [stderr]    Compiling num-traits v0.2.19
[INFO] [stderr]    Compiling unicode-width v0.2.2
[INFO] [stderr]    Compiling getrandom v0.3.4
[INFO] [stderr]    Compiling syn v2.0.118
[INFO] [stderr]    Compiling cc v1.2.65
[INFO] [stderr]    Compiling flatbuffers v25.12.19
[INFO] [stderr]    Compiling unicode-segmentation v1.13.3
[INFO] [stderr]    Compiling serde_json v1.0.150
[INFO] [stderr]    Compiling alloc-stdlib v0.2.4
[INFO] [stderr]    Compiling indexmap v2.14.0
[INFO] [stderr]    Compiling snap v1.1.1
[INFO] [stderr]    Compiling parking_lot_core v0.9.12
[INFO] [stderr]    Compiling errno v0.3.14
[INFO] [stderr]    Compiling twox-hash v2.1.2
[INFO] [stderr]    Compiling brotli-decompressor v5.0.3
[INFO] [stderr]    Compiling zlib-rs v0.6.5
[INFO] [stderr]    Compiling parking_lot v0.12.5
[INFO] [stderr]    Compiling console v0.16.4
[INFO] [stderr]    Compiling lz4_flex v0.13.1
[INFO] [stderr]    Compiling signal-hook-registry v1.4.8
[INFO] [stderr]    Compiling comfy-table v7.2.2
[INFO] [stderr]    Compiling aho-corasick v1.1.4
[INFO] [stderr]    Compiling csv-core v0.1.13
[INFO] [stderr]    Compiling csv v1.4.0
[INFO] [stderr]    Compiling num-integer v0.1.46
[INFO] [stderr]    Compiling num-complex v0.4.6
[INFO] [stderr]    Compiling chrono v0.4.45
[INFO] [stderr]    Compiling atoi v2.0.0
[INFO] [stderr]    Compiling brotli v8.0.4
[INFO] [stderr]    Compiling seq-macro v0.3.6
[INFO] [stderr]    Compiling unit-prefix v0.5.2
[INFO] [stderr]    Compiling num-bigint v0.4.7
[INFO] [stderr]    Compiling jiff v0.2.31
[INFO] [stderr]    Compiling zstd-sys v2.0.16+zstd.1.5.7
[INFO] [stderr]    Compiling regex-automata v0.4.14
[INFO] [stderr]    Compiling tpchgen v3.0.0
[INFO] [stderr]    Compiling indicatif v0.18.6
[INFO] [stderr]    Compiling num_cpus v1.17.0
[INFO] [stderr]    Compiling flate2 v1.1.9
[INFO] [stderr]    Compiling tpcdsgen v0.1.0-alpha.1
[INFO] [stderr]    Compiling zerocopy-derive v0.8.52
[INFO] [stderr]    Compiling futures-macro v0.3.32
[INFO] [stderr]    Compiling tokio-macros v2.7.0
[INFO] [stderr]    Compiling clap_derive v4.6.1
[INFO] [stderr]    Compiling tokio v1.52.3
[INFO] [stderr]    Compiling futures-util v0.3.32
[INFO] [stderr]    Compiling regex v1.12.4
[INFO] [stderr]    Compiling clap v4.6.1
[INFO] [stderr]    Compiling env_filter v2.0.0
[INFO] [stderr]    Compiling env_logger v0.11.11
[INFO] [stderr]    Compiling futures-executor v0.3.32
[INFO] [stderr]    Compiling futures v0.3.32
[INFO] [stderr]    Compiling half v2.7.1
[INFO] [stderr]    Compiling ahash v0.8.12
[INFO] [stderr]    Compiling arrow-buffer v59.0.0
[INFO] [stderr]    Compiling arrow-data v59.0.0
[INFO] [stderr]    Compiling arrow-array v59.0.0
[INFO] [stderr]    Compiling arrow-select v59.0.0
[INFO] [stderr]    Compiling arrow-row v59.0.0
[INFO] [stderr]    Compiling arrow-arith v59.0.0
[INFO] [stderr]    Compiling arrow-ord v59.0.0
[INFO] [stderr]    Compiling arrow-ipc v59.0.0
[INFO] [stderr]    Compiling arrow-string v59.0.0
[INFO] [stderr]    Compiling zstd-safe v7.2.4
[INFO] [stderr]    Compiling zstd v0.13.3
[INFO] [stderr]    Compiling parquet v59.0.0
[INFO] [stderr]    Compiling arrow-cast v59.0.0
[INFO] [stderr]    Compiling arrow-json v59.0.0
[INFO] [stderr]    Compiling arrow-csv v59.0.0
[INFO] [stderr]    Compiling arrow v59.0.0
[INFO] [stderr]    Compiling tpchgen-arrow v3.0.0
[INFO] [stderr]    Compiling tpcgen-cli v0.1.0-alpha.1 (/opt/rustwide/workdir)
[INFO] [stderr]     Finished `release` profile [optimized] target(s) in 5m 01s
[INFO] running `Command { std: "docker" "inspect" "1ddd7bbc8714b5c3915af01c543baf9351b029401a087441b3ce0c8a77c1dd51", kill_on_drop: false }`
[INFO] running `Command { std: "docker" "exec" "-e" "SOURCE_DIR=/opt/rustwide/workdir" "-e" "CARGO_HOME=/opt/rustwide/cargo-home" "-e" "RUSTUP_HOME=/opt/rustwide/rustup-home" "-e" "CARGO_TARGET_DIR=/opt/rustwide/target" "-e" "CARGO_INCREMENTAL=0" "-e" "RUST_BACKTRACE=full" "-e" "RUSTFLAGS=--cap-lints=warn" "-e" "RUSTDOCFLAGS=--cap-lints=warn" "-w" "/opt/rustwide/workdir" "--user" "0:0" "1ddd7bbc8714b5c3915af01c543baf9351b029401a087441b3ce0c8a77c1dd51" "/opt/rustwide/cargo-home/bin/cargo" "+1.100.0-beta.1" "test" "--frozen" "--no-run" "--message-format=json" "--release", kill_on_drop: false }`
[INFO] [stderr] warning: `package.homepage` is redundant with `package.repository`
[INFO] [stderr]   --> Cargo.toml:78:12
[INFO] [stderr]    |
[INFO] [stderr] 78 | homepage = "https://github.com/clflushopt/tpchgen-rs"
[INFO] [stderr]    |            ^^^^^^^^^^^^^^^^^^^^^^^^^^^^^^^^^^^^^^^^^^
[INFO] [stderr] ...
[INFO] [stderr] 82 | repository = "https://github.com/clflushopt/tpchgen-rs"
[INFO] [stderr]    |              ------------------------------------------
[INFO] [stderr]    |
[INFO] [stderr]    = note: `cargo::redundant_homepage` is set to `warn` by default
[INFO] [stderr] help: consider removing `package.homepage`
[INFO] [stderr] warning: `tpcgen-cli` (manifest) generated 1 warning
[INFO] [stderr]    Compiling bitflags v2.13.0
[INFO] [stderr]    Compiling regex-automata v0.4.14
[INFO] [stderr]    Compiling ahash v0.8.12
[INFO] [stderr]    Compiling flate2 v1.1.9
[INFO] [stderr]    Compiling predicates-core v1.0.10
[INFO] [stderr]    Compiling float-cmp v0.10.0
[INFO] [stderr]    Compiling assert_cmd v2.2.2
[INFO] [stderr]    Compiling termtree v0.5.1
[INFO] [stderr]    Compiling predicates-tree v1.0.13
[INFO] [stderr]    Compiling arrow-array v59.0.0
[INFO] [stderr]    Compiling flatbuffers v25.12.19
[INFO] [stderr]    Compiling rustix v1.1.4
[INFO] [stderr]    Compiling tempfile v3.27.0
[INFO] [stderr]    Compiling regex v1.12.4
[INFO] [stderr]    Compiling bstr v1.12.3
[INFO] [stderr]    Compiling arrow-select v59.0.0
[INFO] [stderr]    Compiling arrow-row v59.0.0
[INFO] [stderr]    Compiling arrow-arith v59.0.0
[INFO] [stderr]    Compiling env_filter v2.0.0
[INFO] [stderr]    Compiling predicates v3.1.4
[INFO] [stderr]    Compiling env_logger v0.11.11
[INFO] [stderr]    Compiling arrow-ord v59.0.0
[INFO] [stderr]    Compiling arrow-ipc v59.0.0
[INFO] [stderr]    Compiling arrow-string v59.0.0
[INFO] [stderr]    Compiling parquet v59.0.0
[INFO] [stderr]    Compiling arrow-cast v59.0.0
[INFO] [stderr]    Compiling arrow-csv v59.0.0
[INFO] [stderr]    Compiling arrow-json v59.0.0
[INFO] [stderr]    Compiling arrow v59.0.0
[INFO] [stderr]    Compiling tpchgen-arrow v3.0.0
[INFO] [stderr]    Compiling tpcgen-cli v0.1.0-alpha.1 (/opt/rustwide/workdir)
[INFO] [stderr]     Finished `release` profile [optimized] target(s) in 4m 08s
[INFO] running `Command { std: "docker" "inspect" "1ddd7bbc8714b5c3915af01c543baf9351b029401a087441b3ce0c8a77c1dd51", kill_on_drop: false }`
[INFO] running `Command { std: "docker" "exec" "-e" "SOURCE_DIR=/opt/rustwide/workdir" "-e" "CARGO_HOME=/opt/rustwide/cargo-home" "-e" "RUSTUP_HOME=/opt/rustwide/rustup-home" "-e" "CARGO_TARGET_DIR=/opt/rustwide/target" "-e" "CARGO_INCREMENTAL=0" "-e" "RUST_BACKTRACE=full" "-e" "RUSTFLAGS=--cap-lints=warn" "-e" "RUSTDOCFLAGS=--cap-lints=warn" "-w" "/opt/rustwide/workdir" "--user" "0:0" "1ddd7bbc8714b5c3915af01c543baf9351b029401a087441b3ce0c8a77c1dd51" "/opt/rustwide/cargo-home/bin/cargo" "+1.100.0-beta.1" "test" "--frozen" "--release", kill_on_drop: false }`
[INFO] [stderr] warning: `package.homepage` is redundant with `package.repository`
[INFO] [stderr]   --> Cargo.toml:78:12
[INFO] [stderr]    |
[INFO] [stderr] 78 | homepage = "https://github.com/clflushopt/tpchgen-rs"
[INFO] [stderr]    |            ^^^^^^^^^^^^^^^^^^^^^^^^^^^^^^^^^^^^^^^^^^
[INFO] [stderr] ...
[INFO] [stderr] 82 | repository = "https://github.com/clflushopt/tpchgen-rs"
[INFO] [stderr]    |              ------------------------------------------
[INFO] [stderr]    |
[INFO] [stderr]    = note: `cargo::redundant_homepage` is set to `warn` by default
[INFO] [stderr] help: consider removing `package.homepage`
[INFO] [stderr] warning: `tpcgen-cli` (manifest) generated 1 warning
[INFO] [stderr]     Finished `release` profile [optimized] target(s) in 0.32s
[INFO] [stderr]      Running unittests src/lib.rs (/opt/rustwide/target/release/build/tpcgen-cli/c0c9eaf0b5b01baf/out/tpcgen_cli-c0c9eaf0b5b01baf)
[INFO] [stdout] 
[INFO] [stdout] running 48 tests
[INFO] [stdout] test tpch_cli::plan::tests::default_layouts::parquet_sf1_default_partsupp ... ok
[INFO] [stdout] test tpch_cli::plan::tests::default_layouts::tbl_sf1_default_lineitem ... ok
[INFO] [stdout] test tpch_cli::plan::tests::default_layouts::parquet_sf1_default_supplier ... ok
[INFO] [stdout] test tpch_cli::plan::tests::default_layouts::parquet_sf1_default_part ... ok
[INFO] [stdout] test tpch_cli::plan::tests::default_layouts::tbl_sf1_default_customer ... ok
[INFO] [stdout] test tpch_cli::plan::tests::default_layouts::parquet_sf1_default_nation ... ok
[INFO] [stdout] test tpch_cli::plan::tests::default_layouts::parquet_sf1_default_region ... ok
[INFO] [stdout] test tpch_cli::plan::tests::default_layouts::tbl_sf1_default_region ... ok
[INFO] [stdout] test tpch_cli::plan::tests::errors::sf1_lineitem_cli_invalid_part ... ok
[INFO] [stdout] test tpch_cli::plan::tests::default_layouts::tbl_sf1_default_orders ... ok
[INFO] [stdout] test tpch_cli::plan::tests::limits::parquet_row_group_size::parquet_sf1_lineitem_large_row_group ... ok
[INFO] [stdout] test tpch_cli::plan::tests::errors::tbl_sf1_lineitem_cli_invalid_part_count ... ok
[INFO] [stdout] test tpch_cli::plan::tests::default_layouts::parquet_sf1_default_lineitem ... ok
[INFO] [stdout] test tpch_cli::plan::tests::limits::parquet_row_group_size::parquet_sf1_lineitem_default_row_group ... ok
[INFO] [stdout] test tpch_cli::plan::tests::errors::tbl_sf1_lineitem_cli_parts_invalid_big ... ok
[INFO] [stdout] test tpch_cli::plan::tests::limits::parquet_sf100000_lineitem_cli_parts_limit ... ok
[INFO] [stdout] test tpch_cli::plan::tests::limits::parquet_sf1000_lineitem_cli_parts_limit ... ok
[INFO] [stdout] test tpch_cli::plan::tests::default_layouts::parquet_sf1_default_orders ... ok
[INFO] [stdout] test tpch_cli::plan::tests::partitions::parquet_sf1_lineitem_cli_parts_1 ... ok
[INFO] [stdout] test tpch_cli::plan::tests::limits::tbl_sf10_lineitem_limit ... ok
[INFO] [stdout] test tpch_cli::plan::tests::partitions::parquet_sf1_lineitem_cli_parts_10 ... ok
[INFO] [stdout] test tpch_cli::plan::tests::default_layouts::tbl_sf1_default_supplier ... ok
[INFO] [stdout] test tpch_cli::plan::tests::limits::parquet_sf1000_lineitem_limit ... ok
[INFO] [stdout] test tpch_cli::plan::tests::limits::parquet_row_group_size::parquet_sf1_lineitem_small_row_group ... ok
[INFO] [stdout] test tpch_cli::plan::tests::limits::parquet_row_group_size::parquet_sf1_lineitem_small_row_group_max_groups ... ok
[INFO] [stdout] test tpch_cli::plan::tests::partitions::tbl_sf1_lineitem_cli_parts_4 ... ok
[INFO] [stdout] test tpch_cli::plan::tests::partitions::tbl_sf1_region_cli_parts ... ok
[INFO] [stdout] test tpch_cli::plan::tests::partitions::tbl_sf1_nation_cli_parts ... ok
[INFO] [stdout] test tpch_cli::plan::tests::partitions::parquet_sf1_region_cli_parts ... ok
[INFO] [stdout] test tpch_cli::plan::tests::partitions::tbl_sf1_lineitem_cli_invalid_part ... ok
[INFO] [stdout] test tpch_cli::plan::tests::partitions::tbl_sf1_lineitem_cli_parts_1 ... ok
[INFO] [stdout] test tpch_cli::plan::tests::partitions::parquet_sf1_lineitem_cli_parts_4 ... ok
[INFO] [stdout] test tpch_cli::plan::tests::default_layouts::tbl_sf1_default_nation ... ok
[INFO] [stdout] test tpch_cli::progress::tests::mock_tracker_works_through_arc_dyn ... ok
[INFO] [stdout] test tpch_cli::progress::indicatif_impl::tests::unknown_table_is_no_op ... ok
[INFO] [stdout] test tpch_cli::generate::tests::progress_counts_generated_chunks_not_header ... ok
[INFO] [stdout] test tpch_cli::runner::tests::skip_existing_advances_progress_by_full_plan ... ok
[INFO] [stdout] test tpch_cli::plan::tests::default_layouts::tbl_sf1_default_partsupp ... ok
[INFO] [stdout] test tpch_cli::progress::indicatif_impl::tests::reaches_total ... ok
[INFO] [stdout] test tpch_cli::progress::indicatif_impl::tests::finish_marks_registered_bars_finished ... ok
[INFO] [stdout] test tpch_cli::progress::indicatif_impl::tests::registers_and_increments ... ok
[INFO] [stdout] test tpch_cli::progress::tests::default_register_and_finish_are_noops ... ok
[INFO] [stdout] test tpch_cli::plan::tests::default_layouts::tbl_sf1_default_part ... ok
[INFO] [stdout] test tpch_cli::plan::tests::default_layouts::parquet_sf1_default_customer ... ok
[INFO] [stdout] test tpch_cli::plan::tests::limits::parquet_sf10_lineitem_limit ... ok
[INFO] [stdout] test tpch_cli::plan::tests::limits::tbl_sf1000_lineitem_limit ... ok
[INFO] [stdout] test tpch_cli::generator::tests::builder_passes_custom_progress_tracker_to_runner ... ok
[INFO] [stdout] test tpch_cli::parquet::tests::progress_counts_written_row_groups ... ok
[INFO] [stdout] 
[INFO] [stdout] test result: ok. 48 passed; 0 failed; 0 ignored; 0 measured; 0 filtered out; finished in 1.63s
[INFO] [stdout] 
[INFO] [stderr]      Running unittests src/bin/benchmark.rs (/opt/rustwide/target/release/build/tpcgen-cli/4bf9a1b002bd450b/out/benchmark-4bf9a1b002bd450b)
[INFO] [stdout] 
[INFO] [stdout] running 0 tests
[INFO] [stdout] 
[INFO] [stdout] test result: ok. 0 passed; 0 failed; 0 ignored; 0 measured; 0 filtered out; finished in 0.00s
[INFO] [stdout] 
[INFO] [stderr]      Running unittests bin/tpcgen_cli.rs (/opt/rustwide/target/release/build/tpcgen-cli/8ef03ca2a0bfe383/out/tpcgen_cli-8ef03ca2a0bfe383)
[INFO] [stdout] 
[INFO] [stdout] running 0 tests
[INFO] [stdout] 
[INFO] [stdout] test result: ok. 0 passed; 0 failed; 0 ignored; 0 measured; 0 filtered out; finished in 0.00s
[INFO] [stdout] 
[INFO] [stderr]      Running tests/cli_integration.rs (/opt/rustwide/target/release/build/tpcgen-cli/54b1dbefe4956f06/out/cli_integration-54b1dbefe4956f06)
[INFO] [stdout] 
[INFO] [stdout] running 40 tests
[INFO] [stdout] test test_tpcgen_cli_tpcds_dat_compat_mode ... ok
[INFO] [stdout] test test_tpcgen_tpcds_dat_dbgen_version_command_line ... ok
[INFO] [stdout] test tpch::test_csv_subcommand_rejects_non_ascii_delimiter ... ok
[INFO] [stdout] test test_tpcgen_cli_tpcds_dat_command_forms ... ok
[INFO] [stdout] test test_tpcgen_cli_tpcds_dat_default_options_generate_all_outputs ... ok
[INFO] [stdout] test tpch::test_format_with_subcommand_conflict ... ok
[INFO] [stdout] test test_tpcgen_cli_tpcds_dat_multiple_table_selection_command_forms ... ok
[INFO] [stdout] test tpch::test_parquet_compression_with_subcommand_conflict ... ok
[INFO] [stdout] test tpch::test_tbl_subcommand_rejects_delimiter ... ok
[INFO] [stdout] test tpch::test_parquet_row_group_bytes_with_subcommand_conflict ... ok
[INFO] [stdout] test test_tpcgen_cli_tpcds_non_dat_command_forms_are_not_implemented ... ok
[INFO] [stdout] test tpch::test_tpchgen_cli_part_no_parts ... ok
[INFO] [stdout] test tpch::test_csv_subcommand ... FAILED
[INFO] [stdout] test tpch::test_incompatible_options_warnings ... FAILED
[INFO] [stdout] test tpch::test_tpchgen_cli_parquet_no_overwrite ... FAILED
[INFO] [stdout] test tpch::test_tbl_subcommand ... FAILED
[INFO] [stdout] test tpch::test_tpchgen_cli_no_progress_flag ... FAILED
[INFO] [stdout] test test_tpcgen_cli_tpch_command_forms ... FAILED
[INFO] [stdout] test tpch::test_quiet_flag_suppresses_warnings ... FAILED
[INFO] [stdout] test tpch::test_tpchgen_cli_too_many_parts ... ok
[INFO] [stdout] test tpch::test_tpchgen_cli_zero_part ... ok
[INFO] [stdout] test tpch::test_tpchgen_cli_zero_part_zero_parts ... ok
[INFO] [stdout] test tpch::test_deprecated_parquet_row_group_bytes_flag_works ... FAILED
[INFO] [stdout] test tpch::test_deprecated_parquet_compression_flag_works ... FAILED
[INFO] [stdout] test tpch::test_format_tbl_warns_about_subcommand ... FAILED
[INFO] [stdout] test tpch::test_tpchgen_cli_parts ... FAILED
[INFO] [stdout] test tpch::test_common_args_with_subcommand_conflict ... FAILED
[INFO] [stdout] test tpch::test_csv_subcommand_custom_delimiter ... FAILED
[INFO] [stdout] test tpch::test_format_parquet_warns_about_subcommand ... FAILED
[INFO] [stdout] test tpch::test_format_csv_warns_about_subcommand ... FAILED
[INFO] [stdout] test tpch::test_tpchgen_cli_progress_auto_disabled_on_non_tty ... FAILED
[INFO] [stdout] test tpch::test_default_format_is_tbl ... FAILED
[INFO] [stdout] test tpch::test_tpchgen_cli_tbl_scale_factor_0_001 ... FAILED
[INFO] [stdout] test tpch::test_tpchgen_cli_parts_all_tables ... FAILED
[INFO] [stdout] test tpch::test_write_parquet_row_group_size_20mb ... FAILED
[INFO] [stdout] test tpch::test_write_parquet_orders ... FAILED
[INFO] [stdout] test tpch::test_tpchgen_cli_quiet_flag ... FAILED
[INFO] [stdout] test tpch::test_tpchgen_cli_parts_explicit ... FAILED
[INFO] [stdout] test tpch::test_tpchgen_cli_tbl_no_overwrite ... ok
[INFO] [stdout] test tpch::test_write_parquet_row_group_size_default ... ok
[INFO] [stdout] 
[INFO] [stdout] failures:
[INFO] [stdout] 
[INFO] [stdout] ---- tpch::test_csv_subcommand stdout ----
[INFO] [stdout] 
[INFO] [stdout] thread 'tpch::test_csv_subcommand' (3183) panicked at tests/cli_integration/tpch.rs:994:10:
[INFO] [stdout] Unexpected failure.
[INFO] [stdout] code=<interrupted>
[INFO] [stdout] stderr=```""```
[INFO] [stdout] command=`"/opt/rustwide/target/release/tpcgen-cli" "tpch" "csv" "--scale-factor" "0.001" "--tables" "part" "--output-dir" "/tmp/.tmpFQZSpL"`
[INFO] [stdout] code=<interrupted>
[INFO] [stdout] stdout=""
[INFO] [stdout] stderr=""
[INFO] [stdout] 
[INFO] [stdout] stack backtrace:
[INFO] [stdout]    0:     0x60fa8694fa41 - <<std[617be2ca0a6fd877]::sys::backtrace::BacktraceLock>::print::DisplayBacktrace as core[a373ad73a504971]::fmt::Display>::fmt
[INFO] [stdout]    1:     0x60fa869679ea - core[a373ad73a504971]::fmt::write
[INFO] [stdout]    2:     0x60fa8695576c - <alloc[2e1b2a31b91974c5]::vec::Vec<u8> as core[a373ad73a504971]::io::write::Write>::write_fmt
[INFO] [stdout]    3:     0x60fa86929a66 - std[617be2ca0a6fd877]::panicking::default_hook::{closure#0}
[INFO] [stdout]    4:     0x60fa86947099 - std[617be2ca0a6fd877]::panicking::default_hook
[INFO] [stdout]    5:     0x60fa8647df50 - test[aada8e7e76ba119b]::test_main_inner::{closure#0}
[INFO] [stdout]    6:     0x60fa86947252 - std[617be2ca0a6fd877]::panicking::panic_with_hook
[INFO] [stdout]    7:     0x60fa86929b12 - std[617be2ca0a6fd877]::panicking::panic_handler::{closure#0}
[INFO] [stdout]    8:     0x60fa869224a9 - std[617be2ca0a6fd877]::sys::backtrace::__rust_end_short_backtrace::<std[617be2ca0a6fd877]::panicking::panic_handler::{closure#0}, !>
[INFO] [stdout]    9:     0x60fa8692a71d - __rustc[ea4f61d10b84890b]::rust_begin_unwind
[INFO] [stdout]   10:     0x60fa869681cc - core[a373ad73a504971]::panicking::panic_fmt
[INFO] [stdout]   11:     0x60fa86907caf - <assert_cmd[a8ad6557b0c27728]::assert::AssertError>::panic::<assert_cmd[a8ad6557b0c27728]::assert::Assert>
[INFO] [stdout]   12:     0x60fa869083f9 - <assert_cmd[a8ad6557b0c27728]::assert::Assert>::success
[INFO] [stdout]   13:     0x60fa8642992e - <cli_integration[bcc1585f40ff8a2a]::tpch::test_csv_subcommand::{closure#0} as core[a373ad73a504971]::ops::function::FnOnce<()>>::call_once
[INFO] [stdout]   14:     0x60fa8647139b - test[aada8e7e76ba119b]::__rust_begin_short_backtrace::<core[a373ad73a504971]::result::Result<(), alloc[2e1b2a31b91974c5]::string::String>, fn() -> core[a373ad73a504971]::result::Result<(), alloc[2e1b2a31b91974c5]::string::String>>
[INFO] [stdout]   15:     0x60fa8647e575 - test[aada8e7e76ba119b]::run_test::{closure#0}
[INFO] [stdout]   16:     0x60fa86477e64 - std[617be2ca0a6fd877]::sys::backtrace::__rust_begin_short_backtrace::<test[aada8e7e76ba119b]::run_test::{closure#1}, ()>
[INFO] [stdout]   17:     0x60fa86481602 - <std[617be2ca0a6fd877]::thread::lifecycle::spawn_unchecked<test[aada8e7e76ba119b]::run_test::{closure#1}, ()>::{closure#1} as core[a373ad73a504971]::ops::function::FnOnce<()>>::call_once::{shim:vtable#0}
[INFO] [stdout]   18:     0x60fa8694ebaf - <std[617be2ca0a6fd877]::sys::thread::unix::Thread>::new::thread_start
[INFO] [stdout]   19:     0x7d3dedfabdfa - <unknown>
[INFO] [stdout]   20:     0x7d3dee03f3d4 - clone
[INFO] [stdout]   21:                0x0 - <unknown>
[INFO] [stdout] 
[INFO] [stdout] ---- tpch::test_incompatible_options_warnings stdout ----
[INFO] [stdout] 
[INFO] [stdout] thread 'tpch::test_incompatible_options_warnings' (3423) panicked at tests/cli_integration/tpch.rs:624:10:
[INFO] [stdout] Unexpected failure.
[INFO] [stdout] code=<interrupted>
[INFO] [stdout] stderr=``````
[INFO] [stdout] [2026-10-18T19:37:20Z WARN  tpcgen_cli::tpch_cli::cli] The --format flag will be removed in v4.0.0. Use `tpchgen-cli csv` instead.
[INFO] [stdout] [2026-10-18T19:37:20Z WARN  tpcgen_cli::tpch_cli::cli] --parquet-compression ignored: output format is not parquet
[INFO] [stdout] [2026-10-18T19:37:20Z WARN  tpcgen_cli::tpch_cli::cli] --parquet-row-group-bytes ignored: output format is not parquet
[INFO] [stdout] ```
[INFO] [stdout] ```
[INFO] [stdout] command=`"/opt/rustwide/target/release/tpcgen-cli" "tpch" "--format" "csv" "--tables" "orders" "--scale-factor" "0.0001" "--output-dir" "/tmp/.tmpedX4M4" "--parquet-compression" "zstd(1)" "--parquet-row-group-bytes" "8192"`
[INFO] [stdout] code=<interrupted>
[INFO] [stdout] stdout=""
[INFO] [stdout] stderr=```
[INFO] [stdout] [2026-10-18T19:37:20Z WARN  tpcgen_cli::tpch_cli::cli] The --format flag will be removed in v4.0.0. Use `tpchgen-cli csv` instead.
[INFO] [stdout] [2026-10-18T19:37:20Z WARN  tpcgen_cli::tpch_cli::cli] --parquet-compression ignored: output format is not parquet
[INFO] [stdout] [2026-10-18T19:37:20Z WARN  tpcgen_cli::tpch_cli::cli] --parquet-row-group-bytes ignored: output format is not parquet
[INFO] [stdout] ```
[INFO] [stdout] 
[INFO] [stdout] 
[INFO] [stdout] stack backtrace:
[INFO] [stdout]    0:     0x60fa8694fa41 - <<std[617be2ca0a6fd877]::sys::backtrace::BacktraceLock>::print::DisplayBacktrace as core[a373ad73a504971]::fmt::Display>::fmt
[INFO] [stdout]    1:     0x60fa869679ea - core[a373ad73a504971]::fmt::write
[INFO] [stdout]    2:     0x60fa8695576c - <alloc[2e1b2a31b91974c5]::vec::Vec<u8> as core[a373ad73a504971]::io::write::Write>::write_fmt
[INFO] [stdout]    3:     0x60fa86929a66 - std[617be2ca0a6fd877]::panicking::default_hook::{closure#0}
[INFO] [stdout]    4:     0x60fa86947099 - std[617be2ca0a6fd877]::panicking::default_hook
[INFO] [stdout]    5:     0x60fa8647df50 - test[aada8e7e76ba119b]::test_main_inner::{closure#0}
[INFO] [stdout]    6:     0x60fa86947252 - std[617be2ca0a6fd877]::panicking::panic_with_hook
[INFO] [stdout]    7:     0x60fa86929b12 - std[617be2ca0a6fd877]::panicking::panic_handler::{closure#0}
[INFO] [stdout]    8:     0x60fa869224a9 - std[617be2ca0a6fd877]::sys::backtrace::__rust_end_short_backtrace::<std[617be2ca0a6fd877]::panicking::panic_handler::{closure#0}, !>
[INFO] [stdout]    9:     0x60fa8692a71d - __rustc[ea4f61d10b84890b]::rust_begin_unwind
[INFO] [stdout]   10:     0x60fa869681cc - core[a373ad73a504971]::panicking::panic_fmt
[INFO] [stdout]   11:     0x60fa86907caf - <assert_cmd[a8ad6557b0c27728]::assert::AssertError>::panic::<assert_cmd[a8ad6557b0c27728]::assert::Assert>
[INFO] [stdout]   12:     0x60fa869083f9 - <assert_cmd[a8ad6557b0c27728]::assert::Assert>::success
[INFO] [stdout]   13:     0x60fa86424274 - cli_integration[bcc1585f40ff8a2a]::tpch::test_incompatible_options_warnings::{closure#0}
[INFO] [stdout]   14:     0x60fa864421d8 - <tokio[e58c6e71b2d91bb4]::runtime::context::scoped::Scoped<tokio[e58c6e71b2d91bb4]::runtime::scheduler::Context>>::set::<<tokio[e58c6e71b2d91bb4]::runtime::scheduler::current_thread::CoreGuard>::enter<<tokio[e58c6e71b2d91bb4]::runtime::scheduler::current_thread::CoreGuard>::block_on<core[a373ad73a504971]::pin::Pin<&mut core[a373ad73a504971]::pin::Pin<&mut dyn core[a373ad73a504971]::future::future::Future<Output = ()>>>>::{closure#0}, core[a373ad73a504971]::option::Option<()>>::{closure#0}, (alloc[2e1b2a31b91974c5]::boxed::Box<tokio[e58c6e71b2d91bb4]::runtime::scheduler::current_thread::Core>, core[a373ad73a504971]::option::Option<()>)>
[INFO] [stdout]   15:     0x60fa8644262d - <tokio[e58c6e71b2d91bb4]::runtime::scheduler::current_thread::CoreGuard>::block_on::<core[a373ad73a504971]::pin::Pin<&mut core[a373ad73a504971]::pin::Pin<&mut dyn core[a373ad73a504971]::future::future::Future<Output = ()>>>>
[INFO] [stdout]   16:     0x60fa8644fd9d - tokio[e58c6e71b2d91bb4]::runtime::context::runtime::enter_runtime::<<tokio[e58c6e71b2d91bb4]::runtime::scheduler::current_thread::CurrentThread>::block_on<core[a373ad73a504971]::pin::Pin<&mut dyn core[a373ad73a504971]::future::future::Future<Output = ()>>>::{closure#0}, ()>
[INFO] [stdout]   17:     0x60fa8644df35 - <tokio[e58c6e71b2d91bb4]::runtime::runtime::Runtime>::block_on::<core[a373ad73a504971]::pin::Pin<&mut dyn core[a373ad73a504971]::future::future::Future<Output = ()>>>
[INFO] [stdout]   18:     0x60fa8642d08e - <cli_integration[bcc1585f40ff8a2a]::tpch::test_incompatible_options_warnings::{closure#0} as core[a373ad73a504971]::ops::function::FnOnce<()>>::call_once
[INFO] [stdout]   19:     0x60fa8647139b - test[aada8e7e76ba119b]::__rust_begin_short_backtrace::<core[a373ad73a504971]::result::Result<(), alloc[2e1b2a31b91974c5]::string::String>, fn() -> core[a373ad73a504971]::result::Result<(), alloc[2e1b2a31b91974c5]::string::String>>
[INFO] [stdout]   20:     0x60fa8647e575 - test[aada8e7e76ba119b]::run_test::{closure#0}
[INFO] [stdout]   21:     0x60fa86477e64 - std[617be2ca0a6fd877]::sys::backtrace::__rust_begin_short_backtrace::<test[aada8e7e76ba119b]::run_test::{closure#1}, ()>
[INFO] [stdout]   22:     0x60fa86481602 - <std[617be2ca0a6fd877]::thread::lifecycle::spawn_unchecked<test[aada8e7e76ba119b]::run_test::{closure#1}, ()>::{closure#1} as core[a373ad73a504971]::ops::function::FnOnce<()>>::call_once::{shim:vtable#0}
[INFO] [stdout]   23:     0x60fa8694ebaf - <std[617be2ca0a6fd877]::sys::thread::unix::Thread>::new::thread_start
[INFO] [stdout]   24:     0x7d3dedfabdfa - <unknown>
[INFO] [stdout]   25:     0x7d3dee03f3d4 - clone
[INFO] [stdout]   26:                0x0 - <unknown>
[INFO] [stdout] 
[INFO] [stdout] ---- tpch::test_tpchgen_cli_parquet_no_overwrite stdout ----
[INFO] [stdout] 
[INFO] [stdout] thread 'tpch::test_tpchgen_cli_parquet_no_overwrite' (3789) panicked at tests/cli_integration/tpch.rs:141:10:
[INFO] [stdout] Unexpected failure.
[INFO] [stdout] code=<interrupted>
[INFO] [stdout] stderr=```""```
[INFO] [stdout] command=`"/opt/rustwide/target/release/tpcgen-cli" "tpch" "parquet" "--scale-factor" "0.001" "--tables" "part" "--output-dir" "/tmp/.tmpY2Y2V0"`
[INFO] [stdout] code=<interrupted>
[INFO] [stdout] stdout=""
[INFO] [stdout] stderr=""
[INFO] [stdout] 
[INFO] [stdout] stack backtrace:
[INFO] [stdout]    0:     0x60fa8694fa41 - <<std[617be2ca0a6fd877]::sys::backtrace::BacktraceLock>::print::DisplayBacktrace as core[a373ad73a504971]::fmt::Display>::fmt
[INFO] [stdout]    1:     0x60fa869679ea - core[a373ad73a504971]::fmt::write
[INFO] [stdout]    2:     0x60fa8695576c - <alloc[2e1b2a31b91974c5]::vec::Vec<u8> as core[a373ad73a504971]::io::write::Write>::write_fmt
[INFO] [stdout]    3:     0x60fa86929a66 - std[617be2ca0a6fd877]::panicking::default_hook::{closure#0}
[INFO] [stdout]    4:     0x60fa86947099 - std[617be2ca0a6fd877]::panicking::default_hook
[INFO] [stdout]    5:     0x60fa8647df50 - test[aada8e7e76ba119b]::test_main_inner::{closure#0}
[INFO] [stdout]    6:     0x60fa86947252 - std[617be2ca0a6fd877]::panicking::panic_with_hook
[INFO] [stdout]    7:     0x60fa86929b12 - std[617be2ca0a6fd877]::panicking::panic_handler::{closure#0}
[INFO] [stdout]    8:     0x60fa869224a9 - std[617be2ca0a6fd877]::sys::backtrace::__rust_end_short_backtrace::<std[617be2ca0a6fd877]::panicking::panic_handler::{closure#0}, !>
[INFO] [stdout]    9:     0x60fa8692a71d - __rustc[ea4f61d10b84890b]::rust_begin_unwind
[INFO] [stdout]   10:     0x60fa869681cc - core[a373ad73a504971]::panicking::panic_fmt
[INFO] [stdout]   11:     0x60fa86907caf - <assert_cmd[a8ad6557b0c27728]::assert::AssertError>::panic::<assert_cmd[a8ad6557b0c27728]::assert::Assert>
[INFO] [stdout]   12:     0x60fa869083f9 - <assert_cmd[a8ad6557b0c27728]::assert::Assert>::success
[INFO] [stdout]   13:     0x60fa8642e317 - <cli_integration[bcc1585f40ff8a2a]::tpch::test_tpchgen_cli_parquet_no_overwrite::{closure#0} as core[a373ad73a504971]::ops::function::FnOnce<()>>::call_once
[INFO] [stdout]   14:     0x60fa8647139b - test[aada8e7e76ba119b]::__rust_begin_short_backtrace::<core[a373ad73a504971]::result::Result<(), alloc[2e1b2a31b91974c5]::string::String>, fn() -> core[a373ad73a504971]::result::Result<(), alloc[2e1b2a31b91974c5]::string::String>>
[INFO] [stdout]   15:     0x60fa8647e575 - test[aada8e7e76ba119b]::run_test::{closure#0}
[INFO] [stdout]   16:     0x60fa86477e64 - std[617be2ca0a6fd877]::sys::backtrace::__rust_begin_short_backtrace::<test[aada8e7e76ba119b]::run_test::{closure#1}, ()>
[INFO] [stdout]   17:     0x60fa86481602 - <std[617be2ca0a6fd877]::thread::lifecycle::spawn_unchecked<test[aada8e7e76ba119b]::run_test::{closure#1}, ()>::{closure#1} as core[a373ad73a504971]::ops::function::FnOnce<()>>::call_once::{shim:vtable#0}
[INFO] [stdout]   18:     0x60fa8694ebaf - <std[617be2ca0a6fd877]::sys::thread::unix::Thread>::new::thread_start
[INFO] [stdout]   19:     0x7d3dedfabdfa - <unknown>
[INFO] [stdout]   20:     0x7d3dee03f3d4 - clone
[INFO] [stdout]   21:                0x0 - <unknown>
[INFO] [stdout] 
[INFO] [stdout] ---- tpch::test_tbl_subcommand stdout ----
[INFO] [stdout] 
[INFO] [stdout] thread 'tpch::test_tbl_subcommand' (3659) panicked at tests/cli_integration/tpch.rs:969:10:
[INFO] [stdout] Unexpected failure.
[INFO] [stdout] code=<interrupted>
[INFO] [stdout] stderr=```""```
[INFO] [stdout] command=`"/opt/rustwide/target/release/tpcgen-cli" "tpch" "tbl" "--scale-factor" "0.001" "--tables" "part" "--output-dir" "/tmp/.tmpahx168"`
[INFO] [stdout] code=<interrupted>
[INFO] [stdout] stdout=""
[INFO] [stdout] stderr=""
[INFO] [stdout] 
[INFO] [stdout] stack backtrace:
[INFO] [stdout]    0:     0x60fa8694fa41 - <<std[617be2ca0a6fd877]::sys::backtrace::BacktraceLock>::print::DisplayBacktrace as core[a373ad73a504971]::fmt::Display>::fmt
[INFO] [stdout]    1:     0x60fa869679ea - core[a373ad73a504971]::fmt::write
[INFO] [stdout]    2:     0x60fa8695576c - <alloc[2e1b2a31b91974c5]::vec::Vec<u8> as core[a373ad73a504971]::io::write::Write>::write_fmt
[INFO] [stdout]    3:     0x60fa86929a66 - std[617be2ca0a6fd877]::panicking::default_hook::{closure#0}
[INFO] [stdout]    4:     0x60fa86947099 - std[617be2ca0a6fd877]::panicking::default_hook
[INFO] [stdout]    5:     0x60fa8647df50 - test[aada8e7e76ba119b]::test_main_inner::{closure#0}
[INFO] [stdout]    6:     0x60fa86947252 - std[617be2ca0a6fd877]::panicking::panic_with_hook
[INFO] [stdout]    7:     0x60fa86929b12 - std[617be2ca0a6fd877]::panicking::panic_handler::{closure#0}
[INFO] [stdout]    8:     0x60fa869224a9 - std[617be2ca0a6fd877]::sys::backtrace::__rust_end_short_backtrace::<std[617be2ca0a6fd877]::panicking::panic_handler::{closure#0}, !>
[INFO] [stdout]    9:     0x60fa8692a71d - __rustc[ea4f61d10b84890b]::rust_begin_unwind
[INFO] [stdout]   10:     0x60fa869681cc - core[a373ad73a504971]::panicking::panic_fmt
[INFO] [stdout]   11:     0x60fa86907caf - <assert_cmd[a8ad6557b0c27728]::assert::AssertError>::panic::<assert_cmd[a8ad6557b0c27728]::assert::Assert>
[INFO] [stdout]   12:     0x60fa869083f9 - <assert_cmd[a8ad6557b0c27728]::assert::Assert>::success
[INFO] [stdout]   13:     0x60fa86429c7e - <cli_integration[bcc1585f40ff8a2a]::tpch::test_tbl_subcommand::{closure#0} as core[a373ad73a504971]::ops::function::FnOnce<()>>::call_once
[INFO] [stdout]   14:     0x60fa8647139b - test[aada8e7e76ba119b]::__rust_begin_short_backtrace::<core[a373ad73a504971]::result::Result<(), alloc[2e1b2a31b91974c5]::string::String>, fn() -> core[a373ad73a504971]::result::Result<(), alloc[2e1b2a31b91974c5]::string::String>>
[INFO] [stdout]   15:     0x60fa8647e575 - test[aada8e7e76ba119b]::run_test::{closure#0}
[INFO] [stdout]   16:     0x60fa86477e64 - std[617be2ca0a6fd877]::sys::backtrace::__rust_begin_short_backtrace::<test[aada8e7e76ba119b]::run_test::{closure#1}, ()>
[INFO] [stdout]   17:     0x60fa86481602 - <std[617be2ca0a6fd877]::thread::lifecycle::spawn_unchecked<test[aada8e7e76ba119b]::run_test::{closure#1}, ()>::{closure#1} as core[a373ad73a504971]::ops::function::FnOnce<()>>::call_once::{shim:vtable#0}
[INFO] [stdout]   18:     0x60fa8694ebaf - <std[617be2ca0a6fd877]::sys::thread::unix::Thread>::new::thread_start
[INFO] [stdout]   19:     0x7d3dedfabdfa - <unknown>
[INFO] [stdout]   20:     0x7d3dee03f3d4 - clone
[INFO] [stdout]   21:                0x0 - <unknown>
[INFO] [stdout] 
[INFO] [stdout] ---- tpch::test_tpchgen_cli_no_progress_flag stdout ----
[INFO] [stdout] 
[INFO] [stdout] thread 'tpch::test_tpchgen_cli_no_progress_flag' (3769) panicked at tests/cli_integration/tpch.rs:682:10:
[INFO] [stdout] Unexpected failure.
[INFO] [stdout] code=<interrupted>
[INFO] [stdout] stderr=```""```
[INFO] [stdout] command=`"/opt/rustwide/target/release/tpcgen-cli" "tpch" "--scale-factor" "0.001" "--tables" "region" "--output-dir" "/tmp/.tmppkS9Pr" "--no-progress"`
[INFO] [stdout] code=<interrupted>
[INFO] [stdout] stdout=""
[INFO] [stdout] stderr=""
[INFO] [stdout] 
[INFO] [stdout] stack backtrace:
[INFO] [stdout]    0:     0x60fa8694fa41 - <<std[617be2ca0a6fd877]::sys::backtrace::BacktraceLock>::print::DisplayBacktrace as core[a373ad73a504971]::fmt::Display>::fmt
[INFO] [stdout]    1:     0x60fa869679ea - core[a373ad73a504971]::fmt::write
[INFO] [stdout]    2:     0x60fa8695576c - <alloc[2e1b2a31b91974c5]::vec::Vec<u8> as core[a373ad73a504971]::io::write::Write>::write_fmt
[INFO] [stdout]    3:     0x60fa86929a66 - std[617be2ca0a6fd877]::panicking::default_hook::{closure#0}
[INFO] [stdout]    4:     0x60fa86947099 - std[617be2ca0a6fd877]::panicking::default_hook
[INFO] [stdout]    5:     0x60fa8647df50 - test[aada8e7e76ba119b]::test_main_inner::{closure#0}
[INFO] [stdout]    6:     0x60fa86947252 - std[617be2ca0a6fd877]::panicking::panic_with_hook
[INFO] [stdout]    7:     0x60fa86929b12 - std[617be2ca0a6fd877]::panicking::panic_handler::{closure#0}
[INFO] [stdout]    8:     0x60fa869224a9 - std[617be2ca0a6fd877]::sys::backtrace::__rust_end_short_backtrace::<std[617be2ca0a6fd877]::panicking::panic_handler::{closure#0}, !>
[INFO] [stdout]    9:     0x60fa8692a71d - __rustc[ea4f61d10b84890b]::rust_begin_unwind
[INFO] [stdout]   10:     0x60fa869681cc - core[a373ad73a504971]::panicking::panic_fmt
[INFO] [stdout]   11:     0x60fa86907caf - <assert_cmd[a8ad6557b0c27728]::assert::AssertError>::panic::<assert_cmd[a8ad6557b0c27728]::assert::Assert>
[INFO] [stdout]   12:     0x60fa869083f9 - <assert_cmd[a8ad6557b0c27728]::assert::Assert>::success
[INFO] [stdout]   13:     0x60fa8642c1c2 - <cli_integration[bcc1585f40ff8a2a]::tpch::test_tpchgen_cli_no_progress_flag::{closure#0} as core[a373ad73a504971]::ops::function::FnOnce<()>>::call_once
[INFO] [stdout]   14:     0x60fa8647139b - test[aada8e7e76ba119b]::__rust_begin_short_backtrace::<core[a373ad73a504971]::result::Result<(), alloc[2e1b2a31b91974c5]::string::String>, fn() -> core[a373ad73a504971]::result::Result<(), alloc[2e1b2a31b91974c5]::string::String>>
[INFO] [stdout]   15:     0x60fa8647e575 - test[aada8e7e76ba119b]::run_test::{closure#0}
[INFO] [stdout]   16:     0x60fa86477e64 - std[617be2ca0a6fd877]::sys::backtrace::__rust_begin_short_backtrace::<test[aada8e7e76ba119b]::run_test::{closure#1}, ()>
[INFO] [stdout]   17:     0x60fa86481602 - <std[617be2ca0a6fd877]::thread::lifecycle::spawn_unchecked<test[aada8e7e76ba119b]::run_test::{closure#1}, ()>::{closure#1} as core[a373ad73a504971]::ops::function::FnOnce<()>>::call_once::{shim:vtable#0}
[INFO] [stdout]   18:     0x60fa8694ebaf - <std[617be2ca0a6fd877]::sys::thread::unix::Thread>::new::thread_start
[INFO] [stdout]   19:     0x7d3dedfabdfa - <unknown>
[INFO] [stdout]   20:     0x7d3dee03f3d4 - clone
[INFO] [stdout]   21:                0x0 - <unknown>
[INFO] [stdout] 
[INFO] [stdout] ---- test_tpcgen_cli_tpch_command_forms stdout ----
[INFO] [stdout] 
[INFO] [stdout] thread 'test_tpcgen_cli_tpch_command_forms' (3180) panicked at tests/cli_integration.rs:37:14:
[INFO] [stdout] Unexpected failure.
[INFO] [stdout] code=<interrupted>
[INFO] [stdout] stderr=```""```
[INFO] [stdout] command=`"/opt/rustwide/target/release/tpcgen-cli" "tpch" "--scale-factor" "0.001" "--tables" "part" "--output-dir" "/tmp/.tmpQMk3ZJ" "--no-progress"`
[INFO] [stdout] code=<interrupted>
[INFO] [stdout] stdout=""
[INFO] [stdout] stderr=""
[INFO] [stdout] 
[INFO] [stdout] stack backtrace:
[INFO] [stdout]    0:     0x60fa8694fa41 - <<std[617be2ca0a6fd877]::sys::backtrace::BacktraceLock>::print::DisplayBacktrace as core[a373ad73a504971]::fmt::Display>::fmt
[INFO] [stdout]    1:     0x60fa869679ea - core[a373ad73a504971]::fmt::write
[INFO] [stdout]    2:     0x60fa8695576c - <alloc[2e1b2a31b91974c5]::vec::Vec<u8> as core[a373ad73a504971]::io::write::Write>::write_fmt
[INFO] [stdout]    3:     0x60fa86929a66 - std[617be2ca0a6fd877]::panicking::default_hook::{closure#0}
[INFO] [stdout]    4:     0x60fa86947099 - std[617be2ca0a6fd877]::panicking::default_hook
[INFO] [stdout]    5:     0x60fa8647df50 - test[aada8e7e76ba119b]::test_main_inner::{closure#0}
[INFO] [stdout]    6:     0x60fa86947252 - std[617be2ca0a6fd877]::panicking::panic_with_hook
[INFO] [stdout]    7:     0x60fa86929b12 - std[617be2ca0a6fd877]::panicking::panic_handler::{closure#0}
[INFO] [stdout]    8:     0x60fa869224a9 - std[617be2ca0a6fd877]::sys::backtrace::__rust_end_short_backtrace::<std[617be2ca0a6fd877]::panicking::panic_handler::{closure#0}, !>
[INFO] [stdout]    9:     0x60fa8692a71d - __rustc[ea4f61d10b84890b]::rust_begin_unwind
[INFO] [stdout]   10:     0x60fa869681cc - core[a373ad73a504971]::panicking::panic_fmt
[INFO] [stdout]   11:     0x60fa86907caf - <assert_cmd[a8ad6557b0c27728]::assert::AssertError>::panic::<assert_cmd[a8ad6557b0c27728]::assert::Assert>
[INFO] [stdout]   12:     0x60fa869083f9 - <assert_cmd[a8ad6557b0c27728]::assert::Assert>::success
[INFO] [stdout]   13:     0x60fa8643ccd5 - <cli_integration[bcc1585f40ff8a2a]::test_tpcgen_cli_tpch_command_forms::{closure#0} as core[a373ad73a504971]::ops::function::FnOnce<()>>::call_once
[INFO] [stdout]   14:     0x60fa8647139b - test[aada8e7e76ba119b]::__rust_begin_short_backtrace::<core[a373ad73a504971]::result::Result<(), alloc[2e1b2a31b91974c5]::string::String>, fn() -> core[a373ad73a504971]::result::Result<(), alloc[2e1b2a31b91974c5]::string::String>>
[INFO] [stdout]   15:     0x60fa8647e575 - test[aada8e7e76ba119b]::run_test::{closure#0}
[INFO] [stdout]   16:     0x60fa86477e64 - std[617be2ca0a6fd877]::sys::backtrace::__rust_begin_short_backtrace::<test[aada8e7e76ba119b]::run_test::{closure#1}, ()>
[INFO] [stdout]   17:     0x60fa86481602 - <std[617be2ca0a6fd877]::thread::lifecycle::spawn_unchecked<test[aada8e7e76ba119b]::run_test::{closure#1}, ()>::{closure#1} as core[a373ad73a504971]::ops::function::FnOnce<()>>::call_once::{shim:vtable#0}
[INFO] [stdout]   18:     0x60fa8694ebaf - <std[617be2ca0a6fd877]::sys::thread::unix::Thread>::new::thread_start
[INFO] [stdout]   19:     0x7d3dedfabdfa - <unknown>
[INFO] [stdout]   20:     0x7d3dee03f3d4 - clone
[INFO] [stdout]   21:                0x0 - <unknown>
[INFO] [stdout] 
[INFO] [stdout] ---- tpch::test_quiet_flag_suppresses_warnings stdout ----
[INFO] [stdout] 
[INFO] [stdout] thread 'tpch::test_quiet_flag_suppresses_warnings' (3658) panicked at tests/cli_integration/tpch.rs:655:10:
[INFO] [stdout] Unexpected failure.
[INFO] [stdout] code=<interrupted>
[INFO] [stdout] stderr=```""```
[INFO] [stdout] command=`RUST_LOG="warn" "/opt/rustwide/target/release/tpcgen-cli" "tpch" "--format" "csv" "--tables" "orders" "--scale-factor" "0.0001" "--output-dir" "/tmp/.tmpIzAEOe" "--parquet-compression" "zstd(1)" "--parquet-row-group-bytes" "8192" "--quiet"`
[INFO] [stdout] code=<interrupted>
[INFO] [stdout] stdout=""
[INFO] [stdout] stderr=""
[INFO] [stdout] 
[INFO] [stdout] stack backtrace:
[INFO] [stdout]    0:     0x60fa8694fa41 - <<std[617be2ca0a6fd877]::sys::backtrace::BacktraceLock>::print::DisplayBacktrace as core[a373ad73a504971]::fmt::Display>::fmt
[INFO] [stdout]    1:     0x60fa869679ea - core[a373ad73a504971]::fmt::write
[INFO] [stdout]    2:     0x60fa8695576c - <alloc[2e1b2a31b91974c5]::vec::Vec<u8> as core[a373ad73a504971]::io::write::Write>::write_fmt
[INFO] [stdout]    3:     0x60fa86929a66 - std[617be2ca0a6fd877]::panicking::default_hook::{closure#0}
[INFO] [stdout]    4:     0x60fa86947099 - std[617be2ca0a6fd877]::panicking::default_hook
[INFO] [stdout]    5:     0x60fa8647df50 - test[aada8e7e76ba119b]::test_main_inner::{closure#0}
[INFO] [stdout]    6:     0x60fa86947252 - std[617be2ca0a6fd877]::panicking::panic_with_hook
[INFO] [stdout]    7:     0x60fa86929b12 - std[617be2ca0a6fd877]::panicking::panic_handler::{closure#0}
[INFO] [stdout]    8:     0x60fa869224a9 - std[617be2ca0a6fd877]::sys::backtrace::__rust_end_short_backtrace::<std[617be2ca0a6fd877]::panicking::panic_handler::{closure#0}, !>
[INFO] [stdout]    9:     0x60fa8692a71d - __rustc[ea4f61d10b84890b]::rust_begin_unwind
[INFO] [stdout]   10:     0x60fa869681cc - core[a373ad73a504971]::panicking::panic_fmt
[INFO] [stdout]   11:     0x60fa86907caf - <assert_cmd[a8ad6557b0c27728]::assert::AssertError>::panic::<assert_cmd[a8ad6557b0c27728]::assert::Assert>
[INFO] [stdout]   12:     0x60fa869083f9 - <assert_cmd[a8ad6557b0c27728]::assert::Assert>::success
[INFO] [stdout]   13:     0x60fa8642490e - cli_integration[bcc1585f40ff8a2a]::tpch::test_quiet_flag_suppresses_warnings::{closure#0}
[INFO] [stdout]   14:     0x60fa864421d8 - <tokio[e58c6e71b2d91bb4]::runtime::context::scoped::Scoped<tokio[e58c6e71b2d91bb4]::runtime::scheduler::Context>>::set::<<tokio[e58c6e71b2d91bb4]::runtime::scheduler::current_thread::CoreGuard>::enter<<tokio[e58c6e71b2d91bb4]::runtime::scheduler::current_thread::CoreGuard>::block_on<core[a373ad73a504971]::pin::Pin<&mut core[a373ad73a504971]::pin::Pin<&mut dyn core[a373ad73a504971]::future::future::Future<Output = ()>>>>::{closure#0}, core[a373ad73a504971]::option::Option<()>>::{closure#0}, (alloc[2e1b2a31b91974c5]::boxed::Box<tokio[e58c6e71b2d91bb4]::runtime::scheduler::current_thread::Core>, core[a373ad73a504971]::option::Option<()>)>
[INFO] [stdout]   15:     0x60fa8644262d - <tokio[e58c6e71b2d91bb4]::runtime::scheduler::current_thread::CoreGuard>::block_on::<core[a373ad73a504971]::pin::Pin<&mut core[a373ad73a504971]::pin::Pin<&mut dyn core[a373ad73a504971]::future::future::Future<Output = ()>>>>
[INFO] [stdout]   16:     0x60fa8644fd9d - tokio[e58c6e71b2d91bb4]::runtime::context::runtime::enter_runtime::<<tokio[e58c6e71b2d91bb4]::runtime::scheduler::current_thread::CurrentThread>::block_on<core[a373ad73a504971]::pin::Pin<&mut dyn core[a373ad73a504971]::future::future::Future<Output = ()>>>::{closure#0}, ()>
[INFO] [stdout]   17:     0x60fa8644df35 - <tokio[e58c6e71b2d91bb4]::runtime::runtime::Runtime>::block_on::<core[a373ad73a504971]::pin::Pin<&mut dyn core[a373ad73a504971]::future::future::Future<Output = ()>>>
[INFO] [stdout]   18:     0x60fa8642d1ce - <cli_integration[bcc1585f40ff8a2a]::tpch::test_quiet_flag_suppresses_warnings::{closure#0} as core[a373ad73a504971]::ops::function::FnOnce<()>>::call_once
[INFO] [stdout]   19:     0x60fa8647139b - test[aada8e7e76ba119b]::__rust_begin_short_backtrace::<core[a373ad73a504971]::result::Result<(), alloc[2e1b2a31b91974c5]::string::String>, fn() -> core[a373ad73a504971]::result::Result<(), alloc[2e1b2a31b91974c5]::string::String>>
[INFO] [stdout]   20:     0x60fa8647e575 - test[aada8e7e76ba119b]::run_test::{closure#0}
[INFO] [stdout]   21:     0x60fa86477e64 - std[617be2ca0a6fd877]::sys::backtrace::__rust_begin_short_backtrace::<test[aada8e7e76ba119b]::run_test::{closure#1}, ()>
[INFO] [stdout]   22:     0x60fa86481602 - <std[617be2ca0a6fd877]::thread::lifecycle::spawn_unchecked<test[aada8e7e76ba119b]::run_test::{closure#1}, ()>::{closure#1} as core[a373ad73a504971]::ops::function::FnOnce<()>>::call_once::{shim:vtable#0}
[INFO] [stdout]   23:     0x60fa8694ebaf - <std[617be2ca0a6fd877]::sys::thread::unix::Thread>::new::thread_start
[INFO] [stdout]   24:     0x7d3dedfabdfa - <unknown>
[INFO] [stdout]   25:     0x7d3dee03f3d4 - clone
[INFO] [stdout]   26:                0x0 - <unknown>
[INFO] [stdout] 
[INFO] [stdout] ---- tpch::test_deprecated_parquet_row_group_bytes_flag_works stdout ----
[INFO] [stdout] 
[INFO] [stdout] thread 'tpch::test_deprecated_parquet_row_group_bytes_flag_works' (3188) panicked at tests/cli_integration/tpch.rs:1184:10:
[INFO] [stdout] Unexpected failure.
[INFO] [stdout] code=<interrupted>
[INFO] [stdout] stderr=``````
[INFO] [stdout] [2026-10-18T19:37:20Z WARN  tpcgen_cli::tpch_cli::cli] The --format flag will be removed in v4.0.0. Use `tpchgen-cli parquet` instead.
[INFO] [stdout] [2026-10-18T19:37:20Z WARN  tpcgen_cli::tpch_cli::cli] The --parquet-row-group-bytes flag is deprecated. Use \'tpchgen-cli parquet --row-group-bytes=...\' instead
[INFO] [stdout] ```
[INFO] [stdout] ```
[INFO] [stdout] command=`"/opt/rustwide/target/release/tpcgen-cli" "tpch" "--format" "parquet" "--parquet-row-group-bytes" "1000000" "--tables" "region" "--scale-factor" "0.001" "--output-dir" "/tmp/.tmp8iKKkM"`
[INFO] [stdout] code=<interrupted>
[INFO] [stdout] stdout=""
[INFO] [stdout] stderr=```
[INFO] [stdout] [2026-10-18T19:37:20Z WARN  tpcgen_cli::tpch_cli::cli] The --format flag will be removed in v4.0.0. Use `tpchgen-cli parquet` instead.
[INFO] [stdout] [2026-10-18T19:37:20Z WARN  tpcgen_cli::tpch_cli::cli] The --parquet-row-group-bytes flag is deprecated. Use \'tpchgen-cli parquet --row-group-bytes=...\' instead
[INFO] [stdout] ```
[INFO] [stdout] 
[INFO] [stdout] 
[INFO] [stdout] stack backtrace:
[INFO] [stdout]    0:     0x60fa8694fa41 - <<std[617be2ca0a6fd877]::sys::backtrace::BacktraceLock>::print::DisplayBacktrace as core[a373ad73a504971]::fmt::Display>::fmt
[INFO] [stdout]    1:     0x60fa869679ea - core[a373ad73a504971]::fmt::write
[INFO] [stdout]    2:     0x60fa8695576c - <alloc[2e1b2a31b91974c5]::vec::Vec<u8> as core[a373ad73a504971]::io::write::Write>::write_fmt
[INFO] [stdout]    3:     0x60fa86929a66 - std[617be2ca0a6fd877]::panicking::default_hook::{closure#0}
[INFO] [stdout]    4:     0x60fa86947099 - std[617be2ca0a6fd877]::panicking::default_hook
[INFO] [stdout]    5:     0x60fa8647df50 - test[aada8e7e76ba119b]::test_main_inner::{closure#0}
[INFO] [stdout]    6:     0x60fa86947252 - std[617be2ca0a6fd877]::panicking::panic_with_hook
[INFO] [stdout]    7:     0x60fa86929b12 - std[617be2ca0a6fd877]::panicking::panic_handler::{closure#0}
[INFO] [stdout]    8:     0x60fa869224a9 - std[617be2ca0a6fd877]::sys::backtrace::__rust_end_short_backtrace::<std[617be2ca0a6fd877]::panicking::panic_handler::{closure#0}, !>
[INFO] [stdout]    9:     0x60fa8692a71d - __rustc[ea4f61d10b84890b]::rust_begin_unwind
[INFO] [stdout]   10:     0x60fa869681cc - core[a373ad73a504971]::panicking::panic_fmt
[INFO] [stdout]   11:     0x60fa86907caf - <assert_cmd[a8ad6557b0c27728]::assert::AssertError>::panic::<assert_cmd[a8ad6557b0c27728]::assert::Assert>
[INFO] [stdout]   12:     0x60fa869083f9 - <assert_cmd[a8ad6557b0c27728]::assert::Assert>::success
[INFO] [stdout]   13:     0x60fa864273a2 - cli_integration[bcc1585f40ff8a2a]::tpch::test_deprecated_parquet_row_group_bytes_flag_works::{closure#0}
[INFO] [stdout]   14:     0x60fa864421d8 - <tokio[e58c6e71b2d91bb4]::runtime::context::scoped::Scoped<tokio[e58c6e71b2d91bb4]::runtime::scheduler::Context>>::set::<<tokio[e58c6e71b2d91bb4]::runtime::scheduler::current_thread::CoreGuard>::enter<<tokio[e58c6e71b2d91bb4]::runtime::scheduler::current_thread::CoreGuard>::block_on<core[a373ad73a504971]::pin::Pin<&mut core[a373ad73a504971]::pin::Pin<&mut dyn core[a373ad73a504971]::future::future::Future<Output = ()>>>>::{closure#0}, core[a373ad73a504971]::option::Option<()>>::{closure#0}, (alloc[2e1b2a31b91974c5]::boxed::Box<tokio[e58c6e71b2d91bb4]::runtime::scheduler::current_thread::Core>, core[a373ad73a504971]::option::Option<()>)>
[INFO] [stdout]   15:     0x60fa8644262d - <tokio[e58c6e71b2d91bb4]::runtime::scheduler::current_thread::CoreGuard>::block_on::<core[a373ad73a504971]::pin::Pin<&mut core[a373ad73a504971]::pin::Pin<&mut dyn core[a373ad73a504971]::future::future::Future<Output = ()>>>>
[INFO] [stdout]   16:     0x60fa8644fd9d - tokio[e58c6e71b2d91bb4]::runtime::context::runtime::enter_runtime::<<tokio[e58c6e71b2d91bb4]::runtime::scheduler::current_thread::CurrentThread>::block_on<core[a373ad73a504971]::pin::Pin<&mut dyn core[a373ad73a504971]::future::future::Future<Output = ()>>>::{closure#0}, ()>
[INFO] [stdout]   17:     0x60fa8644df35 - <tokio[e58c6e71b2d91bb4]::runtime::runtime::Runtime>::block_on::<core[a373ad73a504971]::pin::Pin<&mut dyn core[a373ad73a504971]::future::future::Future<Output = ()>>>
[INFO] [stdout]   18:     0x60fa86430ebe - <cli_integration[bcc1585f40ff8a2a]::tpch::test_deprecated_parquet_row_group_bytes_flag_works::{closure#0} as core[a373ad73a504971]::ops::function::FnOnce<()>>::call_once
[INFO] [stdout]   19:     0x60fa8647139b - test[aada8e7e76ba119b]::__rust_begin_short_backtrace::<core[a373ad73a504971]::result::Result<(), alloc[2e1b2a31b91974c5]::string::String>, fn() -> core[a373ad73a504971]::result::Result<(), alloc[2e1b2a31b91974c5]::string::String>>
[INFO] [stdout]   20:     0x60fa8647e575 - test[aada8e7e76ba119b]::run_test::{closure#0}
[INFO] [stdout]   21:     0x60fa86477e64 - std[617be2ca0a6fd877]::sys::backtrace::__rust_begin_short_backtrace::<test[aada8e7e76ba119b]::run_test::{closure#1}, ()>
[INFO] [stdout]   22:     0x60fa86481602 - <std[617be2ca0a6fd877]::thread::lifecycle::spawn_unchecked<test[aada8e7e76ba119b]::run_test::{closure#1}, ()>::{closure#1} as core[a373ad73a504971]::ops::function::FnOnce<()>>::call_once::{shim:vtable#0}
[INFO] [stdout]   23:     0x60fa8694ebaf - <std[617be2ca0a6fd877]::sys::thread::unix::Thread>::new::thread_start
[INFO] [stdout]   24:     0x7d3dedfabdfa - <unknown>
[INFO] [stdout]   25:     0x7d3dee03f3d4 - clone
[INFO] [stdout]   26:                0x0 - <unknown>
[INFO] [stdout] 
[INFO] [stdout] ---- tpch::test_deprecated_parquet_compression_flag_works stdout ----
[INFO] [stdout] 
[INFO] [stdout] thread 'tpch::test_deprecated_parquet_compression_flag_works' (3187) panicked at tests/cli_integration/tpch.rs:1153:10:
[INFO] [stdout] Unexpected failure.
[INFO] [stdout] code=<interrupted>
[INFO] [stdout] stderr=``````
[INFO] [stdout] [2026-10-18T19:37:20Z WARN  tpcgen_cli::tpch_cli::cli] The --format flag will be removed in v4.0.0. Use `tpchgen-cli parquet` instead.
[INFO] [stdout] [2026-10-18T19:37:20Z WARN  tpcgen_cli::tpch_cli::cli] The --parquet-compression flag is deprecated. Use \'tpchgen-cli parquet --compression=...\' instead
[INFO] [stdout] ```
[INFO] [stdout] ```
[INFO] [stdout] command=`"/opt/rustwide/target/release/tpcgen-cli" "tpch" "--format" "parquet" "--parquet-compression" "ZSTD(1)" "--tables" "region" "--scale-factor" "0.001" "--output-dir" "/tmp/.tmplthcbX"`
[INFO] [stdout] code=<interrupted>
[INFO] [stdout] stdout=""
[INFO] [stdout] stderr=```
[INFO] [stdout] [2026-10-18T19:37:20Z WARN  tpcgen_cli::tpch_cli::cli] The --format flag will be removed in v4.0.0. Use `tpchgen-cli parquet` instead.
[INFO] [stdout] [2026-10-18T19:37:20Z WARN  tpcgen_cli::tpch_cli::cli] The --parquet-compression flag is deprecated. Use \'tpchgen-cli parquet --compression=...\' instead
[INFO] [stdout] ```
[INFO] [stdout] 
[INFO] [stdout] 
[INFO] [stdout] stack backtrace:
[INFO] [stdout]    0:     0x60fa8694fa41 - <<std[617be2ca0a6fd877]::sys::backtrace::BacktraceLock>::print::DisplayBacktrace as core[a373ad73a504971]::fmt::Display>::fmt
[INFO] [stdout]    1:     0x60fa869679ea - core[a373ad73a504971]::fmt::write
[INFO] [stdout]    2:     0x60fa8695576c - <alloc[2e1b2a31b91974c5]::vec::Vec<u8> as core[a373ad73a504971]::io::write::Write>::write_fmt
[INFO] [stdout]    3:     0x60fa86929a66 - std[617be2ca0a6fd877]::panicking::default_hook::{closure#0}
[INFO] [stdout]    4:     0x60fa86947099 - std[617be2ca0a6fd877]::panicking::default_hook
[INFO] [stdout]    5:     0x60fa8647df50 - test[aada8e7e76ba119b]::test_main_inner::{closure#0}
[INFO] [stdout]    6:     0x60fa86947252 - std[617be2ca0a6fd877]::panicking::panic_with_hook
[INFO] [stdout]    7:     0x60fa86929b12 - std[617be2ca0a6fd877]::panicking::panic_handler::{closure#0}
[INFO] [stdout]    8:     0x60fa869224a9 - std[617be2ca0a6fd877]::sys::backtrace::__rust_end_short_backtrace::<std[617be2ca0a6fd877]::panicking::panic_handler::{closure#0}, !>
[INFO] [stdout]    9:     0x60fa8692a71d - __rustc[ea4f61d10b84890b]::rust_begin_unwind
[INFO] [stdout]   10:     0x60fa869681cc - core[a373ad73a504971]::panicking::panic_fmt
[INFO] [stdout]   11:     0x60fa86907caf - <assert_cmd[a8ad6557b0c27728]::assert::AssertError>::panic::<assert_cmd[a8ad6557b0c27728]::assert::Assert>
[INFO] [stdout]   12:     0x60fa869083f9 - <assert_cmd[a8ad6557b0c27728]::assert::Assert>::success
[INFO] [stdout]   13:     0x60fa86426df2 - cli_integration[bcc1585f40ff8a2a]::tpch::test_deprecated_parquet_compression_flag_works::{closure#0}
[INFO] [stdout]   14:     0x60fa864421d8 - <tokio[e58c6e71b2d91bb4]::runtime::context::scoped::Scoped<tokio[e58c6e71b2d91bb4]::runtime::scheduler::Context>>::set::<<tokio[e58c6e71b2d91bb4]::runtime::scheduler::current_thread::CoreGuard>::enter<<tokio[e58c6e71b2d91bb4]::runtime::scheduler::current_thread::CoreGuard>::block_on<core[a373ad73a504971]::pin::Pin<&mut core[a373ad73a504971]::pin::Pin<&mut dyn core[a373ad73a504971]::future::future::Future<Output = ()>>>>::{closure#0}, core[a373ad73a504971]::option::Option<()>>::{closure#0}, (alloc[2e1b2a31b91974c5]::boxed::Box<tokio[e58c6e71b2d91bb4]::runtime::scheduler::current_thread::Core>, core[a373ad73a504971]::option::Option<()>)>
[INFO] [stdout]   15:     0x60fa8644262d - <tokio[e58c6e71b2d91bb4]::runtime::scheduler::current_thread::CoreGuard>::block_on::<core[a373ad73a504971]::pin::Pin<&mut core[a373ad73a504971]::pin::Pin<&mut dyn core[a373ad73a504971]::future::future::Future<Output = ()>>>>
[INFO] [stdout]   16:     0x60fa8644fd9d - tokio[e58c6e71b2d91bb4]::runtime::context::runtime::enter_runtime::<<tokio[e58c6e71b2d91bb4]::runtime::scheduler::current_thread::CurrentThread>::block_on<core[a373ad73a504971]::pin::Pin<&mut dyn core[a373ad73a504971]::future::future::Future<Output = ()>>>::{closure#0}, ()>
[INFO] [stdout]   17:     0x60fa8644df35 - <tokio[e58c6e71b2d91bb4]::runtime::runtime::Runtime>::block_on::<core[a373ad73a504971]::pin::Pin<&mut dyn core[a373ad73a504971]::future::future::Future<Output = ()>>>
[INFO] [stdout]   18:     0x60fa8643017e - <cli_integration[bcc1585f40ff8a2a]::tpch::test_deprecated_parquet_compression_flag_works::{closure#0} as core[a373ad73a504971]::ops::function::FnOnce<()>>::call_once
[INFO] [stdout]   19:     0x60fa8647139b - test[aada8e7e76ba119b]::__rust_begin_short_backtrace::<core[a373ad73a504971]::result::Result<(), alloc[2e1b2a31b91974c5]::string::String>, fn() -> core[a373ad73a504971]::result::Result<(), alloc[2e1b2a31b91974c5]::string::String>>
[INFO] [stdout]   20:     0x60fa8647e575 - test[aada8e7e76ba119b]::run_test::{closure#0}
[INFO] [stdout]   21:     0x60fa86477e64 - std[617be2ca0a6fd877]::sys::backtrace::__rust_begin_short_backtrace::<test[aada8e7e76ba119b]::run_test::{closure#1}, ()>
[INFO] [stdout]   22:     0x60fa86481602 - <std[617be2ca0a6fd877]::thread::lifecycle::spawn_unchecked<test[aada8e7e76ba119b]::run_test::{closure#1}, ()>::{closure#1} as core[a373ad73a504971]::ops::function::FnOnce<()>>::call_once::{shim:vtable#0}
[INFO] [stdout]   23:     0x60fa8694ebaf - <std[617be2ca0a6fd877]::sys::thread::unix::Thread>::new::thread_start
[INFO] [stdout]   24:     0x7d3dedfabdfa - <unknown>
[INFO] [stdout]   25:     0x7d3dee03f3d4 - clone
[INFO] [stdout]   26:                0x0 - <unknown>
[INFO] [stdout] 
[INFO] [stdout] ---- tpch::test_format_tbl_warns_about_subcommand stdout ----
[INFO] [stdout] 
[INFO] [stdout] thread 'tpch::test_format_tbl_warns_about_subcommand' (3316) panicked at tests/cli_integration/tpch.rs:1045:10:
[INFO] [stdout] Unexpected failure.
[INFO] [stdout] code=<interrupted>
[INFO] [stdout] stderr=```"[2026-10-18T19:37:20Z WARN  tpcgen_cli::tpch_cli::cli] The --format flag will be removed in v4.0.0. Use `tpchgen-cli tbl` instead.\n"```
[INFO] [stdout] command=`"/opt/rustwide/target/release/tpcgen-cli" "tpch" "--format" "tbl" "--tables" "part" "--scale-factor" "0.001" "--output-dir" "/tmp/.tmpM2c8wj"`
[INFO] [stdout] code=<interrupted>
[INFO] [stdout] stdout=""
[INFO] [stdout] stderr="[2026-10-18T19:37:20Z WARN  tpcgen_cli::tpch_cli::cli] The --format flag will be removed in v4.0.0. Use `tpchgen-cli tbl` instead.\n"
[INFO] [stdout] 
[INFO] [stdout] stack backtrace:
[INFO] [stdout]    0:     0x60fa8694fa41 - <<std[617be2ca0a6fd877]::sys::backtrace::BacktraceLock>::print::DisplayBacktrace as core[a373ad73a504971]::fmt::Display>::fmt
[INFO] [stdout]    1:     0x60fa869679ea - core[a373ad73a504971]::fmt::write
[INFO] [stdout]    2:     0x60fa8695576c - <alloc[2e1b2a31b91974c5]::vec::Vec<u8> as core[a373ad73a504971]::io::write::Write>::write_fmt
[INFO] [stdout]    3:     0x60fa86929a66 - std[617be2ca0a6fd877]::panicking::default_hook::{closure#0}
[INFO] [stdout]    4:     0x60fa86947099 - std[617be2ca0a6fd877]::panicking::default_hook
[INFO] [stdout]    5:     0x60fa8647df50 - test[aada8e7e76ba119b]::test_main_inner::{closure#0}
[INFO] [stdout]    6:     0x60fa86947252 - std[617be2ca0a6fd877]::panicking::panic_with_hook
[INFO] [stdout]    7:     0x60fa86929b12 - std[617be2ca0a6fd877]::panicking::panic_handler::{closure#0}
[INFO] [stdout]    8:     0x60fa869224a9 - std[617be2ca0a6fd877]::sys::backtrace::__rust_end_short_backtrace::<std[617be2ca0a6fd877]::panicking::panic_handler::{closure#0}, !>
[INFO] [stdout]    9:     0x60fa8692a71d - __rustc[ea4f61d10b84890b]::rust_begin_unwind
[INFO] [stderr] error: test failed, to rerun pass `--test cli_integration`
[INFO] [stdout]   10:     0x60fa869681cc - core[a373ad73a504971]::panicking::panic_fmt
[INFO] [stdout]   11:     0x60fa86907caf - <assert_cmd[a8ad6557b0c27728]::assert::AssertError>::panic::<assert_cmd[a8ad6557b0c27728]::assert::Assert>
[INFO] [stdout]   12:     0x60fa869083f9 - <assert_cmd[a8ad6557b0c27728]::assert::Assert>::success
[INFO] [stdout]   13:     0x60fa8642520c - cli_integration[bcc1585f40ff8a2a]::tpch::test_format_tbl_warns_about_subcommand::{closure#0}
[INFO] [stdout]   14:     0x60fa864421d8 - <tokio[e58c6e71b2d91bb4]::runtime::context::scoped::Scoped<tokio[e58c6e71b2d91bb4]::runtime::scheduler::Context>>::set::<<tokio[e58c6e71b2d91bb4]::runtime::scheduler::current_thread::CoreGuard>::enter<<tokio[e58c6e71b2d91bb4]::runtime::scheduler::current_thread::CoreGuard>::block_on<core[a373ad73a504971]::pin::Pin<&mut core[a373ad73a504971]::pin::Pin<&mut dyn core[a373ad73a504971]::future::future::Future<Output = ()>>>>::{closure#0}, core[a373ad73a504971]::option::Option<()>>::{closure#0}, (alloc[2e1b2a31b91974c5]::boxed::Box<tokio[e58c6e71b2d91bb4]::runtime::scheduler::current_thread::Core>, core[a373ad73a504971]::option::Option<()>)>
[INFO] [stdout]   15:     0x60fa8644262d - <tokio[e58c6e71b2d91bb4]::runtime::scheduler::current_thread::CoreGuard>::block_on::<core[a373ad73a504971]::pin::Pin<&mut core[a373ad73a504971]::pin::Pin<&mut dyn core[a373ad73a504971]::future::future::Future<Output = ()>>>>
[INFO] [stdout]   16:     0x60fa8644fd9d - tokio[e58c6e71b2d91bb4]::runtime::context::runtime::enter_runtime::<<tokio[e58c6e71b2d91bb4]::runtime::scheduler::current_thread::CurrentThread>::block_on<core[a373ad73a504971]::pin::Pin<&mut dyn core[a373ad73a504971]::future::future::Future<Output = ()>>>::{closure#0}, ()>
[INFO] [stdout]   17:     0x60fa8644df35 - <tokio[e58c6e71b2d91bb4]::runtime::runtime::Runtime>::block_on::<core[a373ad73a504971]::pin::Pin<&mut dyn core[a373ad73a504971]::future::future::Future<Output = ()>>>
[INFO] [stdout]   18:     0x60fa8642ef2e - <cli_integration[bcc1585f40ff8a2a]::tpch::test_format_tbl_warns_about_subcommand::{closure#0} as core[a373ad73a504971]::ops::function::FnOnce<()>>::call_once
[INFO] [stdout]   19:     0x60fa8647139b - test[aada8e7e76ba119b]::__rust_begin_short_backtrace::<core[a373ad73a504971]::result::Result<(), alloc[2e1b2a31b91974c5]::string::String>, fn() -> core[a373ad73a504971]::result::Result<(), alloc[2e1b2a31b91974c5]::string::String>>
[INFO] [stdout]   20:     0x60fa8647e575 - test[aada8e7e76ba119b]::run_test::{closure#0}
[INFO] [stdout]   21:     0x60fa86477e64 - std[617be2ca0a6fd877]::sys::backtrace::__rust_begin_short_backtrace::<test[aada8e7e76ba119b]::run_test::{closure#1}, ()>
[INFO] [stdout]   22:     0x60fa86481602 - <std[617be2ca0a6fd877]::thread::lifecycle::spawn_unchecked<test[aada8e7e76ba119b]::run_test::{closure#1}, ()>::{closure#1} as core[a373ad73a504971]::ops::function::FnOnce<()>>::call_once::{shim:vtable#0}
[INFO] [stdout]   23:     0x60fa8694ebaf - <std[617be2ca0a6fd877]::sys::thread::unix::Thread>::new::thread_start
[INFO] [stdout]   24:     0x7d3dedfabdfa - <unknown>
[INFO] [stdout]   25:     0x7d3dee03f3d4 - clone
[INFO] [stdout]   26:                0x0 - <unknown>
[INFO] [stdout] 
[INFO] [stdout] ---- tpch::test_tpchgen_cli_parts stdout ----
[INFO] [stdout] 
[INFO] [stdout] thread 'tpch::test_tpchgen_cli_parts' (3829) panicked at tests/cli_integration/tpch.rs:259:10:
[INFO] [stdout] Unexpected failure.
[INFO] [stdout] code=<interrupted>
[INFO] [stdout] stderr=```""```
[INFO] [stdout] command=`"/opt/rustwide/target/release/tpcgen-cli" "tpch" "--scale-factor" "0.001" "--output-dir" "/tmp/.tmpDyo4SS" "--parts" "4" "--tables" "orders"`
[INFO] [stdout] code=<interrupted>
[INFO] [stdout] stdout=""
[INFO] [stdout] stderr=""
[INFO] [stdout] 
[INFO] [stdout] stack backtrace:
[INFO] [stdout]    0:     0x60fa8694fa41 - <<std[617be2ca0a6fd877]::sys::backtrace::BacktraceLock>::print::DisplayBacktrace as core[a373ad73a504971]::fmt::Display>::fmt
[INFO] [stdout]    1:     0x60fa869679ea - core[a373ad73a504971]::fmt::write
[INFO] [stdout]    2:     0x60fa8695576c - <alloc[2e1b2a31b91974c5]::vec::Vec<u8> as core[a373ad73a504971]::io::write::Write>::write_fmt
[INFO] [stdout]    3:     0x60fa86929a66 - std[617be2ca0a6fd877]::panicking::default_hook::{closure#0}
[INFO] [stdout]    4:     0x60fa86947099 - std[617be2ca0a6fd877]::panicking::default_hook
[INFO] [stdout]    5:     0x60fa8647df50 - test[aada8e7e76ba119b]::test_main_inner::{closure#0}
[INFO] [stdout]    6:     0x60fa86947252 - std[617be2ca0a6fd877]::panicking::panic_with_hook
[INFO] [stdout]    7:     0x60fa86929b12 - std[617be2ca0a6fd877]::panicking::panic_handler::{closure#0}
[INFO] [stdout]    8:     0x60fa869224a9 - std[617be2ca0a6fd877]::sys::backtrace::__rust_end_short_backtrace::<std[617be2ca0a6fd877]::panicking::panic_handler::{closure#0}, !>
[INFO] [stdout]    9:     0x60fa8692a71d - __rustc[ea4f61d10b84890b]::rust_begin_unwind
[INFO] [stdout]   10:     0x60fa869681cc - core[a373ad73a504971]::panicking::panic_fmt
[INFO] [stdout]   11:     0x60fa86907caf - <assert_cmd[a8ad6557b0c27728]::assert::AssertError>::panic::<assert_cmd[a8ad6557b0c27728]::assert::Assert>
[INFO] [stdout]   12:     0x60fa869083f9 - <assert_cmd[a8ad6557b0c27728]::assert::Assert>::success
[INFO] [stdout]   13:     0x60fa8642a085 - <cli_integration[bcc1585f40ff8a2a]::tpch::test_tpchgen_cli_parts::{closure#0} as core[a373ad73a504971]::ops::function::FnOnce<()>>::call_once
[INFO] [stdout]   14:     0x60fa8647139b - test[aada8e7e76ba119b]::__rust_begin_short_backtrace::<core[a373ad73a504971]::result::Result<(), alloc[2e1b2a31b91974c5]::string::String>, fn() -> core[a373ad73a504971]::result::Result<(), alloc[2e1b2a31b91974c5]::string::String>>
[INFO] [stdout]   15:     0x60fa8647e575 - test[aada8e7e76ba119b]::run_test::{closure#0}
[INFO] [stdout]   16:     0x60fa86477e64 - std[617be2ca0a6fd877]::sys::backtrace::__rust_begin_short_backtrace::<test[aada8e7e76ba119b]::run_test::{closure#1}, ()>
[INFO] [stdout]   17:     0x60fa86481602 - <std[617be2ca0a6fd877]::thread::lifecycle::spawn_unchecked<test[aada8e7e76ba119b]::run_test::{closure#1}, ()>::{closure#1} as core[a373ad73a504971]::ops::function::FnOnce<()>>::call_once::{shim:vtable#0}
[INFO] [stdout]   18:     0x60fa8694ebaf - <std[617be2ca0a6fd877]::sys::thread::unix::Thread>::new::thread_start
[INFO] [stdout]   19:     0x7d3dedfabdfa - <unknown>
[INFO] [stdout]   20:     0x7d3dee03f3d4 - clone
[INFO] [stdout]   21:                0x0 - <unknown>
[INFO] [stdout] 
[INFO] [stdout] ---- tpch::test_common_args_with_subcommand_conflict stdout ----
[INFO] [stdout] 
[INFO] [stdout] thread 'tpch::test_common_args_with_subcommand_conflict' (3182) panicked at tests/cli_integration/tpch.rs:927:10:
[INFO] [stdout] Unexpected failure.
[INFO] [stdout] code=<interrupted>
[INFO] [stdout] stderr=```""```
[INFO] [stdout] command=`"/opt/rustwide/target/release/tpcgen-cli" "tpch" "parquet" "-s" "0.01" "--tables" "part" "--output-dir" "/tmp/.tmpcLVF6m"`
[INFO] [stdout] code=<interrupted>
[INFO] [stdout] stdout=""
[INFO] [stdout] stderr=""
[INFO] [stdout] 
[INFO] [stdout] stack backtrace:
[INFO] [stdout]    0:     0x60fa8694fa41 - <<std[617be2ca0a6fd877]::sys::backtrace::BacktraceLock>::print::DisplayBacktrace as core[a373ad73a504971]::fmt::Display>::fmt
[INFO] [stdout]    1:     0x60fa869679ea - core[a373ad73a504971]::fmt::write
[INFO] [stdout]    2:     0x60fa8695576c - <alloc[2e1b2a31b91974c5]::vec::Vec<u8> as core[a373ad73a504971]::io::write::Write>::write_fmt
[INFO] [stdout]    3:     0x60fa86929a66 - std[617be2ca0a6fd877]::panicking::default_hook::{closure#0}
[INFO] [stdout]    4:     0x60fa86947099 - std[617be2ca0a6fd877]::panicking::default_hook
[INFO] [stdout]    5:     0x60fa8647df50 - test[aada8e7e76ba119b]::test_main_inner::{closure#0}
[INFO] [stdout]    6:     0x60fa86947252 - std[617be2ca0a6fd877]::panicking::panic_with_hook
[INFO] [stdout]    7:     0x60fa86929b12 - std[617be2ca0a6fd877]::panicking::panic_handler::{closure#0}
[INFO] [stdout]    8:     0x60fa869224a9 - std[617be2ca0a6fd877]::sys::backtrace::__rust_end_short_backtrace::<std[617be2ca0a6fd877]::panicking::panic_handler::{closure#0}, !>
[INFO] [stdout]    9:     0x60fa8692a71d - __rustc[ea4f61d10b84890b]::rust_begin_unwind
[INFO] [stdout]   10:     0x60fa869681cc - core[a373ad73a504971]::panicking::panic_fmt
[INFO] [stdout]   11:     0x60fa86907caf - <assert_cmd[a8ad6557b0c27728]::assert::AssertError>::panic::<assert_cmd[a8ad6557b0c27728]::assert::Assert>
[INFO] [stdout]   12:     0x60fa869083f9 - <assert_cmd[a8ad6557b0c27728]::assert::Assert>::success
[INFO] [stdout]   13:     0x60fa8642fce9 - <cli_integration[bcc1585f40ff8a2a]::tpch::test_common_args_with_subcommand_conflict::{closure#0} as core[a373ad73a504971]::ops::function::FnOnce<()>>::call_once
[INFO] [stdout]   14:     0x60fa8647139b - test[aada8e7e76ba119b]::__rust_begin_short_backtrace::<core[a373ad73a504971]::result::Result<(), alloc[2e1b2a31b91974c5]::string::String>, fn() -> core[a373ad73a504971]::result::Result<(), alloc[2e1b2a31b91974c5]::string::String>>
[INFO] [stdout]   15:     0x60fa8647e575 - test[aada8e7e76ba119b]::run_test::{closure#0}
[INFO] [stdout]   16:     0x60fa86477e64 - std[617be2ca0a6fd877]::sys::backtrace::__rust_begin_short_backtrace::<test[aada8e7e76ba119b]::run_test::{closure#1}, ()>
[INFO] [stdout]   17:     0x60fa86481602 - <std[617be2ca0a6fd877]::thread::lifecycle::spawn_unchecked<test[aada8e7e76ba119b]::run_test::{closure#1}, ()>::{closure#1} as core[a373ad73a504971]::ops::function::FnOnce<()>>::call_once::{shim:vtable#0}
[INFO] [stdout]   18:     0x60fa8694ebaf - <std[617be2ca0a6fd877]::sys::thread::unix::Thread>::new::thread_start
[INFO] [stdout]   19:     0x7d3dedfabdfa - <unknown>
[INFO] [stdout]   20:     0x7d3dee03f3d4 - clone
[INFO] [stdout]   21:                0x0 - <unknown>
[INFO] [stdout] 
[INFO] [stdout] ---- tpch::test_csv_subcommand_custom_delimiter stdout ----
[INFO] [stdout] 
[INFO] [stdout] thread 'tpch::test_csv_subcommand_custom_delimiter' (3184) panicked at tests/cli_integration/tpch.rs:1066:10:
[INFO] [stdout] Unexpected failure.
[INFO] [stdout] code=<interrupted>
[INFO] [stdout] stderr=```""```
[INFO] [stdout] command=`"/opt/rustwide/target/release/tpcgen-cli" "tpch" "csv" "--delimiter" "\\t" "--scale-factor" "0.001" "--tables" "region" "--output-dir" "/tmp/.tmpJRvEOX"`
[INFO] [stdout] code=<interrupted>
[INFO] [stdout] stdout=""
[INFO] [stdout] stderr=""
[INFO] [stdout] 
[INFO] [stdout] stack backtrace:
[INFO] [stdout]    0:     0x60fa8694fa41 - <<std[617be2ca0a6fd877]::sys::backtrace::BacktraceLock>::print::DisplayBacktrace as core[a373ad73a504971]::fmt::Display>::fmt
[INFO] [stdout]    1:     0x60fa869679ea - core[a373ad73a504971]::fmt::write
[INFO] [stdout]    2:     0x60fa8695576c - <alloc[2e1b2a31b91974c5]::vec::Vec<u8> as core[a373ad73a504971]::io::write::Write>::write_fmt
[INFO] [stdout]    3:     0x60fa86929a66 - std[617be2ca0a6fd877]::panicking::default_hook::{closure#0}
[INFO] [stdout]    4:     0x60fa86947099 - std[617be2ca0a6fd877]::panicking::default_hook
[INFO] [stdout]    5:     0x60fa8647df50 - test[aada8e7e76ba119b]::test_main_inner::{closure#0}
[INFO] [stdout]    6:     0x60fa86947252 - std[617be2ca0a6fd877]::panicking::panic_with_hook
[INFO] [stdout]    7:     0x60fa86929b12 - std[617be2ca0a6fd877]::panicking::panic_handler::{closure#0}
[INFO] [stdout]    8:     0x60fa869224a9 - std[617be2ca0a6fd877]::sys::backtrace::__rust_end_short_backtrace::<std[617be2ca0a6fd877]::panicking::panic_handler::{closure#0}, !>
[INFO] [stdout]    9:     0x60fa8692a71d - __rustc[ea4f61d10b84890b]::rust_begin_unwind
[INFO] [stdout]   10:     0x60fa869681cc - core[a373ad73a504971]::panicking::panic_fmt
[INFO] [stdout]   11:     0x60fa86907caf - <assert_cmd[a8ad6557b0c27728]::assert::AssertError>::panic::<assert_cmd[a8ad6557b0c27728]::assert::Assert>
[INFO] [stdout]   12:     0x60fa869083f9 - <assert_cmd[a8ad6557b0c27728]::assert::Assert>::success
[INFO] [stdout]   13:     0x60fa8642d414 - <cli_integration[bcc1585f40ff8a2a]::tpch::test_csv_subcommand_custom_delimiter::{closure#0} as core[a373ad73a504971]::ops::function::FnOnce<()>>::call_once
[INFO] [stdout]   14:     0x60fa8647139b - test[aada8e7e76ba119b]::__rust_begin_short_backtrace::<core[a373ad73a504971]::result::Result<(), alloc[2e1b2a31b91974c5]::string::String>, fn() -> core[a373ad73a504971]::result::Result<(), alloc[2e1b2a31b91974c5]::string::String>>
[INFO] [stdout]   15:     0x60fa8647e575 - test[aada8e7e76ba119b]::run_test::{closure#0}
[INFO] [stdout]   16:     0x60fa86477e64 - std[617be2ca0a6fd877]::sys::backtrace::__rust_begin_short_backtrace::<test[aada8e7e76ba119b]::run_test::{closure#1}, ()>
[INFO] [stdout]   17:     0x60fa86481602 - <std[617be2ca0a6fd877]::thread::lifecycle::spawn_unchecked<test[aada8e7e76ba119b]::run_test::{closure#1}, ()>::{closure#1} as core[a373ad73a504971]::ops::function::FnOnce<()>>::call_once::{shim:vtable#0}
[INFO] [stdout]   18:     0x60fa8694ebaf - <std[617be2ca0a6fd877]::sys::thread::unix::Thread>::new::thread_start
[INFO] [stdout]   19:     0x7d3dedfabdfa - <unknown>
[INFO] [stdout]   20:     0x7d3dee03f3d4 - clone
[INFO] [stdout]   21:                0x0 - <unknown>
[INFO] [stdout] 
[INFO] [stdout] ---- tpch::test_format_parquet_warns_about_subcommand stdout ----
[INFO] [stdout] 
[INFO] [stdout] thread 'tpch::test_format_parquet_warns_about_subcommand' (3190) panicked at tests/cli_integration/tpch.rs:796:10:
[INFO] [stdout] Unexpected failure.
[INFO] [stdout] code=<interrupted>
[INFO] [stdout] stderr=```"[2026-10-18T19:37:20Z WARN  tpcgen_cli::tpch_cli::cli] The --format flag will be removed in v4.0.0. Use `tpchgen-cli parquet` instead.\n"```
[INFO] [stdout] command=`"/opt/rustwide/target/release/tpcgen-cli" "tpch" "--format" "parquet" "--tables" "part" "--scale-factor" "0.001" "--output-dir" "/tmp/.tmp69kQZ9"`
[INFO] [stdout] code=<interrupted>
[INFO] [stdout] stdout=""
[INFO] [stdout] stderr="[2026-10-18T19:37:20Z WARN  tpcgen_cli::tpch_cli::cli] The --format flag will be removed in v4.0.0. Use `tpchgen-cli parquet` instead.\n"
[INFO] [stdout] 
[INFO] [stdout] stack backtrace:
[INFO] [stdout]    0:     0x60fa8694fa41 - <<std[617be2ca0a6fd877]::sys::backtrace::BacktraceLock>::print::DisplayBacktrace as core[a373ad73a504971]::fmt::Display>::fmt
[INFO] [stdout]    1:     0x60fa869679ea - core[a373ad73a504971]::fmt::write
[INFO] [stdout]    2:     0x60fa8695576c - <alloc[2e1b2a31b91974c5]::vec::Vec<u8> as core[a373ad73a504971]::io::write::Write>::write_fmt
[INFO] [stdout]    3:     0x60fa86929a66 - std[617be2ca0a6fd877]::panicking::default_hook::{closure#0}
[INFO] [stdout]    4:     0x60fa86947099 - std[617be2ca0a6fd877]::panicking::default_hook
[INFO] [stdout]    5:     0x60fa8647df50 - test[aada8e7e76ba119b]::test_main_inner::{closure#0}
[INFO] [stdout]    6:     0x60fa86947252 - std[617be2ca0a6fd877]::panicking::panic_with_hook
[INFO] [stdout]    7:     0x60fa86929b12 - std[617be2ca0a6fd877]::panicking::panic_handler::{closure#0}
[INFO] [stdout]    8:     0x60fa869224a9 - std[617be2ca0a6fd877]::sys::backtrace::__rust_end_short_backtrace::<std[617be2ca0a6fd877]::panicking::panic_handler::{closure#0}, !>
[INFO] [stdout]    9:     0x60fa8692a71d - __rustc[ea4f61d10b84890b]::rust_begin_unwind
[INFO] [stdout]   10:     0x60fa869681cc - core[a373ad73a504971]::panicking::panic_fmt
[INFO] [stdout]   11:     0x60fa86907caf - <assert_cmd[a8ad6557b0c27728]::assert::AssertError>::panic::<assert_cmd[a8ad6557b0c27728]::assert::Assert>
[INFO] [stdout]   12:     0x60fa869083f9 - <assert_cmd[a8ad6557b0c27728]::assert::Assert>::success
[INFO] [stdout]   13:     0x60fa8642695c - cli_integration[bcc1585f40ff8a2a]::tpch::test_format_parquet_warns_about_subcommand::{closure#0}
[INFO] [stdout]   14:     0x60fa864421d8 - <tokio[e58c6e71b2d91bb4]::runtime::context::scoped::Scoped<tokio[e58c6e71b2d91bb4]::runtime::scheduler::Context>>::set::<<tokio[e58c6e71b2d91bb4]::runtime::scheduler::current_thread::CoreGuard>::enter<<tokio[e58c6e71b2d91bb4]::runtime::scheduler::current_thread::CoreGuard>::block_on<core[a373ad73a504971]::pin::Pin<&mut core[a373ad73a504971]::pin::Pin<&mut dyn core[a373ad73a504971]::future::future::Future<Output = ()>>>>::{closure#0}, core[a373ad73a504971]::option::Option<()>>::{closure#0}, (alloc[2e1b2a31b91974c5]::boxed::Box<tokio[e58c6e71b2d91bb4]::runtime::scheduler::current_thread::Core>, core[a373ad73a504971]::option::Option<()>)>
[INFO] [stdout]   15:     0x60fa8644262d - <tokio[e58c6e71b2d91bb4]::runtime::scheduler::current_thread::CoreGuard>::block_on::<core[a373ad73a504971]::pin::Pin<&mut core[a373ad73a504971]::pin::Pin<&mut dyn core[a373ad73a504971]::future::future::Future<Output = ()>>>>
[INFO] [stdout]   16:     0x60fa8644fd9d - tokio[e58c6e71b2d91bb4]::runtime::context::runtime::enter_runtime::<<tokio[e58c6e71b2d91bb4]::runtime::scheduler::current_thread::CurrentThread>::block_on<core[a373ad73a504971]::pin::Pin<&mut dyn core[a373ad73a504971]::future::future::Future<Output = ()>>>::{closure#0}, ()>
[INFO] [stdout]   17:     0x60fa8644df35 - <tokio[e58c6e71b2d91bb4]::runtime::runtime::Runtime>::block_on::<core[a373ad73a504971]::pin::Pin<&mut dyn core[a373ad73a504971]::future::future::Future<Output = ()>>>
[INFO] [stdout]   18:     0x60fa8643003e - <cli_integration[bcc1585f40ff8a2a]::tpch::test_format_parquet_warns_about_subcommand::{closure#0} as core[a373ad73a504971]::ops::function::FnOnce<()>>::call_once
[INFO] [stdout]   19:     0x60fa8647139b - test[aada8e7e76ba119b]::__rust_begin_short_backtrace::<core[a373ad73a504971]::result::Result<(), alloc[2e1b2a31b91974c5]::string::String>, fn() -> core[a373ad73a504971]::result::Result<(), alloc[2e1b2a31b91974c5]::string::String>>
[INFO] [stdout]   20:     0x60fa8647e575 - test[aada8e7e76ba119b]::run_test::{closure#0}
[INFO] [stdout]   21:     0x60fa86477e64 - std[617be2ca0a6fd877]::sys::backtrace::__rust_begin_short_backtrace::<test[aada8e7e76ba119b]::run_test::{closure#1}, ()>
[INFO] [stdout]   22:     0x60fa86481602 - <std[617be2ca0a6fd877]::thread::lifecycle::spawn_unchecked<test[aada8e7e76ba119b]::run_test::{closure#1}, ()>::{closure#1} as core[a373ad73a504971]::ops::function::FnOnce<()>>::call_once::{shim:vtable#0}
[INFO] [stdout]   23:     0x60fa8694ebaf - <std[617be2ca0a6fd877]::sys::thread::unix::Thread>::new::thread_start
[INFO] [stdout]   24:     0x7d3dedfabdfa - <unknown>
[INFO] [stdout]   25:     0x7d3dee03f3d4 - clone
[INFO] [stdout]   26:                0x0 - <unknown>
[INFO] [stdout] 
[INFO] [stdout] ---- tpch::test_format_csv_warns_about_subcommand stdout ----
[INFO] [stdout] 
[INFO] [stdout] thread 'tpch::test_format_csv_warns_about_subcommand' (3189) panicked at tests/cli_integration/tpch.rs:1019:10:
[INFO] [stdout] Unexpected failure.
[INFO] [stdout] code=<interrupted>
[INFO] [stdout] stderr=```"[2026-10-18T19:37:20Z WARN  tpcgen_cli::tpch_cli::cli] The --format flag will be removed in v4.0.0. Use `tpchgen-cli csv` instead.\n"```
[INFO] [stdout] command=`"/opt/rustwide/target/release/tpcgen-cli" "tpch" "--format" "csv" "--tables" "part" "--scale-factor" "0.001" "--output-dir" "/tmp/.tmpliHQII"`
[INFO] [stdout] code=<interrupted>
[INFO] [stdout] stdout=""
[INFO] [stdout] stderr="[2026-10-18T19:37:20Z WARN  tpcgen_cli::tpch_cli::cli] The --format flag will be removed in v4.0.0. Use `tpchgen-cli csv` instead.\n"
[INFO] [stdout] 
[INFO] [stdout] stack backtrace:
[INFO] [stdout]    0:     0x60fa8694fa41 - <<std[617be2ca0a6fd877]::sys::backtrace::BacktraceLock>::print::DisplayBacktrace as core[a373ad73a504971]::fmt::Display>::fmt
[INFO] [stdout]    1:     0x60fa869679ea - core[a373ad73a504971]::fmt::write
[INFO] [stdout]    2:     0x60fa8695576c - <alloc[2e1b2a31b91974c5]::vec::Vec<u8> as core[a373ad73a504971]::io::write::Write>::write_fmt
[INFO] [stdout]    3:     0x60fa86929a66 - std[617be2ca0a6fd877]::panicking::default_hook::{closure#0}
[INFO] [stdout]    4:     0x60fa86947099 - std[617be2ca0a6fd877]::panicking::default_hook
[INFO] [stdout]    5:     0x60fa8647df50 - test[aada8e7e76ba119b]::test_main_inner::{closure#0}
[INFO] [stdout]    6:     0x60fa86947252 - std[617be2ca0a6fd877]::panicking::panic_with_hook
[INFO] [stdout]    7:     0x60fa86929b12 - std[617be2ca0a6fd877]::panicking::panic_handler::{closure#0}
[INFO] [stdout]    8:     0x60fa869224a9 - std[617be2ca0a6fd877]::sys::backtrace::__rust_end_short_backtrace::<std[617be2ca0a6fd877]::panicking::panic_handler::{closure#0}, !>
[INFO] [stdout]    9:     0x60fa8692a71d - __rustc[ea4f61d10b84890b]::rust_begin_unwind
[INFO] [stdout]   10:     0x60fa869681cc - core[a373ad73a504971]::panicking::panic_fmt
[INFO] [stdout]   11:     0x60fa86907caf - <assert_cmd[a8ad6557b0c27728]::assert::AssertError>::panic::<assert_cmd[a8ad6557b0c27728]::assert::Assert>
[INFO] [stdout]   12:     0x60fa869083f9 - <assert_cmd[a8ad6557b0c27728]::assert::Assert>::success
[INFO] [stdout]   13:     0x60fa86424c9e - cli_integration[bcc1585f40ff8a2a]::tpch::test_format_csv_warns_about_subcommand::{closure#0}
[INFO] [stdout]   14:     0x60fa864421d8 - <tokio[e58c6e71b2d91bb4]::runtime::context::scoped::Scoped<tokio[e58c6e71b2d91bb4]::runtime::scheduler::Context>>::set::<<tokio[e58c6e71b2d91bb4]::runtime::scheduler::current_thread::CoreGuard>::enter<<tokio[e58c6e71b2d91bb4]::runtime::scheduler::current_thread::CoreGuard>::block_on<core[a373ad73a504971]::pin::Pin<&mut core[a373ad73a504971]::pin::Pin<&mut dyn core[a373ad73a504971]::future::future::Future<Output = ()>>>>::{closure#0}, core[a373ad73a504971]::option::Option<()>>::{closure#0}, (alloc[2e1b2a31b91974c5]::boxed::Box<tokio[e58c6e71b2d91bb4]::runtime::scheduler::current_thread::Core>, core[a373ad73a504971]::option::Option<()>)>
[INFO] [stdout]   15:     0x60fa8644262d - <tokio[e58c6e71b2d91bb4]::runtime::scheduler::current_thread::CoreGuard>::block_on::<core[a373ad73a504971]::pin::Pin<&mut core[a373ad73a504971]::pin::Pin<&mut dyn core[a373ad73a504971]::future::future::Future<Output = ()>>>>
[INFO] [stdout]   16:     0x60fa8644fd9d - tokio[e58c6e71b2d91bb4]::runtime::context::runtime::enter_runtime::<<tokio[e58c6e71b2d91bb4]::runtime::scheduler::current_thread::CurrentThread>::block_on<core[a373ad73a504971]::pin::Pin<&mut dyn core[a373ad73a504971]::future::future::Future<Output = ()>>>::{closure#0}, ()>
[INFO] [stdout]   17:     0x60fa8644df35 - <tokio[e58c6e71b2d91bb4]::runtime::runtime::Runtime>::block_on::<core[a373ad73a504971]::pin::Pin<&mut dyn core[a373ad73a504971]::future::future::Future<Output = ()>>>
[INFO] [stdout]   18:     0x60fa8642edee - <cli_integration[bcc1585f40ff8a2a]::tpch::test_format_csv_warns_about_subcommand::{closure#0} as core[a373ad73a504971]::ops::function::FnOnce<()>>::call_once
[INFO] [stdout]   19:     0x60fa8647139b - test[aada8e7e76ba119b]::__rust_begin_short_backtrace::<core[a373ad73a504971]::result::Result<(), alloc[2e1b2a31b91974c5]::string::String>, fn() -> core[a373ad73a504971]::result::Result<(), alloc[2e1b2a31b91974c5]::string::String>>
[INFO] [stdout]   20:     0x60fa8647e575 - test[aada8e7e76ba119b]::run_test::{closure#0}
[INFO] [stdout]   21:     0x60fa86477e64 - std[617be2ca0a6fd877]::sys::backtrace::__rust_begin_short_backtrace::<test[aada8e7e76ba119b]::run_test::{closure#1}, ()>
[INFO] [stdout]   22:     0x60fa86481602 - <std[617be2ca0a6fd877]::thread::lifecycle::spawn_unchecked<test[aada8e7e76ba119b]::run_test::{closure#1}, ()>::{closure#1} as core[a373ad73a504971]::ops::function::FnOnce<()>>::call_once::{shim:vtable#0}
[INFO] [stdout]   23:     0x60fa8694ebaf - <std[617be2ca0a6fd877]::sys::thread::unix::Thread>::new::thread_start
[INFO] [stdout]   24:     0x7d3dedfabdfa - <unknown>
[INFO] [stdout]   25:     0x7d3dee03f3d4 - clone
[INFO] [stdout]   26:                0x0 - <unknown>
[INFO] [stdout] 
[INFO] [stdout] ---- tpch::test_tpchgen_cli_progress_auto_disabled_on_non_tty stdout ----
[INFO] [stdout] 
[INFO] [stdout] thread 'tpch::test_tpchgen_cli_progress_auto_disabled_on_non_tty' (3950) panicked at tests/cli_integration/tpch.rs:709:10:
[INFO] [stdout] Unexpected failure.
[INFO] [stdout] code=<interrupted>
[INFO] [stdout] stderr=```""```
[INFO] [stdout] command=`"/opt/rustwide/target/release/tpcgen-cli" "tpch" "--scale-factor" "0.001" "--tables" "region" "--output-dir" "/tmp/.tmpEfFlmt"`
[INFO] [stdout] code=<interrupted>
[INFO] [stdout] stdout=""
[INFO] [stdout] stderr=""
[INFO] [stdout] 
[INFO] [stdout] stack backtrace:
[INFO] [stdout]    0:     0x60fa8694fa41 - <<std[617be2ca0a6fd877]::sys::backtrace::BacktraceLock>::print::DisplayBacktrace as core[a373ad73a504971]::fmt::Display>::fmt
[INFO] [stdout]    1:     0x60fa869679ea - core[a373ad73a504971]::fmt::write
[INFO] [stdout]    2:     0x60fa8695576c - <alloc[2e1b2a31b91974c5]::vec::Vec<u8> as core[a373ad73a504971]::io::write::Write>::write_fmt
[INFO] [stdout]    3:     0x60fa86929a66 - std[617be2ca0a6fd877]::panicking::default_hook::{closure#0}
[INFO] [stdout]    4:     0x60fa86947099 - std[617be2ca0a6fd877]::panicking::default_hook
[INFO] [stdout]    5:     0x60fa8647df50 - test[aada8e7e76ba119b]::test_main_inner::{closure#0}
[INFO] [stdout]    6:     0x60fa86947252 - std[617be2ca0a6fd877]::panicking::panic_with_hook
[INFO] [stdout]    7:     0x60fa86929b12 - std[617be2ca0a6fd877]::panicking::panic_handler::{closure#0}
[INFO] [stdout]    8:     0x60fa869224a9 - std[617be2ca0a6fd877]::sys::backtrace::__rust_end_short_backtrace::<std[617be2ca0a6fd877]::panicking::panic_handler::{closure#0}, !>
[INFO] [stdout]    9:     0x60fa8692a71d - __rustc[ea4f61d10b84890b]::rust_begin_unwind
[INFO] [stdout]   10:     0x60fa869681cc - core[a373ad73a504971]::panicking::panic_fmt
[INFO] [stdout]   11:     0x60fa86907caf - <assert_cmd[a8ad6557b0c27728]::assert::AssertError>::panic::<assert_cmd[a8ad6557b0c27728]::assert::Assert>
[INFO] [stdout]   12:     0x60fa869083f9 - <assert_cmd[a8ad6557b0c27728]::assert::Assert>::success
[INFO] [stdout]   13:     0x60fa864310bb - <cli_integration[bcc1585f40ff8a2a]::tpch::test_tpchgen_cli_progress_auto_disabled_on_non_tty::{closure#0} as core[a373ad73a504971]::ops::function::FnOnce<()>>::call_once
[INFO] [stdout]   14:     0x60fa8647139b - test[aada8e7e76ba119b]::__rust_begin_short_backtrace::<core[a373ad73a504971]::result::Result<(), alloc[2e1b2a31b91974c5]::string::String>, fn() -> core[a373ad73a504971]::result::Result<(), alloc[2e1b2a31b91974c5]::string::String>>
[INFO] [stdout]   15:     0x60fa8647e575 - test[aada8e7e76ba119b]::run_test::{closure#0}
[INFO] [stdout]   16:     0x60fa86477e64 - std[617be2ca0a6fd877]::sys::backtrace::__rust_begin_short_backtrace::<test[aada8e7e76ba119b]::run_test::{closure#1}, ()>
[INFO] [stdout]   17:     0x60fa86481602 - <std[617be2ca0a6fd877]::thread::lifecycle::spawn_unchecked<test[aada8e7e76ba119b]::run_test::{closure#1}, ()>::{closure#1} as core[a373ad73a504971]::ops::function::FnOnce<()>>::call_once::{shim:vtable#0}
[INFO] [stdout]   18:     0x60fa8694ebaf - <std[617be2ca0a6fd877]::sys::thread::unix::Thread>::new::thread_start
[INFO] [stdout]   19:     0x7d3dedfabdfa - <unknown>
[INFO] [stdout]   20:     0x7d3dee03f3d4 - clone
[INFO] [stdout]   21:                0x0 - <unknown>
[INFO] [stdout] 
[INFO] [stdout] ---- tpch::test_default_format_is_tbl stdout ----
[INFO] [stdout] 
[INFO] [stdout] thread 'tpch::test_default_format_is_tbl' (3186) panicked at tests/cli_integration/tpch.rs:944:10:
[INFO] [stdout] Unexpected failure.
[INFO] [stdout] code=<interrupted>
[INFO] [stdout] stderr=```""```
[INFO] [stdout] command=`"/opt/rustwide/target/release/tpcgen-cli" "tpch" "--scale-factor" "0.001" "--tables" "part" "--output-dir" "/tmp/.tmpQdSmjd"`
[INFO] [stdout] code=<interrupted>
[INFO] [stdout] stdout=""
[INFO] [stdout] stderr=""
[INFO] [stdout] 
[INFO] [stdout] stack backtrace:
[INFO] [stdout]    0:     0x60fa8694fa41 - <<std[617be2ca0a6fd877]::sys::backtrace::BacktraceLock>::print::DisplayBacktrace as core[a373ad73a504971]::fmt::Display>::fmt
[INFO] [stdout]    1:     0x60fa869679ea - core[a373ad73a504971]::fmt::write
[INFO] [stdout]    2:     0x60fa8695576c - <alloc[2e1b2a31b91974c5]::vec::Vec<u8> as core[a373ad73a504971]::io::write::Write>::write_fmt
[INFO] [stdout]    3:     0x60fa86929a66 - std[617be2ca0a6fd877]::panicking::default_hook::{closure#0}
[INFO] [stdout]    4:     0x60fa86947099 - std[617be2ca0a6fd877]::panicking::default_hook
[INFO] [stdout]    5:     0x60fa8647df50 - test[aada8e7e76ba119b]::test_main_inner::{closure#0}
[INFO] [stdout]    6:     0x60fa86947252 - std[617be2ca0a6fd877]::panicking::panic_with_hook
[INFO] [stdout]    7:     0x60fa86929b12 - std[617be2ca0a6fd877]::panicking::panic_handler::{closure#0}
[INFO] [stdout]    8:     0x60fa869224a9 - std[617be2ca0a6fd877]::sys::backtrace::__rust_end_short_backtrace::<std[617be2ca0a6fd877]::panicking::panic_handler::{closure#0}, !>
[INFO] [stdout]    9:     0x60fa8692a71d - __rustc[ea4f61d10b84890b]::rust_begin_unwind
[INFO] [stdout]   10:     0x60fa869681cc - core[a373ad73a504971]::panicking::panic_fmt
[INFO] [stdout]   11:     0x60fa86907caf - <assert_cmd[a8ad6557b0c27728]::assert::AssertError>::panic::<assert_cmd[a8ad6557b0c27728]::assert::Assert>
[INFO] [stdout]   12:     0x60fa869083f9 - <assert_cmd[a8ad6557b0c27728]::assert::Assert>::success
[INFO] [stdout]   13:     0x60fa8642a487 - <cli_integration[bcc1585f40ff8a2a]::tpch::test_default_format_is_tbl::{closure#0} as core[a373ad73a504971]::ops::function::FnOnce<()>>::call_once
[INFO] [stdout]   14:     0x60fa8647139b - test[aada8e7e76ba119b]::__rust_begin_short_backtrace::<core[a373ad73a504971]::result::Result<(), alloc[2e1b2a31b91974c5]::string::String>, fn() -> core[a373ad73a504971]::result::Result<(), alloc[2e1b2a31b91974c5]::string::String>>
[INFO] [stdout]   15:     0x60fa8647e575 - test[aada8e7e76ba119b]::run_test::{closure#0}
[INFO] [stdout]   16:     0x60fa86477e64 - std[617be2ca0a6fd877]::sys::backtrace::__rust_begin_short_backtrace::<test[aada8e7e76ba119b]::run_test::{closure#1}, ()>
[INFO] [stdout]   17:     0x60fa86481602 - <std[617be2ca0a6fd877]::thread::lifecycle::spawn_unchecked<test[aada8e7e76ba119b]::run_test::{closure#1}, ()>::{closure#1} as core[a373ad73a504971]::ops::function::FnOnce<()>>::call_once::{shim:vtable#0}
[INFO] [stdout]   18:     0x60fa8694ebaf - <std[617be2ca0a6fd877]::sys::thread::unix::Thread>::new::thread_start
[INFO] [stdout]   19:     0x7d3dedfabdfa - <unknown>
[INFO] [stdout]   20:     0x7d3dee03f3d4 - clone
[INFO] [stdout]   21:                0x0 - <unknown>
[INFO] [stdout] 
[INFO] [stdout] ---- tpch::test_tpchgen_cli_tbl_scale_factor_0_001 stdout ----
[INFO] [stdout] 
[INFO] [stdout] thread 'tpch::test_tpchgen_cli_tbl_scale_factor_0_001' (4010) panicked at tests/cli_integration/tpch.rs:26:10:
[INFO] [stdout] Unexpected failure.
[INFO] [stdout] code=<interrupted>
[INFO] [stdout] stderr=```""```
[INFO] [stdout] command=`"/opt/rustwide/target/release/tpcgen-cli" "tpch" "--scale-factor" "0.001" "--output-dir" "/tmp/.tmpJVtEsz"`
[INFO] [stdout] code=<interrupted>
[INFO] [stdout] stdout=""
[INFO] [stdout] stderr=""
[INFO] [stdout] 
[INFO] [stdout] stack backtrace:
[INFO] [stdout]    0:     0x60fa8694fa41 - <<std[617be2ca0a6fd877]::sys::backtrace::BacktraceLock>::print::DisplayBacktrace as core[a373ad73a504971]::fmt::Display>::fmt
[INFO] [stdout]    1:     0x60fa869679ea - core[a373ad73a504971]::fmt::write
[INFO] [stdout]    2:     0x60fa8695576c - <alloc[2e1b2a31b91974c5]::vec::Vec<u8> as core[a373ad73a504971]::io::write::Write>::write_fmt
[INFO] [stdout]    3:     0x60fa86929a66 - std[617be2ca0a6fd877]::panicking::default_hook::{closure#0}
[INFO] [stdout]    4:     0x60fa86947099 - std[617be2ca0a6fd877]::panicking::default_hook
[INFO] [stdout]    5:     0x60fa8647df50 - test[aada8e7e76ba119b]::test_main_inner::{closure#0}
[INFO] [stdout]    6:     0x60fa86947252 - std[617be2ca0a6fd877]::panicking::panic_with_hook
[INFO] [stdout]    7:     0x60fa86929b12 - std[617be2ca0a6fd877]::panicking::panic_handler::{closure#0}
[INFO] [stdout]    8:     0x60fa869224a9 - std[617be2ca0a6fd877]::sys::backtrace::__rust_end_short_backtrace::<std[617be2ca0a6fd877]::panicking::panic_handler::{closure#0}, !>
[INFO] [stdout]    9:     0x60fa8692a71d - __rustc[ea4f61d10b84890b]::rust_begin_unwind
[INFO] [stdout]   10:     0x60fa869681cc - core[a373ad73a504971]::panicking::panic_fmt
[INFO] [stdout]   11:     0x60fa86907caf - <assert_cmd[a8ad6557b0c27728]::assert::AssertError>::panic::<assert_cmd[a8ad6557b0c27728]::assert::Assert>
[INFO] [stdout]   12:     0x60fa869083f9 - <assert_cmd[a8ad6557b0c27728]::assert::Assert>::success
[INFO] [stdout]   13:     0x60fa8642f240 - <cli_integration[bcc1585f40ff8a2a]::tpch::test_tpchgen_cli_tbl_scale_factor_0_001::{closure#0} as core[a373ad73a504971]::ops::function::FnOnce<()>>::call_once
[INFO] [stdout]   14:     0x60fa8647139b - test[aada8e7e76ba119b]::__rust_begin_short_backtrace::<core[a373ad73a504971]::result::Result<(), alloc[2e1b2a31b91974c5]::string::String>, fn() -> core[a373ad73a504971]::result::Result<(), alloc[2e1b2a31b91974c5]::string::String>>
[INFO] [stdout]   15:     0x60fa8647e575 - test[aada8e7e76ba119b]::run_test::{closure#0}
[INFO] [stdout]   16:     0x60fa86477e64 - std[617be2ca0a6fd877]::sys::backtrace::__rust_begin_short_backtrace::<test[aada8e7e76ba119b]::run_test::{closure#1}, ()>
[INFO] [stdout]   17:     0x60fa86481602 - <std[617be2ca0a6fd877]::thread::lifecycle::spawn_unchecked<test[aada8e7e76ba119b]::run_test::{closure#1}, ()>::{closure#1} as core[a373ad73a504971]::ops::function::FnOnce<()>>::call_once::{shim:vtable#0}
[INFO] [stdout]   18:     0x60fa8694ebaf - <std[617be2ca0a6fd877]::sys::thread::unix::Thread>::new::thread_start
[INFO] [stdout]   19:     0x7d3dedfabdfa - <unknown>
[INFO] [stdout]   20:     0x7d3dee03f3d4 - clone
[INFO] [stdout]   21:                0x0 - <unknown>
[INFO] [stdout] 
[INFO] [stdout] ---- tpch::test_tpchgen_cli_parts_all_tables stdout ----
[INFO] [stdout] 
[INFO] [stdout] thread 'tpch::test_tpchgen_cli_parts_all_tables' (3849) panicked at tests/cli_integration/tpch.rs:318:10:
[INFO] [stdout] Unexpected failure.
[INFO] [stdout] code=<interrupted>
[INFO] [stdout] stderr=```""```
[INFO] [stdout] command=`"/opt/rustwide/target/release/tpcgen-cli" "tpch" "--scale-factor" "0.001" "--output-dir" "/tmp/.tmpJUWQsG" "--parts" "8"`
[INFO] [stdout] code=<interrupted>
[INFO] [stdout] stdout=""
[INFO] [stdout] stderr=""
[INFO] [stdout] 
[INFO] [stdout] stack backtrace:
[INFO] [stdout]    0:     0x60fa8694fa41 - <<std[617be2ca0a6fd877]::sys::backtrace::BacktraceLock>::print::DisplayBacktrace as core[a373ad73a504971]::fmt::Display>::fmt
[INFO] [stdout]    1:     0x60fa869679ea - core[a373ad73a504971]::fmt::write
[INFO] [stdout]    2:     0x60fa8695576c - <alloc[2e1b2a31b91974c5]::vec::Vec<u8> as core[a373ad73a504971]::io::write::Write>::write_fmt
[INFO] [stdout]    3:     0x60fa86929a66 - std[617be2ca0a6fd877]::panicking::default_hook::{closure#0}
[INFO] [stdout]    4:     0x60fa86947099 - std[617be2ca0a6fd877]::panicking::default_hook
[INFO] [stdout]    5:     0x60fa8647df50 - test[aada8e7e76ba119b]::test_main_inner::{closure#0}
[INFO] [stdout]    6:     0x60fa86947252 - std[617be2ca0a6fd877]::panicking::panic_with_hook
[INFO] [stdout]    7:     0x60fa86929b12 - std[617be2ca0a6fd877]::panicking::panic_handler::{closure#0}
[INFO] [stdout]    8:     0x60fa869224a9 - std[617be2ca0a6fd877]::sys::backtrace::__rust_end_short_backtrace::<std[617be2ca0a6fd877]::panicking::panic_handler::{closure#0}, !>
[INFO] [stdout]    9:     0x60fa8692a71d - __rustc[ea4f61d10b84890b]::rust_begin_unwind
[INFO] [stdout]   10:     0x60fa869681cc - core[a373ad73a504971]::panicking::panic_fmt
[INFO] [stdout]   11:     0x60fa86907caf - <assert_cmd[a8ad6557b0c27728]::assert::AssertError>::panic::<assert_cmd[a8ad6557b0c27728]::assert::Assert>
[INFO] [stdout]   12:     0x60fa869083f9 - <assert_cmd[a8ad6557b0c27728]::assert::Assert>::success
[INFO] [stdout]   13:     0x60fa8642c627 - <cli_integration[bcc1585f40ff8a2a]::tpch::test_tpchgen_cli_parts_all_tables::{closure#0} as core[a373ad73a504971]::ops::function::FnOnce<()>>::call_once
[INFO] [stdout]   14:     0x60fa8647139b - test[aada8e7e76ba119b]::__rust_begin_short_backtrace::<core[a373ad73a504971]::result::Result<(), alloc[2e1b2a31b91974c5]::string::String>, fn() -> core[a373ad73a504971]::result::Result<(), alloc[2e1b2a31b91974c5]::string::String>>
[INFO] [stdout]   15:     0x60fa8647e575 - test[aada8e7e76ba119b]::run_test::{closure#0}
[INFO] [stdout]   16:     0x60fa86477e64 - std[617be2ca0a6fd877]::sys::backtrace::__rust_begin_short_backtrace::<test[aada8e7e76ba119b]::run_test::{closure#1}, ()>
[INFO] [stdout]   17:     0x60fa86481602 - <std[617be2ca0a6fd877]::thread::lifecycle::spawn_unchecked<test[aada8e7e76ba119b]::run_test::{closure#1}, ()>::{closure#1} as core[a373ad73a504971]::ops::function::FnOnce<()>>::call_once::{shim:vtable#0}
[INFO] [stdout]   18:     0x60fa8694ebaf - <std[617be2ca0a6fd877]::sys::thread::unix::Thread>::new::thread_start
[INFO] [stdout]   19:     0x7d3dedfabdfa - <unknown>
[INFO] [stdout]   20:     0x7d3dee03f3d4 - clone
[INFO] [stdout]   21:                0x0 - <unknown>
[INFO] [stdout] 
[INFO] [stdout] ---- tpch::test_write_parquet_row_group_size_20mb stdout ----
[INFO] [stdout] 
[INFO] [stdout] thread 'tpch::test_write_parquet_row_group_size_20mb' (4110) panicked at tests/cli_integration/tpch.rs:483:10:
[INFO] [stdout] Unexpected failure.
[INFO] [stdout] code=<interrupted>
[INFO] [stdout] stderr=```""```
[INFO] [stdout] command=`"/opt/rustwide/target/release/tpcgen-cli" "tpch" "parquet" "--scale-factor" "1" "--output-dir" "/tmp/.tmpFV33Hz" "--row-group-bytes" "20000000"`
[INFO] [stdout] code=<interrupted>
[INFO] [stdout] stdout=""
[INFO] [stdout] stderr=""
[INFO] [stdout] 
[INFO] [stdout] stack backtrace:
[INFO] [stdout]    0:     0x60fa8694fa41 - <<std[617be2ca0a6fd877]::sys::backtrace::BacktraceLock>::print::DisplayBacktrace as core[a373ad73a504971]::fmt::Display>::fmt
[INFO] [stdout]    1:     0x60fa869679ea - core[a373ad73a504971]::fmt::write
[INFO] [stdout]    2:     0x60fa8695576c - <alloc[2e1b2a31b91974c5]::vec::Vec<u8> as core[a373ad73a504971]::io::write::Write>::write_fmt
[INFO] [stdout]    3:     0x60fa86929a66 - std[617be2ca0a6fd877]::panicking::default_hook::{closure#0}
[INFO] [stdout]    4:     0x60fa86947099 - std[617be2ca0a6fd877]::panicking::default_hook
[INFO] [stdout]    5:     0x60fa8647df50 - test[aada8e7e76ba119b]::test_main_inner::{closure#0}
[INFO] [stdout]    6:     0x60fa86947252 - std[617be2ca0a6fd877]::panicking::panic_with_hook
[INFO] [stdout]    7:     0x60fa86929b12 - std[617be2ca0a6fd877]::panicking::panic_handler::{closure#0}
[INFO] [stdout]    8:     0x60fa869224a9 - std[617be2ca0a6fd877]::sys::backtrace::__rust_end_short_backtrace::<std[617be2ca0a6fd877]::panicking::panic_handler::{closure#0}, !>
[INFO] [stdout]    9:     0x60fa8692a71d - __rustc[ea4f61d10b84890b]::rust_begin_unwind
[INFO] [stdout]   10:     0x60fa869681cc - core[a373ad73a504971]::panicking::panic_fmt
[INFO] [stdout]   11:     0x60fa86907caf - <assert_cmd[a8ad6557b0c27728]::assert::AssertError>::panic::<assert_cmd[a8ad6557b0c27728]::assert::Assert>
[INFO] [stdout]   12:     0x60fa869083f9 - <assert_cmd[a8ad6557b0c27728]::assert::Assert>::success
[INFO] [stdout]   13:     0x60fa86425634 - cli_integration[bcc1585f40ff8a2a]::tpch::test_write_parquet_row_group_size_20mb::{closure#0}
[INFO] [stdout]   14:     0x60fa864421d8 - <tokio[e58c6e71b2d91bb4]::runtime::context::scoped::Scoped<tokio[e58c6e71b2d91bb4]::runtime::scheduler::Context>>::set::<<tokio[e58c6e71b2d91bb4]::runtime::scheduler::current_thread::CoreGuard>::enter<<tokio[e58c6e71b2d91bb4]::runtime::scheduler::current_thread::CoreGuard>::block_on<core[a373ad73a504971]::pin::Pin<&mut core[a373ad73a504971]::pin::Pin<&mut dyn core[a373ad73a504971]::future::future::Future<Output = ()>>>>::{closure#0}, core[a373ad73a504971]::option::Option<()>>::{closure#0}, (alloc[2e1b2a31b91974c5]::boxed::Box<tokio[e58c6e71b2d91bb4]::runtime::scheduler::current_thread::Core>, core[a373ad73a504971]::option::Option<()>)>
[INFO] [stdout]   15:     0x60fa8644262d - <tokio[e58c6e71b2d91bb4]::runtime::scheduler::current_thread::CoreGuard>::block_on::<core[a373ad73a504971]::pin::Pin<&mut core[a373ad73a504971]::pin::Pin<&mut dyn core[a373ad73a504971]::future::future::Future<Output = ()>>>>
[INFO] [stdout]   16:     0x60fa8644fd9d - tokio[e58c6e71b2d91bb4]::runtime::context::runtime::enter_runtime::<<tokio[e58c6e71b2d91bb4]::runtime::scheduler::current_thread::CurrentThread>::block_on<core[a373ad73a504971]::pin::Pin<&mut dyn core[a373ad73a504971]::future::future::Future<Output = ()>>>::{closure#0}, ()>
[INFO] [stdout]   17:     0x60fa8644df35 - <tokio[e58c6e71b2d91bb4]::runtime::runtime::Runtime>::block_on::<core[a373ad73a504971]::pin::Pin<&mut dyn core[a373ad73a504971]::future::future::Future<Output = ()>>>
[INFO] [stdout]   18:     0x60fa8642f06e - <cli_integration[bcc1585f40ff8a2a]::tpch::test_write_parquet_row_group_size_20mb::{closure#0} as core[a373ad73a504971]::ops::function::FnOnce<()>>::call_once
[INFO] [stdout]   19:     0x60fa8647139b - test[aada8e7e76ba119b]::__rust_begin_short_backtrace::<core[a373ad73a504971]::result::Result<(), alloc[2e1b2a31b91974c5]::string::String>, fn() -> core[a373ad73a504971]::result::Result<(), alloc[2e1b2a31b91974c5]::string::String>>
[INFO] [stdout]   20:     0x60fa8647e575 - test[aada8e7e76ba119b]::run_test::{closure#0}
[INFO] [stdout]   21:     0x60fa86477e64 - std[617be2ca0a6fd877]::sys::backtrace::__rust_begin_short_backtrace::<test[aada8e7e76ba119b]::run_test::{closure#1}, ()>
[INFO] [stdout]   22:     0x60fa86481602 - <std[617be2ca0a6fd877]::thread::lifecycle::spawn_unchecked<test[aada8e7e76ba119b]::run_test::{closure#1}, ()>::{closure#1} as core[a373ad73a504971]::ops::function::FnOnce<()>>::call_once::{shim:vtable#0}
[INFO] [stdout]   23:     0x60fa8694ebaf - <std[617be2ca0a6fd877]::sys::thread::unix::Thread>::new::thread_start
[INFO] [stdout]   24:     0x7d3dedfabdfa - <unknown>
[INFO] [stdout]   25:     0x7d3dee03f3d4 - clone
[INFO] [stdout]   26:                0x0 - <unknown>
[INFO] [stdout] 
[INFO] [stdout] ---- tpch::test_write_parquet_orders stdout ----
[INFO] [stdout] 
[INFO] [stdout] thread 'tpch::test_write_parquet_orders' (4090) panicked at tests/cli_integration/tpch.rs:371:10:
[INFO] [stdout] Unexpected failure.
[INFO] [stdout] code=<interrupted>
[INFO] [stdout] stderr=```""```
[INFO] [stdout] command=`"/opt/rustwide/target/release/tpcgen-cli" "tpch" "parquet" "--tables" "orders" "--scale-factor" "0.001" "--output-dir" "/tmp/.tmpsGz20z"`
[INFO] [stdout] code=<interrupted>
[INFO] [stdout] stdout=""
[INFO] [stdout] stderr=""
[INFO] [stdout] 
[INFO] [stdout] stack backtrace:
[INFO] [stdout]    0:     0x60fa8694fa41 - <<std[617be2ca0a6fd877]::sys::backtrace::BacktraceLock>::print::DisplayBacktrace as core[a373ad73a504971]::fmt::Display>::fmt
[INFO] [stdout]    1:     0x60fa869679ea - core[a373ad73a504971]::fmt::write
[INFO] [stdout]    2:     0x60fa8695576c - <alloc[2e1b2a31b91974c5]::vec::Vec<u8> as core[a373ad73a504971]::io::write::Write>::write_fmt
[INFO] [stdout]    3:     0x60fa86929a66 - std[617be2ca0a6fd877]::panicking::default_hook::{closure#0}
[INFO] [stdout]    4:     0x60fa86947099 - std[617be2ca0a6fd877]::panicking::default_hook
[INFO] [stdout]    5:     0x60fa8647df50 - test[aada8e7e76ba119b]::test_main_inner::{closure#0}
[INFO] [stdout]    6:     0x60fa86947252 - std[617be2ca0a6fd877]::panicking::panic_with_hook
[INFO] [stdout]    7:     0x60fa86929b12 - std[617be2ca0a6fd877]::panicking::panic_handler::{closure#0}
[INFO] [stdout]    8:     0x60fa869224a9 - std[617be2ca0a6fd877]::sys::backtrace::__rust_end_short_backtrace::<std[617be2ca0a6fd877]::panicking::panic_handler::{closure#0}, !>
[INFO] [stdout]    9:     0x60fa8692a71d - __rustc[ea4f61d10b84890b]::rust_begin_unwind
[INFO] [stdout]   10:     0x60fa869681cc - core[a373ad73a504971]::panicking::panic_fmt
[INFO] [stdout]   11:     0x60fa86907caf - <assert_cmd[a8ad6557b0c27728]::assert::AssertError>::panic::<assert_cmd[a8ad6557b0c27728]::assert::Assert>
[INFO] [stdout]   12:     0x60fa869083f9 - <assert_cmd[a8ad6557b0c27728]::assert::Assert>::success
[INFO] [stdout]   13:     0x60fa864237af - cli_integration[bcc1585f40ff8a2a]::tpch::test_write_parquet_orders::{closure#0}
[INFO] [stdout]   14:     0x60fa864421d8 - <tokio[e58c6e71b2d91bb4]::runtime::context::scoped::Scoped<tokio[e58c6e71b2d91bb4]::runtime::scheduler::Context>>::set::<<tokio[e58c6e71b2d91bb4]::runtime::scheduler::current_thread::CoreGuard>::enter<<tokio[e58c6e71b2d91bb4]::runtime::scheduler::current_thread::CoreGuard>::block_on<core[a373ad73a504971]::pin::Pin<&mut core[a373ad73a504971]::pin::Pin<&mut dyn core[a373ad73a504971]::future::future::Future<Output = ()>>>>::{closure#0}, core[a373ad73a504971]::option::Option<()>>::{closure#0}, (alloc[2e1b2a31b91974c5]::boxed::Box<tokio[e58c6e71b2d91bb4]::runtime::scheduler::current_thread::Core>, core[a373ad73a504971]::option::Option<()>)>
[INFO] [stdout]   15:     0x60fa8644262d - <tokio[e58c6e71b2d91bb4]::runtime::scheduler::current_thread::CoreGuard>::block_on::<core[a373ad73a504971]::pin::Pin<&mut core[a373ad73a504971]::pin::Pin<&mut dyn core[a373ad73a504971]::future::future::Future<Output = ()>>>>
[INFO] [stdout]   16:     0x60fa8644fd9d - tokio[e58c6e71b2d91bb4]::runtime::context::runtime::enter_runtime::<<tokio[e58c6e71b2d91bb4]::runtime::scheduler::current_thread::CurrentThread>::block_on<core[a373ad73a504971]::pin::Pin<&mut dyn core[a373ad73a504971]::future::future::Future<Output = ()>>>::{closure#0}, ()>
[INFO] [stdout]   17:     0x60fa8644df35 - <tokio[e58c6e71b2d91bb4]::runtime::runtime::Runtime>::block_on::<core[a373ad73a504971]::pin::Pin<&mut dyn core[a373ad73a504971]::future::future::Future<Output = ()>>>
[INFO] [stdout]   18:     0x60fa8642a28e - <cli_integration[bcc1585f40ff8a2a]::tpch::test_write_parquet_orders::{closure#0} as core[a373ad73a504971]::ops::function::FnOnce<()>>::call_once
[INFO] [stdout]   19:     0x60fa8647139b - test[aada8e7e76ba119b]::__rust_begin_short_backtrace::<core[a373ad73a504971]::result::Result<(), alloc[2e1b2a31b91974c5]::string::String>, fn() -> core[a373ad73a504971]::result::Result<(), alloc[2e1b2a31b91974c5]::string::String>>
[INFO] [stdout]   20:     0x60fa8647e575 - test[aada8e7e76ba119b]::run_test::{closure#0}
[INFO] [stdout]   21:     0x60fa86477e64 - std[617be2ca0a6fd877]::sys::backtrace::__rust_begin_short_backtrace::<test[aada8e7e76ba119b]::run_test::{closure#1}, ()>
[INFO] [stdout]   22:     0x60fa86481602 - <std[617be2ca0a6fd877]::thread::lifecycle::spawn_unchecked<test[aada8e7e76ba119b]::run_test::{closure#1}, ()>::{closure#1} as core[a373ad73a504971]::ops::function::FnOnce<()>>::call_once::{shim:vtable#0}
[INFO] [stdout]   23:     0x60fa8694ebaf - <std[617be2ca0a6fd877]::sys::thread::unix::Thread>::new::thread_start
[INFO] [stdout]   24:     0x7d3dedfabdfa - <unknown>
[INFO] [stdout]   25:     0x7d3dee03f3d4 - clone
[INFO] [stdout]   26:                0x0 - <unknown>
[INFO] [stdout] 
[INFO] [stdout] ---- tpch::test_tpchgen_cli_quiet_flag stdout ----
[INFO] [stdout] 
[INFO] [stdout] thread 'tpch::test_tpchgen_cli_quiet_flag' (3970) panicked at tests/cli_integration/tpch.rs:197:10:
[INFO] [stdout] Unexpected failure.
[INFO] [stdout] code=<interrupted>
[INFO] [stdout] stderr=```""```
[INFO] [stdout] command=`"/opt/rustwide/target/release/tpcgen-cli" "tpch" "--scale-factor" "0.001" "--tables" "part" "--output-dir" "/tmp/.tmp8Ld410"`
[INFO] [stdout] code=<interrupted>
[INFO] [stdout] stdout=""
[INFO] [stdout] stderr=""
[INFO] [stdout] 
[INFO] [stdout] stack backtrace:
[INFO] [stdout]    0:     0x60fa8694fa41 - <<std[617be2ca0a6fd877]::sys::backtrace::BacktraceLock>::print::DisplayBacktrace as core[a373ad73a504971]::fmt::Display>::fmt
[INFO] [stdout]    1:     0x60fa869679ea - core[a373ad73a504971]::fmt::write
[INFO] [stdout]    2:     0x60fa8695576c - <alloc[2e1b2a31b91974c5]::vec::Vec<u8> as core[a373ad73a504971]::io::write::Write>::write_fmt
[INFO] [stdout]    3:     0x60fa86929a66 - std[617be2ca0a6fd877]::panicking::default_hook::{closure#0}
[INFO] [stdout]    4:     0x60fa86947099 - std[617be2ca0a6fd877]::panicking::default_hook
[INFO] [stdout]    5:     0x60fa8647df50 - test[aada8e7e76ba119b]::test_main_inner::{closure#0}
[INFO] [stdout]    6:     0x60fa86947252 - std[617be2ca0a6fd877]::panicking::panic_with_hook
[INFO] [stdout]    7:     0x60fa86929b12 - std[617be2ca0a6fd877]::panicking::panic_handler::{closure#0}
[INFO] [stdout]    8:     0x60fa869224a9 - std[617be2ca0a6fd877]::sys::backtrace::__rust_end_short_backtrace::<std[617be2ca0a6fd877]::panicking::panic_handler::{closure#0}, !>
[INFO] [stdout]    9:     0x60fa8692a71d - __rustc[ea4f61d10b84890b]::rust_begin_unwind
[INFO] [stdout]   10:     0x60fa869681cc - core[a373ad73a504971]::panicking::panic_fmt
[INFO] [stdout]   11:     0x60fa86907caf - <assert_cmd[a8ad6557b0c27728]::assert::AssertError>::panic::<assert_cmd[a8ad6557b0c27728]::assert::Assert>
[INFO] [stdout]   12:     0x60fa869083f9 - <assert_cmd[a8ad6557b0c27728]::assert::Assert>::success
[INFO] [stdout]   13:     0x60fa8642ac00 - <cli_integration[bcc1585f40ff8a2a]::tpch::test_tpchgen_cli_quiet_flag::{closure#0} as core[a373ad73a504971]::ops::function::FnOnce<()>>::call_once
[INFO] [stdout]   14:     0x60fa8647139b - test[aada8e7e76ba119b]::__rust_begin_short_backtrace::<core[a373ad73a504971]::result::Result<(), alloc[2e1b2a31b91974c5]::string::String>, fn() -> core[a373ad73a504971]::result::Result<(), alloc[2e1b2a31b91974c5]::string::String>>
[INFO] [stdout]   15:     0x60fa8647e575 - test[aada8e7e76ba119b]::run_test::{closure#0}
[INFO] [stdout]   16:     0x60fa86477e64 - std[617be2ca0a6fd877]::sys::backtrace::__rust_begin_short_backtrace::<test[aada8e7e76ba119b]::run_test::{closure#1}, ()>
[INFO] [stdout]   17:     0x60fa86481602 - <std[617be2ca0a6fd877]::thread::lifecycle::spawn_unchecked<test[aada8e7e76ba119b]::run_test::{closure#1}, ()>::{closure#1} as core[a373ad73a504971]::ops::function::FnOnce<()>>::call_once::{shim:vtable#0}
[INFO] [stdout]   18:     0x60fa8694ebaf - <std[617be2ca0a6fd877]::sys::thread::unix::Thread>::new::thread_start
[INFO] [stdout]   19:     0x7d3dedfabdfa - <unknown>
[INFO] [stdout]   20:     0x7d3dee03f3d4 - clone
[INFO] [stdout]   21:                0x0 - <unknown>
[INFO] [stdout] 
[INFO] [stdout] ---- tpch::test_tpchgen_cli_parts_explicit stdout ----
[INFO] [stdout] 
[INFO] [stdout] thread '<unnamed>' (3871) panicked at tests/cli_integration/tpch.rs:292:18:
[INFO] [stdout] Unexpected failure.
[INFO] [stdout] code=<interrupted>
[INFO] [stdout] stderr=```""```
[INFO] [stdout] command=`"/opt/rustwide/target/release/tpcgen-cli" "tpch" "--scale-factor" "0.001" "--output-dir" "/tmp/.tmp53GIW7" "--parts" "4" "--part" "2" "--tables" "orders"`
[INFO] [stdout] code=<interrupted>
[INFO] [stdout] stdout=""
[INFO] [stdout] stderr=""
[INFO] [stdout] 
[INFO] [stdout] stack backtrace:
[INFO] [stdout]    0:     0x60fa8694fa41 - <<std[617be2ca0a6fd877]::sys::backtrace::BacktraceLock>::print::DisplayBacktrace as core[a373ad73a504971]::fmt::Display>::fmt
[INFO] [stdout]    1:     0x60fa869679ea - core[a373ad73a504971]::fmt::write
[INFO] [stdout]    2:     0x60fa8695576c - <alloc[2e1b2a31b91974c5]::vec::Vec<u8> as core[a373ad73a504971]::io::write::Write>::write_fmt
[INFO] [stdout]    3:     0x60fa86929a66 - std[617be2ca0a6fd877]::panicking::default_hook::{closure#0}
[INFO] [stdout]    4:     0x60fa86947099 - std[617be2ca0a6fd877]::panicking::default_hook
[INFO] [stdout]    5:     0x60fa8647df50 - test[aada8e7e76ba119b]::test_main_inner::{closure#0}
[INFO] [stdout]    6:     0x60fa86947252 - std[617be2ca0a6fd877]::panicking::panic_with_hook
[INFO] [stdout]    7:     0x60fa86929b12 - std[617be2ca0a6fd877]::panicking::panic_handler::{closure#0}
[INFO] [stdout]    8:     0x60fa869224a9 - std[617be2ca0a6fd877]::sys::backtrace::__rust_end_short_backtrace::<std[617be2ca0a6fd877]::panicking::panic_handler::{closure#0}, !>
[INFO] [stdout]    9:     0x60fa8692a71d - __rustc[ea4f61d10b84890b]::rust_begin_unwind
[INFO] [stdout]   10:     0x60fa869681cc - core[a373ad73a504971]::panicking::panic_fmt
[INFO] [stdout]   11:     0x60fa86907caf - <assert_cmd[a8ad6557b0c27728]::assert::AssertError>::panic::<assert_cmd[a8ad6557b0c27728]::assert::Assert>
[INFO] [stdout]   12:     0x60fa869083f9 - <assert_cmd[a8ad6557b0c27728]::assert::Assert>::success
[INFO] [stdout]   13:     0x60fa8644337a - std[617be2ca0a6fd877]::sys::backtrace::__rust_begin_short_backtrace::<cli_integration[bcc1585f40ff8a2a]::tpch::test_tpchgen_cli_parts_explicit::{closure#0}, ()>
[INFO] [stdout]   14:     0x60fa86450ba8 - <std[617be2ca0a6fd877]::thread::lifecycle::spawn_unchecked<cli_integration[bcc1585f40ff8a2a]::tpch::test_tpchgen_cli_parts_explicit::{closure#0}, ()>::{closure#1} as core[a373ad73a504971]::ops::function::FnOnce<()>>::call_once::{shim:vtable#0}
[INFO] [stdout]   15:     0x60fa8694ebaf - <std[617be2ca0a6fd877]::sys::thread::unix::Thread>::new::thread_start
[INFO] [stdout]   16:     0x7d3dedfabdfa - <unknown>
[INFO] [stdout]   17:     0x7d3dee03f3d4 - clone
[INFO] [stdout]   18:                0x0 - <unknown>
[INFO] [stdout] 
[INFO] [stdout] thread '<unnamed>' (3873) panicked at tests/cli_integration/tpch.rs:292:18:
[INFO] [stdout] Unexpected failure.
[INFO] [stdout] code=<interrupted>
[INFO] [stdout] stderr=```""```
[INFO] [stdout] command=`"/opt/rustwide/target/release/tpcgen-cli" "tpch" "--scale-factor" "0.001" "--output-dir" "/tmp/.tmp53GIW7" "--parts" "4" "--part" "4" "--tables" "orders"`
[INFO] [stdout] code=<interrupted>
[INFO] [stdout] stdout=""
[INFO] [stdout] stderr=""
[INFO] [stdout] 
[INFO] [stdout] stack backtrace:
[INFO] [stdout]    0:     0x60fa8694fa41 - <<std[617be2ca0a6fd877]::sys::backtrace::BacktraceLock>::print::DisplayBacktrace as core[a373ad73a504971]::fmt::Display>::fmt
[INFO] [stdout]    1:     0x60fa869679ea - core[a373ad73a504971]::fmt::write
[INFO] [stdout]    2:     0x60fa8695576c - <alloc[2e1b2a31b91974c5]::vec::Vec<u8> as core[a373ad73a504971]::io::write::Write>::write_fmt
[INFO] [stdout]    3:     0x60fa86929a66 - std[617be2ca0a6fd877]::panicking::default_hook::{closure#0}
[INFO] [stdout]    4:     0x60fa86947099 - std[617be2ca0a6fd877]::panicking::default_hook
[INFO] [stdout]    5:     0x60fa8647df50 - test[aada8e7e76ba119b]::test_main_inner::{closure#0}
[INFO] [stdout]    6:     0x60fa86947252 - std[617be2ca0a6fd877]::panicking::panic_with_hook
[INFO] [stdout]    7:     0x60fa86929b12 - std[617be2ca0a6fd877]::panicking::panic_handler::{closure#0}
[INFO] [stdout]    8:     0x60fa869224a9 - std[617be2ca0a6fd877]::sys::backtrace::__rust_end_short_backtrace::<std[617be2ca0a6fd877]::panicking::panic_handler::{closure#0}, !>
[INFO] [stdout]    9:     0x60fa8692a71d - __rustc[ea4f61d10b84890b]::rust_begin_unwind
[INFO] [stdout]   10:     0x60fa869681cc - core[a373ad73a504971]::panicking::panic_fmt
[INFO] [stdout]   11:     0x60fa86907caf - <assert_cmd[a8ad6557b0c27728]::assert::AssertError>::panic::<assert_cmd[a8ad6557b0c27728]::assert::Assert>
[INFO] [stdout]   12:     0x60fa869083f9 - <assert_cmd[a8ad6557b0c27728]::assert::Assert>::success
[INFO] [stdout]   13:     0x60fa8644337a - std[617be2ca0a6fd877]::sys::backtrace::__rust_begin_short_backtrace::<cli_integration[bcc1585f40ff8a2a]::tpch::test_tpchgen_cli_parts_explicit::{closure#0}, ()>
[INFO] [stdout]   14:     0x60fa86450ba8 - <std[617be2ca0a6fd877]::thread::lifecycle::spawn_unchecked<cli_integration[bcc1585f40ff8a2a]::tpch::test_tpchgen_cli_parts_explicit::{closure#0}, ()>::{closure#1} as core[a373ad73a504971]::ops::function::FnOnce<()>>::call_once::{shim:vtable#0}
[INFO] [stdout]   15:     0x60fa8694ebaf - <std[617be2ca0a6fd877]::sys::thread::unix::Thread>::new::thread_start
[INFO] [stdout]   16:     0x7d3dedfabdfa - <unknown>
[INFO] [stdout]   17:     0x7d3dee03f3d4 - clone
[INFO] [stdout]   18:                0x0 - <unknown>
[INFO] [stdout] 
[INFO] [stdout] thread '<unnamed>' (3870) panicked at tests/cli_integration/tpch.rs:292:18:
[INFO] [stdout] Unexpected failure.
[INFO] [stdout] code=<interrupted>
[INFO] [stdout] stderr=```""```
[INFO] [stdout] command=`"/opt/rustwide/target/release/tpcgen-cli" "tpch" "--scale-factor" "0.001" "--output-dir" "/tmp/.tmp53GIW7" "--parts" "4" "--part" "1" "--tables" "orders"`
[INFO] [stdout] code=<interrupted>
[INFO] [stdout] stdout=""
[INFO] [stdout] stderr=""
[INFO] [stdout] 
[INFO] [stdout] stack backtrace:
[INFO] [stdout]    0:     0x60fa8694fa41 - <<std[617be2ca0a6fd877]::sys::backtrace::BacktraceLock>::print::DisplayBacktrace as core[a373ad73a504971]::fmt::Display>::fmt
[INFO] [stdout]    1:     0x60fa869679ea - core[a373ad73a504971]::fmt::write
[INFO] [stdout]    2:     0x60fa8695576c - <alloc[2e1b2a31b91974c5]::vec::Vec<u8> as core[a373ad73a504971]::io::write::Write>::write_fmt
[INFO] [stdout]    3:     0x60fa86929a66 - std[617be2ca0a6fd877]::panicking::default_hook::{closure#0}
[INFO] [stdout]    4:     0x60fa86947099 - std[617be2ca0a6fd877]::panicking::default_hook
[INFO] [stdout]    5:     0x60fa8647df50 - test[aada8e7e76ba119b]::test_main_inner::{closure#0}
[INFO] [stdout]    6:     0x60fa86947252 - std[617be2ca0a6fd877]::panicking::panic_with_hook
[INFO] [stdout]    7:     0x60fa86929b12 - std[617be2ca0a6fd877]::panicking::panic_handler::{closure#0}
[INFO] [stdout]    8:     0x60fa869224a9 - std[617be2ca0a6fd877]::sys::backtrace::__rust_end_short_backtrace::<std[617be2ca0a6fd877]::panicking::panic_handler::{closure#0}, !>
[INFO] [stdout]    9:     0x60fa8692a71d - __rustc[ea4f61d10b84890b]::rust_begin_unwind
[INFO] [stdout]   10:     0x60fa869681cc - core[a373ad73a504971]::panicking::panic_fmt
[INFO] [stdout]   11:     0x60fa86907caf - <assert_cmd[a8ad6557b0c27728]::assert::AssertError>::panic::<assert_cmd[a8ad6557b0c27728]::assert::Assert>
[INFO] [stdout]   12:     0x60fa869083f9 - <assert_cmd[a8ad6557b0c27728]::assert::Assert>::success
[INFO] [stdout]   13:     0x60fa8644337a - std[617be2ca0a6fd877]::sys::backtrace::__rust_begin_short_backtrace::<cli_integration[bcc1585f40ff8a2a]::tpch::test_tpchgen_cli_parts_explicit::{closure#0}, ()>
[INFO] [stdout]   14:     0x60fa86450ba8 - <std[617be2ca0a6fd877]::thread::lifecycle::spawn_unchecked<cli_integration[bcc1585f40ff8a2a]::tpch::test_tpchgen_cli_parts_explicit::{closure#0}, ()>::{closure#1} as core[a373ad73a504971]::ops::function::FnOnce<()>>::call_once::{shim:vtable#0}
[INFO] [stdout]   15:     0x60fa8694ebaf - <std[617be2ca0a6fd877]::sys::thread::unix::Thread>::new::thread_start
[INFO] [stdout]   16:     0x7d3dedfabdfa - <unknown>
[INFO] [stdout]   17:     0x7d3dee03f3d4 - clone
[INFO] [stdout]   18:                0x0 - <unknown>
[INFO] [stdout] 
[INFO] [stdout] thread 'tpch::test_tpchgen_cli_parts_explicit' (3869) panicked at tests/cli_integration/tpch.rs:297:23:
[INFO] [stdout] Thread panicked: Any { .. }
[INFO] [stdout] stack backtrace:
[INFO] [stdout]    0:     0x60fa8694fa41 - <<std[617be2ca0a6fd877]::sys::backtrace::BacktraceLock>::print::DisplayBacktrace as core[a373ad73a504971]::fmt::Display>::fmt
[INFO] [stdout]    1:     0x60fa869679ea - core[a373ad73a504971]::fmt::write
[INFO] [stdout]    2:     0x60fa8695576c - <alloc[2e1b2a31b91974c5]::vec::Vec<u8> as core[a373ad73a504971]::io::write::Write>::write_fmt
[INFO] [stdout]    3:     0x60fa86929a66 - std[617be2ca0a6fd877]::panicking::default_hook::{closure#0}
[INFO] [stdout]    4:     0x60fa86947099 - std[617be2ca0a6fd877]::panicking::default_hook
[INFO] [stdout]    5:     0x60fa8647df50 - test[aada8e7e76ba119b]::test_main_inner::{closure#0}
[INFO] [stdout]    6:     0x60fa86947252 - std[617be2ca0a6fd877]::panicking::panic_with_hook
[INFO] [stdout]    7:     0x60fa86929b12 - std[617be2ca0a6fd877]::panicking::panic_handler::{closure#0}
[INFO] [stdout]    8:     0x60fa869224a9 - std[617be2ca0a6fd877]::sys::backtrace::__rust_end_short_backtrace::<std[617be2ca0a6fd877]::panicking::panic_handler::{closure#0}, !>
[INFO] [stdout]    9:     0x60fa8692a71d - __rustc[ea4f61d10b84890b]::rust_begin_unwind
[INFO] [stdout]   10:     0x60fa869681cc - core[a373ad73a504971]::panicking::panic_fmt
[INFO] [stdout]   11:     0x60fa86967fa2 - core[a373ad73a504971]::result::unwrap_failed
[INFO] [stdout]   12:     0x60fa8642bb04 - <cli_integration[bcc1585f40ff8a2a]::tpch::test_tpchgen_cli_parts_explicit::{closure#0} as core[a373ad73a504971]::ops::function::FnOnce<()>>::call_once
[INFO] [stdout]   13:     0x60fa8647139b - test[aada8e7e76ba119b]::__rust_begin_short_backtrace::<core[a373ad73a504971]::result::Result<(), alloc[2e1b2a31b91974c5]::string::String>, fn() -> core[a373ad73a504971]::result::Result<(), alloc[2e1b2a31b91974c5]::string::String>>
[INFO] [stdout]   14:     0x60fa8647e575 - test[aada8e7e76ba119b]::run_test::{closure#0}
[INFO] [stdout]   15:     0x60fa86477e64 - std[617be2ca0a6fd877]::sys::backtrace::__rust_begin_short_backtrace::<test[aada8e7e76ba119b]::run_test::{closure#1}, ()>
[INFO] [stdout]   16:     0x60fa86481602 - <std[617be2ca0a6fd877]::thread::lifecycle::spawn_unchecked<test[aada8e7e76ba119b]::run_test::{closure#1}, ()>::{closure#1} as core[a373ad73a504971]::ops::function::FnOnce<()>>::call_once::{shim:vtable#0}
[INFO] [stdout]   17:     0x60fa8694ebaf - <std[617be2ca0a6fd877]::sys::thread::unix::Thread>::new::thread_start
[INFO] [stdout]   18:     0x7d3dedfabdfa - <unknown>
[INFO] [stdout]   19:     0x7d3dee03f3d4 - clone
[INFO] [stdout]   20:                0x0 - <unknown>
[INFO] [stdout] 
[INFO] [stdout] 
[INFO] [stdout] failures:
[INFO] [stdout]     test_tpcgen_cli_tpch_command_forms
[INFO] [stdout]     tpch::test_common_args_with_subcommand_conflict
[INFO] [stdout]     tpch::test_csv_subcommand
[INFO] [stdout]     tpch::test_csv_subcommand_custom_delimiter
[INFO] [stdout]     tpch::test_default_format_is_tbl
[INFO] [stdout]     tpch::test_deprecated_parquet_compression_flag_works
[INFO] [stdout]     tpch::test_deprecated_parquet_row_group_bytes_flag_works
[INFO] [stdout]     tpch::test_format_csv_warns_about_subcommand
[INFO] [stdout]     tpch::test_format_parquet_warns_about_subcommand
[INFO] [stdout]     tpch::test_format_tbl_warns_about_subcommand
[INFO] [stdout]     tpch::test_incompatible_options_warnings
[INFO] [stdout]     tpch::test_quiet_flag_suppresses_warnings
[INFO] [stdout]     tpch::test_tbl_subcommand
[INFO] [stdout]     tpch::test_tpchgen_cli_no_progress_flag
[INFO] [stdout]     tpch::test_tpchgen_cli_parquet_no_overwrite
[INFO] [stdout]     tpch::test_tpchgen_cli_parts
[INFO] [stdout]     tpch::test_tpchgen_cli_parts_all_tables
[INFO] [stdout]     tpch::test_tpchgen_cli_parts_explicit
[INFO] [stdout]     tpch::test_tpchgen_cli_progress_auto_disabled_on_non_tty
[INFO] [stdout]     tpch::test_tpchgen_cli_quiet_flag
[INFO] [stdout]     tpch::test_tpchgen_cli_tbl_scale_factor_0_001
[INFO] [stdout]     tpch::test_write_parquet_orders
[INFO] [stdout]     tpch::test_write_parquet_row_group_size_20mb
[INFO] [stdout] 
[INFO] [stdout] test result: FAILED. 17 passed; 23 failed; 0 ignored; 0 measured; 0 filtered out; finished in 18.96s
[INFO] [stdout] 
[INFO] running `Command { std: "docker" "inspect" "1ddd7bbc8714b5c3915af01c543baf9351b029401a087441b3ce0c8a77c1dd51", kill_on_drop: false }`
[INFO] running `Command { std: "docker" "rm" "-f" "1ddd7bbc8714b5c3915af01c543baf9351b029401a087441b3ce0c8a77c1dd51", kill_on_drop: false }`
[INFO] [stdout] 1ddd7bbc8714b5c3915af01c543baf9351b029401a087441b3ce0c8a77c1dd51
