[INFO] fetching crate toxiproxy_rust 0.1.6...
[INFO] testing toxiproxy_rust-0.1.6 against 1.100.0-beta.1+cargoflags=--release for beta-release-1.100-2
[INFO] extracting crate toxiproxy_rust 0.1.6 into /workspace/builds/worker-2-tc2/source
[INFO] started tweaking crates.io crate toxiproxy_rust 0.1.6
[INFO] finished tweaking crates.io crate toxiproxy_rust 0.1.6
[INFO] tweaked toml for crates.io crate toxiproxy_rust 0.1.6 written to /workspace/builds/worker-2-tc2/source/Cargo.toml
[INFO] validating manifest of crates.io crate toxiproxy_rust 0.1.6 on toolchain 1.100.0-beta.1
[INFO] running `Command { std: CARGO_HOME="/workspace/cargo-home" RUSTUP_HOME="/workspace/rustup-home" "/workspace/cargo-home/bin/cargo" "+1.100.0-beta.1" "metadata" "--manifest-path" "Cargo.toml" "--no-deps", kill_on_drop: false }`
[INFO] running `Command { std: CARGO_HOME="/workspace/cargo-home" RUSTUP_HOME="/workspace/rustup-home" "/workspace/cargo-home/bin/cargo" "+1.100.0-beta.1" "generate-lockfile" "--manifest-path" "Cargo.toml", kill_on_drop: false }`
[INFO] [stderr]     Updating crates.io index
[INFO] [stderr]     Blocking waiting for file lock on package cache
[INFO] [stderr]      Locking 150 packages to highest compatible versions
[INFO] [stderr]       Adding http v0.2.12 (available: v1.5.0)
[INFO] [stderr]       Adding reqwest v0.11.27 (available: v0.13.5)
[INFO] running `Command { std: CARGO_HOME="/workspace/cargo-home" RUSTUP_HOME="/workspace/rustup-home" "/workspace/cargo-home/bin/cargo" "+1.100.0-beta.1" "fetch" "--manifest-path" "Cargo.toml", kill_on_drop: false }`
[INFO] [stderr]     Blocking waiting for file lock on package cache
[INFO] running `Command { std: "docker" "create" "-v" "/var/lib/crater-agent-workspace/builds/worker-2-tc2/source:/opt/rustwide/workdir:ro,Z" "-v" "/var/lib/crater-agent-workspace/builds/worker-2-tc2/target:/opt/rustwide/target:rw,Z" "-v" "/var/lib/crater-agent-workspace/cargo-home:/opt/rustwide/cargo-home:ro,Z" "-v" "/var/lib/crater-agent-workspace/rustup-home:/opt/rustwide/rustup-home:ro,Z" "-m" "1610612736" "--network" "none" "ghcr.io/rust-lang/crates-build-env/linux@sha256:77db811e55d90add9212f6832c23229e3de5f1c1f9905e8cb07319ea15df73ac" "sleep" "infinity", kill_on_drop: false }`
[INFO] [stdout] 5492c5703ada36cca521ea32626eba5e1a84883f6611e6d97606d670bfacbf17
[INFO] running `Command { std: "docker" "start" "5492c5703ada36cca521ea32626eba5e1a84883f6611e6d97606d670bfacbf17", kill_on_drop: false }`
[INFO] running `Command { std: "docker" "inspect" "5492c5703ada36cca521ea32626eba5e1a84883f6611e6d97606d670bfacbf17", kill_on_drop: false }`
[INFO] running `Command { std: "docker" "exec" "-e" "SOURCE_DIR=/opt/rustwide/workdir" "-e" "CARGO_HOME=/opt/rustwide/cargo-home" "-e" "RUSTUP_HOME=/opt/rustwide/rustup-home" "-e" "CARGO_TARGET_DIR=/opt/rustwide/target" "-w" "/opt/rustwide/workdir" "--user" "0:0" "5492c5703ada36cca521ea32626eba5e1a84883f6611e6d97606d670bfacbf17" "/opt/rustwide/cargo-home/bin/cargo" "+1.100.0-beta.1" "metadata" "--no-deps" "--format-version=1", kill_on_drop: false }`
[INFO] running `Command { std: "docker" "inspect" "5492c5703ada36cca521ea32626eba5e1a84883f6611e6d97606d670bfacbf17", kill_on_drop: false }`
[INFO] running `Command { std: "docker" "exec" "-e" "SOURCE_DIR=/opt/rustwide/workdir" "-e" "CARGO_HOME=/opt/rustwide/cargo-home" "-e" "RUSTUP_HOME=/opt/rustwide/rustup-home" "-e" "CARGO_TARGET_DIR=/opt/rustwide/target" "-e" "CARGO_INCREMENTAL=0" "-e" "RUST_BACKTRACE=full" "-e" "RUSTFLAGS=--cap-lints=warn" "-e" "RUSTDOCFLAGS=--cap-lints=warn" "-w" "/opt/rustwide/workdir" "--user" "0:0" "5492c5703ada36cca521ea32626eba5e1a84883f6611e6d97606d670bfacbf17" "/opt/rustwide/cargo-home/bin/cargo" "+1.100.0-beta.1" "build" "--frozen" "--message-format=json" "--release", kill_on_drop: false }`
[INFO] [stderr]    Compiling libc v0.2.191
[INFO] [stderr]    Compiling find-msvc-tools v0.1.14
[INFO] [stderr]    Compiling litemap v0.8.3
[INFO] [stderr]    Compiling writeable v0.6.4
[INFO] [stderr]    Compiling icu_normalizer_data v2.3.0
[INFO] [stderr]    Compiling icu_properties_data v2.3.0
[INFO] [stderr]    Compiling openssl v0.10.81
[INFO] [stderr]    Compiling cfg-if v1.0.5
[INFO] [stderr]    Compiling rustversion v1.0.23
[INFO] [stderr]    Compiling http v0.2.12
[INFO] [stderr]    Compiling syn v3.0.9
[INFO] [stderr]    Compiling syn v2.0.119
[INFO] [stderr]    Compiling futures-sink v0.3.34
[INFO] [stderr]    Compiling bitflags v2.13.2
[INFO] [stderr]    Compiling equivalent v1.0.3
[INFO] [stderr]    Compiling smallvec v1.16.3
[INFO] [stderr]    Compiling futures-util v0.3.34
[INFO] [stderr]    Compiling indexmap v2.14.2
[INFO] [stderr]    Compiling log v0.4.34
[INFO] [stderr]    Compiling cc v1.8.0
[INFO] [stderr]    Compiling want v0.3.2
[INFO] [stderr]    Compiling serde_json v1.0.154
[INFO] [stderr]    Compiling core_detect v1.0.0
[INFO] [stderr]    Compiling multiversion_no_op v1.0.0
[INFO] [stderr]    Compiling simdutf8 v0.1.5
[INFO] [stderr]    Compiling base64 v0.21.7
[INFO] [stderr]    Compiling ipnet v2.12.2
[INFO] [stderr]    Compiling sync_wrapper v0.1.2
[INFO] [stderr]    Compiling lazy_static v1.5.1
[INFO] [stderr]    Compiling rustls-pemfile v1.0.4
[INFO] [stderr]    Compiling encoding_rs v0.8.42
[INFO] [stderr]    Compiling http-body v0.4.6
[INFO] [stderr]    Compiling mio v1.2.4
[INFO] [stderr]    Compiling socket2 v0.6.5
[INFO] [stderr]    Compiling socket2 v0.5.10
[INFO] [stderr]    Compiling openssl-sys v0.9.117
[INFO] [stderr]    Compiling native-tls v0.2.18
[INFO] [stderr]    Compiling tokio v1.53.3
[INFO] [stderr]    Compiling openssl-macros v0.1.1
[INFO] [stderr]    Compiling synstructure v0.14.0
[INFO] [stderr]    Compiling zerofrom-derive v0.1.8
[INFO] [stderr]    Compiling yoke-derive v0.8.4
[INFO] [stderr]    Compiling zerovec-derive v0.11.6
[INFO] [stderr]    Compiling displaydoc v0.2.7
[INFO] [stderr]    Compiling serde_derive v1.0.229
[INFO] [stderr]    Compiling zerofrom v0.1.8
[INFO] [stderr]    Compiling yoke v0.8.3
[INFO] [stderr]    Compiling zerotrie v0.2.5
[INFO] [stderr]    Compiling zerovec v0.11.8
[INFO] [stderr]    Compiling serde v1.0.229
[INFO] [stderr]    Compiling tinystr v0.8.4
[INFO] [stderr]    Compiling potential_utf v0.1.6
[INFO] [stderr]    Compiling icu_collections v2.3.0
[INFO] [stderr]    Compiling icu_locale_core v2.3.0
[INFO] [stderr]    Compiling tokio-util v0.7.20
[INFO] [stderr]    Compiling serde_urlencoded v0.7.1
[INFO] [stderr]    Compiling tokio-native-tls v0.3.1
[INFO] [stderr]    Compiling h2 v0.3.27
[INFO] [stderr]    Compiling icu_provider v2.3.1
[INFO] [stderr]    Compiling icu_properties v2.3.0
[INFO] [stderr]    Compiling icu_normalizer v2.3.0
[INFO] [stderr]    Compiling idna_adapter v1.2.2
[INFO] [stderr]    Compiling idna v1.1.0
[INFO] [stderr]    Compiling url v2.5.8
[INFO] [stderr]    Compiling hyper v0.14.32
[INFO] [stderr]    Compiling hyper-tls v0.5.0
[INFO] [stderr]    Compiling reqwest v0.11.27
[INFO] [stderr]    Compiling toxiproxy_rust v0.1.6 (/opt/rustwide/workdir)
[INFO] [stderr]     Finished `release` profile [optimized] target(s) in 57.54s
[INFO] running `Command { std: "docker" "inspect" "5492c5703ada36cca521ea32626eba5e1a84883f6611e6d97606d670bfacbf17", kill_on_drop: false }`
[INFO] running `Command { std: "docker" "exec" "-e" "SOURCE_DIR=/opt/rustwide/workdir" "-e" "CARGO_HOME=/opt/rustwide/cargo-home" "-e" "RUSTUP_HOME=/opt/rustwide/rustup-home" "-e" "CARGO_TARGET_DIR=/opt/rustwide/target" "-e" "CARGO_INCREMENTAL=0" "-e" "RUST_BACKTRACE=full" "-e" "RUSTFLAGS=--cap-lints=warn" "-e" "RUSTDOCFLAGS=--cap-lints=warn" "-w" "/opt/rustwide/workdir" "--user" "0:0" "5492c5703ada36cca521ea32626eba5e1a84883f6611e6d97606d670bfacbf17" "/opt/rustwide/cargo-home/bin/cargo" "+1.100.0-beta.1" "test" "--frozen" "--no-run" "--message-format=json" "--release", kill_on_drop: false }`
[INFO] [stderr]    Compiling toxiproxy_rust v0.1.6 (/opt/rustwide/workdir)
[INFO] [stderr]     Finished `release` profile [optimized] target(s) in 1.12s
[INFO] running `Command { std: "docker" "inspect" "5492c5703ada36cca521ea32626eba5e1a84883f6611e6d97606d670bfacbf17", kill_on_drop: false }`
[INFO] running `Command { std: "docker" "exec" "-e" "SOURCE_DIR=/opt/rustwide/workdir" "-e" "CARGO_HOME=/opt/rustwide/cargo-home" "-e" "RUSTUP_HOME=/opt/rustwide/rustup-home" "-e" "CARGO_TARGET_DIR=/opt/rustwide/target" "-e" "CARGO_INCREMENTAL=0" "-e" "RUST_BACKTRACE=full" "-e" "RUSTFLAGS=--cap-lints=warn" "-e" "RUSTDOCFLAGS=--cap-lints=warn" "-w" "/opt/rustwide/workdir" "--user" "0:0" "5492c5703ada36cca521ea32626eba5e1a84883f6611e6d97606d670bfacbf17" "/opt/rustwide/cargo-home/bin/cargo" "+1.100.0-beta.1" "test" "--frozen" "--release", kill_on_drop: false }`
[INFO] [stderr]     Finished `release` profile [optimized] target(s) in 0.14s
[INFO] [stdout] 
[INFO] [stderr]      Running unittests src/lib.rs (/opt/rustwide/target/release/build/toxiproxy_rust/a26924f1847bb916/out/toxiproxy_rust-a26924f1847bb916)
[INFO] [stdout] running 0 tests
[INFO] [stderr]      Running tests/toxiproxy_rust.rs (/opt/rustwide/target/release/build/toxiproxy_rust/950a8eb3f27737c3/out/toxiproxy_rust-950a8eb3f27737c3)
[INFO] [stdout] 
[INFO] [stdout] test result: ok. 0 passed; 0 failed; 0 ignored; 0 measured; 0 filtered out; finished in 0.00s
[INFO] [stdout] 
[INFO] [stdout] 
[INFO] [stdout] running 11 tests
[INFO] [stdout] test test_find_and_reset_proxy ... FAILED
[INFO] [stdout] test test_proxy_apply_with_latency_as_separate_calls_for_test ... FAILED
[INFO] [stdout] test test_proxy_down ... FAILED
[INFO] [stdout] test test_all ... FAILED
[INFO] [stdout] test test_populate ... FAILED
[INFO] [stdout] test test_proxy_apply_with_latency ... FAILED
[INFO] [stdout] test test_proxy_apply_with_latency_with_real_request ... FAILED
[INFO] [stdout] test test_version ... FAILED
[INFO] [stdout] test test_reset ... FAILED
[INFO] [stdout] test test_is_running ... FAILED
[INFO] [stdout] test test_find_and_reset_proxy_invalid ... ok
[INFO] [stdout] 
[INFO] [stdout] failures:
[INFO] [stdout] 
[INFO] [stdout] ---- test_find_and_reset_proxy stdout ----
[INFO] [stdout] 
[INFO] [stdout] thread 'test_find_and_reset_proxy' (1514) panicked at tests/toxiproxy_rust.rs:187:5:
[INFO] [stdout] assertion failed: result.is_ok()
[INFO] [stdout] stack backtrace:
[INFO] [stdout]    0:     0x5581b8bc3c81 - <<std[617be2ca0a6fd877]::sys::backtrace::BacktraceLock>::print::DisplayBacktrace as core[a373ad73a504971]::fmt::Display>::fmt
[INFO] [stdout]    1:     0x5581b8bda04a - core[a373ad73a504971]::fmt::write
[INFO] [stdout]    2:     0x5581b8bc87ec - <alloc[2e1b2a31b91974c5]::vec::Vec<u8> as core[a373ad73a504971]::io::write::Write>::write_fmt
[INFO] [stdout]    3:     0x5581b8b9e6d6 - std[617be2ca0a6fd877]::panicking::default_hook::{closure#0}
[INFO] [stdout]    4:     0x5581b8bbb709 - std[617be2ca0a6fd877]::panicking::default_hook
[INFO] [stdout]    5:     0x5581b8a01610 - test[aada8e7e76ba119b]::test_main_inner::{closure#0}
[INFO] [stdout]    6:     0x5581b8bbba32 - std[617be2ca0a6fd877]::panicking::panic_with_hook
[INFO] [stdout]    7:     0x5581b8b9e7b4 - std[617be2ca0a6fd877]::panicking::panic_handler::{closure#0}
[INFO] [stdout]    8:     0x5581b8b973b9 - std[617be2ca0a6fd877]::sys::backtrace::__rust_end_short_backtrace::<std[617be2ca0a6fd877]::panicking::panic_handler::{closure#0}, !>
[INFO] [stdout]    9:     0x5581b8b9f57d - __rustc[ea4f61d10b84890b]::rust_begin_unwind
[INFO] [stdout]   10:     0x5581b8bda7ac - core[a373ad73a504971]::panicking::panic_fmt
[INFO] [stdout]   11:     0x5581b8bda772 - core[a373ad73a504971]::panicking::panic
[INFO] [stdout]   12:     0x5581b89f1306 - toxiproxy_rust[48b3e43ce105dac3]::populate_example
[INFO] [stdout]   13:     0x5581b89f1d2d - <toxiproxy_rust[48b3e43ce105dac3]::test_find_and_reset_proxy::{closure#0} as core[a373ad73a504971]::ops::function::FnOnce<()>>::call_once
[INFO] [stdout]   14:     0x5581b89f4a5b - test[aada8e7e76ba119b]::__rust_begin_short_backtrace::<core[a373ad73a504971]::result::Result<(), alloc[2e1b2a31b91974c5]::string::String>, fn() -> core[a373ad73a504971]::result::Result<(), alloc[2e1b2a31b91974c5]::string::String>>
[INFO] [stdout]   15:     0x5581b8a01c35 - test[aada8e7e76ba119b]::run_test::{closure#0}
[INFO] [stdout]   16:     0x5581b89fb524 - std[617be2ca0a6fd877]::sys::backtrace::__rust_begin_short_backtrace::<test[aada8e7e76ba119b]::run_test::{closure#1}, ()>
[INFO] [stdout]   17:     0x5581b8a04cc2 - <std[617be2ca0a6fd877]::thread::lifecycle::spawn_unchecked<test[aada8e7e76ba119b]::run_test::{closure#1}, ()>::{closure#1} as core[a373ad73a504971]::ops::function::FnOnce<()>>::call_once::{shim:vtable#0}
[INFO] [stdout]   18:     0x5581b8bc2d2f - <std[617be2ca0a6fd877]::sys::thread::unix::Thread>::new::thread_start
[INFO] [stdout]   19:     0x701e31c7bdfa - <unknown>
[INFO] [stdout]   20:     0x701e31d0f3d4 - clone
[INFO] [stdout]   21:                0x0 - <unknown>
[INFO] [stdout] 
[INFO] [stdout] ---- test_proxy_apply_with_latency_as_separate_calls_for_test stdout ----
[INFO] [stdout] 
[INFO] [stdout] thread 'test_proxy_apply_with_latency_as_separate_calls_for_test' (1520) panicked at tests/toxiproxy_rust.rs:187:5:
[INFO] [stdout] assertion failed: result.is_ok()
[INFO] [stdout] stack backtrace:
[INFO] [stdout]    0:     0x5581b8bc3c81 - <<std[617be2ca0a6fd877]::sys::backtrace::BacktraceLock>::print::DisplayBacktrace as core[a373ad73a504971]::fmt::Display>::fmt
[INFO] [stdout]    1:     0x5581b8bda04a - core[a373ad73a504971]::fmt::write
[INFO] [stdout]    2:     0x5581b8bc87ec - <alloc[2e1b2a31b91974c5]::vec::Vec<u8> as core[a373ad73a504971]::io::write::Write>::write_fmt
[INFO] [stdout]    3:     0x5581b8b9e6d6 - std[617be2ca0a6fd877]::panicking::default_hook::{closure#0}
[INFO] [stdout]    4:     0x5581b8bbb709 - std[617be2ca0a6fd877]::panicking::default_hook
[INFO] [stdout]    5:     0x5581b8a01610 - test[aada8e7e76ba119b]::test_main_inner::{closure#0}
[INFO] [stdout]    6:     0x5581b8bbba32 - std[617be2ca0a6fd877]::panicking::panic_with_hook
[INFO] [stdout]    7:     0x5581b8b9e7b4 - std[617be2ca0a6fd877]::panicking::panic_handler::{closure#0}
[INFO] [stdout]    8:     0x5581b8b973b9 - std[617be2ca0a6fd877]::sys::backtrace::__rust_end_short_backtrace::<std[617be2ca0a6fd877]::panicking::panic_handler::{closure#0}, !>
[INFO] [stdout]    9:     0x5581b8b9f57d - __rustc[ea4f61d10b84890b]::rust_begin_unwind
[INFO] [stdout]   10:     0x5581b8bda7ac - core[a373ad73a504971]::panicking::panic_fmt
[INFO] [stdout]   11:     0x5581b8bda772 - core[a373ad73a504971]::panicking::panic
[INFO] [stdout]   12:     0x5581b89f1306 - toxiproxy_rust[48b3e43ce105dac3]::populate_example
[INFO] [stdout]   13:     0x5581b89f2752 - <toxiproxy_rust[48b3e43ce105dac3]::test_proxy_apply_with_latency_as_separate_calls_for_test::{closure#0} as core[a373ad73a504971]::ops::function::FnOnce<()>>::call_once
[INFO] [stdout]   14:     0x5581b89f4a5b - test[aada8e7e76ba119b]::__rust_begin_short_backtrace::<core[a373ad73a504971]::result::Result<(), alloc[2e1b2a31b91974c5]::string::String>, fn() -> core[a373ad73a504971]::result::Result<(), alloc[2e1b2a31b91974c5]::string::String>>
[INFO] [stdout]   15:     0x5581b8a01c35 - test[aada8e7e76ba119b]::run_test::{closure#0}
[INFO] [stdout]   16:     0x5581b89fb524 - std[617be2ca0a6fd877]::sys::backtrace::__rust_begin_short_backtrace::<test[aada8e7e76ba119b]::run_test::{closure#1}, ()>
[INFO] [stdout]   17:     0x5581b8a04cc2 - <std[617be2ca0a6fd877]::thread::lifecycle::spawn_unchecked<test[aada8e7e76ba119b]::run_test::{closure#1}, ()>::{closure#1} as core[a373ad73a504971]::ops::function::FnOnce<()>>::call_once::{shim:vtable#0}
[INFO] [stdout]   18:     0x5581b8bc2d2f - <std[617be2ca0a6fd877]::sys::thread::unix::Thread>::new::thread_start
[INFO] [stdout]   19:     0x701e31c7bdfa - <unknown>
[INFO] [stdout]   20:     0x701e31d0f3d4 - clone
[INFO] [stdout]   21:                0x0 - <unknown>
[INFO] [stdout] 
[INFO] [stdout] ---- test_proxy_down stdout ----
[INFO] [stdout] 
[INFO] [stdout] thread 'test_proxy_down' (1522) panicked at tests/toxiproxy_rust.rs:187:5:
[INFO] [stdout] assertion failed: result.is_ok()
[INFO] [stdout] stack backtrace:
[INFO] [stdout]    0:     0x5581b8bc3c81 - <<std[617be2ca0a6fd877]::sys::backtrace::BacktraceLock>::print::DisplayBacktrace as core[a373ad73a504971]::fmt::Display>::fmt
[INFO] [stdout]    1:     0x5581b8bda04a - core[a373ad73a504971]::fmt::write
[INFO] [stdout]    2:     0x5581b8bc87ec - <alloc[2e1b2a31b91974c5]::vec::Vec<u8> as core[a373ad73a504971]::io::write::Write>::write_fmt
[INFO] [stdout]    3:     0x5581b8b9e6d6 - std[617be2ca0a6fd877]::panicking::default_hook::{closure#0}
[INFO] [stdout]    4:     0x5581b8bbb709 - std[617be2ca0a6fd877]::panicking::default_hook
[INFO] [stdout]    5:     0x5581b8a01610 - test[aada8e7e76ba119b]::test_main_inner::{closure#0}
[INFO] [stdout]    6:     0x5581b8bbba32 - std[617be2ca0a6fd877]::panicking::panic_with_hook
[INFO] [stdout]    7:     0x5581b8b9e7b4 - std[617be2ca0a6fd877]::panicking::panic_handler::{closure#0}
[INFO] [stdout]    8:     0x5581b8b973b9 - std[617be2ca0a6fd877]::sys::backtrace::__rust_end_short_backtrace::<std[617be2ca0a6fd877]::panicking::panic_handler::{closure#0}, !>
[INFO] [stdout]    9:     0x5581b8b9f57d - __rustc[ea4f61d10b84890b]::rust_begin_unwind
[INFO] [stdout]   10:     0x5581b8bda7ac - core[a373ad73a504971]::panicking::panic_fmt
[INFO] [stdout]   11:     0x5581b8bda772 - core[a373ad73a504971]::panicking::panic
[INFO] [stdout]   12:     0x5581b89f1306 - toxiproxy_rust[48b3e43ce105dac3]::populate_example
[INFO] [stdout]   13:     0x5581b89f1b80 - <toxiproxy_rust[48b3e43ce105dac3]::test_proxy_down::{closure#0} as core[a373ad73a504971]::ops::function::FnOnce<()>>::call_once
[INFO] [stdout]   14:     0x5581b89f4a5b - test[aada8e7e76ba119b]::__rust_begin_short_backtrace::<core[a373ad73a504971]::result::Result<(), alloc[2e1b2a31b91974c5]::string::String>, fn() -> core[a373ad73a504971]::result::Result<(), alloc[2e1b2a31b91974c5]::string::String>>
[INFO] [stdout]   15:     0x5581b8a01c35 - test[aada8e7e76ba119b]::run_test::{closure#0}
[INFO] [stdout]   16:     0x5581b89fb524 - std[617be2ca0a6fd877]::sys::backtrace::__rust_begin_short_backtrace::<test[aada8e7e76ba119b]::run_test::{closure#1}, ()>
[INFO] [stdout]   17:     0x5581b8a04cc2 - <std[617be2ca0a6fd877]::thread::lifecycle::spawn_unchecked<test[aada8e7e76ba119b]::run_test::{closure#1}, ()>::{closure#1} as core[a373ad73a504971]::ops::function::FnOnce<()>>::call_once::{shim:vtable#0}
[INFO] [stdout]   18:     0x5581b8bc2d2f - <std[617be2ca0a6fd877]::sys::thread::unix::Thread>::new::thread_start
[INFO] [stdout]   19:     0x701e31c7bdfa - <unknown>
[INFO] [stdout]   20:     0x701e31d0f3d4 - clone
[INFO] [stdout]   21:                0x0 - <unknown>
[INFO] [stdout] 
[INFO] [stdout] ---- test_all stdout ----
[INFO] [stdout] 
[INFO] [stdout] thread 'test_all' (1513) panicked at tests/toxiproxy_rust.rs:187:5:
[INFO] [stdout] assertion failed: result.is_ok()
[INFO] [stdout] stack backtrace:
[INFO] [stdout]    0:     0x5581b8bc3c81 - <<std[617be2ca0a6fd877]::sys::backtrace::BacktraceLock>::print::DisplayBacktrace as core[a373ad73a504971]::fmt::Display>::fmt
[INFO] [stdout]    1:     0x5581b8bda04a - core[a373ad73a504971]::fmt::write
[INFO] [stdout]    2:     0x5581b8bc87ec - <alloc[2e1b2a31b91974c5]::vec::Vec<u8> as core[a373ad73a504971]::io::write::Write>::write_fmt
[INFO] [stdout]    3:     0x5581b8b9e6d6 - std[617be2ca0a6fd877]::panicking::default_hook::{closure#0}
[INFO] [stdout]    4:     0x5581b8bbb709 - std[617be2ca0a6fd877]::panicking::default_hook
[INFO] [stdout]    5:     0x5581b8a01610 - test[aada8e7e76ba119b]::test_main_inner::{closure#0}
[INFO] [stdout]    6:     0x5581b8bbba32 - std[617be2ca0a6fd877]::panicking::panic_with_hook
[INFO] [stdout]    7:     0x5581b8b9e7b4 - std[617be2ca0a6fd877]::panicking::panic_handler::{closure#0}
[INFO] [stdout]    8:     0x5581b8b973b9 - std[617be2ca0a6fd877]::sys::backtrace::__rust_end_short_backtrace::<std[617be2ca0a6fd877]::panicking::panic_handler::{closure#0}, !>
[INFO] [stdout]    9:     0x5581b8b9f57d - __rustc[ea4f61d10b84890b]::rust_begin_unwind
[INFO] [stdout]   10:     0x5581b8bda7ac - core[a373ad73a504971]::panicking::panic_fmt
[INFO] [stdout]   11:     0x5581b8bda772 - core[a373ad73a504971]::panicking::panic
[INFO] [stdout]   12:     0x5581b89f1306 - toxiproxy_rust[48b3e43ce105dac3]::populate_example
[INFO] [stdout]   13:     0x5581b89f2a7d - <toxiproxy_rust[48b3e43ce105dac3]::test_all::{closure#0} as core[a373ad73a504971]::ops::function::FnOnce<()>>::call_once
[INFO] [stdout]   14:     0x5581b89f4a5b - test[aada8e7e76ba119b]::__rust_begin_short_backtrace::<core[a373ad73a504971]::result::Result<(), alloc[2e1b2a31b91974c5]::string::String>, fn() -> core[a373ad73a504971]::result::Result<(), alloc[2e1b2a31b91974c5]::string::String>>
[INFO] [stdout]   15:     0x5581b8a01c35 - test[aada8e7e76ba119b]::run_test::{closure#0}
[INFO] [stdout]   16:     0x5581b89fb524 - std[617be2ca0a6fd877]::sys::backtrace::__rust_begin_short_backtrace::<test[aada8e7e76ba119b]::run_test::{closure#1}, ()>
[INFO] [stdout]   17:     0x5581b8a04cc2 - <std[617be2ca0a6fd877]::thread::lifecycle::spawn_unchecked<test[aada8e7e76ba119b]::run_test::{closure#1}, ()>::{closure#1} as core[a373ad73a504971]::ops::function::FnOnce<()>>::call_once::{shim:vtable#0}
[INFO] [stdout]   18:     0x5581b8bc2d2f - <std[617be2ca0a6fd877]::sys::thread::unix::Thread>::new::thread_start
[INFO] [stdout]   19:     0x701e31c7bdfa - <unknown>
[INFO] [stdout]   20:     0x701e31d0f3d4 - clone
[INFO] [stdout]   21:                0x0 - <unknown>
[INFO] [stdout] 
[INFO] [stdout] ---- test_populate stdout ----
[INFO] [stdout] 
[INFO] [stdout] thread 'test_populate' (1517) panicked at tests/toxiproxy_rust.rs:34:5:
[INFO] [stdout] assertion failed: result.is_ok()
[INFO] [stdout] stack backtrace:
[INFO] [stdout]    0:     0x5581b8bc3c81 - <<std[617be2ca0a6fd877]::sys::backtrace::BacktraceLock>::print::DisplayBacktrace as core[a373ad73a504971]::fmt::Display>::fmt
[INFO] [stdout]    1:     0x5581b8bda04a - core[a373ad73a504971]::fmt::write
[INFO] [stdout]    2:     0x5581b8bc87ec - <alloc[2e1b2a31b91974c5]::vec::Vec<u8> as core[a373ad73a504971]::io::write::Write>::write_fmt
[INFO] [stdout]    3:     0x5581b8b9e6d6 - std[617be2ca0a6fd877]::panicking::default_hook::{closure#0}
[INFO] [stdout]    4:     0x5581b8bbb709 - std[617be2ca0a6fd877]::panicking::default_hook
[INFO] [stdout]    5:     0x5581b8a01610 - test[aada8e7e76ba119b]::test_main_inner::{closure#0}
[INFO] [stdout]    6:     0x5581b8bbba32 - std[617be2ca0a6fd877]::panicking::panic_with_hook
[INFO] [stdout]    7:     0x5581b8b9e7b4 - std[617be2ca0a6fd877]::panicking::panic_handler::{closure#0}
[INFO] [stdout]    8:     0x5581b8b973b9 - std[617be2ca0a6fd877]::sys::backtrace::__rust_end_short_backtrace::<std[617be2ca0a6fd877]::panicking::panic_handler::{closure#0}, !>
[INFO] [stdout]    9:     0x5581b8b9f57d - __rustc[ea4f61d10b84890b]::rust_begin_unwind
[INFO] [stdout]   10:     0x5581b8bda7ac - core[a373ad73a504971]::panicking::panic_fmt
[INFO] [stdout]   11:     0x5581b8bda772 - core[a373ad73a504971]::panicking::panic
[INFO] [stdout]   12:     0x5581b89f1a56 - <toxiproxy_rust[48b3e43ce105dac3]::test_populate::{closure#0} as core[a373ad73a504971]::ops::function::FnOnce<()>>::call_once
[INFO] [stdout]   13:     0x5581b89f4a5b - test[aada8e7e76ba119b]::__rust_begin_short_backtrace::<core[a373ad73a504971]::result::Result<(), alloc[2e1b2a31b91974c5]::string::String>, fn() -> core[a373ad73a504971]::result::Result<(), alloc[2e1b2a31b91974c5]::string::String>>
[INFO] [stdout]   14:     0x5581b8a01c35 - test[aada8e7e76ba119b]::run_test::{closure#0}
[INFO] [stdout]   15:     0x5581b89fb524 - std[617be2ca0a6fd877]::sys::backtrace::__rust_begin_short_backtrace::<test[aada8e7e76ba119b]::run_test::{closure#1}, ()>
[INFO] [stdout]   16:     0x5581b8a04cc2 - <std[617be2ca0a6fd877]::thread::lifecycle::spawn_unchecked<test[aada8e7e76ba119b]::run_test::{closure#1}, ()>::{closure#1} as core[a373ad73a504971]::ops::function::FnOnce<()>>::call_once::{shim:vtable#0}
[INFO] [stdout]   17:     0x5581b8bc2d2f - <std[617be2ca0a6fd877]::sys::thread::unix::Thread>::new::thread_start
[INFO] [stdout]   18:     0x701e31c7bdfa - <unknown>
[INFO] [stdout]   19:     0x701e31d0f3d4 - clone
[INFO] [stdout]   20:                0x0 - <unknown>
[INFO] [stdout] 
[INFO] [stdout] ---- test_proxy_apply_with_latency stdout ----
[INFO] [stdout] 
[INFO] [stdout] thread 'test_proxy_apply_with_latency' (1519) panicked at tests/toxiproxy_rust.rs:187:5:
[INFO] [stdout] assertion failed: result.is_ok()
[INFO] [stdout] stack backtrace:
[INFO] [stdout]    0:     0x5581b8bc3c81 - <<std[617be2ca0a6fd877]::sys::backtrace::BacktraceLock>::print::DisplayBacktrace as core[a373ad73a504971]::fmt::Display>::fmt
[INFO] [stdout]    1:     0x5581b8bda04a - core[a373ad73a504971]::fmt::write
[INFO] [stdout]    2:     0x5581b8bc87ec - <alloc[2e1b2a31b91974c5]::vec::Vec<u8> as core[a373ad73a504971]::io::write::Write>::write_fmt
[INFO] [stdout]    3:     0x5581b8b9e6d6 - std[617be2ca0a6fd877]::panicking::default_hook::{closure#0}
[INFO] [stdout]    4:     0x5581b8bbb709 - std[617be2ca0a6fd877]::panicking::default_hook
[INFO] [stdout]    5:     0x5581b8a01610 - test[aada8e7e76ba119b]::test_main_inner::{closure#0}
[INFO] [stdout]    6:     0x5581b8bbba32 - std[617be2ca0a6fd877]::panicking::panic_with_hook
[INFO] [stdout]    7:     0x5581b8b9e7b4 - std[617be2ca0a6fd877]::panicking::panic_handler::{closure#0}
[INFO] [stdout]    8:     0x5581b8b973b9 - std[617be2ca0a6fd877]::sys::backtrace::__rust_end_short_backtrace::<std[617be2ca0a6fd877]::panicking::panic_handler::{closure#0}, !>
[INFO] [stdout]    9:     0x5581b8b9f57d - __rustc[ea4f61d10b84890b]::rust_begin_unwind
[INFO] [stdout]   10:     0x5581b8bda7ac - core[a373ad73a504971]::panicking::panic_fmt
[INFO] [stdout]   11:     0x5581b8bda772 - core[a373ad73a504971]::panicking::panic
[INFO] [stdout]   12:     0x5581b89f1306 - toxiproxy_rust[48b3e43ce105dac3]::populate_example
[INFO] [stdout]   13:     0x5581b89f1df6 - <toxiproxy_rust[48b3e43ce105dac3]::test_proxy_apply_with_latency::{closure#0} as core[a373ad73a504971]::ops::function::FnOnce<()>>::call_once
[INFO] [stdout]   14:     0x5581b89f4a5b - test[aada8e7e76ba119b]::__rust_begin_short_backtrace::<core[a373ad73a504971]::result::Result<(), alloc[2e1b2a31b91974c5]::string::String>, fn() -> core[a373ad73a504971]::result::Result<(), alloc[2e1b2a31b91974c5]::string::String>>
[INFO] [stdout]   15:     0x5581b8a01c35 - test[aada8e7e76ba119b]::run_test::{closure#0}
[INFO] [stdout]   16:     0x5581b89fb524 - std[617be2ca0a6fd877]::sys::backtrace::__rust_begin_short_backtrace::<test[aada8e7e76ba119b]::run_test::{closure#1}, ()>
[INFO] [stdout]   17:     0x5581b8a04cc2 - <std[617be2ca0a6fd877]::thread::lifecycle::spawn_unchecked<test[aada8e7e76ba119b]::run_test::{closure#1}, ()>::{closure#1} as core[a373ad73a504971]::ops::function::FnOnce<()>>::call_once::{shim:vtable#0}
[INFO] [stdout]   18:     0x5581b8bc2d2f - <std[617be2ca0a6fd877]::sys::thread::unix::Thread>::new::thread_start
[INFO] [stdout]   19:     0x701e31c7bdfa - <unknown>
[INFO] [stdout]   20:     0x701e31d0f3d4 - clone
[INFO] [stdout]   21:                0x0 - <unknown>
[INFO] [stdout] 
[INFO] [stdout] ---- test_proxy_apply_with_latency_with_real_request stdout ----
[INFO] [stdout] 
[INFO] [stdout] thread 'test_proxy_apply_with_latency_with_real_request' (1521) panicked at tests/toxiproxy_rust.rs:187:5:
[INFO] [stdout] assertion failed: result.is_ok()
[INFO] [stdout] stack backtrace:
[INFO] [stdout]    0:     0x5581b8bc3c81 - <<std[617be2ca0a6fd877]::sys::backtrace::BacktraceLock>::print::DisplayBacktrace as core[a373ad73a504971]::fmt::Display>::fmt
[INFO] [stdout]    1:     0x5581b8bda04a - core[a373ad73a504971]::fmt::write
[INFO] [stdout]    2:     0x5581b8bc87ec - <alloc[2e1b2a31b91974c5]::vec::Vec<u8> as core[a373ad73a504971]::io::write::Write>::write_fmt
[INFO] [stdout]    3:     0x5581b8b9e6d6 - std[617be2ca0a6fd877]::panicking::default_hook::{closure#0}
[INFO] [stdout]    4:     0x5581b8bbb709 - std[617be2ca0a6fd877]::panicking::default_hook
[INFO] [stdout]    5:     0x5581b8a01610 - test[aada8e7e76ba119b]::test_main_inner::{closure#0}
[INFO] [stdout]    6:     0x5581b8bbba32 - std[617be2ca0a6fd877]::panicking::panic_with_hook
[INFO] [stdout]    7:     0x5581b8b9e7b4 - std[617be2ca0a6fd877]::panicking::panic_handler::{closure#0}
[INFO] [stdout]    8:     0x5581b8b973b9 - std[617be2ca0a6fd877]::sys::backtrace::__rust_end_short_backtrace::<std[617be2ca0a6fd877]::panicking::panic_handler::{closure#0}, !>
[INFO] [stdout]    9:     0x5581b8b9f57d - __rustc[ea4f61d10b84890b]::rust_begin_unwind
[INFO] [stdout]   10:     0x5581b8bda7ac - core[a373ad73a504971]::panicking::panic_fmt
[INFO] [stdout]   11:     0x5581b8bda772 - core[a373ad73a504971]::panicking::panic
[INFO] [stdout]   12:     0x5581b89f1306 - toxiproxy_rust[48b3e43ce105dac3]::populate_example
[INFO] [stdout]   13:     0x5581b89f2361 - <toxiproxy_rust[48b3e43ce105dac3]::test_proxy_apply_with_latency_with_real_request::{closure#0} as core[a373ad73a504971]::ops::function::FnOnce<()>>::call_once
[INFO] [stdout]   14:     0x5581b89f4a5b - test[aada8e7e76ba119b]::__rust_begin_short_backtrace::<core[a373ad73a504971]::result::Result<(), alloc[2e1b2a31b91974c5]::string::String>, fn() -> core[a373ad73a504971]::result::Result<(), alloc[2e1b2a31b91974c5]::string::String>>
[INFO] [stdout]   15:     0x5581b8a01c35 - test[aada8e7e76ba119b]::run_test::{closure#0}
[INFO] [stdout]   16:     0x5581b89fb524 - std[617be2ca0a6fd877]::sys::backtrace::__rust_begin_short_backtrace::<test[aada8e7e76ba119b]::run_test::{closure#1}, ()>
[INFO] [stdout]   17:     0x5581b8a04cc2 - <std[617be2ca0a6fd877]::thread::lifecycle::spawn_unchecked<test[aada8e7e76ba119b]::run_test::{closure#1}, ()>::{closure#1} as core[a373ad73a504971]::ops::function::FnOnce<()>>::call_once::{shim:vtable#0}
[INFO] [stdout]   18:     0x5581b8bc2d2f - <std[617be2ca0a6fd877]::sys::thread::unix::Thread>::new::thread_start
[INFO] [stdout]   19:     0x701e31c7bdfa - <unknown>
[INFO] [stdout]   20:     0x701e31d0f3d4 - clone
[INFO] [stdout]   21:                0x0 - <unknown>
[INFO] [stdout] 
[INFO] [stdout] ---- test_version stdout ----
[INFO] [stdout] 
[INFO] [stdout] thread 'test_version' (1524) panicked at tests/toxiproxy_rust.rs:51:5:
[INFO] [stdout] assertion failed: TOXIPROXY.version().is_ok()
[INFO] [stdout] stack backtrace:
[INFO] [stdout]    0:     0x5581b8bc3c81 - <<std[617be2ca0a6fd877]::sys::backtrace::BacktraceLock>::print::DisplayBacktrace as core[a373ad73a504971]::fmt::Display>::fmt
[INFO] [stdout]    1:     0x5581b8bda04a - core[a373ad73a504971]::fmt::write
[INFO] [stdout]    2:     0x5581b8bc87ec - <alloc[2e1b2a31b91974c5]::vec::Vec<u8> as core[a373ad73a504971]::io::write::Write>::write_fmt
[INFO] [stdout]    3:     0x5581b8b9e6d6 - std[617be2ca0a6fd877]::panicking::default_hook::{closure#0}
[INFO] [stdout]    4:     0x5581b8bbb709 - std[617be2ca0a6fd877]::panicking::default_hook
[INFO] [stdout]    5:     0x5581b8a01610 - test[aada8e7e76ba119b]::test_main_inner::{closure#0}
[INFO] [stdout]    6:     0x5581b8bbba32 - std[617be2ca0a6fd877]::panicking::panic_with_hook
[INFO] [stdout]    7:     0x5581b8b9e7b4 - std[617be2ca0a6fd877]::panicking::panic_handler::{closure#0}
[INFO] [stdout]    8:     0x5581b8b973b9 - std[617be2ca0a6fd877]::sys::backtrace::__rust_end_short_backtrace::<std[617be2ca0a6fd877]::panicking::panic_handler::{closure#0}, !>
[INFO] [stdout]    9:     0x5581b8b9f57d - __rustc[ea4f61d10b84890b]::rust_begin_unwind
[INFO] [stdout]   10:     0x5581b8bda7ac - core[a373ad73a504971]::panicking::panic_fmt
[INFO] [stdout]   11:     0x5581b8bda772 - core[a373ad73a504971]::panicking::panic
[INFO] [stdout]   12:     0x5581b89f185a - <toxiproxy_rust[48b3e43ce105dac3]::test_version::{closure#0} as core[a373ad73a504971]::ops::function::FnOnce<()>>::call_once
[INFO] [stdout]   13:     0x5581b89f4a5b - test[aada8e7e76ba119b]::__rust_begin_short_backtrace::<core[a373ad73a504971]::result::Result<(), alloc[2e1b2a31b91974c5]::string::String>, fn() -> core[a373ad73a504971]::result::Result<(), alloc[2e1b2a31b91974c5]::string::String>>
[INFO] [stdout]   14:     0x5581b8a01c35 - test[aada8e7e76ba119b]::run_test::{closure#0}
[INFO] [stdout]   15:     0x5581b89fb524 - std[617be2ca0a6fd877]::sys::backtrace::__rust_begin_short_backtrace::<test[aada8e7e76ba119b]::run_test::{closure#1}, ()>
[INFO] [stdout]   16:     0x5581b8a04cc2 - <std[617be2ca0a6fd877]::thread::lifecycle::spawn_unchecked<test[aada8e7e76ba119b]::run_test::{closure#1}, ()>::{closure#1} as core[a373ad73a504971]::ops::function::FnOnce<()>>::call_once::{shim:vtable#0}
[INFO] [stdout]   17:     0x5581b8bc2d2f - <std[617be2ca0a6fd877]::sys::thread::unix::Thread>::new::thread_start
[INFO] [stdout]   18:     0x701e31c7bdfa - <unknown>
[INFO] [stdout]   19:     0x701e31d0f3d4 - clone
[INFO] [stdout]   20:                0x0 - <unknown>
[INFO] [stdout] 
[INFO] [stdout] ---- test_reset stdout ----
[INFO] [stdout] 
[INFO] [stdout] thread 'test_reset' (1523) panicked at tests/toxiproxy_rust.rs:23:5:
[INFO] [stdout] assertion failed: TOXIPROXY.reset().is_ok()
[INFO] [stdout] stack backtrace:
[INFO] [stdout]    0:     0x5581b8bc3c81 - <<std[617be2ca0a6fd877]::sys::backtrace::BacktraceLock>::print::DisplayBacktrace as core[a373ad73a504971]::fmt::Display>::fmt
[INFO] [stdout]    1:     0x5581b8bda04a - core[a373ad73a504971]::fmt::write
[INFO] [stdout]    2:     0x5581b8bc87ec - <alloc[2e1b2a31b91974c5]::vec::Vec<u8> as core[a373ad73a504971]::io::write::Write>::write_fmt
[INFO] [stdout]    3:     0x5581b8b9e6d6 - std[617be2ca0a6fd877]::panicking::default_hook::{closure#0}
[INFO] [stdout]    4:     0x5581b8bbb709 - std[617be2ca0a6fd877]::panicking::default_hook
[INFO] [stdout]    5:     0x5581b8a01610 - test[aada8e7e76ba119b]::test_main_inner::{closure#0}
[INFO] [stdout]    6:     0x5581b8bbba32 - std[617be2ca0a6fd877]::panicking::panic_with_hook
[INFO] [stdout]    7:     0x5581b8b9e7b4 - std[617be2ca0a6fd877]::panicking::panic_handler::{closure#0}
[INFO] [stdout]    8:     0x5581b8b973b9 - std[617be2ca0a6fd877]::sys::backtrace::__rust_end_short_backtrace::<std[617be2ca0a6fd877]::panicking::panic_handler::{closure#0}, !>
[INFO] [stdout]    9:     0x5581b8b9f57d - __rustc[ea4f61d10b84890b]::rust_begin_unwind
[INFO] [stdout]   10:     0x5581b8bda7ac - core[a373ad73a504971]::panicking::panic_fmt
[INFO] [stdout]   11:     0x5581b8bda772 - core[a373ad73a504971]::panicking::panic
[INFO] [stdout]   12:     0x5581b89f17d1 - <toxiproxy_rust[48b3e43ce105dac3]::test_reset::{closure#0} as core[a373ad73a504971]::ops::function::FnOnce<()>>::call_once
[INFO] [stdout]   13:     0x5581b89f4a5b - test[aada8e7e76ba119b]::__rust_begin_short_backtrace::<core[a373ad73a504971]::result::Result<(), alloc[2e1b2a31b91974c5]::string::String>, fn() -> core[a373ad73a504971]::result::Result<(), alloc[2e1b2a31b91974c5]::string::String>>
[INFO] [stdout]   14:     0x5581b8a01c35 - test[aada8e7e76ba119b]::run_test::{closure#0}
[INFO] [stdout]   15:     0x5581b89fb524 - std[617be2ca0a6fd877]::sys::backtrace::__rust_begin_short_backtrace::<test[aada8e7e76ba119b]::run_test::{closure#1}, ()>
[INFO] [stdout]   16:     0x5581b8a04cc2 - <std[617be2ca0a6fd877]::thread::lifecycle::spawn_unchecked<test[aada8e7e76ba119b]::run_test::{closure#1}, ()>::{closure#1} as core[a373ad73a504971]::ops::function::FnOnce<()>>::call_once::{shim:vtable#0}
[INFO] [stdout]   17:     0x5581b8bc2d2f - <std[617be2ca0a6fd877]::sys::thread::unix::Thread>::new::thread_start
[INFO] [stdout]   18:     0x701e31c7bdfa - <unknown>
[INFO] [stdout]   19:     0x701e31d0f3d4 - clone
[INFO] [stdout]   20:                0x0 - <unknown>
[INFO] [stdout] 
[INFO] [stdout] ---- test_is_running stdout ----
[INFO] [stdout] 
[INFO] [stdout] thread 'test_is_running' (1516) panicked at tests/toxiproxy_rust.rs:18:5:
[INFO] [stdout] assertion failed: TOXIPROXY.is_running()
[INFO] [stdout] stack backtrace:
[INFO] [stdout]    0:     0x5581b8bc3c81 - <<std[617be2ca0a6fd877]::sys::backtrace::BacktraceLock>::print::DisplayBacktrace as core[a373ad73a504971]::fmt::Display>::fmt
[INFO] [stdout]    1:     0x5581b8bda04a - core[a373ad73a504971]::fmt::write
[INFO] [stdout]    2:     0x5581b8bc87ec - <alloc[2e1b2a31b91974c5]::vec::Vec<u8> as core[a373ad73a504971]::io::write::Write>::write_fmt
[INFO] [stdout]    3:     0x5581b8b9e6d6 - std[617be2ca0a6fd877]::panicking::default_hook::{closure#0}
[INFO] [stdout]    4:     0x5581b8bbb709 - std[617be2ca0a6fd877]::panicking::default_hook
[INFO] [stdout]    5:     0x5581b8a01610 - test[aada8e7e76ba119b]::test_main_inner::{closure#0}
[INFO] [stdout]    6:     0x5581b8bbba32 - std[617be2ca0a6fd877]::panicking::panic_with_hook
[INFO] [stdout]    7:     0x5581b8b9e7b4 - std[617be2ca0a6fd877]::panicking::panic_handler::{closure#0}
[INFO] [stdout]    8:     0x5581b8b973b9 - std[617be2ca0a6fd877]::sys::backtrace::__rust_end_short_backtrace::<std[617be2ca0a6fd877]::panicking::panic_handler::{closure#0}, !>
[INFO] [stdout]    9:     0x5581b8b9f57d - __rustc[ea4f61d10b84890b]::rust_begin_unwind
[INFO] [stdout]   10:     0x5581b8bda7ac - core[a373ad73a504971]::panicking::panic_fmt
[INFO] [stdout]   11:     0x5581b8bda772 - core[a373ad73a504971]::panicking::panic
[INFO] [stdout]   12:     0x5581b89f1b63 - <toxiproxy_rust[48b3e43ce105dac3]::test_is_running::{closure#0} as core[a373ad73a504971]::ops::function::FnOnce<()>>::call_once
[INFO] [stdout]   13:     0x5581b89f4a5b - test[aada8e7e76ba119b]::__rust_begin_short_backtrace::<core[a373ad73a504971]::result::Result<(), alloc[2e1b2a31b91974c5]::string::String>, fn() -> core[a373ad73a504971]::result::Result<(), alloc[2e1b2a31b91974c5]::string::String>>
[INFO] [stdout]   14:     0x5581b8a01c35 - test[aada8e7e76ba119b]::run_test::{closure#0}
[INFO] [stdout]   15:     0x5581b89fb524 - std[617be2ca0a6fd877]::sys::backtrace::__rust_begin_short_backtrace::<test[aada8e7e76ba119b]::run_test::{closure#1}, ()>
[INFO] [stdout]   16:     0x5581b8a04cc2 - <std[617be2ca0a6fd877]::thread::lifecycle::spawn_unchecked<test[aada8e7e76ba119b]::run_test::{closure#1}, ()>::{closure#1} as core[a373ad73a504971]::ops::function::FnOnce<()>>::call_once::{shim:vtable#0}
[INFO] [stdout]   17:     0x5581b8bc2d2f - <std[617be2ca0a6fd877]::sys::thread::unix::Thread>::new::thread_start
[INFO] [stdout]   18:     0x701e31c7bdfa - <unknown>
[INFO] [stdout]   19:     0x701e31d0f3d4 - clone
[INFO] [stdout]   20:                0x0 - <unknown>
[INFO] [stdout] 
[INFO] [stdout] 
[INFO] [stdout] failures:
[INFO] [stdout]     test_all
[INFO] [stdout]     test_find_and_reset_proxy
[INFO] [stdout]     test_is_running
[INFO] [stdout]     test_populate
[INFO] [stdout]     test_proxy_apply_with_latency
[INFO] [stdout]     test_proxy_apply_with_latency_as_separate_calls_for_test
[INFO] [stdout]     test_proxy_apply_with_latency_with_real_request
[INFO] [stdout]     test_proxy_down
[INFO] [stdout]     test_reset
[INFO] [stdout]     test_version
[INFO] [stdout] 
[INFO] [stdout] test result: FAILED. 1 passed; 10 failed; 0 ignored; 0 measured; 0 filtered out; finished in 0.10s
[INFO] [stdout] 
[INFO] [stderr] error: test failed, to rerun pass `--test toxiproxy_rust`
[INFO] running `Command { std: "docker" "inspect" "5492c5703ada36cca521ea32626eba5e1a84883f6611e6d97606d670bfacbf17", kill_on_drop: false }`
[INFO] running `Command { std: "docker" "rm" "-f" "5492c5703ada36cca521ea32626eba5e1a84883f6611e6d97606d670bfacbf17", kill_on_drop: false }`
[INFO] [stdout] 5492c5703ada36cca521ea32626eba5e1a84883f6611e6d97606d670bfacbf17
