[INFO] fetching crate tower-memlim 0.3.0...
[INFO] testing tower-memlim-0.3.0 against 1.100.0-beta.1+cargoflags=--release for beta-release-1.100-2
[INFO] extracting crate tower-memlim 0.3.0 into /workspace/builds/worker-7-tc2/source
[INFO] started tweaking crates.io crate tower-memlim 0.3.0
[INFO] removed 0 missing tests
[INFO] finished tweaking crates.io crate tower-memlim 0.3.0
[INFO] tweaked toml for crates.io crate tower-memlim 0.3.0 written to /workspace/builds/worker-7-tc2/source/Cargo.toml
[INFO] validating manifest of crates.io crate tower-memlim 0.3.0 on toolchain 1.100.0-beta.1
[INFO] running `Command { std: CARGO_HOME="/workspace/cargo-home" RUSTUP_HOME="/workspace/rustup-home" "/workspace/cargo-home/bin/cargo" "+1.100.0-beta.1" "metadata" "--manifest-path" "Cargo.toml" "--no-deps", kill_on_drop: false }`
[INFO] running `Command { std: CARGO_HOME="/workspace/cargo-home" RUSTUP_HOME="/workspace/rustup-home" "/workspace/cargo-home/bin/cargo" "+1.100.0-beta.1" "generate-lockfile" "--manifest-path" "Cargo.toml", kill_on_drop: false }`
[INFO] [stderr]     Updating crates.io index
[INFO] [stderr]      Locking 23 packages to highest compatible versions
[INFO] running `Command { std: CARGO_HOME="/workspace/cargo-home" RUSTUP_HOME="/workspace/rustup-home" "/workspace/cargo-home/bin/cargo" "+1.100.0-beta.1" "fetch" "--manifest-path" "Cargo.toml", kill_on_drop: false }`
[INFO] running `Command { std: "docker" "create" "-v" "/var/lib/crater-agent-workspace/builds/worker-7-tc2/source:/opt/rustwide/workdir:ro,Z" "-v" "/var/lib/crater-agent-workspace/builds/worker-7-tc2/target:/opt/rustwide/target:rw,Z" "-v" "/var/lib/crater-agent-workspace/cargo-home:/opt/rustwide/cargo-home:ro,Z" "-v" "/var/lib/crater-agent-workspace/rustup-home:/opt/rustwide/rustup-home:ro,Z" "-m" "1610612736" "--network" "none" "ghcr.io/rust-lang/crates-build-env/linux@sha256:77db811e55d90add9212f6832c23229e3de5f1c1f9905e8cb07319ea15df73ac" "sleep" "infinity", kill_on_drop: false }`
[INFO] [stdout] 444c803975cf82b18fa9f5129d1cae940d21909c394e15908ac9d92ecb79f674
[INFO] running `Command { std: "docker" "start" "444c803975cf82b18fa9f5129d1cae940d21909c394e15908ac9d92ecb79f674", kill_on_drop: false }`
[INFO] running `Command { std: "docker" "inspect" "444c803975cf82b18fa9f5129d1cae940d21909c394e15908ac9d92ecb79f674", kill_on_drop: false }`
[INFO] running `Command { std: "docker" "exec" "-e" "SOURCE_DIR=/opt/rustwide/workdir" "-e" "CARGO_HOME=/opt/rustwide/cargo-home" "-e" "RUSTUP_HOME=/opt/rustwide/rustup-home" "-e" "CARGO_TARGET_DIR=/opt/rustwide/target" "-w" "/opt/rustwide/workdir" "--user" "0:0" "444c803975cf82b18fa9f5129d1cae940d21909c394e15908ac9d92ecb79f674" "/opt/rustwide/cargo-home/bin/cargo" "+1.100.0-beta.1" "metadata" "--no-deps" "--format-version=1", kill_on_drop: false }`
[INFO] running `Command { std: "docker" "inspect" "444c803975cf82b18fa9f5129d1cae940d21909c394e15908ac9d92ecb79f674", kill_on_drop: false }`
[INFO] running `Command { std: "docker" "exec" "-e" "SOURCE_DIR=/opt/rustwide/workdir" "-e" "CARGO_HOME=/opt/rustwide/cargo-home" "-e" "RUSTUP_HOME=/opt/rustwide/rustup-home" "-e" "CARGO_TARGET_DIR=/opt/rustwide/target" "-e" "CARGO_INCREMENTAL=0" "-e" "RUST_BACKTRACE=full" "-e" "RUSTFLAGS=--cap-lints=warn" "-e" "RUSTDOCFLAGS=--cap-lints=warn" "-w" "/opt/rustwide/workdir" "--user" "0:0" "444c803975cf82b18fa9f5129d1cae940d21909c394e15908ac9d92ecb79f674" "/opt/rustwide/cargo-home/bin/cargo" "+1.100.0-beta.1" "build" "--frozen" "--message-format=json" "--release", kill_on_drop: false }`
[INFO] [stderr]    Compiling cgroup-memory v0.1.0
[INFO] [stderr]    Compiling futures-core v0.3.34
[INFO] [stderr]    Compiling tokio-macros v2.7.2
[INFO] [stderr]    Compiling tokio v1.53.3
[INFO] [stderr]    Compiling tower-memlim v0.3.0 (/opt/rustwide/workdir)
[INFO] [stderr]     Finished `release` profile [optimized] target(s) in 8.13s
[INFO] running `Command { std: "docker" "inspect" "444c803975cf82b18fa9f5129d1cae940d21909c394e15908ac9d92ecb79f674", kill_on_drop: false }`
[INFO] running `Command { std: "docker" "exec" "-e" "SOURCE_DIR=/opt/rustwide/workdir" "-e" "CARGO_HOME=/opt/rustwide/cargo-home" "-e" "RUSTUP_HOME=/opt/rustwide/rustup-home" "-e" "CARGO_TARGET_DIR=/opt/rustwide/target" "-e" "CARGO_INCREMENTAL=0" "-e" "RUST_BACKTRACE=full" "-e" "RUSTFLAGS=--cap-lints=warn" "-e" "RUSTDOCFLAGS=--cap-lints=warn" "-w" "/opt/rustwide/workdir" "--user" "0:0" "444c803975cf82b18fa9f5129d1cae940d21909c394e15908ac9d92ecb79f674" "/opt/rustwide/cargo-home/bin/cargo" "+1.100.0-beta.1" "test" "--frozen" "--no-run" "--message-format=json" "--release", kill_on_drop: false }`
[INFO] [stderr]    Compiling sync_wrapper v1.0.2
[INFO] [stderr]    Compiling syn v2.0.119
[INFO] [stderr]    Compiling futures-util v0.3.34
[INFO] [stderr]    Compiling tokio-stream v0.1.19
[INFO] [stderr]    Compiling tokio-test v0.4.6
[INFO] [stderr]    Compiling tower v0.5.3
[INFO] [stderr]    Compiling pin-project-internal v1.1.13
[INFO] [stderr]    Compiling pin-project v1.1.13
[INFO] [stderr]    Compiling tower-test v0.4.0
[INFO] [stderr]    Compiling tower-memlim v0.3.0 (/opt/rustwide/workdir)
[INFO] [stdout] warning: unused import: `assert_ready_err`
[INFO] [stdout]  --> tests/main.rs:9:34
[INFO] [stdout]   |
[INFO] [stdout] 9 | use tokio_test::{assert_pending, assert_ready_err, assert_ready_ok};
[INFO] [stdout]   |                                  ^^^^^^^^^^^^^^^^
[INFO] [stdout]   |
[INFO] [stdout]   = note: `#[warn(unused_imports)]` (part of `#[warn(unused)]`) on by default
[INFO] [stdout] 
[INFO] [stdout] 
[INFO] [stdout] warning: unused import: `self`
[INFO] [stdout]   --> tests/main.rs:19:24
[INFO] [stdout]    |
[INFO] [stdout] 19 | use tower_test::mock::{self};
[INFO] [stdout]    |                        ^^^^
[INFO] [stdout] 
[INFO] [stdout] 
[INFO] [stdout] warning: use of deprecated module `std::usize`: all constants in this module replaced by associated constants on the type
[INFO] [stdout]  --> tests/main.rs:7:5
[INFO] [stdout]   |
[INFO] [stdout] 7 |     usize,
[INFO] [stdout]   |     ^^^^^
[INFO] [stdout]   |
[INFO] [stdout]   = note: `#[warn(deprecated)]` on by default
[INFO] [stdout] 
[INFO] [stdout] 
[INFO] [stdout] warning: use of deprecated constant `std::usize::MAX`: replaced by the `MAX` associated constant on this type
[INFO] [stdout]   --> tests/main.rs:56:28
[INFO] [stdout]    |
[INFO] [stdout] 56 |     av_memory.store(usize::MAX, Ordering::SeqCst);
[INFO] [stdout]    |                            ^^^
[INFO] [stdout] 
[INFO] [stdout] 
[INFO] [stdout] warning: use of deprecated constant `std::usize::MAX`: replaced by the `MAX` associated constant on this type
[INFO] [stdout]   --> tests/main.rs:88:28
[INFO] [stdout]    |
[INFO] [stdout] 88 |     av_memory.store(usize::MAX, Ordering::SeqCst);
[INFO] [stdout]    |                            ^^^
[INFO] [stdout] 
[INFO] [stdout] 
[INFO] [stdout] warning: use of deprecated constant `std::usize::MIN`: replaced by the `MIN` associated constant on this type
[INFO] [stdout]   --> tests/main.rs:92:28
[INFO] [stdout]    |
[INFO] [stdout] 92 |     av_memory.store(usize::MIN, Ordering::SeqCst);
[INFO] [stdout]    |                            ^^^
[INFO] [stdout] 
[INFO] [stdout] 
[INFO] [stderr]     Finished `release` profile [optimized] target(s) in 11.21s
[INFO] running `Command { std: "docker" "inspect" "444c803975cf82b18fa9f5129d1cae940d21909c394e15908ac9d92ecb79f674", kill_on_drop: false }`
[INFO] running `Command { std: "docker" "exec" "-e" "SOURCE_DIR=/opt/rustwide/workdir" "-e" "CARGO_HOME=/opt/rustwide/cargo-home" "-e" "RUSTUP_HOME=/opt/rustwide/rustup-home" "-e" "CARGO_TARGET_DIR=/opt/rustwide/target" "-e" "CARGO_INCREMENTAL=0" "-e" "RUST_BACKTRACE=full" "-e" "RUSTFLAGS=--cap-lints=warn" "-e" "RUSTDOCFLAGS=--cap-lints=warn" "-w" "/opt/rustwide/workdir" "--user" "0:0" "444c803975cf82b18fa9f5129d1cae940d21909c394e15908ac9d92ecb79f674" "/opt/rustwide/cargo-home/bin/cargo" "+1.100.0-beta.1" "test" "--frozen" "--release", kill_on_drop: false }`
[INFO] [stderr] warning: unused import: `assert_ready_err`
[INFO] [stderr]  --> tests/main.rs:9:34
[INFO] [stderr]   |
[INFO] [stderr] 9 | use tokio_test::{assert_pending, assert_ready_err, assert_ready_ok};
[INFO] [stderr]   |                                  ^^^^^^^^^^^^^^^^
[INFO] [stderr]   |
[INFO] [stderr]   = note: `#[warn(unused_imports)]` (part of `#[warn(unused)]`) on by default
[INFO] [stderr] 
[INFO] [stderr] warning: unused import: `self`
[INFO] [stderr]   --> tests/main.rs:19:24
[INFO] [stderr]    |
[INFO] [stderr] 19 | use tower_test::mock::{self};
[INFO] [stderr]    |                        ^^^^
[INFO] [stderr] 
[INFO] [stderr] warning: use of deprecated module `std::usize`: all constants in this module replaced by associated constants on the type
[INFO] [stderr]  --> tests/main.rs:7:5
[INFO] [stderr]   |
[INFO] [stderr] 7 |     usize,
[INFO] [stderr]   |     ^^^^^
[INFO] [stderr]   |
[INFO] [stderr]   = note: `#[warn(deprecated)]` on by default
[INFO] [stderr] 
[INFO] [stderr] warning: use of deprecated constant `std::usize::MAX`: replaced by the `MAX` associated constant on this type
[INFO] [stderr]   --> tests/main.rs:56:28
[INFO] [stderr]    |
[INFO] [stderr] 56 |     av_memory.store(usize::MAX, Ordering::SeqCst);
[INFO] [stderr]    |                            ^^^
[INFO] [stderr] 
[INFO] [stderr] warning: use of deprecated constant `std::usize::MAX`: replaced by the `MAX` associated constant on this type
[INFO] [stderr]   --> tests/main.rs:88:28
[INFO] [stderr]    |
[INFO] [stderr] 88 |     av_memory.store(usize::MAX, Ordering::SeqCst);
[INFO] [stderr]    |                            ^^^
[INFO] [stderr] 
[INFO] [stderr] warning: use of deprecated constant `std::usize::MIN`: replaced by the `MIN` associated constant on this type
[INFO] [stderr]   --> tests/main.rs:92:28
[INFO] [stderr]    |
[INFO] [stderr] 92 |     av_memory.store(usize::MIN, Ordering::SeqCst);
[INFO] [stderr]    |                            ^^^
[INFO] [stderr] 
[INFO] [stderr] warning: `tower-memlim` (test "main") generated 6 warnings (run `cargo fix --test "main" -p tower-memlim` to apply 2 suggestions)
[INFO] [stderr]     Finished `release` profile [optimized] target(s) in 0.05s
[INFO] [stderr]      Running unittests src/lib.rs (/opt/rustwide/target/release/build/tower-memlim/0e4e7ab3f036dfed/out/tower_memlim-0e4e7ab3f036dfed)
[INFO] [stdout] 
[INFO] [stdout] running 0 tests
[INFO] [stdout] 
[INFO] [stdout] test result: ok. 0 passed; 0 failed; 0 ignored; 0 measured; 0 filtered out; finished in 0.00s
[INFO] [stdout] 
[INFO] [stderr]      Running tests/main.rs (/opt/rustwide/target/release/build/tower-memlim/1766a25033eb1296/out/main-1766a25033eb1296)
[INFO] [stdout] 
[INFO] [stdout] running 4 tests
[INFO] [stdout] test test_basis_with_functional_mem_provider_stub ... ok
[INFO] [stdout] test test_with_load_shed_error ... ok
[INFO] [stdout] test test_with_load_shed_error_conversion ... ok
[INFO] [stdout] test test_waker ... ok
[INFO] [stdout] 
[INFO] [stdout] test result: ok. 4 passed; 0 failed; 0 ignored; 0 measured; 0 filtered out; finished in 0.05s
[INFO] [stdout] 
[INFO] [stderr]    Doc-tests tower_memlim
[INFO] [stdout] 
[INFO] [stdout] running 1 test
[INFO] [stdout] test src/lib.rs - (line 18) ... FAILED
[INFO] [stdout] 
[INFO] [stdout] failures:
[INFO] [stdout] 
[INFO] [stdout] ---- src/lib.rs - (line 18) stdout ----
[INFO] [stdout] Test executable failed (exit status: 101).
[INFO] [stdout] 
[INFO] [stdout] stderr:
[INFO] [stdout] 
[INFO] [stdout] thread 'main' (382) panicked at src/service.rs:43:29:
[INFO] [stdout] there is no reactor running, must be called from the context of a Tokio 1.x runtime
[INFO] [stdout] stack backtrace:
[INFO] [stdout]    0:     0x5a1981ddc4f1 - std[617be2ca0a6fd877]::backtrace_rs::backtrace::libunwind::trace
[INFO] [stdout]                                at /rustc/e3feeb59cd1bdd011a2bfcc0747b55125d9b8527/library/std/src/../../backtrace/src/backtrace/libunwind.rs:117:9
[INFO] [stdout]    1:     0x5a1981ddc4f1 - std[617be2ca0a6fd877]::backtrace_rs::backtrace::trace_unsynchronized::<std[617be2ca0a6fd877]::sys::backtrace::_print_fmt::{closure#1}>
[INFO] [stdout]                                at /rustc/e3feeb59cd1bdd011a2bfcc0747b55125d9b8527/library/std/src/../../backtrace/src/backtrace/mod.rs:66:14
[INFO] [stdout]    2:     0x5a1981ddc4f1 - std[617be2ca0a6fd877]::sys::backtrace::_print_fmt
[INFO] [stdout]                                at /rustc/e3feeb59cd1bdd011a2bfcc0747b55125d9b8527/library/std/src/sys/backtrace.rs:74:9
[INFO] [stdout]    3:     0x5a1981ddc4f1 - <<std[617be2ca0a6fd877]::sys::backtrace::BacktraceLock>::print::DisplayBacktrace as core[a373ad73a504971]::fmt::Display>::fmt
[INFO] [stdout]                                at /rustc/e3feeb59cd1bdd011a2bfcc0747b55125d9b8527/library/std/src/sys/backtrace.rs:44:26
[INFO] [stdout]    4:     0x5a1981dec78a - <core[a373ad73a504971]::fmt::rt::Argument>::fmt
[INFO] [stdout]                                at /rustc/e3feeb59cd1bdd011a2bfcc0747b55125d9b8527/library/core/src/fmt/rt.rs:152:76
[INFO] [stdout]    5:     0x5a1981dec78a - core[a373ad73a504971]::fmt::write
[INFO] [stdout]    6:     0x5a1981ddf60c - core[a373ad73a504971]::io::write::default_write_fmt::<std[617be2ca0a6fd877]::sys::stdio::unix::Stderr>
[INFO] [stdout]                                at /rustc/e3feeb59cd1bdd011a2bfcc0747b55125d9b8527/library/core/src/io/write.rs:402:11
[INFO] [stdout]    7:     0x5a1981ddf60c - <std[617be2ca0a6fd877]::sys::stdio::unix::Stderr as core[a373ad73a504971]::io::write::Write>::write_fmt
[INFO] [stdout]                                at /rustc/e3feeb59cd1bdd011a2bfcc0747b55125d9b8527/library/core/src/io/write.rs:335:13
[INFO] [stdout]    8:     0x5a1981dc6596 - <std[617be2ca0a6fd877]::sys::backtrace::BacktraceLock>::print
[INFO] [stdout]                                at /rustc/e3feeb59cd1bdd011a2bfcc0747b55125d9b8527/library/std/src/sys/backtrace.rs:47:9
[INFO] [stdout]    9:     0x5a1981dc6596 - std[617be2ca0a6fd877]::panicking::default_hook::{closure#0}
[INFO] [stdout]                                at /rustc/e3feeb59cd1bdd011a2bfcc0747b55125d9b8527/library/std/src/panicking.rs:289:27
[INFO] [stdout]   10:     0x5a1981dd8ed1 - std[617be2ca0a6fd877]::panicking::default_hook
[INFO] [stdout]                                at /rustc/e3feeb59cd1bdd011a2bfcc0747b55125d9b8527/library/std/src/panicking.rs:316:9
[INFO] [stdout]   11:     0x5a1981dd908b - std[617be2ca0a6fd877]::panicking::panic_with_hook
[INFO] [stdout]                                at /rustc/e3feeb59cd1bdd011a2bfcc0747b55125d9b8527/library/std/src/panicking.rs:811:13
[INFO] [stdout]   12:     0x5a1981dc6642 - std[617be2ca0a6fd877]::panicking::panic_handler::{closure#0}
[INFO] [stdout]                                at /rustc/e3feeb59cd1bdd011a2bfcc0747b55125d9b8527/library/std/src/panicking.rs:685:13
[INFO] [stdout]   13:     0x5a1981dbf849 - std[617be2ca0a6fd877]::sys::backtrace::__rust_end_short_backtrace::<std[617be2ca0a6fd877]::panicking::panic_handler::{closure#0}, !>
[INFO] [stdout]                                at /rustc/e3feeb59cd1bdd011a2bfcc0747b55125d9b8527/library/std/src/sys/backtrace.rs:182:18
[INFO] [stdout]   14:     0x5a1981dc6d8d - __rustc[ea4f61d10b84890b]::rust_begin_unwind
[INFO] [stdout]                                at /rustc/e3feeb59cd1bdd011a2bfcc0747b55125d9b8527/library/std/src/panicking.rs:676:5
[INFO] [stdout]   15:     0x5a1981deceec - core[a373ad73a504971]::panicking::panic_fmt
[INFO] [stdout]                                at /rustc/e3feeb59cd1bdd011a2bfcc0747b55125d9b8527/library/core/src/panicking.rs:80:14
[INFO] [stdout]   16:     0x5a1981db46b0 - <tokio[d4aaaf44fbd33a61]::time::sleep::Sleep>::new_timeout
[INFO] [stdout]   17:     0x5a1981db4745 - tokio[d4aaaf44fbd33a61]::time::sleep::sleep
[INFO] [stdout]   18:     0x5a1981db3230 - <tower_memlim[dc0991c19a2febb2]::service::MemoryLimit<tower[ef97f5bdf2f7d75]::util::service_fn::ServiceFn<rust_out[72a830746f8703f]::main::_doctest_main_src_lib_rs_18_0::svc_handle>, tower_memlim[dc0991c19a2febb2]::memory::LinuxCgroupMemory>>::new
[INFO] [stdout]   19:     0x5a1981db38be - <tower_memlim[dc0991c19a2febb2]::layer::MemoryLimitLayer<tower_memlim[dc0991c19a2febb2]::memory::LinuxCgroupMemory> as tower_layer[4b323c6404cfc6a7]::Layer<tower[ef97f5bdf2f7d75]::util::service_fn::ServiceFn<rust_out[72a830746f8703f]::main::_doctest_main_src_lib_rs_18_0::svc_handle>>>::layer
[INFO] [stdout]   20:     0x5a1981db37ad - <tower_layer[4b323c6404cfc6a7]::stack::Stack<tower_memlim[dc0991c19a2febb2]::layer::MemoryLimitLayer<tower_memlim[dc0991c19a2febb2]::memory::LinuxCgroupMemory>, tower_layer[4b323c6404cfc6a7]::stack::Stack<tower[ef97f5bdf2f7d75]::load_shed::layer::LoadShedLayer, tower_layer[4b323c6404cfc6a7]::stack::Stack<tower[ef97f5bdf2f7d75]::util::map_result::MapResultLayer<rust_out[72a830746f8703f]::main::_doctest_main_src_lib_rs_18_0::{closure#0}>, tower_layer[4b323c6404cfc6a7]::identity::Identity>>> as tower_layer[4b323c6404cfc6a7]::Layer<tower[ef97f5bdf2f7d75]::util::service_fn::ServiceFn<rust_out[72a830746f8703f]::main::_doctest_main_src_lib_rs_18_0::svc_handle>>>::layer
[INFO] [stdout]   21:     0x5a1981db2efd - <tower[ef97f5bdf2f7d75]::builder::ServiceBuilder<tower_layer[4b323c6404cfc6a7]::stack::Stack<tower_memlim[dc0991c19a2febb2]::layer::MemoryLimitLayer<tower_memlim[dc0991c19a2febb2]::memory::LinuxCgroupMemory>, tower_layer[4b323c6404cfc6a7]::stack::Stack<tower[ef97f5bdf2f7d75]::load_shed::layer::LoadShedLayer, tower_layer[4b323c6404cfc6a7]::stack::Stack<tower[ef97f5bdf2f7d75]::util::map_result::MapResultLayer<rust_out[72a830746f8703f]::main::_doctest_main_src_lib_rs_18_0::{closure#0}>, tower_layer[4b323c6404cfc6a7]::identity::Identity>>>>>::service::<tower[ef97f5bdf2f7d75]::util::service_fn::ServiceFn<rust_out[72a830746f8703f]::main::_doctest_main_src_lib_rs_18_0::svc_handle>>
[INFO] [stdout]   22:     0x5a1981db3505 - rust_out[72a830746f8703f]::main::_doctest_main_src_lib_rs_18_0
[INFO] [stdout]   23:     0x5a1981db31c6 - rust_out[72a830746f8703f]::main
[INFO] [stdout]   24:     0x5a1981db390b - <fn() as core[a373ad73a504971]::ops::function::FnOnce<()>>::call_once
[INFO] [stdout]   25:     0x5a1981db3186 - std[617be2ca0a6fd877]::sys::backtrace::__rust_begin_short_backtrace::<fn(), ()>
[INFO] [stdout]   26:     0x5a1981db3199 - std[617be2ca0a6fd877]::rt::lang_start::<()>::{closure#0}
[INFO] [stdout]   27:     0x5a1981dd8678 - <&dyn core[a373ad73a504971]::ops::function::Fn<(), Output = i32> + core[a373ad73a504971]::marker::Sync + core[a373ad73a504971]::panic::unwind_safe::RefUnwindSafe as core[a373ad73a504971]::ops::function::FnOnce<()>>::call_once
[INFO] [stdout]                                at /rustc/e3feeb59cd1bdd011a2bfcc0747b55125d9b8527/library/core/src/ops/function.rs:287:21
[INFO] [stdout]   28:     0x5a1981dd8678 - std[617be2ca0a6fd877]::panicking::catch_unwind::do_call::<&dyn core[a373ad73a504971]::ops::function::Fn<(), Output = i32> + core[a373ad73a504971]::marker::Sync + core[a373ad73a504971]::panic::unwind_safe::RefUnwindSafe, i32>
[INFO] [stdout]                                at /rustc/e3feeb59cd1bdd011a2bfcc0747b55125d9b8527/library/std/src/panicking.rs:573:43
[INFO] [stdout]   29:     0x5a1981dd8678 - std[617be2ca0a6fd877]::panicking::catch_unwind::<i32, &dyn core[a373ad73a504971]::ops::function::Fn<(), Output = i32> + core[a373ad73a504971]::marker::Sync + core[a373ad73a504971]::panic::unwind_safe::RefUnwindSafe>
[INFO] [stdout]                                at /rustc/e3feeb59cd1bdd011a2bfcc0747b55125d9b8527/library/std/src/panicking.rs:541:19
[INFO] [stdout]   30:     0x5a1981dd8678 - std[617be2ca0a6fd877]::panic::catch_unwind::<&dyn core[a373ad73a504971]::ops::function::Fn<(), Output = i32> + core[a373ad73a504971]::marker::Sync + core[a373ad73a504971]::panic::unwind_safe::RefUnwindSafe, i32>
[INFO] [stdout]                                at /rustc/e3feeb59cd1bdd011a2bfcc0747b55125d9b8527/library/std/src/panic.rs:359:14
[INFO] [stdout]   31:     0x5a1981dd8678 - std[617be2ca0a6fd877]::rt::lang_start_internal::{closure#0}
[INFO] [stdout]                                at /rustc/e3feeb59cd1bdd011a2bfcc0747b55125d9b8527/library/std/src/rt.rs:175:24
[INFO] [stdout]   32:     0x5a1981dd8678 - std[617be2ca0a6fd877]::panicking::catch_unwind::do_call::<std[617be2ca0a6fd877]::rt::lang_start_internal::{closure#0}, isize>
[INFO] [stdout]                                at /rustc/e3feeb59cd1bdd011a2bfcc0747b55125d9b8527/library/std/src/panicking.rs:573:43
[INFO] [stdout]   33:     0x5a1981dd8678 - std[617be2ca0a6fd877]::panicking::catch_unwind::<isize, std[617be2ca0a6fd877]::rt::lang_start_internal::{closure#0}>
[INFO] [stdout]                                at /rustc/e3feeb59cd1bdd011a2bfcc0747b55125d9b8527/library/std/src/panicking.rs:541:19
[INFO] [stdout]   34:     0x5a1981dd8678 - std[617be2ca0a6fd877]::panic::catch_unwind::<std[617be2ca0a6fd877]::rt::lang_start_internal::{closure#0}, isize>
[INFO] [stdout]                                at /rustc/e3feeb59cd1bdd011a2bfcc0747b55125d9b8527/library/std/src/panic.rs:359:14
[INFO] [stdout]   35:     0x5a1981dd8678 - std[617be2ca0a6fd877]::rt::lang_start_internal
[INFO] [stdout]                                at /rustc/e3feeb59cd1bdd011a2bfcc0747b55125d9b8527/library/std/src/rt.rs:171:5
[INFO] [stdout]   36:     0x5a1981db2f71 - std[617be2ca0a6fd877]::rt::lang_start::<()>
[INFO] [stdout]   37:     0x5a1981db3955 - main
[INFO] [stdout]   38:     0x7e6c740ae601 - <unknown>
[INFO] [stdout]   39:     0x7e6c740ae718 - __libc_start_main
[INFO] [stdout]   40:     0x5a1981db2e25 - _start
[INFO] [stdout]   41:                0x0 - <unknown>
[INFO] [stdout] 
[INFO] [stdout] 
[INFO] [stdout] 
[INFO] [stdout] failures:
[INFO] [stdout]     src/lib.rs - (line 18)
[INFO] [stdout] 
[INFO] [stdout] test result: FAILED. 0 passed; 1 failed; 0 ignored; 0 measured; 0 filtered out; finished in 0.22s
[INFO] [stdout] 
[INFO] [stderr] error: doctest failed, to rerun pass `--doc`
[INFO] running `Command { std: "docker" "inspect" "444c803975cf82b18fa9f5129d1cae940d21909c394e15908ac9d92ecb79f674", kill_on_drop: false }`
[INFO] running `Command { std: "docker" "rm" "-f" "444c803975cf82b18fa9f5129d1cae940d21909c394e15908ac9d92ecb79f674", kill_on_drop: false }`
[INFO] [stdout] 444c803975cf82b18fa9f5129d1cae940d21909c394e15908ac9d92ecb79f674
