[INFO] fetching crate tower-conneg 1.1.0...
[INFO] testing tower-conneg-1.1.0 against 1.100.0-beta.1+cargoflags=--release for beta-release-1.100-2
[INFO] extracting crate tower-conneg 1.1.0 into /workspace/builds/worker-1-tc2/source
[INFO] started tweaking crates.io crate tower-conneg 1.1.0
[INFO] removed 0 missing examples
[INFO] removed 0 missing tests
[INFO] finished tweaking crates.io crate tower-conneg 1.1.0
[INFO] tweaked toml for crates.io crate tower-conneg 1.1.0 written to /workspace/builds/worker-1-tc2/source/Cargo.toml
[INFO] validating manifest of crates.io crate tower-conneg 1.1.0 on toolchain 1.100.0-beta.1
[INFO] running `Command { std: CARGO_HOME="/workspace/cargo-home" RUSTUP_HOME="/workspace/rustup-home" "/workspace/cargo-home/bin/cargo" "+1.100.0-beta.1" "metadata" "--manifest-path" "Cargo.toml" "--no-deps", kill_on_drop: false }`
[INFO] crate crates.io crate tower-conneg 1.1.0 already has a lockfile, it will not be regenerated
[INFO] running `Command { std: CARGO_HOME="/workspace/cargo-home" RUSTUP_HOME="/workspace/rustup-home" "/workspace/cargo-home/bin/cargo" "+1.100.0-beta.1" "fetch" "--manifest-path" "Cargo.toml", kill_on_drop: false }`
[INFO] running `Command { std: "docker" "create" "-v" "/var/lib/crater-agent-workspace/builds/worker-1-tc2/source:/opt/rustwide/workdir:ro,Z" "-v" "/var/lib/crater-agent-workspace/builds/worker-1-tc2/target:/opt/rustwide/target:rw,Z" "-v" "/var/lib/crater-agent-workspace/cargo-home:/opt/rustwide/cargo-home:ro,Z" "-v" "/var/lib/crater-agent-workspace/rustup-home:/opt/rustwide/rustup-home:ro,Z" "-m" "1610612736" "--network" "none" "ghcr.io/rust-lang/crates-build-env/linux@sha256:77db811e55d90add9212f6832c23229e3de5f1c1f9905e8cb07319ea15df73ac" "sleep" "infinity", kill_on_drop: false }`
[INFO] [stdout] 97e80fda3142a96468549f7eeab604cc6914a8cfaa8edfe724599b0f0cfa821d
[INFO] running `Command { std: "docker" "start" "97e80fda3142a96468549f7eeab604cc6914a8cfaa8edfe724599b0f0cfa821d", kill_on_drop: false }`
[INFO] running `Command { std: "docker" "inspect" "97e80fda3142a96468549f7eeab604cc6914a8cfaa8edfe724599b0f0cfa821d", kill_on_drop: false }`
[INFO] running `Command { std: "docker" "exec" "-e" "SOURCE_DIR=/opt/rustwide/workdir" "-e" "CARGO_HOME=/opt/rustwide/cargo-home" "-e" "RUSTUP_HOME=/opt/rustwide/rustup-home" "-e" "CARGO_TARGET_DIR=/opt/rustwide/target" "-w" "/opt/rustwide/workdir" "--user" "0:0" "97e80fda3142a96468549f7eeab604cc6914a8cfaa8edfe724599b0f0cfa821d" "/opt/rustwide/cargo-home/bin/cargo" "+1.100.0-beta.1" "metadata" "--no-deps" "--format-version=1", kill_on_drop: false }`
[INFO] running `Command { std: "docker" "inspect" "97e80fda3142a96468549f7eeab604cc6914a8cfaa8edfe724599b0f0cfa821d", kill_on_drop: false }`
[INFO] running `Command { std: "docker" "exec" "-e" "SOURCE_DIR=/opt/rustwide/workdir" "-e" "CARGO_HOME=/opt/rustwide/cargo-home" "-e" "RUSTUP_HOME=/opt/rustwide/rustup-home" "-e" "CARGO_TARGET_DIR=/opt/rustwide/target" "-e" "CARGO_INCREMENTAL=0" "-e" "RUST_BACKTRACE=full" "-e" "RUSTFLAGS=--cap-lints=warn" "-e" "RUSTDOCFLAGS=--cap-lints=warn" "-w" "/opt/rustwide/workdir" "--user" "0:0" "97e80fda3142a96468549f7eeab604cc6914a8cfaa8edfe724599b0f0cfa821d" "/opt/rustwide/cargo-home/bin/cargo" "+1.100.0-beta.1" "build" "--frozen" "--message-format=json" "--release", kill_on_drop: false }`
[INFO] [stderr]    Compiling syn v2.0.111
[INFO] [stderr]    Compiling prettyplease v0.2.37
[INFO] [stderr]    Compiling bytes v1.11.0
[INFO] [stderr]    Compiling erased-serde v0.4.9
[INFO] [stderr]    Compiling futures-core v0.3.31
[INFO] [stderr]    Compiling mediatype v0.21.0
[INFO] [stderr]    Compiling tower v0.5.3
[INFO] [stderr]    Compiling serde_json v1.0.145
[INFO] [stderr]    Compiling http v1.4.0
[INFO] [stderr]    Compiling http-body v1.0.1
[INFO] [stderr]    Compiling http-body-util v0.1.3
[INFO] [stderr]    Compiling darling_core v0.23.0
[INFO] [stderr]    Compiling thiserror-impl v2.0.18
[INFO] [stderr]    Compiling sealed v0.6.0
[INFO] [stderr]    Compiling thiserror v2.0.18
[INFO] [stderr]    Compiling darling_macro v0.23.0
[INFO] [stderr]    Compiling darling v0.23.0
[INFO] [stderr]    Compiling bon-macros v3.8.2
[INFO] [stderr]    Compiling bon v3.8.2
[INFO] [stderr]    Compiling tower-conneg v1.1.0 (/opt/rustwide/workdir)
[INFO] [stderr]     Finished `release` profile [optimized] target(s) in 16.91s
[INFO] running `Command { std: "docker" "inspect" "97e80fda3142a96468549f7eeab604cc6914a8cfaa8edfe724599b0f0cfa821d", kill_on_drop: false }`
[INFO] running `Command { std: "docker" "exec" "-e" "SOURCE_DIR=/opt/rustwide/workdir" "-e" "CARGO_HOME=/opt/rustwide/cargo-home" "-e" "RUSTUP_HOME=/opt/rustwide/rustup-home" "-e" "CARGO_TARGET_DIR=/opt/rustwide/target" "-e" "CARGO_INCREMENTAL=0" "-e" "RUST_BACKTRACE=full" "-e" "RUSTFLAGS=--cap-lints=warn" "-e" "RUSTDOCFLAGS=--cap-lints=warn" "-w" "/opt/rustwide/workdir" "--user" "0:0" "97e80fda3142a96468549f7eeab604cc6914a8cfaa8edfe724599b0f0cfa821d" "/opt/rustwide/cargo-home/bin/cargo" "+1.100.0-beta.1" "test" "--frozen" "--no-run" "--message-format=json" "--release", kill_on_drop: false }`
[INFO] [stderr]    Compiling serde_derive v1.0.228
[INFO] [stderr]    Compiling tower v0.5.3
[INFO] [stderr]    Compiling http-body-util v0.1.3
[INFO] [stderr]    Compiling serde_json v1.0.145
[INFO] [stderr]    Compiling tokio-macros v2.6.0
[INFO] [stderr]    Compiling tokio v1.49.0
[INFO] [stderr]    Compiling serde v1.0.228
[INFO] [stderr]    Compiling quick-xml v0.37.5
[INFO] [stderr]    Compiling tower-conneg v1.1.0 (/opt/rustwide/workdir)
[INFO] [stdout] warning: missing documentation for the crate
[INFO] [stdout]    --> tests/retry.rs:1:1
[INFO] [stdout]     |
[INFO] [stdout]   1 | / #![cfg(all(feature = "json", feature = "xml"))]
[INFO] [stdout]   2 | | #![allow(missing_docs, unreachable_pub)]
[INFO] [stdout]   3 | | #![allow(
[INFO] [stdout]   4 | |     clippy::doc_markdown,
[INFO] [stdout] ...   |
[INFO] [stdout] 371 | |     assert!(error.source().is_some());
[INFO] [stdout] 372 | | }
[INFO] [stdout]     | |_^
[INFO] [stdout]     |
[INFO] [stdout]     = note: requested on the command line with `-W missing-docs`
[INFO] [stdout] 
[INFO] [stdout] 
[INFO] [stdout] warning: missing documentation for the crate
[INFO] [stdout]    --> tests/poem_integration.rs:1:1
[INFO] [stdout]     |
[INFO] [stdout]   1 | / #![cfg(all(feature = "poem", feature = "json"))]
[INFO] [stdout]   2 | | #![allow(missing_docs, unreachable_pub)]
[INFO] [stdout]   3 | | #![allow(
[INFO] [stdout]   4 | |     clippy::doc_markdown,
[INFO] [stdout] ...   |
[INFO] [stdout] 159 | |     resp.assert_status(StatusCode::NOT_ACCEPTABLE);
[INFO] [stdout] 160 | | }
[INFO] [stdout]     | |_^
[INFO] [stdout]     |
[INFO] [stdout]     = note: requested on the command line with `-W missing-docs`
[INFO] [stdout] 
[INFO] [stdout] 
[INFO] [stdout] warning: missing documentation for the crate
[INFO] [stdout]    --> tests/viz_integration.rs:1:1
[INFO] [stdout]     |
[INFO] [stdout]   1 | / #![cfg(all(feature = "viz", feature = "json"))]
[INFO] [stdout]   2 | | #![allow(missing_docs, unreachable_pub)]
[INFO] [stdout]   3 | | #![allow(
[INFO] [stdout]   4 | |     clippy::doc_markdown,
[INFO] [stdout] ...   |
[INFO] [stdout] 276 | |     assert_eq!(response.status(), http::StatusCode::NOT_ACCEPTABLE);
[INFO] [stdout] 277 | | }
[INFO] [stdout]     | |_^
[INFO] [stdout]     |
[INFO] [stdout]     = note: requested on the command line with `-W missing-docs`
[INFO] [stdout] 
[INFO] [stdout] 
[INFO] [stdout] warning: missing documentation for the crate
[INFO] [stdout]    --> tests/axum_integration.rs:1:1
[INFO] [stdout]     |
[INFO] [stdout]   1 | / #![cfg(all(feature = "axum", feature = "json"))]
[INFO] [stdout]   2 | | #![allow(missing_docs, unreachable_pub)]
[INFO] [stdout]   3 | | #![allow(
[INFO] [stdout]   4 | |     clippy::doc_markdown,
[INFO] [stdout] ...   |
[INFO] [stdout] 215 | |     assert!(body_str.contains("no acceptable response format"));
[INFO] [stdout] 216 | | }
[INFO] [stdout]     | |_^
[INFO] [stdout]     |
[INFO] [stdout]     = note: requested on the command line with `-W missing-docs`
[INFO] [stdout] 
[INFO] [stdout] 
[INFO] [stdout] warning: missing documentation for the crate
[INFO] [stdout]    --> tests/hyper_integration.rs:1:1
[INFO] [stdout]     |
[INFO] [stdout]   1 | / #![cfg(all(feature = "hyper-client", feature = "json"))]
[INFO] [stdout]   2 | | #![allow(missing_docs, unreachable_pub)]
[INFO] [stdout]   3 | | #![allow(
[INFO] [stdout]   4 | |     clippy::doc_markdown,
[INFO] [stdout] ...   |
[INFO] [stdout] 212 | |     Ok(())
[INFO] [stdout] 213 | | }
[INFO] [stdout]     | |_^
[INFO] [stdout]     |
[INFO] [stdout]     = note: requested on the command line with `-W missing-docs`
[INFO] [stdout] 
[INFO] [stdout] 
[INFO] [stdout] warning: missing documentation for the crate
[INFO] [stdout]    --> tests/salvo_integration.rs:1:1
[INFO] [stdout]     |
[INFO] [stdout]   1 | / #![cfg(all(feature = "salvo", feature = "json"))]
[INFO] [stdout]   2 | | #![allow(missing_docs, unreachable_pub)]
[INFO] [stdout]   3 | | #![allow(
[INFO] [stdout]   4 | |     clippy::doc_markdown,
[INFO] [stdout] ...   |
[INFO] [stdout] 160 | |     assert_eq!(response.status_code, Some(StatusCode::NOT_ACCEPTABLE));
[INFO] [stdout] 161 | | }
[INFO] [stdout]     | |_^
[INFO] [stdout]     |
[INFO] [stdout]     = note: requested on the command line with `-W missing-docs`
[INFO] [stdout] 
[INFO] [stdout] 
[INFO] [stdout] warning: missing documentation for the crate
[INFO] [stdout]    --> tests/client.rs:1:1
[INFO] [stdout]     |
[INFO] [stdout]   1 | / #![cfg(all(feature = "json", feature = "xml"))]
[INFO] [stdout]   2 | | #![allow(missing_docs, unreachable_pub)]
[INFO] [stdout]   3 | | #![allow(
[INFO] [stdout]   4 | |     clippy::doc_markdown,
[INFO] [stdout] ...   |
[INFO] [stdout] 768 | |     Ok(())
[INFO] [stdout] 769 | | }
[INFO] [stdout]     | |_^
[INFO] [stdout]     |
[INFO] [stdout]     = note: requested on the command line with `-W missing-docs`
[INFO] [stdout] 
[INFO] [stdout] 
[INFO] [stdout] warning: missing documentation for the crate
[INFO] [stdout]    --> tests/server.rs:1:1
[INFO] [stdout]     |
[INFO] [stdout]   1 | / #![cfg(all(feature = "json", feature = "xml"))]
[INFO] [stdout]   2 | | #![allow(missing_docs, unreachable_pub)]
[INFO] [stdout]   3 | | #![allow(
[INFO] [stdout]   4 | |     clippy::doc_markdown,
[INFO] [stdout] ...   |
[INFO] [stdout] 740 | |     );
[INFO] [stdout] 741 | | }
[INFO] [stdout]     | |_^
[INFO] [stdout]     |
[INFO] [stdout]     = note: requested on the command line with `-W missing-docs`
[INFO] [stdout] 
[INFO] [stdout] 
[INFO] [stderr]     Finished `release` profile [optimized] target(s) in 14.27s
[INFO] running `Command { std: "docker" "inspect" "97e80fda3142a96468549f7eeab604cc6914a8cfaa8edfe724599b0f0cfa821d", kill_on_drop: false }`
[INFO] running `Command { std: "docker" "exec" "-e" "SOURCE_DIR=/opt/rustwide/workdir" "-e" "CARGO_HOME=/opt/rustwide/cargo-home" "-e" "RUSTUP_HOME=/opt/rustwide/rustup-home" "-e" "CARGO_TARGET_DIR=/opt/rustwide/target" "-e" "CARGO_INCREMENTAL=0" "-e" "RUST_BACKTRACE=full" "-e" "RUSTFLAGS=--cap-lints=warn" "-e" "RUSTDOCFLAGS=--cap-lints=warn" "-w" "/opt/rustwide/workdir" "--user" "0:0" "97e80fda3142a96468549f7eeab604cc6914a8cfaa8edfe724599b0f0cfa821d" "/opt/rustwide/cargo-home/bin/cargo" "+1.100.0-beta.1" "test" "--frozen" "--release", kill_on_drop: false }`
[INFO] [stderr] warning: missing documentation for the crate
[INFO] [stderr]    --> tests/axum_integration.rs:1:1
[INFO] [stderr]     |
[INFO] [stderr]   1 | / #![cfg(all(feature = "axum", feature = "json"))]
[INFO] [stderr]   2 | | #![allow(missing_docs, unreachable_pub)]
[INFO] [stderr]   3 | | #![allow(
[INFO] [stderr]   4 | |     clippy::doc_markdown,
[INFO] [stderr] ...   |
[INFO] [stderr] 215 | |     assert!(body_str.contains("no acceptable response format"));
[INFO] [stderr] 216 | | }
[INFO] [stderr]     | |_^
[INFO] [stderr]     |
[INFO] [stderr]     = note: requested on the command line with `-W missing-docs`
[INFO] [stderr] 
[INFO] [stderr] warning: missing documentation for the crate
[INFO] [stderr]    --> tests/hyper_integration.rs:1:1
[INFO] [stderr]     |
[INFO] [stderr]   1 | / #![cfg(all(feature = "hyper-client", feature = "json"))]
[INFO] [stderr]   2 | | #![allow(missing_docs, unreachable_pub)]
[INFO] [stderr]   3 | | #![allow(
[INFO] [stderr]   4 | |     clippy::doc_markdown,
[INFO] [stderr] ...   |
[INFO] [stderr] 212 | |     Ok(())
[INFO] [stderr] 213 | | }
[INFO] [stderr]     | |_^
[INFO] [stderr]     |
[INFO] [stderr]     = note: requested on the command line with `-W missing-docs`
[INFO] [stderr] 
[INFO] [stderr] warning: missing documentation for the crate
[INFO] [stderr]    --> tests/salvo_integration.rs:1:1
[INFO] [stderr]     |
[INFO] [stderr]   1 | / #![cfg(all(feature = "salvo", feature = "json"))]
[INFO] [stderr]   2 | | #![allow(missing_docs, unreachable_pub)]
[INFO] [stderr]   3 | | #![allow(
[INFO] [stderr]   4 | |     clippy::doc_markdown,
[INFO] [stderr] ...   |
[INFO] [stderr] 160 | |     assert_eq!(response.status_code, Some(StatusCode::NOT_ACCEPTABLE));
[INFO] [stderr] 161 | | }
[INFO] [stderr]     | |_^
[INFO] [stderr]     |
[INFO] [stderr]     = note: requested on the command line with `-W missing-docs`
[INFO] [stderr] 
[INFO] [stderr] warning: missing documentation for the crate
[INFO] [stderr]    --> tests/poem_integration.rs:1:1
[INFO] [stderr]     |
[INFO] [stderr]   1 | / #![cfg(all(feature = "poem", feature = "json"))]
[INFO] [stderr]   2 | | #![allow(missing_docs, unreachable_pub)]
[INFO] [stderr]   3 | | #![allow(
[INFO] [stderr]   4 | |     clippy::doc_markdown,
[INFO] [stderr] ...   |
[INFO] [stderr] 159 | |     resp.assert_status(StatusCode::NOT_ACCEPTABLE);
[INFO] [stderr] 160 | | }
[INFO] [stderr]     | |_^
[INFO] [stderr]     |
[INFO] [stderr]     = note: requested on the command line with `-W missing-docs`
[INFO] [stderr] 
[INFO] [stderr] warning: missing documentation for the crate
[INFO] [stderr]    --> tests/server.rs:1:1
[INFO] [stderr]     |
[INFO] [stderr]   1 | / #![cfg(all(feature = "json", feature = "xml"))]
[INFO] [stderr]   2 | | #![allow(missing_docs, unreachable_pub)]
[INFO] [stderr]   3 | | #![allow(
[INFO] [stderr]   4 | |     clippy::doc_markdown,
[INFO] [stderr] ...   |
[INFO] [stderr] 740 | |     );
[INFO] [stderr] 741 | | }
[INFO] [stderr]     | |_^
[INFO] [stderr]     |
[INFO] [stderr]     = note: requested on the command line with `-W missing-docs`
[INFO] [stderr] 
[INFO] [stderr] warning: `tower-conneg` (test "axum_integration") generated 1 warning
[INFO] [stderr] warning: `tower-conneg` (test "hyper_integration") generated 1 warning
[INFO] [stderr] warning: `tower-conneg` (test "salvo_integration") generated 1 warning
[INFO] [stderr] warning: `tower-conneg` (test "poem_integration") generated 1 warning
[INFO] [stderr] warning: `tower-conneg` (test "server") generated 1 warning
[INFO] [stderr] warning: missing documentation for the crate
[INFO] [stderr]    --> tests/client.rs:1:1
[INFO] [stderr]     |
[INFO] [stderr]   1 | / #![cfg(all(feature = "json", feature = "xml"))]
[INFO] [stderr]   2 | | #![allow(missing_docs, unreachable_pub)]
[INFO] [stderr]   3 | | #![allow(
[INFO] [stderr]   4 | |     clippy::doc_markdown,
[INFO] [stderr] ...   |
[INFO] [stderr] 768 | |     Ok(())
[INFO] [stderr] 769 | | }
[INFO] [stderr]     | |_^
[INFO] [stderr]     |
[INFO] [stderr]     = note: requested on the command line with `-W missing-docs`
[INFO] [stderr] 
[INFO] [stderr] warning: missing documentation for the crate
[INFO] [stderr]    --> tests/retry.rs:1:1
[INFO] [stderr]     |
[INFO] [stderr]   1 | / #![cfg(all(feature = "json", feature = "xml"))]
[INFO] [stderr]   2 | | #![allow(missing_docs, unreachable_pub)]
[INFO] [stderr]   3 | | #![allow(
[INFO] [stderr]   4 | |     clippy::doc_markdown,
[INFO] [stderr] ...   |
[INFO] [stderr] 371 | |     assert!(error.source().is_some());
[INFO] [stderr] 372 | | }
[INFO] [stderr]     | |_^
[INFO] [stderr]     |
[INFO] [stderr]     = note: requested on the command line with `-W missing-docs`
[INFO] [stderr] 
[INFO] [stderr] warning: missing documentation for the crate
[INFO] [stderr]    --> tests/viz_integration.rs:1:1
[INFO] [stderr]     |
[INFO] [stderr]   1 | / #![cfg(all(feature = "viz", feature = "json"))]
[INFO] [stderr]   2 | | #![allow(missing_docs, unreachable_pub)]
[INFO] [stderr]   3 | | #![allow(
[INFO] [stderr]   4 | |     clippy::doc_markdown,
[INFO] [stderr] ...   |
[INFO] [stderr] 276 | |     assert_eq!(response.status(), http::StatusCode::NOT_ACCEPTABLE);
[INFO] [stderr] 277 | | }
[INFO] [stderr]     | |_^
[INFO] [stderr]     |
[INFO] [stderr]     = note: requested on the command line with `-W missing-docs`
[INFO] [stderr] 
[INFO] [stderr] warning: `tower-conneg` (test "client") generated 1 warning
[INFO] [stderr] warning: `tower-conneg` (test "retry") generated 1 warning
[INFO] [stderr] warning: `tower-conneg` (test "viz_integration") generated 1 warning
[INFO] [stderr]     Finished `release` profile [optimized] target(s) in 0.18s
[INFO] [stderr]      Running unittests src/lib.rs (/opt/rustwide/target/release/build/tower-conneg/254cb118ad050951/out/tower_conneg-254cb118ad050951)
[INFO] [stdout] 
[INFO] [stdout] running 0 tests
[INFO] [stdout] 
[INFO] [stdout] test result: ok. 0 passed; 0 failed; 0 ignored; 0 measured; 0 filtered out; finished in 0.00s
[INFO] [stdout] 
[INFO] [stderr]      Running tests/axum_integration.rs (/opt/rustwide/target/release/build/tower-conneg/519fb5b13a108367/out/axum_integration-519fb5b13a108367)
[INFO] [stdout] 
[INFO] [stdout] running 0 tests
[INFO] [stdout] 
[INFO] [stdout] test result: ok. 0 passed; 0 failed; 0 ignored; 0 measured; 0 filtered out; finished in 0.00s
[INFO] [stdout] 
[INFO] [stderr]      Running tests/bson_format.rs (/opt/rustwide/target/release/build/tower-conneg/99f5e727ab5c9857/out/bson_format-99f5e727ab5c9857)
[INFO] [stdout] 
[INFO] [stdout] running 0 tests
[INFO] [stdout] 
[INFO] [stdout] test result: ok. 0 passed; 0 failed; 0 ignored; 0 measured; 0 filtered out; finished in 0.00s
[INFO] [stdout] 
[INFO] [stderr]      Running tests/cbor_format.rs (/opt/rustwide/target/release/build/tower-conneg/0636927c7da1f861/out/cbor_format-0636927c7da1f861)
[INFO] [stdout] 
[INFO] [stdout] running 0 tests
[INFO] [stdout] 
[INFO] [stdout] test result: ok. 0 passed; 0 failed; 0 ignored; 0 measured; 0 filtered out; finished in 0.00s
[INFO] [stdout] 
[INFO] [stderr]      Running tests/client.rs (/opt/rustwide/target/release/build/tower-conneg/42017f842cab2a80/out/client-42017f842cab2a80)
[INFO] [stdout] 
[INFO] [stdout] running 0 tests
[INFO] [stdout] 
[INFO] [stdout] test result: ok. 0 passed; 0 failed; 0 ignored; 0 measured; 0 filtered out; finished in 0.00s
[INFO] [stdout] 
[INFO] [stderr]      Running tests/deserializer_bounds.rs (/opt/rustwide/target/release/build/tower-conneg/d17b6561be1adc15/out/deserializer_bounds-d17b6561be1adc15)
[INFO] [stdout] 
[INFO] [stdout] running 1 test
[INFO] [stdout] test test_serde_json_deserializer_bounds ... ok
[INFO] [stdout] 
[INFO] [stdout] test result: ok. 1 passed; 0 failed; 0 ignored; 0 measured; 0 filtered out; finished in 0.00s
[INFO] [stdout] 
[INFO] [stderr]      Running tests/ext.rs (/opt/rustwide/target/release/build/tower-conneg/25157fa2f3e3db7e/out/ext-25157fa2f3e3db7e)
[INFO] [stderr]      Running tests/form_format.rs (/opt/rustwide/target/release/build/tower-conneg/796eeda4b0a07e4c/out/form_format-796eeda4b0a07e4c)
[INFO] [stdout] 
[INFO] [stdout] running 0 tests
[INFO] [stdout] 
[INFO] [stdout] test result: ok. 0 passed; 0 failed; 0 ignored; 0 measured; 0 filtered out; finished in 0.00s
[INFO] [stdout] 
[INFO] [stdout] 
[INFO] [stdout] running 0 tests
[INFO] [stdout] 
[INFO] [stdout] test result: ok. 0 passed; 0 failed; 0 ignored; 0 measured; 0 filtered out; finished in 0.00s
[INFO] [stdout] 
[INFO] [stderr]      Running tests/html_format.rs (/opt/rustwide/target/release/build/tower-conneg/ea0db89c7585ea9c/out/html_format-ea0db89c7585ea9c)
[INFO] [stdout] 
[INFO] [stdout] running 0 tests
[INFO] [stdout] 
[INFO] [stdout] test result: ok. 0 passed; 0 failed; 0 ignored; 0 measured; 0 filtered out; finished in 0.00s
[INFO] [stdout] 
[INFO] [stderr]      Running tests/hyper_integration.rs (/opt/rustwide/target/release/build/tower-conneg/8772efa597f7a692/out/hyper_integration-8772efa597f7a692)
[INFO] [stdout] 
[INFO] [stdout] running 0 tests
[INFO] [stdout] 
[INFO] [stdout] test result: ok. 0 passed; 0 failed; 0 ignored; 0 measured; 0 filtered out; finished in 0.00s
[INFO] [stdout] 
[INFO] [stderr]      Running tests/json_format.rs (/opt/rustwide/target/release/build/tower-conneg/4feb44e40907bf07/out/json_format-4feb44e40907bf07)
[INFO] [stdout] 
[INFO] [stdout] running 8 tests
[INFO] [stdout] test json_format_match_specificity_none ... ok
[INFO] [stdout] test json_format_media_types ... ok
[INFO] [stdout] test json_format_match_specificity_type_only ... ok
[INFO] [stdout] test json_format_match_specificity_exact ... ok
[INFO] [stdout] test json_format_erased_roundtrip ... ok
[INFO] [stdout] test json_format_match_specificity_wildcard ... ok
[INFO] [stdout] test json_format_content_type_header ... ok
[INFO] [stdout] test json_format_roundtrip_serialization ... ok
[INFO] [stderr]      Running tests/msgpack_format.rs (/opt/rustwide/target/release/build/tower-conneg/21bc0920d93ef83e/out/msgpack_format-21bc0920d93ef83e)
[INFO] [stdout] 
[INFO] [stdout] test result: ok. 8 passed; 0 failed; 0 ignored; 0 measured; 0 filtered out; finished in 0.01s
[INFO] [stdout] 
[INFO] [stdout] 
[INFO] [stdout] running 0 tests
[INFO] [stdout] 
[INFO] [stdout] test result: ok. 0 passed; 0 failed; 0 ignored; 0 measured; 0 filtered out; finished in 0.00s
[INFO] [stdout] 
[INFO] [stderr]      Running tests/openapi.rs (/opt/rustwide/target/release/build/tower-conneg/78e7eb0abd3d38e6/out/openapi-78e7eb0abd3d38e6)
[INFO] [stdout] 
[INFO] [stderr]      Running tests/plain_text_format.rs (/opt/rustwide/target/release/build/tower-conneg/dc21c4699592832a/out/plain_text_format-dc21c4699592832a)
[INFO] [stdout] running 0 tests
[INFO] [stdout] 
[INFO] [stdout] test result: ok. 0 passed; 0 failed; 0 ignored; 0 measured; 0 filtered out; finished in 0.00s
[INFO] [stdout] 
[INFO] [stdout] 
[INFO] [stdout] running 0 tests
[INFO] [stdout] 
[INFO] [stdout] test result: ok. 0 passed; 0 failed; 0 ignored; 0 measured; 0 filtered out; finished in 0.00s
[INFO] [stdout] 
[INFO] [stderr]      Running tests/poem_integration.rs (/opt/rustwide/target/release/build/tower-conneg/a48a4789b56d330c/out/poem_integration-a48a4789b56d330c)
[INFO] [stdout] 
[INFO] [stdout] running 0 tests
[INFO] [stdout] 
[INFO] [stdout] test result: ok. 0 passed; 0 failed; 0 ignored; 0 measured; 0 filtered out; finished in 0.00s
[INFO] [stdout] 
[INFO] [stderr]      Running tests/postcard_format.rs (/opt/rustwide/target/release/build/tower-conneg/4a0c5c80b82789d7/out/postcard_format-4a0c5c80b82789d7)
[INFO] [stdout] 
[INFO] [stderr]      Running tests/retry.rs (/opt/rustwide/target/release/build/tower-conneg/4a350d0fd1ad26ca/out/retry-4a350d0fd1ad26ca)
[INFO] [stdout] running 0 tests
[INFO] [stdout] 
[INFO] [stdout] test result: ok. 0 passed; 0 failed; 0 ignored; 0 measured; 0 filtered out; finished in 0.00s
[INFO] [stdout] 
[INFO] [stdout] 
[INFO] [stdout] running 0 tests
[INFO] [stdout] 
[INFO] [stdout] test result: ok. 0 passed; 0 failed; 0 ignored; 0 measured; 0 filtered out; finished in 0.00s
[INFO] [stdout] 
[INFO] [stderr]      Running tests/salvo_integration.rs (/opt/rustwide/target/release/build/tower-conneg/b7352b075f6345d5/out/salvo_integration-b7352b075f6345d5)
[INFO] [stderr]      Running tests/server.rs (/opt/rustwide/target/release/build/tower-conneg/8d4259ea3d94d927/out/server-8d4259ea3d94d927)
[INFO] [stdout] 
[INFO] [stdout] running 0 tests
[INFO] [stdout] 
[INFO] [stdout] test result: ok. 0 passed; 0 failed; 0 ignored; 0 measured; 0 filtered out; finished in 0.00s
[INFO] [stdout] 
[INFO] [stdout] 
[INFO] [stderr]      Running tests/toml_format.rs (/opt/rustwide/target/release/build/tower-conneg/1e1c42c9bcb56d15/out/toml_format-1e1c42c9bcb56d15)
[INFO] [stdout] running 0 tests
[INFO] [stdout] 
[INFO] [stdout] test result: ok. 0 passed; 0 failed; 0 ignored; 0 measured; 0 filtered out; finished in 0.00s
[INFO] [stdout] 
[INFO] [stderr]      Running tests/viz_integration.rs (/opt/rustwide/target/release/build/tower-conneg/ea06f397ac557d79/out/viz_integration-ea06f397ac557d79)
[INFO] [stdout] 
[INFO] [stdout] running 0 tests
[INFO] [stdout] 
[INFO] [stdout] test result: ok. 0 passed; 0 failed; 0 ignored; 0 measured; 0 filtered out; finished in 0.00s
[INFO] [stdout] 
[INFO] [stdout] 
[INFO] [stderr]      Running tests/xml_format.rs (/opt/rustwide/target/release/build/tower-conneg/04288f489c28cbd9/out/xml_format-04288f489c28cbd9)
[INFO] [stdout] running 0 tests
[INFO] [stderr]    Doc-tests tower_conneg
[INFO] [stdout] 
[INFO] [stdout] test result: ok. 0 passed; 0 failed; 0 ignored; 0 measured; 0 filtered out; finished in 0.00s
[INFO] [stdout] 
[INFO] [stdout] 
[INFO] [stdout] running 0 tests
[INFO] [stdout] 
[INFO] [stdout] test result: ok. 0 passed; 0 failed; 0 ignored; 0 measured; 0 filtered out; finished in 0.00s
[INFO] [stdout] 
[INFO] [stdout] 
[INFO] [stdout] running 4 tests
[INFO] [stdout] test src/../README.md - (line 17) ... ignored
[INFO] [stdout] test src/../README.md - (line 49) ... ignored
[INFO] [stdout] test src/../README.md - (line 58) ... ignored
[INFO] [stdout] test src/../README.md - (line 102) ... FAILED
[INFO] [stdout] 
[INFO] [stdout] failures:
[INFO] [stdout] 
[INFO] [stdout] ---- src/../README.md - (line 102) stdout ----
[INFO] [stdout] error[E0433]: cannot find module or crate `utoipa` in this scope
[INFO] [stdout]    --> src/../README.md:105:5
[INFO] [stdout]     |
[INFO] [stdout] 105 | use utoipa::openapi::{
[INFO] [stdout]     |     ^^^^^^ use of unresolved module or unlinked crate `utoipa`
[INFO] [stdout]     |
[INFO] [stdout]     = help: if you wanted to use a crate named `utoipa`, use `cargo add utoipa` to add it to your `Cargo.toml`
[INFO] [stdout] 
[INFO] [stdout] error[E0432]: unresolved import `tower_conneg::OpenApiFormats`
[INFO] [stdout]    --> src/../README.md:104:5
[INFO] [stdout]     |
[INFO] [stdout] 104 | use tower_conneg::OpenApiFormats;
[INFO] [stdout]     |     ^^^^^^^^^^^^^^--------------
[INFO] [stdout]     |                   |
[INFO] [stdout]     |                   no `OpenApiFormats` in the root
[INFO] [stdout]     |
[INFO] [stdout] note: found an item that was configured out
[INFO] [stdout]    --> src/lib.rs:41:18
[INFO] [stdout]     |
[INFO] [stdout]  40 | #[cfg(feature = "utoipa")]
[INFO] [stdout]     |       ------------------ the item is gated behind the `utoipa` feature
[INFO] [stdout]  41 | pub use openapi::OpenApiFormats;
[INFO] [stdout]     |                  ^^^^^^^^^^^^^^
[INFO] [stdout] 
[INFO] [stdout] error[E0432]: unresolved import `utoipa`
[INFO] [stdout]    --> src/../README.md:108:5
[INFO] [stdout]     |
[INFO] [stdout] 108 | use utoipa::ToSchema;
[INFO] [stdout]     |     ^^^^^^ use of unresolved module or unlinked crate `utoipa`
[INFO] [stdout]     |
[INFO] [stdout]     = help: if you wanted to use a crate named `utoipa`, use `cargo add utoipa` to add it to your `Cargo.toml`
[INFO] [stdout] 
[INFO] [stdout] error: aborting due to 3 previous errors
[INFO] [stdout] 
[INFO] [stdout] Some errors have detailed explanations: E0432, E0433.
[INFO] [stdout] For more information about an error, try `rustc --explain E0432`.
[INFO] [stdout] Couldn't compile the test.
[INFO] [stdout] 
[INFO] [stdout] failures:
[INFO] [stdout]     src/../README.md - (line 102)
[INFO] [stdout] 
[INFO] [stdout] test result: FAILED. 0 passed; 1 failed; 3 ignored; 0 measured; 0 filtered out; finished in 0.14s
[INFO] [stdout] 
[INFO] [stdout] all doctests ran in 0.21s; merged doctests compilation took 0.07s
[INFO] [stderr] error: doctest failed, to rerun pass `--doc`
[INFO] running `Command { std: "docker" "inspect" "97e80fda3142a96468549f7eeab604cc6914a8cfaa8edfe724599b0f0cfa821d", kill_on_drop: false }`
[INFO] running `Command { std: "docker" "rm" "-f" "97e80fda3142a96468549f7eeab604cc6914a8cfaa8edfe724599b0f0cfa821d", kill_on_drop: false }`
[INFO] [stdout] 97e80fda3142a96468549f7eeab604cc6914a8cfaa8edfe724599b0f0cfa821d
