[INFO] fetching crate touchportal-sdk 0.0.1...
[INFO] testing touchportal-sdk-0.0.1 against 1.99.0-beta.8+cargoflags=--release for beta-release-1.100-2
[INFO] extracting crate touchportal-sdk 0.0.1 into /workspace/builds/worker-0-tc1/source
[INFO] started tweaking crates.io crate touchportal-sdk 0.0.1
[INFO] finished tweaking crates.io crate touchportal-sdk 0.0.1
[INFO] tweaked toml for crates.io crate touchportal-sdk 0.0.1 written to /workspace/builds/worker-0-tc1/source/Cargo.toml
[INFO] validating manifest of crates.io crate touchportal-sdk 0.0.1 on toolchain 1.99.0-beta.8
[INFO] running `Command { std: CARGO_HOME="/workspace/cargo-home" RUSTUP_HOME="/workspace/rustup-home" "/workspace/cargo-home/bin/cargo" "+1.99.0-beta.8" "metadata" "--manifest-path" "Cargo.toml" "--no-deps", kill_on_drop: false }`
[INFO] crate crates.io crate touchportal-sdk 0.0.1 already has a lockfile, it will not be regenerated
[INFO] running `Command { std: CARGO_HOME="/workspace/cargo-home" RUSTUP_HOME="/workspace/rustup-home" "/workspace/cargo-home/bin/cargo" "+1.99.0-beta.8" "fetch" "--manifest-path" "Cargo.toml", kill_on_drop: false }`
[INFO] [stderr]     Updating crates.io index
[INFO] [stderr]  Downloading crates ...
[INFO] [stderr]   Downloaded zopfli v0.8.2
[INFO] [stderr]   Downloaded socket2 v0.6.0
[INFO] [stderr]   Downloaded libz-rs-sys v0.5.1
[INFO] [stderr]   Downloaded rustc-demangle v0.1.26
[INFO] [stderr]   Downloaded indenter v0.3.3
[INFO] [stderr]   Downloaded zip v4.3.0
[INFO] [stderr]   Downloaded hex_color v3.0.0
[INFO] [stderr]   Downloaded prettyplease v0.2.36
[INFO] [stderr]   Downloaded eyre v0.6.12
[INFO] [stderr]   Downloaded serde_json v1.0.142
[INFO] [stderr]   Downloaded zlib-rs v0.5.1
[INFO] running `Command { std: "docker" "create" "-v" "/var/lib/crater-agent-workspace/builds/worker-0-tc1/source:/opt/rustwide/workdir:ro,Z" "-v" "/var/lib/crater-agent-workspace/builds/worker-0-tc1/target:/opt/rustwide/target:rw,Z" "-v" "/var/lib/crater-agent-workspace/cargo-home:/opt/rustwide/cargo-home:ro,Z" "-v" "/var/lib/crater-agent-workspace/rustup-home:/opt/rustwide/rustup-home:ro,Z" "-m" "1610612736" "--network" "none" "ghcr.io/rust-lang/crates-build-env/linux@sha256:77db811e55d90add9212f6832c23229e3de5f1c1f9905e8cb07319ea15df73ac" "sleep" "infinity", kill_on_drop: false }`
[INFO] [stdout] dade8cbbe31f4722f1071c38d801a0e6cc38f05d13ce88cc0458f077dbce2585
[INFO] running `Command { std: "docker" "start" "dade8cbbe31f4722f1071c38d801a0e6cc38f05d13ce88cc0458f077dbce2585", kill_on_drop: false }`
[INFO] running `Command { std: "docker" "inspect" "dade8cbbe31f4722f1071c38d801a0e6cc38f05d13ce88cc0458f077dbce2585", kill_on_drop: false }`
[INFO] running `Command { std: "docker" "exec" "-e" "SOURCE_DIR=/opt/rustwide/workdir" "-e" "CARGO_HOME=/opt/rustwide/cargo-home" "-e" "RUSTUP_HOME=/opt/rustwide/rustup-home" "-e" "CARGO_TARGET_DIR=/opt/rustwide/target" "-w" "/opt/rustwide/workdir" "--user" "0:0" "dade8cbbe31f4722f1071c38d801a0e6cc38f05d13ce88cc0458f077dbce2585" "/opt/rustwide/cargo-home/bin/cargo" "+1.99.0-beta.8" "metadata" "--no-deps" "--format-version=1", kill_on_drop: false }`
[INFO] running `Command { std: "docker" "inspect" "dade8cbbe31f4722f1071c38d801a0e6cc38f05d13ce88cc0458f077dbce2585", kill_on_drop: false }`
[INFO] running `Command { std: "docker" "exec" "-e" "SOURCE_DIR=/opt/rustwide/workdir" "-e" "CARGO_HOME=/opt/rustwide/cargo-home" "-e" "RUSTUP_HOME=/opt/rustwide/rustup-home" "-e" "CARGO_TARGET_DIR=/opt/rustwide/target" "-e" "CARGO_INCREMENTAL=0" "-e" "RUST_BACKTRACE=full" "-e" "RUSTFLAGS=--cap-lints=warn" "-e" "RUSTDOCFLAGS=--cap-lints=warn" "-w" "/opt/rustwide/workdir" "--user" "0:0" "dade8cbbe31f4722f1071c38d801a0e6cc38f05d13ce88cc0458f077dbce2585" "/opt/rustwide/cargo-home/bin/cargo" "+1.99.0-beta.8" "build" "--frozen" "--message-format=json" "--release", kill_on_drop: false }`
[INFO] [stderr]    Compiling proc-macro2 v1.0.95
[INFO] [stderr]    Compiling unicode-ident v1.0.18
[INFO] [stderr]    Compiling serde v1.0.219
[INFO] [stderr]    Compiling memchr v2.7.5
[INFO] [stderr]    Compiling cfg-if v1.0.1
[INFO] [stderr]    Compiling zlib-rs v0.5.1
[INFO] [stderr]    Compiling regex-syntax v0.8.5
[INFO] [stderr]    Compiling crc32fast v1.5.0
[INFO] [stderr]    Compiling hashbrown v0.15.4
[INFO] [stderr]    Compiling prettyplease v0.2.36
[INFO] [stderr]    Compiling simd-adler32 v0.3.7
[INFO] [stderr]    Compiling eyre v0.6.12
[INFO] [stderr]    Compiling log v0.4.27
[INFO] [stderr]    Compiling quote v1.0.40
[INFO] [stderr]    Compiling aho-corasick v1.1.3
[INFO] [stderr]    Compiling bumpalo v3.19.0
[INFO] [stderr]    Compiling syn v2.0.104
[INFO] [stderr]    Compiling serde_json v1.0.142
[INFO] [stderr]    Compiling zopfli v0.8.2
[INFO] [stderr]    Compiling arrayvec v0.7.6
[INFO] [stderr]    Compiling ryu v1.0.20
[INFO] [stderr]    Compiling itoa v1.0.15
[INFO] [stderr]    Compiling indenter v0.3.3
[INFO] [stderr]    Compiling once_cell v1.21.3
[INFO] [stderr]    Compiling regex-automata v0.4.9
[INFO] [stderr]    Compiling libz-rs-sys v0.5.1
[INFO] [stderr]    Compiling flate2 v1.1.2
[INFO] [stderr]    Compiling darling_core v0.20.11
[INFO] [stderr]    Compiling regex v1.11.1
[INFO] [stderr]    Compiling serde_derive v1.0.219
[INFO] [stderr]    Compiling serde_repr v0.1.20
[INFO] [stderr]    Compiling Inflector v0.11.4
[INFO] [stderr]    Compiling darling_macro v0.20.11
[INFO] [stderr]    Compiling darling v0.20.11
[INFO] [stderr]    Compiling derive_builder_core v0.20.2
[INFO] [stderr]    Compiling derive_builder_macro v0.20.2
[INFO] [stderr]    Compiling derive_builder v0.20.2
[INFO] [stderr]    Compiling indexmap v2.10.0
[INFO] [stderr]    Compiling hex_color v3.0.0
[INFO] [stderr]    Compiling zip v4.3.0
[INFO] [stderr]    Compiling touchportal-sdk v0.0.1 (/opt/rustwide/workdir)
[INFO] [stdout] warning: trailing semicolon in macro used in expression position
[INFO] [stdout]   --> src/protocol.rs:59:22
[INFO] [stdout]    |
[INFO] [stdout] 59 |             other => eyre::bail!("TouchPortal does not use {other} for switch values"),
[INFO] [stdout]    |                      ^^^^^^^^^^^^^^^^^^^^^^^^^^^^^^^^^^^^^^^^^^^^^^^^^^^^^^^^^^^^^^^^^
[INFO] [stdout]    |
[INFO] [stdout]    = warning: this was previously accepted by the compiler but is being phased out; it will become a hard error in a future release!
[INFO] [stdout]    = note: for more information, see issue #79813 <https://github.com/rust-lang/rust/issues/79813>
[INFO] [stdout]    = note: `#[warn(semicolon_in_expressions_from_non_local_macros)]` (part of `#[warn(future_incompatible)]`) on by default
[INFO] [stdout]    = note: this warning originates in the macro `eyre::bail` (in Nightly builds, run with -Z macro-backtrace for more info)
[INFO] [stdout] 
[INFO] [stdout] 
[INFO] [stdout] warning: didn't expect any arguments here
[INFO] [stdout]   --> src/protocol/incoming.rs:84:18
[INFO] [stdout]    |
[INFO] [stdout] 84 |     #[doc(hidden = "handled transparently by codegen")]
[INFO] [stdout]    |                  ^^^^^^^^^^^^^^^^^^^^^^^^^^^^^^^^^^^^
[INFO] [stdout]    |
[INFO] [stdout]    = warning: this was previously accepted by the compiler but is being phased out; it will become a hard error in a future release!
[INFO] [stdout]    = note: `#[warn(invalid_doc_attributes)]` on by default
[INFO] [stdout] 
[INFO] [stdout] 
[INFO] [stdout] warning: didn't expect any arguments here
[INFO] [stdout]   --> src/protocol/incoming.rs:86:18
[INFO] [stdout]    |
[INFO] [stdout] 86 |     #[doc(hidden = "handled transparently by codegen")]
[INFO] [stdout]    |                  ^^^^^^^^^^^^^^^^^^^^^^^^^^^^^^^^^^^^
[INFO] [stdout]    |
[INFO] [stdout]    = warning: this was previously accepted by the compiler but is being phased out; it will become a hard error in a future release!
[INFO] [stdout] 
[INFO] [stdout] 
[INFO] [stdout] warning: didn't expect any arguments here
[INFO] [stdout]    --> src/protocol/incoming.rs:153:18
[INFO] [stdout]     |
[INFO] [stdout] 153 |     #[doc(hidden = "handled transparently by codegen")]
[INFO] [stdout]     |                  ^^^^^^^^^^^^^^^^^^^^^^^^^^^^^^^^^^^^
[INFO] [stdout]     |
[INFO] [stdout]     = warning: this was previously accepted by the compiler but is being phased out; it will become a hard error in a future release!
[INFO] [stdout] 
[INFO] [stdout] 
[INFO] [stdout] warning: didn't expect any arguments here
[INFO] [stdout]    --> src/protocol/incoming.rs:155:18
[INFO] [stdout]     |
[INFO] [stdout] 155 |     #[doc(hidden = "handled transparently by codegen")]
[INFO] [stdout]     |                  ^^^^^^^^^^^^^^^^^^^^^^^^^^^^^^^^^^^^
[INFO] [stdout]     |
[INFO] [stdout]     = warning: this was previously accepted by the compiler but is being phased out; it will become a hard error in a future release!
[INFO] [stdout] 
[INFO] [stdout] 
[INFO] [stdout] warning: didn't expect any arguments here
[INFO] [stdout]    --> src/protocol/incoming.rs:157:18
[INFO] [stdout]     |
[INFO] [stdout] 157 |     #[doc(hidden = "handled transparently by codegen")]
[INFO] [stdout]     |                  ^^^^^^^^^^^^^^^^^^^^^^^^^^^^^^^^^^^^
[INFO] [stdout]     |
[INFO] [stdout]     = warning: this was previously accepted by the compiler but is being phased out; it will become a hard error in a future release!
[INFO] [stdout] 
[INFO] [stdout] 
[INFO] [stdout] warning: didn't expect any arguments here
[INFO] [stdout]    --> src/protocol/incoming.rs:160:18
[INFO] [stdout]     |
[INFO] [stdout] 160 |     #[doc(hidden = "handled transparently by codegen")]
[INFO] [stdout]     |                  ^^^^^^^^^^^^^^^^^^^^^^^^^^^^^^^^^^^^
[INFO] [stdout]     |
[INFO] [stdout]     = warning: this was previously accepted by the compiler but is being phased out; it will become a hard error in a future release!
[INFO] [stdout] 
[INFO] [stdout] 
[INFO] [stdout] warning: didn't expect any arguments here
[INFO] [stdout]    --> src/protocol/incoming.rs:177:18
[INFO] [stdout]     |
[INFO] [stdout] 177 |     #[doc(hidden = "handled transparently by codegen")]
[INFO] [stdout]     |                  ^^^^^^^^^^^^^^^^^^^^^^^^^^^^^^^^^^^^
[INFO] [stdout]     |
[INFO] [stdout]     = warning: this was previously accepted by the compiler but is being phased out; it will become a hard error in a future release!
[INFO] [stdout] 
[INFO] [stdout] 
[INFO] [stdout] warning: didn't expect any arguments here
[INFO] [stdout]    --> src/protocol/incoming.rs:179:18
[INFO] [stdout]     |
[INFO] [stdout] 179 |     #[doc(hidden = "handled transparently by codegen")]
[INFO] [stdout]     |                  ^^^^^^^^^^^^^^^^^^^^^^^^^^^^^^^^^^^^
[INFO] [stdout]     |
[INFO] [stdout]     = warning: this was previously accepted by the compiler but is being phased out; it will become a hard error in a future release!
[INFO] [stdout] 
[INFO] [stdout] 
[INFO] [stderr]     Finished `release` profile [optimized] target(s) in 1m 54s
[INFO] running `Command { std: "docker" "inspect" "dade8cbbe31f4722f1071c38d801a0e6cc38f05d13ce88cc0458f077dbce2585", kill_on_drop: false }`
[INFO] running `Command { std: "docker" "exec" "-e" "SOURCE_DIR=/opt/rustwide/workdir" "-e" "CARGO_HOME=/opt/rustwide/cargo-home" "-e" "RUSTUP_HOME=/opt/rustwide/rustup-home" "-e" "CARGO_TARGET_DIR=/opt/rustwide/target" "-e" "CARGO_INCREMENTAL=0" "-e" "RUST_BACKTRACE=full" "-e" "RUSTFLAGS=--cap-lints=warn" "-e" "RUSTDOCFLAGS=--cap-lints=warn" "-w" "/opt/rustwide/workdir" "--user" "0:0" "dade8cbbe31f4722f1071c38d801a0e6cc38f05d13ce88cc0458f077dbce2585" "/opt/rustwide/cargo-home/bin/cargo" "+1.99.0-beta.8" "test" "--frozen" "--no-run" "--message-format=json" "--release", kill_on_drop: false }`
[INFO] [stderr]    Compiling touchportal-sdk v0.0.1 (/opt/rustwide/workdir)
[INFO] [stdout] warning: trailing semicolon in macro used in expression position
[INFO] [stdout]   --> src/protocol.rs:59:22
[INFO] [stdout]    |
[INFO] [stdout] 59 |             other => eyre::bail!("TouchPortal does not use {other} for switch values"),
[INFO] [stdout]    |                      ^^^^^^^^^^^^^^^^^^^^^^^^^^^^^^^^^^^^^^^^^^^^^^^^^^^^^^^^^^^^^^^^^
[INFO] [stdout]    |
[INFO] [stdout]    = warning: this was previously accepted by the compiler but is being phased out; it will become a hard error in a future release!
[INFO] [stdout]    = note: for more information, see issue #79813 <https://github.com/rust-lang/rust/issues/79813>
[INFO] [stdout]    = note: `#[warn(semicolon_in_expressions_from_non_local_macros)]` (part of `#[warn(future_incompatible)]`) on by default
[INFO] [stdout]    = note: this warning originates in the macro `eyre::bail` (in Nightly builds, run with -Z macro-backtrace for more info)
[INFO] [stdout] 
[INFO] [stdout] 
[INFO] [stdout] warning: didn't expect any arguments here
[INFO] [stdout]   --> src/protocol/incoming.rs:84:18
[INFO] [stdout]    |
[INFO] [stdout] 84 |     #[doc(hidden = "handled transparently by codegen")]
[INFO] [stdout]    |                  ^^^^^^^^^^^^^^^^^^^^^^^^^^^^^^^^^^^^
[INFO] [stdout]    |
[INFO] [stdout]    = warning: this was previously accepted by the compiler but is being phased out; it will become a hard error in a future release!
[INFO] [stdout]    = note: `#[warn(invalid_doc_attributes)]` on by default
[INFO] [stdout] 
[INFO] [stdout] 
[INFO] [stdout] warning: didn't expect any arguments here
[INFO] [stdout]   --> src/protocol/incoming.rs:86:18
[INFO] [stdout]    |
[INFO] [stdout] 86 |     #[doc(hidden = "handled transparently by codegen")]
[INFO] [stdout]    |                  ^^^^^^^^^^^^^^^^^^^^^^^^^^^^^^^^^^^^
[INFO] [stdout]    |
[INFO] [stdout]    = warning: this was previously accepted by the compiler but is being phased out; it will become a hard error in a future release!
[INFO] [stdout] 
[INFO] [stdout] 
[INFO] [stdout] warning: didn't expect any arguments here
[INFO] [stdout]    --> src/protocol/incoming.rs:153:18
[INFO] [stdout]     |
[INFO] [stdout] 153 |     #[doc(hidden = "handled transparently by codegen")]
[INFO] [stdout]     |                  ^^^^^^^^^^^^^^^^^^^^^^^^^^^^^^^^^^^^
[INFO] [stdout]     |
[INFO] [stdout]     = warning: this was previously accepted by the compiler but is being phased out; it will become a hard error in a future release!
[INFO] [stdout] 
[INFO] [stdout] 
[INFO] [stdout] warning: didn't expect any arguments here
[INFO] [stdout]    --> src/protocol/incoming.rs:155:18
[INFO] [stdout]     |
[INFO] [stdout] 155 |     #[doc(hidden = "handled transparently by codegen")]
[INFO] [stdout]     |                  ^^^^^^^^^^^^^^^^^^^^^^^^^^^^^^^^^^^^
[INFO] [stdout]     |
[INFO] [stdout]     = warning: this was previously accepted by the compiler but is being phased out; it will become a hard error in a future release!
[INFO] [stdout] 
[INFO] [stdout] 
[INFO] [stdout] warning: didn't expect any arguments here
[INFO] [stdout]    --> src/protocol/incoming.rs:157:18
[INFO] [stdout]     |
[INFO] [stdout] 157 |     #[doc(hidden = "handled transparently by codegen")]
[INFO] [stdout]     |                  ^^^^^^^^^^^^^^^^^^^^^^^^^^^^^^^^^^^^
[INFO] [stdout]     |
[INFO] [stdout]     = warning: this was previously accepted by the compiler but is being phased out; it will become a hard error in a future release!
[INFO] [stdout] 
[INFO] [stdout] 
[INFO] [stdout] warning: didn't expect any arguments here
[INFO] [stdout]    --> src/protocol/incoming.rs:160:18
[INFO] [stdout]     |
[INFO] [stdout] 160 |     #[doc(hidden = "handled transparently by codegen")]
[INFO] [stdout]     |                  ^^^^^^^^^^^^^^^^^^^^^^^^^^^^^^^^^^^^
[INFO] [stdout]     |
[INFO] [stdout]     = warning: this was previously accepted by the compiler but is being phased out; it will become a hard error in a future release!
[INFO] [stdout] 
[INFO] [stdout] 
[INFO] [stdout] warning: didn't expect any arguments here
[INFO] [stdout]    --> src/protocol/incoming.rs:177:18
[INFO] [stdout]     |
[INFO] [stdout] 177 |     #[doc(hidden = "handled transparently by codegen")]
[INFO] [stdout]     |                  ^^^^^^^^^^^^^^^^^^^^^^^^^^^^^^^^^^^^
[INFO] [stdout]     |
[INFO] [stdout]     = warning: this was previously accepted by the compiler but is being phased out; it will become a hard error in a future release!
[INFO] [stdout] 
[INFO] [stdout] 
[INFO] [stdout] warning: didn't expect any arguments here
[INFO] [stdout]    --> src/protocol/incoming.rs:179:18
[INFO] [stdout]     |
[INFO] [stdout] 179 |     #[doc(hidden = "handled transparently by codegen")]
[INFO] [stdout]     |                  ^^^^^^^^^^^^^^^^^^^^^^^^^^^^^^^^^^^^
[INFO] [stdout]     |
[INFO] [stdout]     = warning: this was previously accepted by the compiler but is being phased out; it will become a hard error in a future release!
[INFO] [stdout] 
[INFO] [stdout] 
[INFO] [stdout] warning: trailing semicolon in macro used in expression position
[INFO] [stdout]   --> src/protocol.rs:59:22
[INFO] [stdout]    |
[INFO] [stdout] 59 |             other => eyre::bail!("TouchPortal does not use {other} for switch values"),
[INFO] [stdout]    |                      ^^^^^^^^^^^^^^^^^^^^^^^^^^^^^^^^^^^^^^^^^^^^^^^^^^^^^^^^^^^^^^^^^
[INFO] [stdout]    |
[INFO] [stdout]    = warning: this was previously accepted by the compiler but is being phased out; it will become a hard error in a future release!
[INFO] [stdout]    = note: for more information, see issue #79813 <https://github.com/rust-lang/rust/issues/79813>
[INFO] [stdout]    = note: `#[warn(semicolon_in_expressions_from_non_local_macros)]` (part of `#[warn(future_incompatible)]`) on by default
[INFO] [stdout]    = note: this warning originates in the macro `eyre::bail` (in Nightly builds, run with -Z macro-backtrace for more info)
[INFO] [stdout] 
[INFO] [stdout] 
[INFO] [stdout] warning: didn't expect any arguments here
[INFO] [stdout]   --> src/protocol/incoming.rs:84:18
[INFO] [stdout]    |
[INFO] [stdout] 84 |     #[doc(hidden = "handled transparently by codegen")]
[INFO] [stdout]    |                  ^^^^^^^^^^^^^^^^^^^^^^^^^^^^^^^^^^^^
[INFO] [stdout]    |
[INFO] [stdout]    = warning: this was previously accepted by the compiler but is being phased out; it will become a hard error in a future release!
[INFO] [stdout]    = note: `#[warn(invalid_doc_attributes)]` on by default
[INFO] [stdout] 
[INFO] [stdout] 
[INFO] [stdout] warning: didn't expect any arguments here
[INFO] [stdout]   --> src/protocol/incoming.rs:86:18
[INFO] [stdout]    |
[INFO] [stdout] 86 |     #[doc(hidden = "handled transparently by codegen")]
[INFO] [stdout]    |                  ^^^^^^^^^^^^^^^^^^^^^^^^^^^^^^^^^^^^
[INFO] [stdout]    |
[INFO] [stdout]    = warning: this was previously accepted by the compiler but is being phased out; it will become a hard error in a future release!
[INFO] [stdout] 
[INFO] [stdout] 
[INFO] [stdout] warning: didn't expect any arguments here
[INFO] [stdout]    --> src/protocol/incoming.rs:153:18
[INFO] [stdout]     |
[INFO] [stdout] 153 |     #[doc(hidden = "handled transparently by codegen")]
[INFO] [stdout]     |                  ^^^^^^^^^^^^^^^^^^^^^^^^^^^^^^^^^^^^
[INFO] [stdout]     |
[INFO] [stdout]     = warning: this was previously accepted by the compiler but is being phased out; it will become a hard error in a future release!
[INFO] [stdout] 
[INFO] [stdout] 
[INFO] [stdout] warning: didn't expect any arguments here
[INFO] [stdout]    --> src/protocol/incoming.rs:155:18
[INFO] [stdout]     |
[INFO] [stdout] 155 |     #[doc(hidden = "handled transparently by codegen")]
[INFO] [stdout]     |                  ^^^^^^^^^^^^^^^^^^^^^^^^^^^^^^^^^^^^
[INFO] [stdout]     |
[INFO] [stdout]     = warning: this was previously accepted by the compiler but is being phased out; it will become a hard error in a future release!
[INFO] [stdout] 
[INFO] [stdout] 
[INFO] [stdout] warning: didn't expect any arguments here
[INFO] [stdout]    --> src/protocol/incoming.rs:157:18
[INFO] [stdout]     |
[INFO] [stdout] 157 |     #[doc(hidden = "handled transparently by codegen")]
[INFO] [stdout]     |                  ^^^^^^^^^^^^^^^^^^^^^^^^^^^^^^^^^^^^
[INFO] [stdout]     |
[INFO] [stdout]     = warning: this was previously accepted by the compiler but is being phased out; it will become a hard error in a future release!
[INFO] [stdout] 
[INFO] [stdout] 
[INFO] [stdout] warning: didn't expect any arguments here
[INFO] [stdout]    --> src/protocol/incoming.rs:160:18
[INFO] [stdout]     |
[INFO] [stdout] 160 |     #[doc(hidden = "handled transparently by codegen")]
[INFO] [stdout]     |                  ^^^^^^^^^^^^^^^^^^^^^^^^^^^^^^^^^^^^
[INFO] [stdout]     |
[INFO] [stdout]     = warning: this was previously accepted by the compiler but is being phased out; it will become a hard error in a future release!
[INFO] [stdout] 
[INFO] [stdout] 
[INFO] [stdout] warning: didn't expect any arguments here
[INFO] [stdout]    --> src/protocol/incoming.rs:177:18
[INFO] [stdout]     |
[INFO] [stdout] 177 |     #[doc(hidden = "handled transparently by codegen")]
[INFO] [stdout]     |                  ^^^^^^^^^^^^^^^^^^^^^^^^^^^^^^^^^^^^
[INFO] [stdout]     |
[INFO] [stdout]     = warning: this was previously accepted by the compiler but is being phased out; it will become a hard error in a future release!
[INFO] [stdout] 
[INFO] [stdout] 
[INFO] [stdout] warning: didn't expect any arguments here
[INFO] [stdout]    --> src/protocol/incoming.rs:179:18
[INFO] [stdout]     |
[INFO] [stdout] 179 |     #[doc(hidden = "handled transparently by codegen")]
[INFO] [stdout]     |                  ^^^^^^^^^^^^^^^^^^^^^^^^^^^^^^^^^^^^
[INFO] [stdout]     |
[INFO] [stdout]     = warning: this was previously accepted by the compiler but is being phased out; it will become a hard error in a future release!
[INFO] [stdout] 
[INFO] [stdout] 
[INFO] [stderr]     Finished `release` profile [optimized] target(s) in 9.08s
[INFO] running `Command { std: "docker" "inspect" "dade8cbbe31f4722f1071c38d801a0e6cc38f05d13ce88cc0458f077dbce2585", kill_on_drop: false }`
[INFO] running `Command { std: "docker" "exec" "-e" "SOURCE_DIR=/opt/rustwide/workdir" "-e" "CARGO_HOME=/opt/rustwide/cargo-home" "-e" "RUSTUP_HOME=/opt/rustwide/rustup-home" "-e" "CARGO_TARGET_DIR=/opt/rustwide/target" "-e" "CARGO_INCREMENTAL=0" "-e" "RUST_BACKTRACE=full" "-e" "RUSTFLAGS=--cap-lints=warn" "-e" "RUSTDOCFLAGS=--cap-lints=warn" "-w" "/opt/rustwide/workdir" "--user" "0:0" "dade8cbbe31f4722f1071c38d801a0e6cc38f05d13ce88cc0458f077dbce2585" "/opt/rustwide/cargo-home/bin/cargo" "+1.99.0-beta.8" "test" "--frozen" "--release", kill_on_drop: false }`
[INFO] [stderr] warning: trailing semicolon in macro used in expression position
[INFO] [stderr]   --> src/protocol.rs:59:22
[INFO] [stderr]    |
[INFO] [stderr] 59 |             other => eyre::bail!("TouchPortal does not use {other} for switch values"),
[INFO] [stderr]    |                      ^^^^^^^^^^^^^^^^^^^^^^^^^^^^^^^^^^^^^^^^^^^^^^^^^^^^^^^^^^^^^^^^^
[INFO] [stderr]    |
[INFO] [stderr]    = warning: this was previously accepted by the compiler but is being phased out; it will become a hard error in a future release!
[INFO] [stderr]    = note: for more information, see issue #79813 <https://github.com/rust-lang/rust/issues/79813>
[INFO] [stderr]    = note: `#[warn(semicolon_in_expressions_from_non_local_macros)]` (part of `#[warn(future_incompatible)]`) on by default
[INFO] [stderr]    = note: this warning originates in the macro `eyre::bail` (in Nightly builds, run with -Z macro-backtrace for more info)
[INFO] [stderr] 
[INFO] [stderr] warning: didn't expect any arguments here
[INFO] [stderr]   --> src/protocol/incoming.rs:84:18
[INFO] [stderr]    |
[INFO] [stderr] 84 |     #[doc(hidden = "handled transparently by codegen")]
[INFO] [stderr]    |                  ^^^^^^^^^^^^^^^^^^^^^^^^^^^^^^^^^^^^
[INFO] [stderr]    |
[INFO] [stderr]    = warning: this was previously accepted by the compiler but is being phased out; it will become a hard error in a future release!
[INFO] [stderr]    = note: `#[warn(invalid_doc_attributes)]` on by default
[INFO] [stderr] 
[INFO] [stderr] warning: didn't expect any arguments here
[INFO] [stderr]   --> src/protocol/incoming.rs:86:18
[INFO] [stderr]    |
[INFO] [stderr] 86 |     #[doc(hidden = "handled transparently by codegen")]
[INFO] [stderr]    |                  ^^^^^^^^^^^^^^^^^^^^^^^^^^^^^^^^^^^^
[INFO] [stderr]    |
[INFO] [stderr]    = warning: this was previously accepted by the compiler but is being phased out; it will become a hard error in a future release!
[INFO] [stderr] 
[INFO] [stderr] warning: didn't expect any arguments here
[INFO] [stderr]    --> src/protocol/incoming.rs:153:18
[INFO] [stderr]     |
[INFO] [stderr] 153 |     #[doc(hidden = "handled transparently by codegen")]
[INFO] [stderr]     |                  ^^^^^^^^^^^^^^^^^^^^^^^^^^^^^^^^^^^^
[INFO] [stderr]     |
[INFO] [stderr]     = warning: this was previously accepted by the compiler but is being phased out; it will become a hard error in a future release!
[INFO] [stderr] 
[INFO] [stderr] warning: didn't expect any arguments here
[INFO] [stderr]    --> src/protocol/incoming.rs:155:18
[INFO] [stderr]     |
[INFO] [stderr] 155 |     #[doc(hidden = "handled transparently by codegen")]
[INFO] [stderr]     |                  ^^^^^^^^^^^^^^^^^^^^^^^^^^^^^^^^^^^^
[INFO] [stderr]     |
[INFO] [stderr]     = warning: this was previously accepted by the compiler but is being phased out; it will become a hard error in a future release!
[INFO] [stderr] 
[INFO] [stderr] warning: didn't expect any arguments here
[INFO] [stderr]    --> src/protocol/incoming.rs:157:18
[INFO] [stderr]     |
[INFO] [stderr] 157 |     #[doc(hidden = "handled transparently by codegen")]
[INFO] [stderr]     |                  ^^^^^^^^^^^^^^^^^^^^^^^^^^^^^^^^^^^^
[INFO] [stderr]     |
[INFO] [stderr]     = warning: this was previously accepted by the compiler but is being phased out; it will become a hard error in a future release!
[INFO] [stderr] 
[INFO] [stderr] warning: didn't expect any arguments here
[INFO] [stderr]    --> src/protocol/incoming.rs:160:18
[INFO] [stderr]     |
[INFO] [stderr] 160 |     #[doc(hidden = "handled transparently by codegen")]
[INFO] [stderr]     |                  ^^^^^^^^^^^^^^^^^^^^^^^^^^^^^^^^^^^^
[INFO] [stderr]     |
[INFO] [stderr]     = warning: this was previously accepted by the compiler but is being phased out; it will become a hard error in a future release!
[INFO] [stderr] 
[INFO] [stderr] warning: didn't expect any arguments here
[INFO] [stderr]    --> src/protocol/incoming.rs:177:18
[INFO] [stderr]     |
[INFO] [stderr] 177 |     #[doc(hidden = "handled transparently by codegen")]
[INFO] [stderr]     |                  ^^^^^^^^^^^^^^^^^^^^^^^^^^^^^^^^^^^^
[INFO] [stderr]     |
[INFO] [stderr]     = warning: this was previously accepted by the compiler but is being phased out; it will become a hard error in a future release!
[INFO] [stderr] 
[INFO] [stderr] warning: didn't expect any arguments here
[INFO] [stderr]    --> src/protocol/incoming.rs:179:18
[INFO] [stderr]     |
[INFO] [stderr] 179 |     #[doc(hidden = "handled transparently by codegen")]
[INFO] [stderr]     |                  ^^^^^^^^^^^^^^^^^^^^^^^^^^^^^^^^^^^^
[INFO] [stderr]     |
[INFO] [stderr]     = warning: this was previously accepted by the compiler but is being phased out; it will become a hard error in a future release!
[INFO] [stderr] 
[INFO] [stderr] warning: `touchportal-sdk` (lib) generated 9 warnings
[INFO] [stderr] warning: `touchportal-sdk` (lib test) generated 9 warnings (9 duplicates)
[INFO] [stderr]     Finished `release` profile [optimized] target(s) in 0.14s
[INFO] [stderr]      Running unittests src/lib.rs (/opt/rustwide/target/release/deps/touchportal_sdk-ad1f5c70dce8627a)
[INFO] [stdout] 
[INFO] [stdout] running 14 tests
[INFO] [stdout] test actions::tests::serialize_tutorial_sdk_plugin_static_action ... ok
[INFO] [stdout] test serialize_tutorial_sdk_category_example ... ok
[INFO] [stdout] test serialize_tutorial_sdk_example ... ok
[INFO] [stdout] test actions::tests::serialize_tutorial_sdk_plugin_multi_lang_action ... ok
[INFO] [stdout] test serialize_tutorial_sdk_plugin_with_category_example ... FAILED
[INFO] [stdout] test actions::tests::serialize_tutorial_sdk_plugin_dynamic_action ... ok
[INFO] [stdout] test events::serialize_example_event ... ok
[INFO] [stdout] test data::serialize_example_action_data_switch ... ok
[INFO] [stdout] test data::serialize_example_action_data_number ... ok
[INFO] [stdout] test settings::serialize_example_setting ... ok
[INFO] [stdout] test data::serialize_example_action_data_text ... ok
[INFO] [stdout] test settings::serialize_example_setting_with_tooltip ... ok
[INFO] [stdout] test states::serialize_example_state ... ok
[INFO] [stdout] test data::serialize_example_action_data_choice ... ok
[INFO] [stdout] 
[INFO] [stdout] failures:
[INFO] [stdout] 
[INFO] [stdout] ---- serialize_tutorial_sdk_plugin_with_category_example stdout ----
[INFO] [stdout] 
[INFO] [stdout] thread 'serialize_tutorial_sdk_plugin_with_category_example' (1008) panicked at src/lib.rs:755:18:
[INFO] [stdout] called `Result::unwrap()` on an `Err` value: ValidationError("category 'tp_tut_001_cat_01' is empty - categories must contain at least one action, event, connector, or state")
[INFO] [stdout] stack backtrace:
[INFO] [stdout]    0:     0x5a02b7214121 - <<std[70759c8f55707aa4]::sys::backtrace::BacktraceLock>::print::DisplayBacktrace as core[df12db4294e9bfd3]::fmt::Display>::fmt
[INFO] [stdout]    1:     0x5a02b7228cea - core[df12db4294e9bfd3]::fmt::write
[INFO] [stdout]    2:     0x5a02b72185bc - <alloc[2182bb758b4b3781]::vec::Vec<u8> as core[df12db4294e9bfd3]::io::write::Write>::write_fmt
[INFO] [stdout]    3:     0x5a02b71f0596 - std[70759c8f55707aa4]::panicking::default_hook::{closure#0}
[INFO] [stdout]    4:     0x5a02b720c709 - std[70759c8f55707aa4]::panicking::default_hook
[INFO] [stdout]    5:     0x5a02b71a6ef0 - test[9d35eded1c95d3be]::test_main_inner::<test[9d35eded1c95d3be]::test_main_static::{closure#0}>::{closure#0}
[INFO] [stdout]    6:     0x5a02b720c8c2 - std[70759c8f55707aa4]::panicking::panic_with_hook
[INFO] [stdout]    7:     0x5a02b71f0642 - std[70759c8f55707aa4]::panicking::panic_handler::{closure#0}
[INFO] [stdout]    8:     0x5a02b71e93c9 - std[70759c8f55707aa4]::sys::backtrace::__rust_end_short_backtrace::<std[70759c8f55707aa4]::panicking::panic_handler::{closure#0}, !>
[INFO] [stdout]    9:     0x5a02b71f123d - __rustc[8fa7c3cbc660c2b3]::rust_begin_unwind
[INFO] [stdout]   10:     0x5a02b722941c - core[df12db4294e9bfd3]::panicking::panic_fmt
[INFO] [stdout]   11:     0x5a02b72291f2 - core[df12db4294e9bfd3]::result::unwrap_failed
[INFO] [stdout]   12:     0x5a02b716ef69 - <touchportal_sdk[c3dbc4cac920e3c8]::serialize_tutorial_sdk_plugin_with_category_example::{closure#0} as core[df12db4294e9bfd3]::ops::function::FnOnce<()>>::call_once
[INFO] [stdout]   13:     0x5a02b719a1db - test[9d35eded1c95d3be]::__rust_begin_short_backtrace::<core[df12db4294e9bfd3]::result::Result<(), alloc[2182bb758b4b3781]::string::String>, fn() -> core[df12db4294e9bfd3]::result::Result<(), alloc[2182bb758b4b3781]::string::String>>
[INFO] [stdout]   14:     0x5a02b71a7845 - test[9d35eded1c95d3be]::run_test::{closure#0}
[INFO] [stdout]   15:     0x5a02b71a1104 - std[70759c8f55707aa4]::sys::backtrace::__rust_begin_short_backtrace::<test[9d35eded1c95d3be]::run_test::{closure#1}, ()>
[INFO] [stdout]   16:     0x5a02b71aa9a2 - <std[70759c8f55707aa4]::thread::lifecycle::spawn_unchecked<test[9d35eded1c95d3be]::run_test::{closure#1}, ()>::{closure#1} as core[df12db4294e9bfd3]::ops::function::FnOnce<()>>::call_once::{shim:vtable#0}
[INFO] [stdout]   17:     0x5a02b72139c9 - <std[70759c8f55707aa4]::sys::thread::unix::Thread>::new::thread_start
[INFO] [stdout]   18:     0x7cbbcfca0dfa - <unknown>
[INFO] [stdout]   19:     0x7cbbcfd343d4 - clone
[INFO] [stdout]   20:                0x0 - <unknown>
[INFO] [stdout] 
[INFO] [stdout] 
[INFO] [stdout] failures:
[INFO] [stdout]     serialize_tutorial_sdk_plugin_with_category_example
[INFO] [stdout] 
[INFO] [stdout] test result: FAILED. 13 passed; 1 failed; 0 ignored; 0 measured; 0 filtered out; finished in 0.01s
[INFO] [stdout] 
[INFO] [stderr] error: test failed, to rerun pass `--lib`
[INFO] running `Command { std: "docker" "inspect" "dade8cbbe31f4722f1071c38d801a0e6cc38f05d13ce88cc0458f077dbce2585", kill_on_drop: false }`
[INFO] running `Command { std: "docker" "rm" "-f" "dade8cbbe31f4722f1071c38d801a0e6cc38f05d13ce88cc0458f077dbce2585", kill_on_drop: false }`
[INFO] [stdout] dade8cbbe31f4722f1071c38d801a0e6cc38f05d13ce88cc0458f077dbce2585
