[INFO] fetching crate touched 0.1.0...
[INFO] testing touched-0.1.0 against 1.100.0-beta.1+cargoflags=--release for beta-release-1.100-2
[INFO] extracting crate touched 0.1.0 into /workspace/builds/worker-0-tc2/source
[INFO] started tweaking crates.io crate touched 0.1.0
[INFO] finished tweaking crates.io crate touched 0.1.0
[INFO] tweaked toml for crates.io crate touched 0.1.0 written to /workspace/builds/worker-0-tc2/source/Cargo.toml
[INFO] validating manifest of crates.io crate touched 0.1.0 on toolchain 1.100.0-beta.1
[INFO] running `Command { std: CARGO_HOME="/workspace/cargo-home" RUSTUP_HOME="/workspace/rustup-home" "/workspace/cargo-home/bin/cargo" "+1.100.0-beta.1" "metadata" "--manifest-path" "Cargo.toml" "--no-deps", kill_on_drop: false }`
[INFO] crate crates.io crate touched 0.1.0 already has a lockfile, it will not be regenerated
[INFO] running `Command { std: CARGO_HOME="/workspace/cargo-home" RUSTUP_HOME="/workspace/rustup-home" "/workspace/cargo-home/bin/cargo" "+1.100.0-beta.1" "fetch" "--manifest-path" "Cargo.toml", kill_on_drop: false }`
[INFO] [stderr] warning: `package.homepage` is redundant with `package.repository`
[INFO] [stderr]   --> Cargo.toml:26:12
[INFO] [stderr]    |
[INFO] [stderr] 26 | homepage = "https://github.com/Evian-Zhang/touched/"
[INFO] [stderr]    |            ^^^^^^^^^^^^^^^^^^^^^^^^^^^^^^^^^^^^^^^^^
[INFO] [stderr] ...
[INFO] [stderr] 31 | repository = "https://github.com/Evian-Zhang/touched/"
[INFO] [stderr]    |              -----------------------------------------
[INFO] [stderr]    |
[INFO] [stderr]    = note: `cargo::redundant_homepage` is set to `warn` by default
[INFO] [stderr] help: consider removing `package.homepage`
[INFO] [stderr] warning: `touched` (manifest) generated 1 warning
[INFO] running `Command { std: "docker" "create" "-v" "/var/lib/crater-agent-workspace/builds/worker-0-tc2/source:/opt/rustwide/workdir:ro,Z" "-v" "/var/lib/crater-agent-workspace/builds/worker-0-tc2/target:/opt/rustwide/target:rw,Z" "-v" "/var/lib/crater-agent-workspace/cargo-home:/opt/rustwide/cargo-home:ro,Z" "-v" "/var/lib/crater-agent-workspace/rustup-home:/opt/rustwide/rustup-home:ro,Z" "-m" "1610612736" "--network" "none" "ghcr.io/rust-lang/crates-build-env/linux@sha256:77db811e55d90add9212f6832c23229e3de5f1c1f9905e8cb07319ea15df73ac" "sleep" "infinity", kill_on_drop: false }`
[INFO] [stdout] 782d5b632a82e5cbf81ff4752feb90ab7382aab5c4d48cdf49c86a658971c718
[INFO] running `Command { std: "docker" "start" "782d5b632a82e5cbf81ff4752feb90ab7382aab5c4d48cdf49c86a658971c718", kill_on_drop: false }`
[INFO] running `Command { std: "docker" "inspect" "782d5b632a82e5cbf81ff4752feb90ab7382aab5c4d48cdf49c86a658971c718", kill_on_drop: false }`
[INFO] running `Command { std: "docker" "exec" "-e" "SOURCE_DIR=/opt/rustwide/workdir" "-e" "CARGO_HOME=/opt/rustwide/cargo-home" "-e" "RUSTUP_HOME=/opt/rustwide/rustup-home" "-e" "CARGO_TARGET_DIR=/opt/rustwide/target" "-w" "/opt/rustwide/workdir" "--user" "0:0" "782d5b632a82e5cbf81ff4752feb90ab7382aab5c4d48cdf49c86a658971c718" "/opt/rustwide/cargo-home/bin/cargo" "+1.100.0-beta.1" "metadata" "--no-deps" "--format-version=1", kill_on_drop: false }`
[INFO] running `Command { std: "docker" "inspect" "782d5b632a82e5cbf81ff4752feb90ab7382aab5c4d48cdf49c86a658971c718", kill_on_drop: false }`
[INFO] running `Command { std: "docker" "exec" "-e" "SOURCE_DIR=/opt/rustwide/workdir" "-e" "CARGO_HOME=/opt/rustwide/cargo-home" "-e" "RUSTUP_HOME=/opt/rustwide/rustup-home" "-e" "CARGO_TARGET_DIR=/opt/rustwide/target" "-e" "CARGO_INCREMENTAL=0" "-e" "RUST_BACKTRACE=full" "-e" "RUSTFLAGS=--cap-lints=warn" "-e" "RUSTDOCFLAGS=--cap-lints=warn" "-w" "/opt/rustwide/workdir" "--user" "0:0" "782d5b632a82e5cbf81ff4752feb90ab7382aab5c4d48cdf49c86a658971c718" "/opt/rustwide/cargo-home/bin/cargo" "+1.100.0-beta.1" "build" "--frozen" "--message-format=json" "--release", kill_on_drop: false }`
[INFO] [stderr] warning: `package.homepage` is redundant with `package.repository`
[INFO] [stderr]   --> Cargo.toml:26:12
[INFO] [stderr]    |
[INFO] [stderr] 26 | homepage = "https://github.com/Evian-Zhang/touched/"
[INFO] [stderr]    |            ^^^^^^^^^^^^^^^^^^^^^^^^^^^^^^^^^^^^^^^^^
[INFO] [stderr] ...
[INFO] [stderr] 31 | repository = "https://github.com/Evian-Zhang/touched/"
[INFO] [stderr]    |              -----------------------------------------
[INFO] [stderr]    |
[INFO] [stderr]    = note: `cargo::redundant_homepage` is set to `warn` by default
[INFO] [stderr] help: consider removing `package.homepage`
[INFO] [stderr] warning: `touched` (manifest) generated 1 warning
[INFO] [stderr]    Compiling syn v2.0.114
[INFO] [stderr]    Compiling impl-trait-for-tuples v0.2.3
[INFO] [stderr]    Compiling touched v0.1.0 (/opt/rustwide/workdir)
[INFO] [stderr]     Finished `release` profile [optimized] target(s) in 6.96s
[INFO] running `Command { std: "docker" "inspect" "782d5b632a82e5cbf81ff4752feb90ab7382aab5c4d48cdf49c86a658971c718", kill_on_drop: false }`
[INFO] running `Command { std: "docker" "exec" "-e" "SOURCE_DIR=/opt/rustwide/workdir" "-e" "CARGO_HOME=/opt/rustwide/cargo-home" "-e" "RUSTUP_HOME=/opt/rustwide/rustup-home" "-e" "CARGO_TARGET_DIR=/opt/rustwide/target" "-e" "CARGO_INCREMENTAL=0" "-e" "RUST_BACKTRACE=full" "-e" "RUSTFLAGS=--cap-lints=warn" "-e" "RUSTDOCFLAGS=--cap-lints=warn" "-w" "/opt/rustwide/workdir" "--user" "0:0" "782d5b632a82e5cbf81ff4752feb90ab7382aab5c4d48cdf49c86a658971c718" "/opt/rustwide/cargo-home/bin/cargo" "+1.100.0-beta.1" "test" "--frozen" "--no-run" "--message-format=json" "--release", kill_on_drop: false }`
[INFO] [stderr] warning: `package.homepage` is redundant with `package.repository`
[INFO] [stderr]   --> Cargo.toml:26:12
[INFO] [stderr]    |
[INFO] [stderr] 26 | homepage = "https://github.com/Evian-Zhang/touched/"
[INFO] [stderr]    |            ^^^^^^^^^^^^^^^^^^^^^^^^^^^^^^^^^^^^^^^^^
[INFO] [stderr] ...
[INFO] [stderr] 31 | repository = "https://github.com/Evian-Zhang/touched/"
[INFO] [stderr]    |              -----------------------------------------
[INFO] [stderr]    |
[INFO] [stderr]    = note: `cargo::redundant_homepage` is set to `warn` by default
[INFO] [stderr] help: consider removing `package.homepage`
[INFO] [stderr] warning: `touched` (manifest) generated 1 warning
[INFO] [stderr]    Compiling touched v0.1.0 (/opt/rustwide/workdir)
[INFO] [stderr]     Finished `release` profile [optimized] target(s) in 0.40s
[INFO] running `Command { std: "docker" "inspect" "782d5b632a82e5cbf81ff4752feb90ab7382aab5c4d48cdf49c86a658971c718", kill_on_drop: false }`
[INFO] running `Command { std: "docker" "exec" "-e" "SOURCE_DIR=/opt/rustwide/workdir" "-e" "CARGO_HOME=/opt/rustwide/cargo-home" "-e" "RUSTUP_HOME=/opt/rustwide/rustup-home" "-e" "CARGO_TARGET_DIR=/opt/rustwide/target" "-e" "CARGO_INCREMENTAL=0" "-e" "RUST_BACKTRACE=full" "-e" "RUSTFLAGS=--cap-lints=warn" "-e" "RUSTDOCFLAGS=--cap-lints=warn" "-w" "/opt/rustwide/workdir" "--user" "0:0" "782d5b632a82e5cbf81ff4752feb90ab7382aab5c4d48cdf49c86a658971c718" "/opt/rustwide/cargo-home/bin/cargo" "+1.100.0-beta.1" "test" "--frozen" "--release", kill_on_drop: false }`
[INFO] [stderr] warning: `package.homepage` is redundant with `package.repository`
[INFO] [stderr]   --> Cargo.toml:26:12
[INFO] [stderr]    |
[INFO] [stderr] 26 | homepage = "https://github.com/Evian-Zhang/touched/"
[INFO] [stderr]    |            ^^^^^^^^^^^^^^^^^^^^^^^^^^^^^^^^^^^^^^^^^
[INFO] [stderr] ...
[INFO] [stderr] 31 | repository = "https://github.com/Evian-Zhang/touched/"
[INFO] [stderr]    |              -----------------------------------------
[INFO] [stderr]    |
[INFO] [stderr]    = note: `cargo::redundant_homepage` is set to `warn` by default
[INFO] [stderr] help: consider removing `package.homepage`
[INFO] [stderr] warning: `touched` (manifest) generated 1 warning
[INFO] [stderr]     Finished `release` profile [optimized] target(s) in 0.06s
[INFO] [stderr]      Running unittests src/lib.rs (/opt/rustwide/target/release/build/touched/bd5b50a4f4e9de70/out/touched-bd5b50a4f4e9de70)
[INFO] [stdout] 
[INFO] [stderr]    Doc-tests touched
[INFO] [stdout] running 0 tests
[INFO] [stdout] 
[INFO] [stdout] test result: ok. 0 passed; 0 failed; 0 ignored; 0 measured; 0 filtered out; finished in 0.00s
[INFO] [stdout] 
[INFO] [stdout] 
[INFO] [stdout] running 1 test
[INFO] [stdout] test src/../README.md - (line 15) ... FAILED
[INFO] [stdout] 
[INFO] [stdout] failures:
[INFO] [stdout] 
[INFO] [stdout] ---- src/../README.md - (line 15) stdout ----
[INFO] [stdout] error: cannot find derive macro `Touchable` in this scope
[INFO] [stdout]   --> src/../README.md:20:10
[INFO] [stdout]    |
[INFO] [stdout] 20 | #[derive(Touchable)] // <-- Add this to enable touching this struct
[INFO] [stdout]    |          ^^^^^^^^^
[INFO] [stdout]    |
[INFO] [stdout] note: `Touchable` is a trait, not a derive macro
[INFO] [stdout]   --> src/lib.rs:16:1
[INFO] [stdout]    |
[INFO] [stdout] 16 | pub trait Touchable {
[INFO] [stdout]    | ^^^^^^^^^^^^^^^^^^^
[INFO] [stdout]    = help: consider implementing `Touchable` for your type manually
[INFO] [stdout] 
[INFO] [stdout] error[E0277]: the trait bound `Data: Touchable` is not satisfied
[INFO] [stdout]   --> src/../README.md:41:27
[INFO] [stdout]    |
[INFO] [stdout] 41 |         touched::touching(data);
[INFO] [stdout]    |         ----------------- ^^^^ unsatisfied trait bound
[INFO] [stdout]    |         |
[INFO] [stdout]    |         required by a bound introduced by this call
[INFO] [stdout]    |
[INFO] [stdout] help: the trait `Touchable` is not implemented for `Data`
[INFO] [stdout]   --> src/../README.md:21:1
[INFO] [stdout]    |
[INFO] [stdout] 21 | pub struct Data {
[INFO] [stdout]    | ^^^^^^^^^^^^^^^
[INFO] [stdout]    = help: the following other types implement trait `Touchable`:
[INFO] [stdout]              &T
[INFO] [stdout]              &mut T
[INFO] [stdout]              ()
[INFO] [stdout]              (TupleElement0,)
[INFO] [stdout]              (TupleElement0, TupleElement1)
[INFO] [stdout]              (TupleElement0, TupleElement1, TupleElement2)
[INFO] [stdout]              (TupleElement0, TupleElement1, TupleElement2, TupleElement3)
[INFO] [stdout]              (TupleElement0, TupleElement1, TupleElement2, TupleElement3, TupleElement4)
[INFO] [stdout]            and 30 others
[INFO] [stdout] note: required by a bound in `touching`
[INFO] [stdout]   --> src/lib.rs:36:20
[INFO] [stdout]    |
[INFO] [stdout] 36 | pub fn touching<T: Touchable + ?Sized>(t: &T) {
[INFO] [stdout]    |                    ^^^^^^^^^ required by this bound in `touching`
[INFO] [stdout] 
[INFO] [stdout] error: aborting due to 2 previous errors
[INFO] [stdout] 
[INFO] [stdout] For more information about this error, try `rustc --explain E0277`.
[INFO] [stdout] Couldn't compile the test.
[INFO] [stdout] 
[INFO] [stdout] failures:
[INFO] [stdout]     src/../README.md - (line 15)
[INFO] [stdout] 
[INFO] [stdout] test result: FAILED. 0 passed; 1 failed; 0 ignored; 0 measured; 0 filtered out; finished in 0.16s
[INFO] [stdout] 
[INFO] [stdout] all doctests ran in 0.29s; merged doctests compilation took 0.13s
[INFO] [stderr] error: doctest failed, to rerun pass `--doc`
[INFO] running `Command { std: "docker" "inspect" "782d5b632a82e5cbf81ff4752feb90ab7382aab5c4d48cdf49c86a658971c718", kill_on_drop: false }`
[INFO] running `Command { std: "docker" "rm" "-f" "782d5b632a82e5cbf81ff4752feb90ab7382aab5c4d48cdf49c86a658971c718", kill_on_drop: false }`
[INFO] [stdout] 782d5b632a82e5cbf81ff4752feb90ab7382aab5c4d48cdf49c86a658971c718
