[INFO] fetching crate tosca-os 0.1.1...
[INFO] testing tosca-os-0.1.1 against 1.99.0-beta.8+cargoflags=--release for beta-release-1.100-2
[INFO] extracting crate tosca-os 0.1.1 into /workspace/builds/worker-7-tc1/source
[INFO] started tweaking crates.io crate tosca-os 0.1.1
[INFO] finished tweaking crates.io crate tosca-os 0.1.1
[INFO] tweaked toml for crates.io crate tosca-os 0.1.1 written to /workspace/builds/worker-7-tc1/source/Cargo.toml
[INFO] validating manifest of crates.io crate tosca-os 0.1.1 on toolchain 1.99.0-beta.8
[INFO] running `Command { std: CARGO_HOME="/workspace/cargo-home" RUSTUP_HOME="/workspace/rustup-home" "/workspace/cargo-home/bin/cargo" "+1.99.0-beta.8" "metadata" "--manifest-path" "Cargo.toml" "--no-deps", kill_on_drop: false }`
[INFO] crate crates.io crate tosca-os 0.1.1 already has a lockfile, it will not be regenerated
[INFO] running `Command { std: CARGO_HOME="/workspace/cargo-home" RUSTUP_HOME="/workspace/rustup-home" "/workspace/cargo-home/bin/cargo" "+1.99.0-beta.8" "fetch" "--manifest-path" "Cargo.toml", kill_on_drop: false }`
[INFO] [stderr]     Blocking waiting for file lock on package cache
[INFO] running `Command { std: "docker" "create" "-v" "/var/lib/crater-agent-workspace/builds/worker-7-tc1/source:/opt/rustwide/workdir:ro,Z" "-v" "/var/lib/crater-agent-workspace/builds/worker-7-tc1/target:/opt/rustwide/target:rw,Z" "-v" "/var/lib/crater-agent-workspace/cargo-home:/opt/rustwide/cargo-home:ro,Z" "-v" "/var/lib/crater-agent-workspace/rustup-home:/opt/rustwide/rustup-home:ro,Z" "-m" "1610612736" "--network" "none" "ghcr.io/rust-lang/crates-build-env/linux@sha256:77db811e55d90add9212f6832c23229e3de5f1c1f9905e8cb07319ea15df73ac" "sleep" "infinity", kill_on_drop: false }`
[INFO] [stdout] d4f8f328a83c5e149d57d5de1690e04c4f21ab3c93b73d2a80c8928442419ca4
[INFO] running `Command { std: "docker" "start" "d4f8f328a83c5e149d57d5de1690e04c4f21ab3c93b73d2a80c8928442419ca4", kill_on_drop: false }`
[INFO] running `Command { std: "docker" "inspect" "d4f8f328a83c5e149d57d5de1690e04c4f21ab3c93b73d2a80c8928442419ca4", kill_on_drop: false }`
[INFO] running `Command { std: "docker" "exec" "-e" "SOURCE_DIR=/opt/rustwide/workdir" "-e" "CARGO_HOME=/opt/rustwide/cargo-home" "-e" "RUSTUP_HOME=/opt/rustwide/rustup-home" "-e" "CARGO_TARGET_DIR=/opt/rustwide/target" "-w" "/opt/rustwide/workdir" "--user" "0:0" "d4f8f328a83c5e149d57d5de1690e04c4f21ab3c93b73d2a80c8928442419ca4" "/opt/rustwide/cargo-home/bin/cargo" "+1.99.0-beta.8" "metadata" "--no-deps" "--format-version=1", kill_on_drop: false }`
[INFO] running `Command { std: "docker" "inspect" "d4f8f328a83c5e149d57d5de1690e04c4f21ab3c93b73d2a80c8928442419ca4", kill_on_drop: false }`
[INFO] running `Command { std: "docker" "exec" "-e" "SOURCE_DIR=/opt/rustwide/workdir" "-e" "CARGO_HOME=/opt/rustwide/cargo-home" "-e" "RUSTUP_HOME=/opt/rustwide/rustup-home" "-e" "CARGO_TARGET_DIR=/opt/rustwide/target" "-e" "CARGO_INCREMENTAL=0" "-e" "RUST_BACKTRACE=full" "-e" "RUSTFLAGS=--cap-lints=warn" "-e" "RUSTDOCFLAGS=--cap-lints=warn" "-w" "/opt/rustwide/workdir" "--user" "0:0" "d4f8f328a83c5e149d57d5de1690e04c4f21ab3c93b73d2a80c8928442419ca4" "/opt/rustwide/cargo-home/bin/cargo" "+1.99.0-beta.8" "build" "--frozen" "--message-format=json" "--release", kill_on_drop: false }`
[INFO] [stderr]    Compiling proc-macro2 v1.0.104
[INFO] [stderr]    Compiling libc v0.2.179
[INFO] [stderr]    Compiling quote v1.0.42
[INFO] [stderr]    Compiling serde_core v1.0.228
[INFO] [stderr]    Compiling log v0.4.29
[INFO] [stderr]    Compiling http v1.4.0
[INFO] [stderr]    Compiling hashbrown v0.16.1
[INFO] [stderr]    Compiling tracing-core v0.1.36
[INFO] [stderr]    Compiling zmij v1.0.10
[INFO] [stderr]    Compiling serde_json v1.0.148
[INFO] [stderr]    Compiling smallvec v1.15.1
[INFO] [stderr]    Compiling tracing v0.1.44
[INFO] [stderr]    Compiling serde v1.0.228
[INFO] [stderr]    Compiling futures-util v0.3.31
[INFO] [stderr]    Compiling flume v0.11.1
[INFO] [stderr]    Compiling syn v2.0.113
[INFO] [stderr]    Compiling http-body v1.0.1
[INFO] [stderr]    Compiling http-body-util v0.1.3
[INFO] [stderr]    Compiling socket2 v0.6.1
[INFO] [stderr]    Compiling mio v1.1.1
[INFO] [stderr]    Compiling axum-core v0.5.6
[INFO] [stderr]    Compiling if-addrs v0.14.0
[INFO] [stderr]    Compiling socket-pktinfo v0.3.2
[INFO] [stderr]    Compiling mdns-sd v0.17.1
[INFO] [stderr]    Compiling indexmap v2.12.1
[INFO] [stderr]    Compiling serde_path_to_error v0.1.20
[INFO] [stderr]    Compiling tokio-macros v2.6.0
[INFO] [stderr]    Compiling serde_derive v1.0.228
[INFO] [stderr]    Compiling tokio v1.49.0
[INFO] [stderr]    Compiling tosca v0.1.1
[INFO] [stderr]    Compiling tokio-util v0.7.18
[INFO] [stderr]    Compiling tower v0.5.2
[INFO] [stderr]    Compiling h2 v0.4.12
[INFO] [stderr]    Compiling hyper v1.8.1
[INFO] [stderr]    Compiling hyper-util v0.1.19
[INFO] [stderr]    Compiling axum v0.8.8
[INFO] [stderr]    Compiling tosca-os v0.1.1 (/opt/rustwide/workdir)
[INFO] [stderr]     Finished `release` profile [optimized] target(s) in 1m 21s
[INFO] running `Command { std: "docker" "inspect" "d4f8f328a83c5e149d57d5de1690e04c4f21ab3c93b73d2a80c8928442419ca4", kill_on_drop: false }`
[INFO] running `Command { std: "docker" "exec" "-e" "SOURCE_DIR=/opt/rustwide/workdir" "-e" "CARGO_HOME=/opt/rustwide/cargo-home" "-e" "RUSTUP_HOME=/opt/rustwide/rustup-home" "-e" "CARGO_TARGET_DIR=/opt/rustwide/target" "-e" "CARGO_INCREMENTAL=0" "-e" "RUST_BACKTRACE=full" "-e" "RUSTFLAGS=--cap-lints=warn" "-e" "RUSTDOCFLAGS=--cap-lints=warn" "-w" "/opt/rustwide/workdir" "--user" "0:0" "d4f8f328a83c5e149d57d5de1690e04c4f21ab3c93b73d2a80c8928442419ca4" "/opt/rustwide/cargo-home/bin/cargo" "+1.99.0-beta.8" "test" "--frozen" "--no-run" "--message-format=json" "--release", kill_on_drop: false }`
[INFO] [stderr]    Compiling tosca-os v0.1.1 (/opt/rustwide/workdir)
[INFO] [stderr]     Finished `release` profile [optimized] target(s) in 7.92s
[INFO] running `Command { std: "docker" "inspect" "d4f8f328a83c5e149d57d5de1690e04c4f21ab3c93b73d2a80c8928442419ca4", kill_on_drop: false }`
[INFO] running `Command { std: "docker" "exec" "-e" "SOURCE_DIR=/opt/rustwide/workdir" "-e" "CARGO_HOME=/opt/rustwide/cargo-home" "-e" "RUSTUP_HOME=/opt/rustwide/rustup-home" "-e" "CARGO_TARGET_DIR=/opt/rustwide/target" "-e" "CARGO_INCREMENTAL=0" "-e" "RUST_BACKTRACE=full" "-e" "RUSTFLAGS=--cap-lints=warn" "-e" "RUSTDOCFLAGS=--cap-lints=warn" "-w" "/opt/rustwide/workdir" "--user" "0:0" "d4f8f328a83c5e149d57d5de1690e04c4f21ab3c93b73d2a80c8928442419ca4" "/opt/rustwide/cargo-home/bin/cargo" "+1.99.0-beta.8" "test" "--frozen" "--release", kill_on_drop: false }`
[INFO] [stderr]     Finished `release` profile [optimized] target(s) in 0.09s
[INFO] [stderr]      Running unittests src/lib.rs (/opt/rustwide/target/release/deps/tosca_os-fbd93c0ad498ad12)
[INFO] [stdout] 
[INFO] [stdout] running 14 tests
[INFO] [stdout] test devices::light::tests::complete_with_state ... ok
[INFO] [stdout] test devices::light::tests::stateless_response_with_state ... ok
[INFO] [stdout] test devices::light::tests::complete_without_state ... ok
[INFO] [stdout] test device::tests::with_state ... ok
[INFO] [stdout] test mac::os_mac::tests::test_is_virtual_mac_vendor ... ok
[INFO] [stdout] test devices::light::tests::without_response_and_state ... ok
[INFO] [stdout] test mac::os_mac::tests::test_is_locally_administered_mac ... ok
[INFO] [stdout] test mac::os_mac::tests::test_is_not_locally_administered_mac ... ok
[INFO] [stdout] test mac::os_mac::tests::test_is_not_virtual_mac_vendor ... ok
[INFO] [stdout] test responses::tests::test_build_get_route ... ok
[INFO] [stdout] test devices::light::tests::without_response_with_state ... ok
[INFO] [stdout] test device::tests::with_substates ... ok
[INFO] [stdout] test mac::tests::test_mac_addresses_local ... FAILED
[INFO] [stdout] test device::tests::without_state ... ok
[INFO] [stdout] 
[INFO] [stdout] failures:
[INFO] [stdout] 
[INFO] [stdout] ---- mac::tests::test_mac_addresses_local stdout ----
[INFO] [stdout] 
[INFO] [stdout] thread 'mac::tests::test_mac_addresses_local' (879) panicked at src/mac.rs:348:13:
[INFO] [stdout] At least one Wi-Fi or Ethernet MAC address must be present.
[INFO] [stdout] stack backtrace:
[INFO] [stdout]    0:     0x6222b18d4021 - <<std[70759c8f55707aa4]::sys::backtrace::BacktraceLock>::print::DisplayBacktrace as core[df12db4294e9bfd3]::fmt::Display>::fmt
[INFO] [stdout]    1:     0x6222b18e8e2a - core[df12db4294e9bfd3]::fmt::write
[INFO] [stdout]    2:     0x6222b18d885c - <alloc[2182bb758b4b3781]::vec::Vec<u8> as core[df12db4294e9bfd3]::io::write::Write>::write_fmt
[INFO] [stdout]    3:     0x6222b18afba6 - std[70759c8f55707aa4]::panicking::default_hook::{closure#0}
[INFO] [stdout]    4:     0x6222b18cbfe9 - std[70759c8f55707aa4]::panicking::default_hook
[INFO] [stdout]    5:     0x6222b1849df0 - test[9d35eded1c95d3be]::test_main_inner::<test[9d35eded1c95d3be]::test_main_static::{closure#0}>::{closure#0}
[INFO] [stdout]    6:     0x6222b18cc1a2 - std[70759c8f55707aa4]::panicking::panic_with_hook
[INFO] [stdout]    7:     0x6222b18afc84 - std[70759c8f55707aa4]::panicking::panic_handler::{closure#0}
[INFO] [stdout]    8:     0x6222b18a8779 - std[70759c8f55707aa4]::sys::backtrace::__rust_end_short_backtrace::<std[70759c8f55707aa4]::panicking::panic_handler::{closure#0}, !>
[INFO] [stdout]    9:     0x6222b18b084d - __rustc[8fa7c3cbc660c2b3]::rust_begin_unwind
[INFO] [stdout]   10:     0x6222b18e958c - core[df12db4294e9bfd3]::panicking::panic_fmt
[INFO] [stdout]   11:     0x6222b1838711 - <tosca_os[543ae6b93e9ce763]::mac::tests::test_mac_addresses_local::{closure#0} as core[df12db4294e9bfd3]::ops::function::FnOnce<()>>::call_once
[INFO] [stdout]   12:     0x6222b183d0db - test[9d35eded1c95d3be]::__rust_begin_short_backtrace::<core[df12db4294e9bfd3]::result::Result<(), alloc[2182bb758b4b3781]::string::String>, fn() -> core[df12db4294e9bfd3]::result::Result<(), alloc[2182bb758b4b3781]::string::String>>
[INFO] [stdout]   13:     0x6222b184a745 - test[9d35eded1c95d3be]::run_test::{closure#0}
[INFO] [stdout]   14:     0x6222b1844004 - std[70759c8f55707aa4]::sys::backtrace::__rust_begin_short_backtrace::<test[9d35eded1c95d3be]::run_test::{closure#1}, ()>
[INFO] [stdout]   15:     0x6222b184d8a2 - <std[70759c8f55707aa4]::thread::lifecycle::spawn_unchecked<test[9d35eded1c95d3be]::run_test::{closure#1}, ()>::{closure#1} as core[df12db4294e9bfd3]::ops::function::FnOnce<()>>::call_once::{shim:vtable#0}
[INFO] [stdout]   16:     0x6222b18d3559 - <std[70759c8f55707aa4]::sys::thread::unix::Thread>::new::thread_start
[INFO] [stdout]   17:     0x7871016ccdfa - <unknown>
[INFO] [stdout]   18:     0x7871017603d4 - clone
[INFO] [stdout]   19:                0x0 - <unknown>
[INFO] [stdout] 
[INFO] [stdout] 
[INFO] [stdout] failures:
[INFO] [stdout]     mac::tests::test_mac_addresses_local
[INFO] [stdout] 
[INFO] [stdout] test result: FAILED. 13 passed; 1 failed; 0 ignored; 0 measured; 0 filtered out; finished in 0.01s
[INFO] [stdout] 
[INFO] [stderr] error: test failed, to rerun pass `--lib`
[INFO] running `Command { std: "docker" "inspect" "d4f8f328a83c5e149d57d5de1690e04c4f21ab3c93b73d2a80c8928442419ca4", kill_on_drop: false }`
[INFO] running `Command { std: "docker" "rm" "-f" "d4f8f328a83c5e149d57d5de1690e04c4f21ab3c93b73d2a80c8928442419ca4", kill_on_drop: false }`
[INFO] [stdout] d4f8f328a83c5e149d57d5de1690e04c4f21ab3c93b73d2a80c8928442419ca4
