[INFO] fetching crate tosca-controller 0.1.1...
[INFO] testing tosca-controller-0.1.1 against 1.99.0-beta.8+cargoflags=--release for beta-release-1.100-2
[INFO] extracting crate tosca-controller 0.1.1 into /workspace/builds/worker-4-tc1/source
[INFO] started tweaking crates.io crate tosca-controller 0.1.1
[INFO] finished tweaking crates.io crate tosca-controller 0.1.1
[INFO] tweaked toml for crates.io crate tosca-controller 0.1.1 written to /workspace/builds/worker-4-tc1/source/Cargo.toml
[INFO] validating manifest of crates.io crate tosca-controller 0.1.1 on toolchain 1.99.0-beta.8
[INFO] running `Command { std: CARGO_HOME="/workspace/cargo-home" RUSTUP_HOME="/workspace/rustup-home" "/workspace/cargo-home/bin/cargo" "+1.99.0-beta.8" "metadata" "--manifest-path" "Cargo.toml" "--no-deps", kill_on_drop: false }`
[INFO] crate crates.io crate tosca-controller 0.1.1 already has a lockfile, it will not be regenerated
[INFO] running `Command { std: CARGO_HOME="/workspace/cargo-home" RUSTUP_HOME="/workspace/rustup-home" "/workspace/cargo-home/bin/cargo" "+1.99.0-beta.8" "fetch" "--manifest-path" "Cargo.toml", kill_on_drop: false }`
[INFO] [stderr]     Updating crates.io index
[INFO] [stderr]  Downloading crates ...
[INFO] [stderr]   Downloaded serde_json v1.0.148
[INFO] [stderr]   Downloaded if-addrs v0.14.0
[INFO] [stderr]   Downloaded tosca v0.1.1
[INFO] [stderr]   Downloaded socket-pktinfo v0.3.2
[INFO] [stderr]   Downloaded tosca-os v0.1.1
[INFO] [stderr]   Downloaded serial_test_derive v3.3.0
[INFO] [stderr]   Downloaded proc-macro2 v1.0.104
[INFO] [stderr]   Downloaded serial_test v3.3.0
[INFO] [stderr]   Downloaded mdns-sd v0.17.1
[INFO] [stderr]   Downloaded rumqttc v0.25.1
[INFO] [stderr]   Downloaded wasm-bindgen-futures v0.4.56
[INFO] [stderr]   Downloaded h2 v0.4.12
[INFO] [stderr]   Downloaded reqwest v0.13.1
[INFO] [stderr]   Downloaded url v2.5.7
[INFO] [stderr]   Downloaded syn v2.0.113
[INFO] [stderr]   Downloaded libc v0.2.179
[INFO] [stderr]   Downloaded web-sys v0.3.83
[INFO] running `Command { std: "docker" "create" "-v" "/var/lib/crater-agent-workspace/builds/worker-4-tc1/source:/opt/rustwide/workdir:ro,Z" "-v" "/var/lib/crater-agent-workspace/builds/worker-4-tc1/target:/opt/rustwide/target:rw,Z" "-v" "/var/lib/crater-agent-workspace/cargo-home:/opt/rustwide/cargo-home:ro,Z" "-v" "/var/lib/crater-agent-workspace/rustup-home:/opt/rustwide/rustup-home:ro,Z" "-m" "1610612736" "--network" "none" "ghcr.io/rust-lang/crates-build-env/linux@sha256:77db811e55d90add9212f6832c23229e3de5f1c1f9905e8cb07319ea15df73ac" "sleep" "infinity", kill_on_drop: false }`
[INFO] [stdout] c494f53652bad04866bebef710f7b6ef19b3ccc34e253a4eb80e1b16a70e9ac6
[INFO] running `Command { std: "docker" "start" "c494f53652bad04866bebef710f7b6ef19b3ccc34e253a4eb80e1b16a70e9ac6", kill_on_drop: false }`
[INFO] running `Command { std: "docker" "inspect" "c494f53652bad04866bebef710f7b6ef19b3ccc34e253a4eb80e1b16a70e9ac6", kill_on_drop: false }`
[INFO] running `Command { std: "docker" "exec" "-e" "SOURCE_DIR=/opt/rustwide/workdir" "-e" "CARGO_HOME=/opt/rustwide/cargo-home" "-e" "RUSTUP_HOME=/opt/rustwide/rustup-home" "-e" "CARGO_TARGET_DIR=/opt/rustwide/target" "-w" "/opt/rustwide/workdir" "--user" "0:0" "c494f53652bad04866bebef710f7b6ef19b3ccc34e253a4eb80e1b16a70e9ac6" "/opt/rustwide/cargo-home/bin/cargo" "+1.99.0-beta.8" "metadata" "--no-deps" "--format-version=1", kill_on_drop: false }`
[INFO] running `Command { std: "docker" "inspect" "c494f53652bad04866bebef710f7b6ef19b3ccc34e253a4eb80e1b16a70e9ac6", kill_on_drop: false }`
[INFO] running `Command { std: "docker" "exec" "-e" "SOURCE_DIR=/opt/rustwide/workdir" "-e" "CARGO_HOME=/opt/rustwide/cargo-home" "-e" "RUSTUP_HOME=/opt/rustwide/rustup-home" "-e" "CARGO_TARGET_DIR=/opt/rustwide/target" "-e" "CARGO_INCREMENTAL=0" "-e" "RUST_BACKTRACE=full" "-e" "RUSTFLAGS=--cap-lints=warn" "-e" "RUSTDOCFLAGS=--cap-lints=warn" "-w" "/opt/rustwide/workdir" "--user" "0:0" "c494f53652bad04866bebef710f7b6ef19b3ccc34e253a4eb80e1b16a70e9ac6" "/opt/rustwide/cargo-home/bin/cargo" "+1.99.0-beta.8" "build" "--frozen" "--message-format=json" "--release", kill_on_drop: false }`
[INFO] [stderr]    Compiling proc-macro2 v1.0.104
[INFO] [stderr]    Compiling libc v0.2.179
[INFO] [stderr]    Compiling bytes v1.11.0
[INFO] [stderr]    Compiling log v0.4.29
[INFO] [stderr]    Compiling futures-sink v0.3.31
[INFO] [stderr]    Compiling memchr v2.7.6
[INFO] [stderr]    Compiling writeable v0.6.2
[INFO] [stderr]    Compiling litemap v0.8.1
[INFO] [stderr]    Compiling icu_properties_data v2.1.2
[INFO] [stderr]    Compiling smallvec v1.15.1
[INFO] [stderr]    Compiling icu_normalizer_data v2.1.1
[INFO] [stderr]    Compiling slab v0.4.11
[INFO] [stderr]    Compiling serde v1.0.228
[INFO] [stderr]    Compiling zmij v1.0.10
[INFO] [stderr]    Compiling spin v0.9.8
[INFO] [stderr]    Compiling serde_json v1.0.148
[INFO] [stderr]    Compiling tracing-core v0.1.36
[INFO] [stderr]    Compiling futures-channel v0.3.31
[INFO] [stderr]    Compiling sync_wrapper v1.0.2
[INFO] [stderr]    Compiling thiserror v2.0.17
[INFO] [stderr]    Compiling quote v1.0.42
[INFO] [stderr]    Compiling http v1.4.0
[INFO] [stderr]    Compiling futures-util v0.3.31
[INFO] [stderr]    Compiling syn v2.0.113
[INFO] [stderr]    Compiling tracing v0.1.44
[INFO] [stderr]    Compiling hashbrown v0.16.1
[INFO] [stderr]    Compiling socket2 v0.6.1
[INFO] [stderr]    Compiling mio v1.1.1
[INFO] [stderr]    Compiling flume v0.11.1
[INFO] [stderr]    Compiling http-body v1.0.1
[INFO] [stderr]    Compiling form_urlencoded v1.2.2
[INFO] [stderr]    Compiling bitflags v2.10.0
[INFO] [stderr]    Compiling ipnet v2.11.0
[INFO] [stderr]    Compiling iri-string v0.7.10
[INFO] [stderr]    Compiling indexmap v2.12.1
[INFO] [stderr]    Compiling http-body-util v0.1.3
[INFO] [stderr]    Compiling socket-pktinfo v0.3.2
[INFO] [stderr]    Compiling if-addrs v0.14.0
[INFO] [stderr]    Compiling fixedbitset v0.5.7
[INFO] [stderr]    Compiling mdns-sd v0.17.1
[INFO] [stderr]    Compiling flume v0.12.0
[INFO] [stderr]    Compiling synstructure v0.13.2
[INFO] [stderr]    Compiling zerovec-derive v0.11.2
[INFO] [stderr]    Compiling zerofrom-derive v0.1.6
[INFO] [stderr]    Compiling yoke-derive v0.8.1
[INFO] [stderr]    Compiling displaydoc v0.2.5
[INFO] [stderr]    Compiling tokio-macros v2.6.0
[INFO] [stderr]    Compiling serde_derive v1.0.228
[INFO] [stderr]    Compiling thiserror-impl v2.0.17
[INFO] [stderr]    Compiling zerofrom v0.1.6
[INFO] [stderr]    Compiling tokio v1.49.0
[INFO] [stderr]    Compiling yoke v0.8.1
[INFO] [stderr]    Compiling zerovec v0.11.5
[INFO] [stderr]    Compiling zerotrie v0.2.3
[INFO] [stderr]    Compiling tinystr v0.8.2
[INFO] [stderr]    Compiling potential_utf v0.1.4
[INFO] [stderr]    Compiling icu_collections v2.1.1
[INFO] [stderr]    Compiling icu_locale_core v2.1.1
[INFO] [stderr]    Compiling icu_provider v2.1.1
[INFO] [stderr]    Compiling icu_normalizer v2.1.1
[INFO] [stderr]    Compiling icu_properties v2.1.2
[INFO] [stderr]    Compiling tosca v0.1.1
[INFO] [stderr]    Compiling idna_adapter v1.2.1
[INFO] [stderr]    Compiling idna v1.1.0
[INFO] [stderr]    Compiling url v2.5.7
[INFO] [stderr]    Compiling tokio-util v0.7.18
[INFO] [stderr]    Compiling hyper v1.8.1
[INFO] [stderr]    Compiling tower v0.5.2
[INFO] [stderr]    Compiling tokio-stream v0.1.18
[INFO] [stderr]    Compiling tower-http v0.6.8
[INFO] [stderr]    Compiling rumqttc v0.25.1
[INFO] [stderr]    Compiling hyper-util v0.1.19
[INFO] [stderr]    Compiling reqwest v0.13.1
[INFO] [stderr]    Compiling tosca-controller v0.1.1 (/opt/rustwide/workdir)
[INFO] [stderr]     Finished `release` profile [optimized] target(s) in 2m 01s
[INFO] running `Command { std: "docker" "inspect" "c494f53652bad04866bebef710f7b6ef19b3ccc34e253a4eb80e1b16a70e9ac6", kill_on_drop: false }`
[INFO] running `Command { std: "docker" "exec" "-e" "SOURCE_DIR=/opt/rustwide/workdir" "-e" "CARGO_HOME=/opt/rustwide/cargo-home" "-e" "RUSTUP_HOME=/opt/rustwide/rustup-home" "-e" "CARGO_TARGET_DIR=/opt/rustwide/target" "-e" "CARGO_INCREMENTAL=0" "-e" "RUST_BACKTRACE=full" "-e" "RUSTFLAGS=--cap-lints=warn" "-e" "RUSTDOCFLAGS=--cap-lints=warn" "-w" "/opt/rustwide/workdir" "--user" "0:0" "c494f53652bad04866bebef710f7b6ef19b3ccc34e253a4eb80e1b16a70e9ac6" "/opt/rustwide/cargo-home/bin/cargo" "+1.99.0-beta.8" "test" "--frozen" "--no-run" "--message-format=json" "--release", kill_on_drop: false }`
[INFO] [stderr]    Compiling serde_core v1.0.228
[INFO] [stderr]    Compiling tokio v1.49.0
[INFO] [stderr]    Compiling serde_json v1.0.148
[INFO] [stderr]    Compiling axum-core v0.5.6
[INFO] [stderr]    Compiling parking_lot_core v0.9.12
[INFO] [stderr]    Compiling sdd v3.0.10
[INFO] [stderr]    Compiling matchit v0.8.4
[INFO] [stderr]    Compiling serial_test_derive v3.3.0
[INFO] [stderr]    Compiling tracing-subscriber v0.3.22
[INFO] [stderr]    Compiling scc v2.4.0
[INFO] [stderr]    Compiling parking_lot v0.12.5
[INFO] [stderr]    Compiling serial_test v3.3.0
[INFO] [stderr]    Compiling indexmap v2.12.1
[INFO] [stderr]    Compiling serde v1.0.228
[INFO] [stderr]    Compiling serde_path_to_error v0.1.20
[INFO] [stderr]    Compiling url v2.5.7
[INFO] [stderr]    Compiling tosca v0.1.1
[INFO] [stderr]    Compiling tokio-util v0.7.18
[INFO] [stderr]    Compiling tower v0.5.2
[INFO] [stderr]    Compiling tokio-stream v0.1.18
[INFO] [stderr]    Compiling tower-http v0.6.8
[INFO] [stderr]    Compiling h2 v0.4.12
[INFO] [stderr]    Compiling rumqttc v0.25.1
[INFO] [stderr]    Compiling hyper v1.8.1
[INFO] [stderr]    Compiling hyper-util v0.1.19
[INFO] [stderr]    Compiling reqwest v0.13.1
[INFO] [stderr]    Compiling axum v0.8.8
[INFO] [stderr]    Compiling tosca-controller v0.1.1 (/opt/rustwide/workdir)
[INFO] [stderr]    Compiling tosca-os v0.1.1
[INFO] [stderr]     Finished `release` profile [optimized] target(s) in 2m 10s
[INFO] running `Command { std: "docker" "inspect" "c494f53652bad04866bebef710f7b6ef19b3ccc34e253a4eb80e1b16a70e9ac6", kill_on_drop: false }`
[INFO] running `Command { std: "docker" "exec" "-e" "SOURCE_DIR=/opt/rustwide/workdir" "-e" "CARGO_HOME=/opt/rustwide/cargo-home" "-e" "RUSTUP_HOME=/opt/rustwide/rustup-home" "-e" "CARGO_TARGET_DIR=/opt/rustwide/target" "-e" "CARGO_INCREMENTAL=0" "-e" "RUST_BACKTRACE=full" "-e" "RUSTFLAGS=--cap-lints=warn" "-e" "RUSTDOCFLAGS=--cap-lints=warn" "-w" "/opt/rustwide/workdir" "--user" "0:0" "c494f53652bad04866bebef710f7b6ef19b3ccc34e253a4eb80e1b16a70e9ac6" "/opt/rustwide/cargo-home/bin/cargo" "+1.99.0-beta.8" "test" "--frozen" "--release", kill_on_drop: false }`
[INFO] [stderr]     Finished `release` profile [optimized] target(s) in 0.21s
[INFO] [stderr]      Running unittests src/lib.rs (/opt/rustwide/target/release/deps/tosca_controller-ed4ebd7a12f3b1f1)
[INFO] [stdout] 
[INFO] [stdout] running 22 tests
[INFO] [stdout] [2m2026-10-18T18:55:27.991625Z[0m [32m INFO[0m [2mtosca_os::responses[0m[2m:[0m Build GET route: /toggle/{brightness}
[INFO] [stdout] [2m2026-10-18T18:55:27.991672Z[0m [32m INFO[0m [2mtosca_controller::tests[0m[2m:[0m Inside the light device with `toggle` route and port 3000
[INFO] [stdout] [2m2026-10-18T18:55:27.991793Z[0m [33m WARN[0m [2mtosca_os::device[0m[2m:[0m Unable to retrieve any Wi-Fi or Ethernet MAC address.
[INFO] [stdout] [2m2026-10-18T18:55:27.991798Z[0m [32m INFO[0m [2mtosca_os::device[0m[2m:[0m Device route: [PUT, "/with-toggle/on"]
[INFO] [stdout] [2m2026-10-18T18:55:27.991802Z[0m [32m INFO[0m [2mtosca_os::device[0m[2m:[0m Device route: [PUT, "/with-toggle/off"]
[INFO] [stdout] [2m2026-10-18T18:55:27.991804Z[0m [32m INFO[0m [2mtosca_os::device[0m[2m:[0m Device route: [GET, "/with-toggle/toggle"]
[INFO] [stdout] [2m2026-10-18T18:55:27.991820Z[0m [32m INFO[0m [2mtosca_os::server[0m[2m:[0m Server route: [GET, "/"]
[INFO] [stdout] [2m2026-10-18T18:55:27.991824Z[0m [32m INFO[0m [2mtosca_os::server[0m[2m:[0m Server route: [GET, "/.well-known/light-with-toggle"]
[INFO] [stdout] [2m2026-10-18T18:55:27.991910Z[0m [32m INFO[0m [2mtosca_os::services::mdns_sd[0m[2m:[0m Service instance name: light-with-toggle
[INFO] [stdout] [2m2026-10-18T18:55:27.991919Z[0m [32m INFO[0m [2mtosca_os::services::mdns_sd[0m[2m:[0m Service port: 3000
[INFO] [stdout] [2m2026-10-18T18:55:27.991923Z[0m [32m INFO[0m [2mtosca_os::services::mdns_sd[0m[2m:[0m Service domain: tosca
[INFO] [stdout] [2m2026-10-18T18:55:27.991925Z[0m [32m INFO[0m [2mtosca_os::services::mdns_sd[0m[2m:[0m Service transport protocol: tcp
[INFO] [stdout] [2m2026-10-18T18:55:27.991928Z[0m [32m INFO[0m [2mtosca_os::services::mdns_sd[0m[2m:[0m Service top-level domain: local
[INFO] [stdout] [2m2026-10-18T18:55:27.991931Z[0m [32m INFO[0m [2mtosca_os::services::mdns_sd[0m[2m:[0m Service type: _tosca._tcp.local.
[INFO] [stdout] [2m2026-10-18T18:55:27.991934Z[0m [32m INFO[0m [2mtosca_os::services::mdns_sd[0m[2m:[0m Device reachable at this hostname: tosca.local:3000
[INFO] [stdout] [2m2026-10-18T18:55:27.992030Z[0m [32m INFO[0m [2mtosca_os::server[0m[2m:[0m Device reachable at this HTTP address: 0.0.0.0:3000
[INFO] [stdout] [2m2026-10-18T18:55:27.992059Z[0m [32m INFO[0m [2mtosca_os::server[0m[2m:[0m Starting server...
[INFO] [stdout] test controller::tests::empty_controller ... ok
[INFO] [stdout] test controller::tests::controller_from_devices ... ok
[INFO] [stdout] test device::tests::check_devices ... ok
[INFO] [stdout] [2m2026-10-18T18:55:28.010780Z[0m [31mERROR[0m [2mtosca_controller::error[0m[2m:[0m Process failed.
[INFO] [stdout] test error::tests::controller_error ... ok
[INFO] [stdout] test policy::tests::only_global_policy ... ok
[INFO] [stdout] test policy::tests::complete_policy ... ok
[INFO] [stdout] test policy::tests::only_local_policy ... ok
[INFO] [stdout] test request::tests::check_request_builder ... ok
[INFO] [stdout] [2m2026-10-18T18:55:28.032437Z[0m [31mERROR[0m [2mtosca_controller::request[0m[2m:[0m `wrong` does not exist
[INFO] [stdout] [2m2026-10-18T18:55:28.032455Z[0m [31mERROR[0m [2mtosca_controller::error[0m[2m:[0m `wrong` does not exist
[INFO] [stdout] [2m2026-10-18T18:55:28.032459Z[0m [31mERROR[0m [2mtosca_controller::request[0m[2m:[0m `wrong` does not exist
[INFO] [stdout] [2m2026-10-18T18:55:28.032462Z[0m [31mERROR[0m [2mtosca_controller::error[0m[2m:[0m `wrong` does not exist
[INFO] [stdout] [2m2026-10-18T18:55:28.032467Z[0m [31mERROR[0m [2mtosca_controller::request[0m[2m:[0m Found type `f64` for `rangeu64`, expected type `u64`
[INFO] [stdout] [2m2026-10-18T18:55:28.032471Z[0m [31mERROR[0m [2mtosca_controller::error[0m[2m:[0m Found type `f64` for `rangeu64`, expected type `u64`
[INFO] [stdout] [2m2026-10-18T18:55:28.032475Z[0m [31mERROR[0m [2mtosca_controller::request[0m[2m:[0m Found type `f64` for `rangeu64`, expected type `u64`
[INFO] [stdout] [2m2026-10-18T18:55:28.032478Z[0m [31mERROR[0m [2mtosca_controller::error[0m[2m:[0m Found type `f64` for `rangeu64`, expected type `u64`
[INFO] [stdout] test request::tests::create_get_request_with_parameters ... ok
[INFO] [stdout] [2m2026-10-18T18:55:28.032809Z[0m [31mERROR[0m [2mtosca_controller::request[0m[2m:[0m `wrong` does not exist
[INFO] [stdout] [2m2026-10-18T18:55:28.032836Z[0m [31mERROR[0m [2mtosca_controller::error[0m[2m:[0m `wrong` does not exist
[INFO] [stdout] [2m2026-10-18T18:55:28.032840Z[0m [31mERROR[0m [2mtosca_controller::request[0m[2m:[0m `wrong` does not exist
[INFO] [stdout] [2m2026-10-18T18:55:28.032843Z[0m [31mERROR[0m [2mtosca_controller::error[0m[2m:[0m `wrong` does not exist
[INFO] [stdout] [2m2026-10-18T18:55:28.032847Z[0m [31mERROR[0m [2mtosca_controller::request[0m[2m:[0m Found type `f64` for `rangeu64`, expected type `u64`
[INFO] [stdout] [2m2026-10-18T18:55:28.032851Z[0m [31mERROR[0m [2mtosca_controller::error[0m[2m:[0m Found type `f64` for `rangeu64`, expected type `u64`
[INFO] [stdout] [2m2026-10-18T18:55:28.032854Z[0m [31mERROR[0m [2mtosca_controller::request[0m[2m:[0m Found type `f64` for `rangeu64`, expected type `u64`
[INFO] [stdout] [2m2026-10-18T18:55:28.032857Z[0m [31mERROR[0m [2mtosca_controller::error[0m[2m:[0m Found type `f64` for `rangeu64`, expected type `u64`
[INFO] [stdout] test request::tests::create_delete_request_with_parameters ... ok
[INFO] [stdout] test request::tests::create_plain_delete_request ... ok
[INFO] [stdout] test request::tests::create_plain_get_request ... ok
[INFO] [stdout] test request::tests::create_plain_put_request ... ok
[INFO] [stdout] test request::tests::create_plain_get_request_with_hazards ... ok
[INFO] [stdout] test request::tests::create_plain_post_request ... ok
[INFO] [stdout] [2m2026-10-18T18:55:28.037561Z[0m [31mERROR[0m [2mtosca_controller::request[0m[2m:[0m `wrong` does not exist
[INFO] [stdout] [2m2026-10-18T18:55:28.037576Z[0m [31mERROR[0m [2mtosca_controller::error[0m[2m:[0m `wrong` does not exist
[INFO] [stdout] [2m2026-10-18T18:55:28.037581Z[0m [31mERROR[0m [2mtosca_controller::request[0m[2m:[0m `wrong` does not exist
[INFO] [stdout] [2m2026-10-18T18:55:28.037584Z[0m [31mERROR[0m [2mtosca_controller::error[0m[2m:[0m `wrong` does not exist
[INFO] [stdout] [2m2026-10-18T18:55:28.037588Z[0m [31mERROR[0m [2mtosca_controller::request[0m[2m:[0m Found type `f64` for `rangeu64`, expected type `u64`
[INFO] [stdout] [2m2026-10-18T18:55:28.037591Z[0m [31mERROR[0m [2mtosca_controller::error[0m[2m:[0m Found type `f64` for `rangeu64`, expected type `u64`
[INFO] [stdout] [2m2026-10-18T18:55:28.037595Z[0m [31mERROR[0m [2mtosca_controller::request[0m[2m:[0m Found type `f64` for `rangeu64`, expected type `u64`
[INFO] [stdout] [2m2026-10-18T18:55:28.037598Z[0m [31mERROR[0m [2mtosca_controller::error[0m[2m:[0m Found type `f64` for `rangeu64`, expected type `u64`
[INFO] [stdout] [2m2026-10-18T18:55:28.037675Z[0m [31mERROR[0m [2mtosca_controller::request[0m[2m:[0m `wrong` does not exist
[INFO] [stdout] [2m2026-10-18T18:55:28.037681Z[0m [31mERROR[0m [2mtosca_controller::error[0m[2m:[0m `wrong` does not exist
[INFO] [stdout] [2m2026-10-18T18:55:28.037685Z[0m [31mERROR[0m [2mtosca_controller::request[0m[2m:[0m `wrong` does not exist
[INFO] [stdout] [2m2026-10-18T18:55:28.037687Z[0m [31mERROR[0m [2mtosca_controller::error[0m[2m:[0m `wrong` does not exist
[INFO] [stdout] [2m2026-10-18T18:55:28.037691Z[0m [31mERROR[0m [2mtosca_controller::request[0m[2m:[0m Found type `f64` for `rangeu64`, expected type `u64`
[INFO] [stdout] [2m2026-10-18T18:55:28.037694Z[0m [31mERROR[0m [2mtosca_controller::error[0m[2m:[0m Found type `f64` for `rangeu64`, expected type `u64`
[INFO] [stdout] [2m2026-10-18T18:55:28.037697Z[0m [31mERROR[0m [2mtosca_controller::request[0m[2m:[0m Found type `f64` for `rangeu64`, expected type `u64`
[INFO] [stdout] [2m2026-10-18T18:55:28.037700Z[0m [31mERROR[0m [2mtosca_controller::error[0m[2m:[0m Found type `f64` for `rangeu64`, expected type `u64`
[INFO] [stdout] test request::tests::create_post_request_with_parameters ... ok
[INFO] [stdout] test request::tests::create_put_request_with_parameters ... ok
[INFO] [stdout] [2m2026-10-18T18:55:28.046592Z[0m [31mERROR[0m [2mtosca_controller::request[0m[2m:[0m `wrong` does not exist
[INFO] [stdout] [2m2026-10-18T18:55:28.046616Z[0m [31mERROR[0m [2mtosca_controller::error[0m[2m:[0m `wrong` does not exist
[INFO] [stdout] [2m2026-10-18T18:55:28.046620Z[0m [31mERROR[0m [2mtosca_controller::request[0m[2m:[0m `wrong` does not exist
[INFO] [stdout] [2m2026-10-18T18:55:28.046623Z[0m [31mERROR[0m [2mtosca_controller::error[0m[2m:[0m `wrong` does not exist
[INFO] [stdout] [2m2026-10-18T18:55:28.046626Z[0m [31mERROR[0m [2mtosca_controller::request[0m[2m:[0m Found type `f64` for `rangeu64`, expected type `u64`
[INFO] [stdout] [2m2026-10-18T18:55:28.046629Z[0m [31mERROR[0m [2mtosca_controller::error[0m[2m:[0m Found type `f64` for `rangeu64`, expected type `u64`
[INFO] [stdout] [2m2026-10-18T18:55:28.046632Z[0m [31mERROR[0m [2mtosca_controller::request[0m[2m:[0m Found type `f64` for `rangeu64`, expected type `u64`
[INFO] [stdout] [2m2026-10-18T18:55:28.046635Z[0m [31mERROR[0m [2mtosca_controller::error[0m[2m:[0m Found type `f64` for `rangeu64`, expected type `u64`
[INFO] [stdout] test request::tests::create_get_request_with_hazards_and_parameters ... ok
[INFO] [stdout] [2m2026-10-18T18:55:30.099665Z[0m [32m INFO[0m [2mtosca_controller::discovery[0m[2m:[0m Complete address: http://127.0.0.1:3000
[INFO] [stdout] [2m2026-10-18T18:55:30.102819Z[0m [33m WARN[0m [2mtosca_controller::discovery[0m[2m:[0m Ignoring device http://127.0.0.1:3000 because no valid MAC addresses have been found
[INFO] [stdout] [2m2026-10-18T18:55:30.102835Z[0m [31mERROR[0m [2mtosca_controller::error[0m[2m:[0m No devices found.
[INFO] [stdout] [2m2026-10-18T18:55:30.102839Z[0m [31mERROR[0m [2mtosca_controller::error[0m[2m:[0m Error in retrieving the device with identifier 1.
[INFO] [stdout] test controller::tests::test_with_policy_controller ... FAILED
[INFO] [stdout] [2m2026-10-18T18:55:30.105598Z[0m [32m INFO[0m [2mtosca_os::responses[0m[2m:[0m Build GET route: /toggle/{brightness}
[INFO] [stdout] [2m2026-10-18T18:55:30.105630Z[0m [32m INFO[0m [2mtosca_controller::tests[0m[2m:[0m Inside the light device with `toggle` route and port 3000
[INFO] [stdout] [2m2026-10-18T18:55:30.105727Z[0m [33m WARN[0m [2mtosca_os::device[0m[2m:[0m Unable to retrieve any Wi-Fi or Ethernet MAC address.
[INFO] [stdout] [2m2026-10-18T18:55:30.105732Z[0m [32m INFO[0m [2mtosca_os::device[0m[2m:[0m Device route: [PUT, "/with-toggle/on"]
[INFO] [stdout] [2m2026-10-18T18:55:30.105736Z[0m [32m INFO[0m [2mtosca_os::device[0m[2m:[0m Device route: [PUT, "/with-toggle/off"]
[INFO] [stdout] [2m2026-10-18T18:55:30.105739Z[0m [32m INFO[0m [2mtosca_os::device[0m[2m:[0m Device route: [GET, "/with-toggle/toggle"]
[INFO] [stdout] [2m2026-10-18T18:55:30.105755Z[0m [32m INFO[0m [2mtosca_os::server[0m[2m:[0m Server route: [GET, "/"]
[INFO] [stdout] [2m2026-10-18T18:55:30.105759Z[0m [32m INFO[0m [2mtosca_os::server[0m[2m:[0m Server route: [GET, "/.well-known/light-with-toggle"]
[INFO] [stdout] [2m2026-10-18T18:55:30.105833Z[0m [32m INFO[0m [2mtosca_os::services::mdns_sd[0m[2m:[0m Service instance name: light-with-toggle
[INFO] [stdout] [2m2026-10-18T18:55:30.105838Z[0m [32m INFO[0m [2mtosca_os::services::mdns_sd[0m[2m:[0m Service port: 3000
[INFO] [stdout] [2m2026-10-18T18:55:30.105842Z[0m [32m INFO[0m [2mtosca_os::services::mdns_sd[0m[2m:[0m Service domain: tosca
[INFO] [stdout] [2m2026-10-18T18:55:30.105845Z[0m [32m INFO[0m [2mtosca_os::services::mdns_sd[0m[2m:[0m Service transport protocol: tcp
[INFO] [stdout] [2m2026-10-18T18:55:30.105848Z[0m [32m INFO[0m [2mtosca_os::services::mdns_sd[0m[2m:[0m Service top-level domain: local
[INFO] [stdout] [2m2026-10-18T18:55:30.105851Z[0m [32m INFO[0m [2mtosca_os::services::mdns_sd[0m[2m:[0m Service type: _tosca._tcp.local.
[INFO] [stdout] [2m2026-10-18T18:55:30.105855Z[0m [32m INFO[0m [2mtosca_os::services::mdns_sd[0m[2m:[0m Device reachable at this hostname: tosca.local:3000
[INFO] [stdout] [2m2026-10-18T18:55:30.105941Z[0m [32m INFO[0m [2mtosca_os::server[0m[2m:[0m Device reachable at this HTTP address: 0.0.0.0:3000
[INFO] [stdout] [2m2026-10-18T18:55:30.105968Z[0m [32m INFO[0m [2mtosca_os::server[0m[2m:[0m Starting server...
[INFO] [stdout] [2m2026-10-18T18:55:32.234614Z[0m [32m INFO[0m [2mtosca_controller::discovery[0m[2m:[0m Complete address: http://127.0.0.1:3000
[INFO] [stdout] [2m2026-10-18T18:55:32.235305Z[0m [33m WARN[0m [2mtosca_controller::discovery[0m[2m:[0m Ignoring device http://127.0.0.1:3000 because no valid MAC addresses have been found
[INFO] [stdout] [2m2026-10-18T18:55:32.235324Z[0m [31mERROR[0m [2mtosca_controller::error[0m[2m:[0m No devices found.
[INFO] [stdout] [2m2026-10-18T18:55:32.235328Z[0m [31mERROR[0m [2mtosca_controller::error[0m[2m:[0m Error in retrieving the device with identifier 1.
[INFO] [stdout] test controller::tests::test_without_policy_controller ... FAILED
[INFO] [stdout] [2m2026-10-18T18:55:32.240764Z[0m [32m INFO[0m [2mtosca_controller::tests[0m[2m:[0m Inside the light device without `toggle` route and port 4000
[INFO] [stdout] [2m2026-10-18T18:55:32.240875Z[0m [33m WARN[0m [2mtosca_os::device[0m[2m:[0m Unable to retrieve any Wi-Fi or Ethernet MAC address.
[INFO] [stdout] [2m2026-10-18T18:55:32.240880Z[0m [32m INFO[0m [2mtosca_os::device[0m[2m:[0m Device route: [PUT, "/without-toggle/on"]
[INFO] [stdout] [2m2026-10-18T18:55:32.240884Z[0m [32m INFO[0m [2mtosca_os::device[0m[2m:[0m Device route: [PUT, "/without-toggle/off"]
[INFO] [stdout] [2m2026-10-18T18:55:32.240896Z[0m [32m INFO[0m [2mtosca_os::server[0m[2m:[0m Server route: [GET, "/"]
[INFO] [stdout] [2m2026-10-18T18:55:32.240899Z[0m [32m INFO[0m [2mtosca_os::server[0m[2m:[0m Server route: [GET, "/.well-known/light-without-toggle"]
[INFO] [stdout] [2m2026-10-18T18:55:32.240956Z[0m [32m INFO[0m [2mtosca_os::services::mdns_sd[0m[2m:[0m Service instance name: light-without-toggle
[INFO] [stdout] [2m2026-10-18T18:55:32.240959Z[0m [32m INFO[0m [2mtosca_os::services::mdns_sd[0m[2m:[0m Service port: 4000
[INFO] [stdout] [2m2026-10-18T18:55:32.240962Z[0m [32m INFO[0m [2mtosca_os::services::mdns_sd[0m[2m:[0m Service domain: tosca
[INFO] [stdout] [2m2026-10-18T18:55:32.240965Z[0m [32m INFO[0m [2mtosca_os::services::mdns_sd[0m[2m:[0m Service transport protocol: tcp
[INFO] [stdout] [2m2026-10-18T18:55:32.240967Z[0m [32m INFO[0m [2mtosca_os::services::mdns_sd[0m[2m:[0m Service top-level domain: local
[INFO] [stdout] [2m2026-10-18T18:55:32.240970Z[0m [32m INFO[0m [2mtosca_os::services::mdns_sd[0m[2m:[0m Service type: _tosca._tcp.local.
[INFO] [stdout] [2m2026-10-18T18:55:32.240972Z[0m [32m INFO[0m [2mtosca_os::services::mdns_sd[0m[2m:[0m Device reachable at this hostname: tosca.local:4000
[INFO] [stdout] [2m2026-10-18T18:55:32.241040Z[0m [32m INFO[0m [2mtosca_os::server[0m[2m:[0m Device reachable at this HTTP address: 0.0.0.0:4000
[INFO] [stdout] [2m2026-10-18T18:55:32.241072Z[0m [32m INFO[0m [2mtosca_os::server[0m[2m:[0m Starting server...
[INFO] [stdout] [2m2026-10-18T18:55:32.345595Z[0m [32m INFO[0m [2mtosca_os::responses[0m[2m:[0m Build GET route: /toggle/{brightness}
[INFO] [stdout] [2m2026-10-18T18:55:32.345639Z[0m [32m INFO[0m [2mtosca_controller::tests[0m[2m:[0m Inside the light device with `toggle` route and port 3000
[INFO] [stdout] [2m2026-10-18T18:55:32.345752Z[0m [33m WARN[0m [2mtosca_os::device[0m[2m:[0m Unable to retrieve any Wi-Fi or Ethernet MAC address.
[INFO] [stdout] [2m2026-10-18T18:55:32.345757Z[0m [32m INFO[0m [2mtosca_os::device[0m[2m:[0m Device route: [PUT, "/with-toggle/on"]
[INFO] [stdout] [2m2026-10-18T18:55:32.345761Z[0m [32m INFO[0m [2mtosca_os::device[0m[2m:[0m Device route: [PUT, "/with-toggle/off"]
[INFO] [stdout] [2m2026-10-18T18:55:32.345765Z[0m [32m INFO[0m [2mtosca_os::device[0m[2m:[0m Device route: [GET, "/with-toggle/toggle"]
[INFO] [stdout] [2m2026-10-18T18:55:32.345795Z[0m [32m INFO[0m [2mtosca_os::server[0m[2m:[0m Server route: [GET, "/"]
[INFO] [stdout] [2m2026-10-18T18:55:32.345798Z[0m [32m INFO[0m [2mtosca_os::server[0m[2m:[0m Server route: [GET, "/.well-known/light-with-toggle"]
[INFO] [stdout] [2m2026-10-18T18:55:32.345886Z[0m [32m INFO[0m [2mtosca_os::services::mdns_sd[0m[2m:[0m Service instance name: light-with-toggle
[INFO] [stdout] [2m2026-10-18T18:55:32.345890Z[0m [32m INFO[0m [2mtosca_os::services::mdns_sd[0m[2m:[0m Service port: 3000
[INFO] [stdout] [2m2026-10-18T18:55:32.345894Z[0m [32m INFO[0m [2mtosca_os::services::mdns_sd[0m[2m:[0m Service domain: tosca
[INFO] [stdout] [2m2026-10-18T18:55:32.345897Z[0m [32m INFO[0m [2mtosca_os::services::mdns_sd[0m[2m:[0m Service transport protocol: tcp
[INFO] [stdout] [2m2026-10-18T18:55:32.345900Z[0m [32m INFO[0m [2mtosca_os::services::mdns_sd[0m[2m:[0m Service top-level domain: local
[INFO] [stdout] [2m2026-10-18T18:55:32.345903Z[0m [32m INFO[0m [2mtosca_os::services::mdns_sd[0m[2m:[0m Service type: _tosca._tcp.local.
[INFO] [stdout] [2m2026-10-18T18:55:32.345905Z[0m [32m INFO[0m [2mtosca_os::services::mdns_sd[0m[2m:[0m Device reachable at this hostname: tosca.local:3000
[INFO] [stdout] [2m2026-10-18T18:55:32.346007Z[0m [32m INFO[0m [2mtosca_os::server[0m[2m:[0m Device reachable at this HTTP address: 0.0.0.0:3000
[INFO] [stdout] [2m2026-10-18T18:55:32.346052Z[0m [32m INFO[0m [2mtosca_os::server[0m[2m:[0m Starting server...
[INFO] [stdout] [2m2026-10-18T18:55:34.449884Z[0m [32m INFO[0m [2mtosca_controller::discovery[0m[2m:[0m Complete address: http://127.0.0.1:3000
[INFO] [stdout] [2m2026-10-18T18:55:34.454586Z[0m [33m WARN[0m [2mtosca_controller::discovery[0m[2m:[0m Ignoring device http://127.0.0.1:3000 because no valid MAC addresses have been found
[INFO] [stdout] [2m2026-10-18T18:55:34.454610Z[0m [32m INFO[0m [2mtosca_controller::discovery[0m[2m:[0m Complete address: http://127.0.0.1:4000
[INFO] [stdout] [2m2026-10-18T18:55:34.458563Z[0m [33m WARN[0m [2mtosca_controller::discovery[0m[2m:[0m Ignoring device http://127.0.0.1:4000 because no valid MAC addresses have been found
[INFO] [stdout] test discovery::tests::test_more_devices_discovery ... FAILED
[INFO] [stdout] [2m2026-10-18T18:55:34.460605Z[0m [32m INFO[0m [2mtosca_os::responses[0m[2m:[0m Build GET route: /toggle/{brightness}
[INFO] [stdout] [2m2026-10-18T18:55:34.460629Z[0m [32m INFO[0m [2mtosca_controller::tests[0m[2m:[0m Inside the light device with `toggle` route and port 3000
[INFO] [stdout] [2m2026-10-18T18:55:34.460731Z[0m [33m WARN[0m [2mtosca_os::device[0m[2m:[0m Unable to retrieve any Wi-Fi or Ethernet MAC address.
[INFO] [stdout] [2m2026-10-18T18:55:34.460736Z[0m [32m INFO[0m [2mtosca_os::device[0m[2m:[0m Device route: [PUT, "/with-toggle/on"]
[INFO] [stdout] [2m2026-10-18T18:55:34.460740Z[0m [32m INFO[0m [2mtosca_os::device[0m[2m:[0m Device route: [PUT, "/with-toggle/off"]
[INFO] [stdout] [2m2026-10-18T18:55:34.460743Z[0m [32m INFO[0m [2mtosca_os::device[0m[2m:[0m Device route: [GET, "/with-toggle/toggle"]
[INFO] [stdout] [2m2026-10-18T18:55:34.460760Z[0m [32m INFO[0m [2mtosca_os::server[0m[2m:[0m Server route: [GET, "/"]
[INFO] [stdout] [2m2026-10-18T18:55:34.460763Z[0m [32m INFO[0m [2mtosca_os::server[0m[2m:[0m Server route: [GET, "/.well-known/light-with-toggle"]
[INFO] [stdout] [2m2026-10-18T18:55:34.460834Z[0m [32m INFO[0m [2mtosca_os::services::mdns_sd[0m[2m:[0m Service instance name: light-with-toggle
[INFO] [stdout] [2m2026-10-18T18:55:34.460844Z[0m [32m INFO[0m [2mtosca_os::services::mdns_sd[0m[2m:[0m Service port: 3000
[INFO] [stdout] [2m2026-10-18T18:55:34.460847Z[0m [32m INFO[0m [2mtosca_os::services::mdns_sd[0m[2m:[0m Service domain: tosca
[INFO] [stdout] [2m2026-10-18T18:55:34.460850Z[0m [32m INFO[0m [2mtosca_os::services::mdns_sd[0m[2m:[0m Service transport protocol: tcp
[INFO] [stdout] [2m2026-10-18T18:55:34.460853Z[0m [32m INFO[0m [2mtosca_os::services::mdns_sd[0m[2m:[0m Service top-level domain: local
[INFO] [stdout] [2m2026-10-18T18:55:34.460856Z[0m [32m INFO[0m [2mtosca_os::services::mdns_sd[0m[2m:[0m Service type: _tosca._tcp.local.
[INFO] [stdout] [2m2026-10-18T18:55:34.460859Z[0m [32m INFO[0m [2mtosca_os::services::mdns_sd[0m[2m:[0m Device reachable at this hostname: tosca.local:3000
[INFO] [stdout] [2m2026-10-18T18:55:34.460938Z[0m [32m INFO[0m [2mtosca_os::server[0m[2m:[0m Device reachable at this HTTP address: 0.0.0.0:3000
[INFO] [stdout] [2m2026-10-18T18:55:34.460966Z[0m [32m INFO[0m [2mtosca_os::server[0m[2m:[0m Starting server...
[INFO] [stdout] [2m2026-10-18T18:55:36.566985Z[0m [32m INFO[0m [2mtosca_controller::discovery[0m[2m:[0m Complete address: http://127.0.0.1:3000
[INFO] [stdout] [2m2026-10-18T18:55:36.577622Z[0m [33m WARN[0m [2mtosca_controller::discovery[0m[2m:[0m Ignoring device http://127.0.0.1:3000 because no valid MAC addresses have been found
[INFO] [stdout] [2m2026-10-18T18:55:36.577648Z[0m [32m INFO[0m [2mtosca_controller::discovery[0m[2m:[0m Complete address: http://127.0.0.1:4000
[INFO] [stdout] [2m2026-10-18T18:55:36.579554Z[0m [33m WARN[0m [2mtosca_controller::discovery[0m[2m:[0m Impossible to contact address http://127.0.0.1:4000: error sending request for url (http://127.0.0.1:4000/)
[INFO] [stdout] test discovery::tests::test_single_device_discovery ... FAILED
[INFO] [stdout] 
[INFO] [stdout] failures:
[INFO] [stdout] 
[INFO] [stdout] ---- controller::tests::test_with_policy_controller stdout ----
[INFO] [stdout] 
[INFO] [stdout] thread 'controller::tests::test_with_policy_controller' (1980) panicked at src/controller.rs:488:9:
[INFO] [stdout] assertion `left == right` failed
[INFO] [stdout]   left: Err(Response Sender: No devices found.)
[INFO] [stdout]  right: Err(Response Sender: Error in retrieving the device with identifier 1.)
[INFO] [stdout] stack backtrace:
[INFO] [stdout]    0:     0x62b0b7f5eeb1 - <<std[70759c8f55707aa4]::sys::backtrace::BacktraceLock>::print::DisplayBacktrace as core[df12db4294e9bfd3]::fmt::Display>::fmt
[INFO] [stdout]    1:     0x62b0b7f77c4a - core[df12db4294e9bfd3]::fmt::write
[INFO] [stdout]    2:     0x62b0b7f6411c - <alloc[2182bb758b4b3781]::vec::Vec<u8> as core[df12db4294e9bfd3]::io::write::Write>::write_fmt
[INFO] [stdout]    3:     0x62b0b7f394a6 - std[70759c8f55707aa4]::panicking::default_hook::{closure#0}
[INFO] [stdout]    4:     0x62b0b7f56649 - std[70759c8f55707aa4]::panicking::default_hook
[INFO] [stdout]    5:     0x62b0b7d1e0b0 - test[9d35eded1c95d3be]::test_main_inner::<test[9d35eded1c95d3be]::test_main_static::{closure#0}>::{closure#0}
[INFO] [stdout]    6:     0x62b0b7f56972 - std[70759c8f55707aa4]::panicking::panic_with_hook
[INFO] [stdout]    7:     0x62b0b7f39552 - std[70759c8f55707aa4]::panicking::panic_handler::{closure#0}
[INFO] [stdout]    8:     0x62b0b7f31fc9 - std[70759c8f55707aa4]::sys::backtrace::__rust_end_short_backtrace::<std[70759c8f55707aa4]::panicking::panic_handler::{closure#0}, !>
[INFO] [stdout]    9:     0x62b0b7f3a33d - __rustc[8fa7c3cbc660c2b3]::rust_begin_unwind
[INFO] [stdout]   10:     0x62b0b7f783ac - core[df12db4294e9bfd3]::panicking::panic_fmt
[INFO] [stdout]   11:     0x62b0b7f782c3 - core[df12db4294e9bfd3]::panicking::assert_failed_inner
[INFO] [stdout]   12:     0x62b0b7caf86f - core[df12db4294e9bfd3]::panicking::assert_failed::<core[df12db4294e9bfd3]::result::Result<tosca_controller[5df6bf39514916c9]::controller::DeviceSender, tosca_controller[5df6bf39514916c9]::error::Error>, core[df12db4294e9bfd3]::result::Result<tosca_controller[5df6bf39514916c9]::controller::DeviceSender, tosca_controller[5df6bf39514916c9]::error::Error>>
[INFO] [stdout]   13:     0x62b0b7c7ffe2 - tosca_controller[5df6bf39514916c9]::controller::tests::controller_checks::{closure#0}
[INFO] [stdout]   14:     0x62b0b7c77a23 - tosca_controller[5df6bf39514916c9]::controller::tests::test_with_policy_controller::{closure#0}::{closure#0}
[INFO] [stdout]   15:     0x62b0b7c718ca - <tokio[1d1b7ca9f74069e3]::runtime::park::CachedParkThread>::block_on::<core[df12db4294e9bfd3]::pin::Pin<&mut dyn core[df12db4294e9bfd3]::future::future::Future<Output = ()>>>
[INFO] [stdout]   16:     0x62b0b7c8a3b0 - tokio[1d1b7ca9f74069e3]::runtime::context::runtime::enter_runtime::<<tokio[1d1b7ca9f74069e3]::runtime::scheduler::multi_thread::MultiThread>::block_on<core[df12db4294e9bfd3]::pin::Pin<&mut dyn core[df12db4294e9bfd3]::future::future::Future<Output = ()>>>::{closure#0}, ()>
[INFO] [stdout]   17:     0x62b0b7c71787 - <tokio[1d1b7ca9f74069e3]::runtime::runtime::Runtime>::block_on::<core[df12db4294e9bfd3]::pin::Pin<&mut dyn core[df12db4294e9bfd3]::future::future::Future<Output = ()>>>
[INFO] [stdout]   18:     0x62b0b7c8488f - <tosca_controller[5df6bf39514916c9]::controller::tests::test_with_policy_controller::{closure#0} as core[df12db4294e9bfd3]::ops::function::FnOnce<()>>::call_once
[INFO] [stdout]   19:     0x62b0b7edeaba - serial_test[de75bc896b655c4d]::serial_code_lock::local_serial_core
[INFO] [stdout]   20:     0x62b0b7cbb17d - <tosca_controller[5df6bf39514916c9]::controller::tests::test_with_policy_controller::{closure#0} as core[df12db4294e9bfd3]::ops::function::FnOnce<()>>::call_once
[INFO] [stdout]   21:     0x62b0b7d1139b - test[9d35eded1c95d3be]::__rust_begin_short_backtrace::<core[df12db4294e9bfd3]::result::Result<(), alloc[2182bb758b4b3781]::string::String>, fn() -> core[df12db4294e9bfd3]::result::Result<(), alloc[2182bb758b4b3781]::string::String>>
[INFO] [stdout]   22:     0x62b0b7d1ea05 - test[9d35eded1c95d3be]::run_test::{closure#0}
[INFO] [stdout]   23:     0x62b0b7d182c4 - std[70759c8f55707aa4]::sys::backtrace::__rust_begin_short_backtrace::<test[9d35eded1c95d3be]::run_test::{closure#1}, ()>
[INFO] [stdout]   24:     0x62b0b7d21b62 - <std[70759c8f55707aa4]::thread::lifecycle::spawn_unchecked<test[9d35eded1c95d3be]::run_test::{closure#1}, ()>::{closure#1} as core[df12db4294e9bfd3]::ops::function::FnOnce<()>>::call_once::{shim:vtable#0}
[INFO] [stdout]   25:     0x62b0b7f5def9 - <std[70759c8f55707aa4]::sys::thread::unix::Thread>::new::thread_start
[INFO] [stdout]   26:     0x73712cbf6dfa - <unknown>
[INFO] [stdout]   27:     0x73712cc8a3d4 - clone
[INFO] [stdout]   28:                0x0 - <unknown>
[INFO] [stdout] 
[INFO] [stdout] ---- controller::tests::test_without_policy_controller stdout ----
[INFO] [stdout] 
[INFO] [stdout] thread 'controller::tests::test_without_policy_controller' (1981) panicked at src/controller.rs:488:9:
[INFO] [stdout] assertion `left == right` failed
[INFO] [stdout]   left: Err(Response Sender: No devices found.)
[INFO] [stdout]  right: Err(Response Sender: Error in retrieving the device with identifier 1.)
[INFO] [stdout] stack backtrace:
[INFO] [stdout]    0:     0x62b0b7f5eeb1 - <<std[70759c8f55707aa4]::sys::backtrace::BacktraceLock>::print::DisplayBacktrace as core[df12db4294e9bfd3]::fmt::Display>::fmt
[INFO] [stdout]    1:     0x62b0b7f77c4a - core[df12db4294e9bfd3]::fmt::write
[INFO] [stdout]    2:     0x62b0b7f6411c - <alloc[2182bb758b4b3781]::vec::Vec<u8> as core[df12db4294e9bfd3]::io::write::Write>::write_fmt
[INFO] [stdout]    3:     0x62b0b7f394a6 - std[70759c8f55707aa4]::panicking::default_hook::{closure#0}
[INFO] [stdout]    4:     0x62b0b7f56649 - std[70759c8f55707aa4]::panicking::default_hook
[INFO] [stdout]    5:     0x62b0b7d1e0b0 - test[9d35eded1c95d3be]::test_main_inner::<test[9d35eded1c95d3be]::test_main_static::{closure#0}>::{closure#0}
[INFO] [stdout]    6:     0x62b0b7f56972 - std[70759c8f55707aa4]::panicking::panic_with_hook
[INFO] [stdout]    7:     0x62b0b7f39552 - std[70759c8f55707aa4]::panicking::panic_handler::{closure#0}
[INFO] [stdout]    8:     0x62b0b7f31fc9 - std[70759c8f55707aa4]::sys::backtrace::__rust_end_short_backtrace::<std[70759c8f55707aa4]::panicking::panic_handler::{closure#0}, !>
[INFO] [stdout]    9:     0x62b0b7f3a33d - __rustc[8fa7c3cbc660c2b3]::rust_begin_unwind
[INFO] [stdout]   10:     0x62b0b7f783ac - core[df12db4294e9bfd3]::panicking::panic_fmt
[INFO] [stdout]   11:     0x62b0b7f782c3 - core[df12db4294e9bfd3]::panicking::assert_failed_inner
[INFO] [stdout]   12:     0x62b0b7caf86f - core[df12db4294e9bfd3]::panicking::assert_failed::<core[df12db4294e9bfd3]::result::Result<tosca_controller[5df6bf39514916c9]::controller::DeviceSender, tosca_controller[5df6bf39514916c9]::error::Error>, core[df12db4294e9bfd3]::result::Result<tosca_controller[5df6bf39514916c9]::controller::DeviceSender, tosca_controller[5df6bf39514916c9]::error::Error>>
[INFO] [stdout]   13:     0x62b0b7c7ffe2 - tosca_controller[5df6bf39514916c9]::controller::tests::controller_checks::{closure#0}
[INFO] [stdout]   14:     0x62b0b7c785c6 - tosca_controller[5df6bf39514916c9]::controller::tests::test_without_policy_controller::{closure#0}::{closure#0}
[INFO] [stdout]   15:     0x62b0b7c718ca - <tokio[1d1b7ca9f74069e3]::runtime::park::CachedParkThread>::block_on::<core[df12db4294e9bfd3]::pin::Pin<&mut dyn core[df12db4294e9bfd3]::future::future::Future<Output = ()>>>
[INFO] [stdout]   16:     0x62b0b7c8a3b0 - tokio[1d1b7ca9f74069e3]::runtime::context::runtime::enter_runtime::<<tokio[1d1b7ca9f74069e3]::runtime::scheduler::multi_thread::MultiThread>::block_on<core[df12db4294e9bfd3]::pin::Pin<&mut dyn core[df12db4294e9bfd3]::future::future::Future<Output = ()>>>::{closure#0}, ()>
[INFO] [stdout]   17:     0x62b0b7c71787 - <tokio[1d1b7ca9f74069e3]::runtime::runtime::Runtime>::block_on::<core[df12db4294e9bfd3]::pin::Pin<&mut dyn core[df12db4294e9bfd3]::future::future::Future<Output = ()>>>
[INFO] [stdout]   18:     0x62b0b7c849ff - <tosca_controller[5df6bf39514916c9]::controller::tests::test_without_policy_controller::{closure#0} as core[df12db4294e9bfd3]::ops::function::FnOnce<()>>::call_once
[INFO] [stdout]   19:     0x62b0b7edeaba - serial_test[de75bc896b655c4d]::serial_code_lock::local_serial_core
[INFO] [stdout]   20:     0x62b0b7cbb1fd - <tosca_controller[5df6bf39514916c9]::controller::tests::test_without_policy_controller::{closure#0} as core[df12db4294e9bfd3]::ops::function::FnOnce<()>>::call_once
[INFO] [stdout]   21:     0x62b0b7d1139b - test[9d35eded1c95d3be]::__rust_begin_short_backtrace::<core[df12db4294e9bfd3]::result::Result<(), alloc[2182bb758b4b3781]::string::String>, fn() -> core[df12db4294e9bfd3]::result::Result<(), alloc[2182bb758b4b3781]::string::String>>
[INFO] [stdout]   22:     0x62b0b7d1ea05 - test[9d35eded1c95d3be]::run_test::{closure#0}
[INFO] [stdout]   23:     0x62b0b7d182c4 - std[70759c8f55707aa4]::sys::backtrace::__rust_begin_short_backtrace::<test[9d35eded1c95d3be]::run_test::{closure#1}, ()>
[INFO] [stdout]   24:     0x62b0b7d21b62 - <std[70759c8f55707aa4]::thread::lifecycle::spawn_unchecked<test[9d35eded1c95d3be]::run_test::{closure#1}, ()>::{closure#1} as core[df12db4294e9bfd3]::ops::function::FnOnce<()>>::call_once::{shim:vtable#0}
[INFO] [stdout]   25:     0x62b0b7f5def9 - <std[70759c8f55707aa4]::sys::thread::unix::Thread>::new::thread_start
[INFO] [stdout]   26:     0x73712cbf6dfa - <unknown>
[INFO] [stdout]   27:     0x73712cc8a3d4 - clone
[INFO] [stdout]   28:                0x0 - <unknown>
[INFO] [stdout] 
[INFO] [stdout] ---- discovery::tests::test_more_devices_discovery stdout ----
[INFO] [stdout] 
[INFO] [stdout] thread 'discovery::tests::test_more_devices_discovery' (1986) panicked at src/discovery.rs:376:9:
[INFO] [stdout] assertion `left == right` failed
[INFO] [stdout]   left: 0
[INFO] [stdout]  right: 2
[INFO] [stdout] stack backtrace:
[INFO] [stdout]    0:     0x62b0b7f5eeb1 - <<std[70759c8f55707aa4]::sys::backtrace::BacktraceLock>::print::DisplayBacktrace as core[df12db4294e9bfd3]::fmt::Display>::fmt
[INFO] [stdout]    1:     0x62b0b7f77c4a - core[df12db4294e9bfd3]::fmt::write
[INFO] [stdout]    2:     0x62b0b7f6411c - <alloc[2182bb758b4b3781]::vec::Vec<u8> as core[df12db4294e9bfd3]::io::write::Write>::write_fmt
[INFO] [stdout]    3:     0x62b0b7f394a6 - std[70759c8f55707aa4]::panicking::default_hook::{closure#0}
[INFO] [stdout]    4:     0x62b0b7f56649 - std[70759c8f55707aa4]::panicking::default_hook
[INFO] [stdout]    5:     0x62b0b7d1e0b0 - test[9d35eded1c95d3be]::test_main_inner::<test[9d35eded1c95d3be]::test_main_static::{closure#0}>::{closure#0}
[INFO] [stdout]    6:     0x62b0b7f56972 - std[70759c8f55707aa4]::panicking::panic_with_hook
[INFO] [stdout]    7:     0x62b0b7f39552 - std[70759c8f55707aa4]::panicking::panic_handler::{closure#0}
[INFO] [stdout]    8:     0x62b0b7f31fc9 - std[70759c8f55707aa4]::sys::backtrace::__rust_end_short_backtrace::<std[70759c8f55707aa4]::panicking::panic_handler::{closure#0}, !>
[INFO] [stdout]    9:     0x62b0b7f3a33d - __rustc[8fa7c3cbc660c2b3]::rust_begin_unwind
[INFO] [stdout]   10:     0x62b0b7f783ac - core[df12db4294e9bfd3]::panicking::panic_fmt
[INFO] [stdout]   11:     0x62b0b7f782c3 - core[df12db4294e9bfd3]::panicking::assert_failed_inner
[INFO] [stdout]   12:     0x62b0b7f722a8 - core[df12db4294e9bfd3]::panicking::assert_failed::<usize, usize>
[INFO] [stdout]   13:     0x62b0b7d0193a - tosca_controller[5df6bf39514916c9]::discovery::tests::discovery_comparison::{closure#0}
[INFO] [stdout]   14:     0x62b0b7cfe6df - tosca_controller[5df6bf39514916c9]::discovery::tests::test_more_devices_discovery::{closure#0}::{closure#0}
[INFO] [stdout]   15:     0x62b0b7c718ca - <tokio[1d1b7ca9f74069e3]::runtime::park::CachedParkThread>::block_on::<core[df12db4294e9bfd3]::pin::Pin<&mut dyn core[df12db4294e9bfd3]::future::future::Future<Output = ()>>>
[INFO] [stdout]   16:     0x62b0b7c8a3b0 - tokio[1d1b7ca9f74069e3]::runtime::context::runtime::enter_runtime::<<tokio[1d1b7ca9f74069e3]::runtime::scheduler::multi_thread::MultiThread>::block_on<core[df12db4294e9bfd3]::pin::Pin<&mut dyn core[df12db4294e9bfd3]::future::future::Future<Output = ()>>>::{closure#0}, ()>
[INFO] [stdout]   17:     0x62b0b7c71787 - <tokio[1d1b7ca9f74069e3]::runtime::runtime::Runtime>::block_on::<core[df12db4294e9bfd3]::pin::Pin<&mut dyn core[df12db4294e9bfd3]::future::future::Future<Output = ()>>>
[INFO] [stdout]   18:     0x62b0b7d0a85f - <tosca_controller[5df6bf39514916c9]::discovery::tests::test_more_devices_discovery::{closure#0} as core[df12db4294e9bfd3]::ops::function::FnOnce<()>>::call_once
[INFO] [stdout]   19:     0x62b0b7edeaba - serial_test[de75bc896b655c4d]::serial_code_lock::local_serial_core
[INFO] [stdout]   20:     0x62b0b7cbb86d - <tosca_controller[5df6bf39514916c9]::discovery::tests::test_more_devices_discovery::{closure#0} as core[df12db4294e9bfd3]::ops::function::FnOnce<()>>::call_once
[INFO] [stdout]   21:     0x62b0b7d1139b - test[9d35eded1c95d3be]::__rust_begin_short_backtrace::<core[df12db4294e9bfd3]::result::Result<(), alloc[2182bb758b4b3781]::string::String>, fn() -> core[df12db4294e9bfd3]::result::Result<(), alloc[2182bb758b4b3781]::string::String>>
[INFO] [stdout]   22:     0x62b0b7d1ea05 - test[9d35eded1c95d3be]::run_test::{closure#0}
[INFO] [stdout]   23:     0x62b0b7d182c4 - std[70759c8f55707aa4]::sys::backtrace::__rust_begin_short_backtrace::<test[9d35eded1c95d3be]::run_test::{closure#1}, ()>
[INFO] [stdout]   24:     0x62b0b7d21b62 - <std[70759c8f55707aa4]::thread::lifecycle::spawn_unchecked<test[9d35eded1c95d3be]::run_test::{closure#1}, ()>::{closure#1} as core[df12db4294e9bfd3]::ops::function::FnOnce<()>>::call_once::{shim:vtable#0}
[INFO] [stdout]   25:     0x62b0b7f5def9 - <std[70759c8f55707aa4]::sys::thread::unix::Thread>::new::thread_start
[INFO] [stdout]   26:     0x73712cbf6dfa - <unknown>
[INFO] [stdout]   27:     0x73712cc8a3d4 - clone
[INFO] [stdout]   28:                0x0 - <unknown>
[INFO] [stdout] 
[INFO] [stdout] ---- discovery::tests::test_single_device_discovery stdout ----
[INFO] [stdout] 
[INFO] [stdout] thread 'discovery::tests::test_single_device_discovery' (1987) panicked at src/discovery.rs:376:9:
[INFO] [stdout] assertion `left == right` failed
[INFO] [stdout]   left: 0
[INFO] [stdout]  right: 1
[INFO] [stdout] stack backtrace:
[INFO] [stdout]    0:     0x62b0b7f5eeb1 - <<std[70759c8f55707aa4]::sys::backtrace::BacktraceLock>::print::DisplayBacktrace as core[df12db4294e9bfd3]::fmt::Display>::fmt
[INFO] [stdout]    1:     0x62b0b7f77c4a - core[df12db4294e9bfd3]::fmt::write
[INFO] [stdout]    2:     0x62b0b7f6411c - <alloc[2182bb758b4b3781]::vec::Vec<u8> as core[df12db4294e9bfd3]::io::write::Write>::write_fmt
[INFO] [stdout]    3:     0x62b0b7f394a6 - std[70759c8f55707aa4]::panicking::default_hook::{closure#0}
[INFO] [stdout]    4:     0x62b0b7f56649 - std[70759c8f55707aa4]::panicking::default_hook
[INFO] [stdout]    5:     0x62b0b7d1e0b0 - test[9d35eded1c95d3be]::test_main_inner::<test[9d35eded1c95d3be]::test_main_static::{closure#0}>::{closure#0}
[INFO] [stdout]    6:     0x62b0b7f56972 - std[70759c8f55707aa4]::panicking::panic_with_hook
[INFO] [stdout]    7:     0x62b0b7f39552 - std[70759c8f55707aa4]::panicking::panic_handler::{closure#0}
[INFO] [stdout]    8:     0x62b0b7f31fc9 - std[70759c8f55707aa4]::sys::backtrace::__rust_end_short_backtrace::<std[70759c8f55707aa4]::panicking::panic_handler::{closure#0}, !>
[INFO] [stdout]    9:     0x62b0b7f3a33d - __rustc[8fa7c3cbc660c2b3]::rust_begin_unwind
[INFO] [stdout]   10:     0x62b0b7f783ac - core[df12db4294e9bfd3]::panicking::panic_fmt
[INFO] [stdout]   11:     0x62b0b7f782c3 - core[df12db4294e9bfd3]::panicking::assert_failed_inner
[INFO] [stdout]   12:     0x62b0b7f722a8 - core[df12db4294e9bfd3]::panicking::assert_failed::<usize, usize>
[INFO] [stdout]   13:     0x62b0b7d0193a - tosca_controller[5df6bf39514916c9]::discovery::tests::discovery_comparison::{closure#0}
[INFO] [stdout]   14:     0x62b0b7cfee88 - tosca_controller[5df6bf39514916c9]::discovery::tests::test_single_device_discovery::{closure#0}::{closure#0}
[INFO] [stdout]   15:     0x62b0b7c718ca - <tokio[1d1b7ca9f74069e3]::runtime::park::CachedParkThread>::block_on::<core[df12db4294e9bfd3]::pin::Pin<&mut dyn core[df12db4294e9bfd3]::future::future::Future<Output = ()>>>
[INFO] [stdout]   16:     0x62b0b7c8a3b0 - tokio[1d1b7ca9f74069e3]::runtime::context::runtime::enter_runtime::<<tokio[1d1b7ca9f74069e3]::runtime::scheduler::multi_thread::MultiThread>::block_on<core[df12db4294e9bfd3]::pin::Pin<&mut dyn core[df12db4294e9bfd3]::future::future::Future<Output = ()>>>::{closure#0}, ()>
[INFO] [stdout]   17:     0x62b0b7c71787 - <tokio[1d1b7ca9f74069e3]::runtime::runtime::Runtime>::block_on::<core[df12db4294e9bfd3]::pin::Pin<&mut dyn core[df12db4294e9bfd3]::future::future::Future<Output = ()>>>
[INFO] [stdout]   18:     0x62b0b7d0a9df - <tosca_controller[5df6bf39514916c9]::discovery::tests::test_single_device_discovery::{closure#0} as core[df12db4294e9bfd3]::ops::function::FnOnce<()>>::call_once
[INFO] [stdout]   19:     0x62b0b7edeaba - serial_test[de75bc896b655c4d]::serial_code_lock::local_serial_core
[INFO] [stdout]   20:     0x62b0b7cbb8ed - <tosca_controller[5df6bf39514916c9]::discovery::tests::test_single_device_discovery::{closure#0} as core[df12db4294e9bfd3]::ops::function::FnOnce<()>>::call_once
[INFO] [stdout]   21:     0x62b0b7d1139b - test[9d35eded1c95d3be]::__rust_begin_short_backtrace::<core[df12db4294e9bfd3]::result::Result<(), alloc[2182bb758b4b3781]::string::String>, fn() -> core[df12db4294e9bfd3]::result::Result<(), alloc[2182bb758b4b3781]::string::String>>
[INFO] [stdout]   22:     0x62b0b7d1ea05 - test[9d35eded1c95d3be]::run_test::{closure#0}
[INFO] [stdout]   23:     0x62b0b7d182c4 - std[70759c8f55707aa4]::sys::backtrace::__rust_begin_short_backtrace::<test[9d35eded1c95d3be]::run_test::{closure#1}, ()>
[INFO] [stdout]   24:     0x62b0b7d21b62 - <std[70759c8f55707aa4]::thread::lifecycle::spawn_unchecked<test[9d35eded1c95d3be]::run_test::{closure#1}, ()>::{closure#1} as core[df12db4294e9bfd3]::ops::function::FnOnce<()>>::call_once::{shim:vtable#0}
[INFO] [stdout]   25:     0x62b0b7f5def9 - <std[70759c8f55707aa4]::sys::thread::unix::Thread>::new::thread_start
[INFO] [stdout]   26:     0x73712cbf6dfa - <unknown>
[INFO] [stdout]   27:     0x73712cc8a3d4 - clone
[INFO] [stdout]   28:                0x0 - <unknown>
[INFO] [stdout] 
[INFO] [stdout] 
[INFO] [stdout] failures:
[INFO] [stdout]     controller::tests::test_with_policy_controller
[INFO] [stdout]     controller::tests::test_without_policy_controller
[INFO] [stdout]     discovery::tests::test_more_devices_discovery
[INFO] [stdout]     discovery::tests::test_single_device_discovery
[INFO] [stdout] 
[INFO] [stdout] test result: FAILED. 18 passed; 4 failed; 0 ignored; 0 measured; 0 filtered out; finished in 8.59s
[INFO] [stdout] 
[INFO] [stderr] error: test failed, to rerun pass `--lib`
[INFO] running `Command { std: "docker" "inspect" "c494f53652bad04866bebef710f7b6ef19b3ccc34e253a4eb80e1b16a70e9ac6", kill_on_drop: false }`
[INFO] running `Command { std: "docker" "rm" "-f" "c494f53652bad04866bebef710f7b6ef19b3ccc34e253a4eb80e1b16a70e9ac6", kill_on_drop: false }`
[INFO] [stdout] c494f53652bad04866bebef710f7b6ef19b3ccc34e253a4eb80e1b16a70e9ac6
